184.154.7.186 - - [31/Jan/2011:09:31:40 -0800] "GET / HTTP/1.0" 200 151 "-" "Mozilla/5.0 (compatible; MJ12bot/v1.3.3; http://www.majestic12.co.uk/bot.php?+)"
207.46.195.239 - - [31/Jan/2011:18:54:56 -0800] "GET /robots.txt HTTP/1.1" 302 350 "-" "Mozilla/5.0 (compatible; bingbot/2.0; +http://www.bing.com/bingbot.htm)"
207.46.195.239 - - [31/Jan/2011:19:03:58 -0800] "GET /robots.txt HTTP/1.1" 302 350 "-" "Mozilla/5.0 (compatible; bingbot/2.0; +http://www.bing.com/bingbot.htm)"
207.46.195.239 - - [31/Jan/2011:19:22:34 -0800] "GET /robots.txt HTTP/1.1" 302 350 "-" "Mozilla/5.0 (compatible; bingbot/2.0; +http://www.bing.com/bingbot.htm)"
207.46.195.239 - - [31/Jan/2011:19:48:33 -0800] "GET /robots.txt HTTP/1.1" 302 350 "-" "Mozilla/5.0 (compatible; bingbot/2.0; +http://www.bing.com/bingbot.htm)"
207.46.195.239 - - [31/Jan/2011:20:20:52 -0800] "GET /robots.txt HTTP/1.1" 302 350 "-" "Mozilla/5.0 (compatible; bingbot/2.0; +http://www.bing.com/bingbot.htm)"
207.46.195.239 - - [31/Jan/2011:21:02:31 -0800] "GET /robots.txt HTTP/1.1" 302 350 "-" "Mozilla/5.0 (compatible; bingbot/2.0; +http://www.bing.com/bingbot.htm)"
207.46.195.239 - - [31/Jan/2011:21:12:48 -0800] "GET /robots.txt HTTP/1.1" 302 350 "-" "Mozilla/5.0 (compatible; bingbot/2.0; +http://www.bing.com/bingbot.htm)"
207.46.195.239 - - [31/Jan/2011:21:31:47 -0800] "GET /robots.txt HTTP/1.1" 302 350 "-" "Mozilla/5.0 (compatible; bingbot/2.0; +http://www.bing.com/bingbot.htm)"
207.46.195.239 - - [31/Jan/2011:21:56:32 -0800] "GET /robots.txt HTTP/1.1" 302 350 "-" "Mozilla/5.0 (compatible; bingbot/2.0; +http://www.bing.com/bingbot.htm)"
207.46.195.239 - - [31/Jan/2011:22:32:17 -0800] "GET /robots.txt HTTP/1.1" 302 350 "-" "Mozilla/5.0 (compatible; bingbot/2.0; +http://www.bing.com/bingbot.htm)"
66.249.67.202 - - [31/Jan/2011:23:04:05 -0800] "GET /robots.txt HTTP/1.1" 302 350 "-" "Mozilla/5.0 (compatible; Googlebot/2.1; +http://www.google.com/bot.html)"
66.249.67.202 - - [31/Jan/2011:23:04:05 -0800] "GET / HTTP/1.1" 200 151 "-" "Mozilla/5.0 (compatible; Googlebot/2.1; +http://www.google.com/bot.html)"
207.46.195.239 - - [31/Jan/2011:23:15:47 -0800] "GET /robots.txt HTTP/1.1" 302 350 "-" "Mozilla/5.0 (compatible; bingbot/2.0; +http://www.bing.com/bingbot.htm)"
207.46.195.239 - - [31/Jan/2011:23:24:33 -0800] "GET /robots.txt HTTP/1.1" 302 350 "-" "Mozilla/5.0 (compatible; bingbot/2.0; +http://www.bing.com/bingbot.htm)"
207.46.195.239 - - [31/Jan/2011:23:42:35 -0800] "GET /robots.txt HTTP/1.1" 302 350 "-" "Mozilla/5.0 (compatible; bingbot/2.0; +http://www.bing.com/bingbot.htm)"
207.46.195.239 - - [01/Feb/2011:00:11:02 -0800] "GET /robots.txt HTTP/1.1" 302 350 "-" "Mozilla/5.0 (compatible; bingbot/2.0; +http://www.bing.com/bingbot.htm)"
207.46.195.239 - - [01/Feb/2011:00:47:05 -0800] "GET /robots.txt HTTP/1.1" 302 350 "-" "Mozilla/5.0 (compatible; bingbot/2.0; +http://www.bing.com/bingbot.htm)"
207.46.195.239 - - [01/Feb/2011:01:32:55 -0800] "GET /robots.txt HTTP/1.1" 302 350 "-" "Mozilla/5.0 (compatible; bingbot/2.0; +http://www.bing.com/bingbot.htm)"
207.46.195.239 - - [01/Feb/2011:01:43:33 -0800] "GET /robots.txt HTTP/1.1" 302 350 "-" "Mozilla/5.0 (compatible; bingbot/2.0; +http://www.bing.com/bingbot.htm)"
207.46.195.239 - - [01/Feb/2011:02:04:09 -0800] "GET /robots.txt HTTP/1.1" 302 350 "-" "Mozilla/5.0 (compatible; bingbot/2.0; +http://www.bing.com/bingbot.htm)"
207.46.195.239 - - [01/Feb/2011:02:32:05 -0800] "GET /robots.txt HTTP/1.1" 302 350 "-" "Mozilla/5.0 (compatible; bingbot/2.0; +http://www.bing.com/bingbot.htm)"
207.46.195.239 - - [01/Feb/2011:03:05:20 -0800] "GET /robots.txt HTTP/1.1" 302 350 "-" "Mozilla/5.0 (compatible; bingbot/2.0; +http://www.bing.com/bingbot.htm)"
207.46.195.239 - - [01/Feb/2011:03:46:22 -0800] "GET /robots.txt HTTP/1.1" 302 350 "-" "Mozilla/5.0 (compatible; bingbot/2.0; +http://www.bing.com/bingbot.htm)"
207.46.195.239 - - [01/Feb/2011:03:59:14 -0800] "GET /robots.txt HTTP/1.1" 302 350 "-" "Mozilla/5.0 (compatible; bingbot/2.0; +http://www.bing.com/bingbot.htm)"
207.46.195.239 - - [01/Feb/2011:04:17:04 -0800] "GET /robots.txt HTTP/1.1" 302 350 "-" "Mozilla/5.0 (compatible; bingbot/2.0; +http://www.bing.com/bingbot.htm)"
207.46.195.239 - - [01/Feb/2011:04:42:27 -0800] "GET /robots.txt HTTP/1.1" 302 350 "-" "Mozilla/5.0 (compatible; bingbot/2.0; +http://www.bing.com/bingbot.htm)"
207.46.195.239 - - [01/Feb/2011:05:14:46 -0800] "GET /robots.txt HTTP/1.1" 302 350 "-" "Mozilla/5.0 (compatible; bingbot/2.0; +http://www.bing.com/bingbot.htm)"
207.46.195.239 - - [01/Feb/2011:05:55:03 -0800] "GET /robots.txt HTTP/1.1" 302 350 "-" "Mozilla/5.0 (compatible; bingbot/2.0; +http://www.bing.com/bingbot.htm)"
207.46.195.239 - - [01/Feb/2011:06:04:33 -0800] "GET /robots.txt HTTP/1.1" 302 350 "-" "Mozilla/5.0 (compatible; bingbot/2.0; +http://www.bing.com/bingbot.htm)"
207.46.195.239 - - [01/Feb/2011:06:21:43 -0800] "GET /robots.txt HTTP/1.1" 302 350 "-" "Mozilla/5.0 (compatible; bingbot/2.0; +http://www.bing.com/bingbot.htm)"
207.46.195.239 - - [01/Feb/2011:06:47:03 -0800] "GET /robots.txt HTTP/1.1" 302 350 "-" "Mozilla/5.0 (compatible; bingbot/2.0; +http://www.bing.com/bingbot.htm)"
66.249.67.202 - - [01/Feb/2011:16:18:27 -0800] "GET /robots.txt HTTP/1.1" 302 350 "-" "Mozilla/5.0 (compatible; Googlebot/2.1; +http://www.google.com/bot.html)"
66.249.67.202 - - [01/Feb/2011:16:18:27 -0800] "GET / HTTP/1.1" 200 151 "-" "Mozilla/5.0 (compatible; Googlebot/2.1; +http://www.google.com/bot.html)"
208.115.111.249 - - [02/Feb/2011:02:41:22 -0800] "GET /robots.txt HTTP/1.1" 302 350 "-" "Mozilla/5.0 (compatible; DotBot/1.1; http://www.dotnetdotcom.org/, crawler@dotnetdotcom.org)"
66.249.67.202 - - [02/Feb/2011:03:55:18 -0800] "GET /robots.txt HTTP/1.1" 302 350 "-" "DoCoMo/2.0 N905i(c100;TB;W24H16) (compatible; Googlebot-Mobile/2.1; +http://www.google.com/bot.html)"
66.249.67.202 - - [02/Feb/2011:03:55:18 -0800] "GET / HTTP/1.1" 200 151 "-" "DoCoMo/2.0 N905i(c100;TB;W24H16) (compatible; Googlebot-Mobile/2.1; +http://www.google.com/bot.html)"
66.249.67.202 - - [02/Feb/2011:04:14:24 -0800] "GET / HTTP/1.1" 200 151 "-" "SAMSUNG-SGH-E250/1.0 Profile/MIDP-2.0 Configuration/CLDC-1.1 UP.Browser/6.2.3.3.c.1.101 (GUI) MMP/2.0 (compatible; Googlebot-Mobile/2.1; +http://www.google.com/bot.html)"
69.28.58.23 - - [02/Feb/2011:06:12:25 -0800] "GET /robots.txt HTTP/1.0" 302 350 "-" "Mozilla/4.0 (compatible; MSIE 6.0; Windows NT 5.0) (larbin2.6.3@unspecified.mail)"
69.28.58.23 - - [02/Feb/2011:06:12:25 -0800] "GET / HTTP/1.0" 200 151 "-" "Mozilla/4.0 (compatible; MSIE 6.0; Windows NT 5.0) larbin2.6.3@unspecified.mail"
208.77.41.66 - - [03/Feb/2011:11:56:21 -0800] "GET /robots.txt HTTP/1.0" 302 350 "-" "Mozilla/5.0 (compatible; MJ12bot/v1.3.3; http://www.majestic12.co.uk/bot.php?+)"
208.77.41.66 - - [03/Feb/2011:11:56:22 -0800] "GET / HTTP/1.0" 200 151 "-" "Mozilla/5.0 (compatible; MJ12bot/v1.3.3; http://www.majestic12.co.uk/bot.php?+)"
66.219.58.41 - - [03/Feb/2011:15:39:39 -0800] "GET /robots.txt HTTP/1.1" 302 350 "-" "MLBot (www.metadatalabs.com/mlbot)"
66.219.58.41 - - [03/Feb/2011:15:39:41 -0800] "GET / HTTP/1.1" 200 151 "-" "MLBot (www.metadatalabs.com/mlbot)"
193.47.80.38 - - [03/Feb/2011:16:18:42 -0800] "GET /robots.txt HTTP/1.1" 302 350 "-" "Mozilla/5.0 (compatible; Exabot/3.0; +http://www.exabot.com/go/robot)"
193.47.80.38 - - [03/Feb/2011:16:18:43 -0800] "GET / HTTP/1.1" 200 151 "-" "Mozilla/5.0 (compatible; Exabot/3.0; +http://www.exabot.com/go/robot)"
174.121.75.42 - - [03/Feb/2011:21:38:54 -0800] "GET /robots.txt HTTP/1.0" 302 350 "-" "GeoHasher/Nutch-1.0 (GeoHasher Web Search Engine; geohasher.gotdns.org; geo_hasher at yahoo * com)"
174.121.75.42 - - [03/Feb/2011:21:38:54 -0800] "GET / HTTP/1.0" 200 151 "-" "GeoHasher/Nutch-1.0 (GeoHasher Web Search Engine; geohasher.gotdns.org; geo_hasher at yahoo * com)"
184.73.30.110 - - [04/Feb/2011:01:39:49 -0800] "GET /robots.txt HTTP/1.1" 302 350 "-" "Mozilla/5.0 (compatible; AboutUsBot Johnny5/2.0; +http://www.AboutUs.org/)"
184.73.30.110 - - [04/Feb/2011:01:48:20 -0800] "GET / HTTP/1.1" 200 151 "-" "Mozilla/5.0 (compatible; AboutUsBot Johnny5/2.0; +http://www.AboutUs.org/)"
93.158.148.31 - - [04/Feb/2011:12:25:10 -0800] "GET /robots.txt HTTP/1.1" 302 350 "-" "Mozilla/5.0 (compatible; YandexBot/3.0; +http://yandex.com/bots)"
174.129.117.237 - - [04/Feb/2011:15:35:07 -0800] "HEAD / HTTP/1.1" 200 - "-" "Mozilla/5.0 (Windows; U; Windows NT 5.1; en-US) AppleWebKit/525.13 (KHTML, like Gecko) Chrome/0.A.B.C Safari/525.13"
93.158.148.31 - - [04/Feb/2011:20:47:16 -0800] "GET / HTTP/1.1" 200 151 "-" "Mozilla/5.0 (compatible; YandexBot/3.0; +http://yandex.com/bots)"
38.99.82.101 - - [06/Feb/2011:00:30:25 -0800] "GET /robots.txt HTTP/1.1" 302 350 "-" "Mozilla/5.0 (X11; U; Linux; en-US) AppleWebKit/532.4 (KHTML, like Gecko) Qt/4.6.2 Safari/532.4"
38.99.82.101 - - [06/Feb/2011:00:30:26 -0800] "GET / HTTP/1.1" 200 151 "-" "Mozilla/5.0 (X11; U; Linux; en-US) AppleWebKit/532.4 (KHTML, like Gecko) Qt/4.6.2 Safari/532.4"
93.158.148.31 - - [06/Feb/2011:11:52:21 -0800] "GET /robots.txt HTTP/1.1" 302 350 "-" "Mozilla/5.0 (compatible; YandexBot/3.0; +http://yandex.com/bots)"
184.154.7.186 - - [06/Feb/2011:16:00:00 -0800] "GET /robots.txt HTTP/1.0" 302 350 "-" "Mozilla/5.0 (compatible; MJ12bot/v1.3.3; http://www.majestic12.co.uk/bot.php?+)"
184.154.7.186 - - [06/Feb/2011:16:00:01 -0800] "GET / HTTP/1.0" 200 151 "-" "Mozilla/5.0 (compatible; MJ12bot/v1.3.3; http://www.majestic12.co.uk/bot.php?+)"
93.158.148.31 - - [07/Feb/2011:00:57:12 -0800] "GET / HTTP/1.1" 200 151 "-" "Mozilla/5.0 (compatible; YandexBot/3.0; +http://yandex.com/bots)"
66.249.67.202 - - [07/Feb/2011:05:51:56 -0800] "GET /robots.txt HTTP/1.1" 302 350 "-" "SAMSUNG-SGH-E250/1.0 Profile/MIDP-2.0 Configuration/CLDC-1.1 UP.Browser/6.2.3.3.c.1.101 (GUI) MMP/2.0 (compatible; Googlebot-Mobile/2.1; +http://www.google.com/bot.html)"
66.249.67.202 - - [07/Feb/2011:05:51:56 -0800] "GET / HTTP/1.1" 200 151 "-" "SAMSUNG-SGH-E250/1.0 Profile/MIDP-2.0 Configuration/CLDC-1.1 UP.Browser/6.2.3.3.c.1.101 (GUI) MMP/2.0 (compatible; Googlebot-Mobile/2.1; +http://www.google.com/bot.html)"
66.249.67.202 - - [07/Feb/2011:19:50:40 -0800] "GET /robots.txt HTTP/1.1" 302 350 "-" "DoCoMo/2.0 N905i(c100;TB;W24H16) (compatible; Googlebot-Mobile/2.1; +http://www.google.com/bot.html)"
66.249.67.202 - - [07/Feb/2011:19:50:40 -0800] "GET / HTTP/1.1" 200 151 "-" "DoCoMo/2.0 N905i(c100;TB;W24H16) (compatible; Googlebot-Mobile/2.1; +http://www.google.com/bot.html)"
207.241.232.83 - - [07/Feb/2011:21:06:56 -0800] "GET / HTTP/1.0" 200 151 "-" "Mozilla/5.0 (X11; U; Linux i686; en-US; rv:1.9.2.8) Gecko/20100722 Ubuntu/10.04 (lucid) Firefox/3.6.8 +http://www.archive.org/"
207.241.232.83 - - [07/Feb/2011:21:07:04 -0800] "GET /favicon.ico HTTP/1.0" 200 430 "http://browserbomb.com/" "Mozilla/5.0 (X11; U; Linux i686; en-US; rv:1.9.2.8) Gecko/20100722 Ubuntu/10.04 (lucid) Firefox/3.6.8 +http://www.archive.org/"
93.158.148.31 - - [08/Feb/2011:11:25:41 -0800] "GET /robots.txt HTTP/1.1" 302 350 "-" "Mozilla/5.0 (compatible; YandexBot/3.0; +http://yandex.com/bots)"
174.129.117.237 - - [08/Feb/2011:13:52:33 -0800] "HEAD / HTTP/1.1" 200 - "-" "Mozilla/5.0 (Windows; U; Windows NT 5.1; en-US) AppleWebKit/525.13 (KHTML, like Gecko) Chrome/0.A.B.C Safari/525.13"
208.115.111.72 - - [08/Feb/2011:13:52:55 -0800] "GET /robots.txt HTTP/1.1" 302 350 "-" "Mozilla/5.0 (compatible; Ezooms/1.0; ezooms.bot@gmail.com)"
93.158.148.31 - - [08/Feb/2011:21:04:49 -0800] "GET / HTTP/1.1" 200 151 "-" "Mozilla/5.0 (compatible; YandexBot/3.0; +http://yandex.com/bots)"
193.47.80.38 - - [09/Feb/2011:05:37:20 -0800] "GET /robots.txt HTTP/1.1" 302 350 "-" "Mozilla/5.0 (compatible; Exabot/3.0; +http://www.exabot.com/go/robot)"
193.47.80.38 - - [09/Feb/2011:05:37:21 -0800] "GET / HTTP/1.1" 200 151 "-" "Mozilla/5.0 (compatible; Exabot/3.0; +http://www.exabot.com/go/robot)"
69.28.58.47 - - [09/Feb/2011:18:37:43 -0800] "GET / HTTP/1.0" 200 151 "http://browserbomb.com/" "Mozilla/4.0 (compatible; MSIE 8.0; Windows NT 5.1; SV1; .NET CLR 2.0.50727)"
184.154.7.186 - - [09/Feb/2011:21:12:28 -0800] "GET /robots.txt HTTP/1.0" 302 350 "-" "Mozilla/5.0 (compatible; MJ12bot/v1.3.3; http://www.majestic12.co.uk/bot.php?+)"
184.154.7.186 - - [09/Feb/2011:21:12:29 -0800] "GET / HTTP/1.0" 200 151 "-" "Mozilla/5.0 (compatible; MJ12bot/v1.3.3; http://www.majestic12.co.uk/bot.php?+)"
218.213.130.158 - - [09/Feb/2011:22:30:26 -0800] "GET /robots.txt HTTP/1.1" 302 350 "-" "ichiro/4.0 (http://help.goo.ne.jp/door/crawler.html)"
78.159.122.254 - - [10/Feb/2011:00:30:54 -0800] "GET /plugins/editors/tinymce/jscripts/tiny_mce/plugins/tinybrowser/upload.php HTTP/1.1" 302 350 "-" "Mozilla/5.0 (Windows; U; Windows NT 6.1; en; rv:1.9.2.13) Gecko/20101203 Firefox/3.6.13"
66.249.67.202 - - [10/Feb/2011:04:29:02 -0800] "GET /robots.txt HTTP/1.1" 302 350 "-" "DoCoMo/2.0 N905i(c100;TB;W24H16) (compatible; Googlebot-Mobile/2.1; +http://www.google.com/bot.html)"
66.249.67.202 - - [10/Feb/2011:04:29:02 -0800] "GET / HTTP/1.1" 200 151 "-" "DoCoMo/2.0 N905i(c100;TB;W24H16) (compatible; Googlebot-Mobile/2.1; +http://www.google.com/bot.html)"
218.213.130.158 - - [10/Feb/2011:05:41:21 -0800] "GET /robots.txt HTTP/1.1" 302 350 "-" "ichiro/4.0 (http://help.goo.ne.jp/door/crawler.html)"
93.158.148.31 - - [10/Feb/2011:15:30:58 -0800] "GET /robots.txt HTTP/1.1" 302 350 "-" "Mozilla/5.0 (compatible; YandexBot/3.0; +http://yandex.com/bots)"
66.249.67.202 - - [10/Feb/2011:21:32:28 -0800] "GET /robots.txt HTTP/1.1" 302 350 "-" "SAMSUNG-SGH-E250/1.0 Profile/MIDP-2.0 Configuration/CLDC-1.1 UP.Browser/6.2.3.3.c.1.101 (GUI) MMP/2.0 (compatible; Googlebot-Mobile/2.1; +http://www.google.com/bot.html)"
66.249.67.202 - - [10/Feb/2011:21:32:28 -0800] "GET / HTTP/1.1" 200 151 "-" "SAMSUNG-SGH-E250/1.0 Profile/MIDP-2.0 Configuration/CLDC-1.1 UP.Browser/6.2.3.3.c.1.101 (GUI) MMP/2.0 (compatible; Googlebot-Mobile/2.1; +http://www.google.com/bot.html)"
93.158.148.31 - - [10/Feb/2011:23:21:51 -0800] "GET / HTTP/1.1" 200 151 "-" "Mozilla/5.0 (compatible; YandexBot/3.0; +http://yandex.com/bots)"
218.213.130.158 - - [11/Feb/2011:04:02:22 -0800] "GET /robots.txt HTTP/1.1" 302 350 "-" "ichiro/4.0 (http://help.goo.ne.jp/door/crawler.html)"
218.213.130.158 - - [11/Feb/2011:06:17:27 -0800] "GET /robots.txt HTTP/1.1" 302 350 "-" "ichiro/4.0 (http://help.goo.ne.jp/door/crawler.html)"
65.52.110.26 - - [11/Feb/2011:07:40:52 -0800] "GET /robots.txt HTTP/1.1" 302 350 "-" "Mozilla/5.0 (compatible; bingbot/2.0; +http://www.bing.com/bingbot.htm)"
65.52.110.26 - - [11/Feb/2011:07:50:19 -0800] "GET /robots.txt HTTP/1.1" 302 350 "-" "Mozilla/5.0 (compatible; bingbot/2.0; +http://www.bing.com/bingbot.htm)"
65.52.110.26 - - [11/Feb/2011:08:10:05 -0800] "GET /robots.txt HTTP/1.1" 302 350 "-" "Mozilla/5.0 (compatible; bingbot/2.0; +http://www.bing.com/bingbot.htm)"
65.52.110.26 - - [11/Feb/2011:08:36:05 -0800] "GET /robots.txt HTTP/1.1" 302 350 "-" "Mozilla/5.0 (compatible; bingbot/2.0; +http://www.bing.com/bingbot.htm)"
65.52.110.26 - - [11/Feb/2011:09:11:06 -0800] "GET /robots.txt HTTP/1.1" 302 350 "-" "Mozilla/5.0 (compatible; bingbot/2.0; +http://www.bing.com/bingbot.htm)"
65.52.110.26 - - [11/Feb/2011:09:54:06 -0800] "GET /robots.txt HTTP/1.1" 302 350 "-" "Mozilla/5.0 (compatible; bingbot/2.0; +http://www.bing.com/bingbot.htm)"
65.52.110.26 - - [11/Feb/2011:10:45:52 -0800] "GET /robots.txt HTTP/1.1" 302 350 "-" "Mozilla/5.0 (compatible; bingbot/2.0; +http://www.bing.com/bingbot.htm)"
65.52.110.26 - - [11/Feb/2011:10:59:04 -0800] "GET /robots.txt HTTP/1.1" 302 350 "-" "Mozilla/5.0 (compatible; bingbot/2.0; +http://www.bing.com/bingbot.htm)"
65.52.110.26 - - [11/Feb/2011:11:20:36 -0800] "GET /robots.txt HTTP/1.1" 302 350 "-" "Mozilla/5.0 (compatible; bingbot/2.0; +http://www.bing.com/bingbot.htm)"
65.52.110.26 - - [11/Feb/2011:11:49:35 -0800] "GET /robots.txt HTTP/1.1" 302 350 "-" "Mozilla/5.0 (compatible; bingbot/2.0; +http://www.bing.com/bingbot.htm)"
65.52.110.26 - - [11/Feb/2011:12:26:00 -0800] "GET /robots.txt HTTP/1.1" 302 350 "-" "Mozilla/5.0 (compatible; bingbot/2.0; +http://www.bing.com/bingbot.htm)"
65.52.110.26 - - [11/Feb/2011:13:10:05 -0800] "GET /robots.txt HTTP/1.1" 302 350 "-" "Mozilla/5.0 (compatible; bingbot/2.0; +http://www.bing.com/bingbot.htm)"
65.52.110.26 - - [11/Feb/2011:13:58:17 -0800] "GET /robots.txt HTTP/1.1" 302 350 "-" "Mozilla/5.0 (compatible; bingbot/2.0; +http://www.bing.com/bingbot.htm)"
65.52.110.26 - - [11/Feb/2011:14:09:12 -0800] "GET /robots.txt HTTP/1.1" 302 350 "-" "Mozilla/5.0 (compatible; bingbot/2.0; +http://www.bing.com/bingbot.htm)"
65.52.110.26 - - [11/Feb/2011:14:29:35 -0800] "GET /robots.txt HTTP/1.1" 302 350 "-" "Mozilla/5.0 (compatible; bingbot/2.0; +http://www.bing.com/bingbot.htm)"
65.52.110.26 - - [11/Feb/2011:15:07:02 -0800] "GET /robots.txt HTTP/1.1" 302 350 "-" "Mozilla/5.0 (compatible; bingbot/2.0; +http://www.bing.com/bingbot.htm)"
65.52.110.26 - - [11/Feb/2011:15:39:59 -0800] "GET /robots.txt HTTP/1.1" 302 350 "-" "Mozilla/5.0 (compatible; bingbot/2.0; +http://www.bing.com/bingbot.htm)"
65.52.110.26 - - [11/Feb/2011:16:20:05 -0800] "GET /robots.txt HTTP/1.1" 302 350 "-" "Mozilla/5.0 (compatible; bingbot/2.0; +http://www.bing.com/bingbot.htm)"
65.52.110.26 - - [11/Feb/2011:17:13:29 -0800] "GET /robots.txt HTTP/1.1" 302 350 "-" "Mozilla/5.0 (compatible; bingbot/2.0; +http://www.bing.com/bingbot.htm)"
65.52.110.26 - - [11/Feb/2011:17:35:15 -0800] "GET /robots.txt HTTP/1.1" 302 350 "-" "Mozilla/5.0 (compatible; bingbot/2.0; +http://www.bing.com/bingbot.htm)"
65.52.110.26 - - [11/Feb/2011:18:02:56 -0800] "GET /robots.txt HTTP/1.1" 302 350 "-" "Mozilla/5.0 (compatible; bingbot/2.0; +http://www.bing.com/bingbot.htm)"
65.52.110.26 - - [11/Feb/2011:18:37:36 -0800] "GET /robots.txt HTTP/1.1" 302 350 "-" "Mozilla/5.0 (compatible; bingbot/2.0; +http://www.bing.com/bingbot.htm)"
65.52.110.26 - - [11/Feb/2011:19:10:27 -0800] "GET /robots.txt HTTP/1.1" 302 350 "-" "Mozilla/5.0 (compatible; bingbot/2.0; +http://www.bing.com/bingbot.htm)"
65.52.110.26 - - [11/Feb/2011:19:50:51 -0800] "GET /robots.txt HTTP/1.1" 302 350 "-" "Mozilla/5.0 (compatible; bingbot/2.0; +http://www.bing.com/bingbot.htm)"
66.249.72.116 - - [11/Feb/2011:20:16:17 -0800] "GET /robots.txt HTTP/1.1" 302 350 "-" "DoCoMo/2.0 N905i(c100;TB;W24H16) (compatible; Googlebot-Mobile/2.1; +http://www.google.com/bot.html)"
66.249.72.116 - - [11/Feb/2011:20:16:17 -0800] "GET / HTTP/1.1" 200 151 "-" "DoCoMo/2.0 N905i(c100;TB;W24H16) (compatible; Googlebot-Mobile/2.1; +http://www.google.com/bot.html)"
218.213.130.158 - - [12/Feb/2011:06:51:46 -0800] "GET /robots.txt HTTP/1.1" 302 350 "-" "ichiro/4.0 (http://help.goo.ne.jp/door/crawler.html)"
69.28.58.22 - - [12/Feb/2011:19:50:04 -0800] "GET /robots.txt HTTP/1.0" 302 350 "-" "Mozilla/4.0 (compatible; MSIE 6.0; Windows NT 5.0) (larbin2.6.3@unspecified.mail)"
69.28.58.22 - - [12/Feb/2011:19:50:04 -0800] "GET / HTTP/1.0" 200 151 "-" "Mozilla/4.0 (compatible; MSIE 6.0; Windows NT 5.0) larbin2.6.3@unspecified.mail"
184.154.7.186 - - [12/Feb/2011:23:09:15 -0800] "GET /robots.txt HTTP/1.0" 302 350 "-" "Mozilla/5.0 (compatible; MJ12bot/v1.3.3; http://www.majestic12.co.uk/bot.php?+)"
184.154.7.186 - - [12/Feb/2011:23:09:16 -0800] "GET / HTTP/1.0" 200 151 "-" "Mozilla/5.0 (compatible; MJ12bot/v1.3.3; http://www.majestic12.co.uk/bot.php?+)"
218.213.130.158 - - [13/Feb/2011:08:25:39 -0800] "GET /robots.txt HTTP/1.1" 302 350 "-" "ichiro/4.0 (http://help.goo.ne.jp/door/crawler.html)"
93.158.148.31 - - [13/Feb/2011:16:06:29 -0800] "GET /robots.txt HTTP/1.1" 302 350 "-" "Mozilla/5.0 (compatible; YandexBot/3.0; +http://yandex.com/bots)"
93.158.148.31 - - [13/Feb/2011:20:57:04 -0800] "GET / HTTP/1.1" 200 151 "-" "Mozilla/5.0 (compatible; YandexBot/3.0; +http://yandex.com/bots)"
69.28.58.15 - - [14/Feb/2011:18:53:22 -0800] "GET /robots.txt HTTP/1.0" 302 350 "http://browserbomb.com/robots.txt" "Mozilla/4.0 (compatible; MSIE 8.0; Windows NT 5.1; SV1; .NET CLR 2.0.50727)"
69.28.58.15 - - [14/Feb/2011:18:53:28 -0800] "GET / HTTP/1.0" 200 151 "http://browserbomb.com/" "Mozilla/4.0 (compatible; MSIE 8.0; Windows NT 5.1; SV1; .NET CLR 2.0.50727)"
174.129.117.237 - - [14/Feb/2011:22:28:44 -0800] "HEAD / HTTP/1.1" 200 - "-" "Mozilla/5.0 (Windows; U; Windows NT 5.1; en-US) AppleWebKit/525.13 (KHTML, like Gecko) Chrome/0.A.B.C Safari/525.13"
66.249.67.202 - - [15/Feb/2011:05:29:31 -0800] "GET /robots.txt HTTP/1.1" 302 350 "-" "DoCoMo/2.0 N905i(c100;TB;W24H16) (compatible; Googlebot-Mobile/2.1; +http://www.google.com/bot.html)"
66.249.67.202 - - [15/Feb/2011:05:29:31 -0800] "GET / HTTP/1.1" 200 151 "-" "DoCoMo/2.0 N905i(c100;TB;W24H16) (compatible; Googlebot-Mobile/2.1; +http://www.google.com/bot.html)"
66.249.67.202 - - [15/Feb/2011:06:28:13 -0800] "GET / HTTP/1.1" 200 151 "-" "SAMSUNG-SGH-E250/1.0 Profile/MIDP-2.0 Configuration/CLDC-1.1 UP.Browser/6.2.3.3.c.1.101 (GUI) MMP/2.0 (compatible; Googlebot-Mobile/2.1; +http://www.google.com/bot.html)"
93.158.148.31 - - [15/Feb/2011:10:27:13 -0800] "GET /robots.txt HTTP/1.1" 302 350 "-" "Mozilla/5.0 (compatible; YandexBot/3.0; +http://yandex.com/bots)"
208.115.111.249 - - [15/Feb/2011:18:01:30 -0800] "GET /robots.txt HTTP/1.1" 302 350 "-" "Mozilla/5.0 (compatible; DotBot/1.1; http://www.dotnetdotcom.org/, crawler@dotnetdotcom.org)"
184.154.7.186 - - [16/Feb/2011:00:31:17 -0800] "GET /robots.txt HTTP/1.0" 302 350 "-" "Mozilla/5.0 (compatible; MJ12bot/v1.3.3; http://www.majestic12.co.uk/bot.php?+)"
184.154.7.186 - - [16/Feb/2011:00:31:18 -0800] "GET / HTTP/1.0" 200 151 "-" "Mozilla/5.0 (compatible; MJ12bot/v1.3.3; http://www.majestic12.co.uk/bot.php?+)"
93.158.148.31 - - [16/Feb/2011:04:47:47 -0800] "GET / HTTP/1.1" 200 151 "-" "Mozilla/5.0 (compatible; YandexBot/3.0; +http://yandex.com/bots)"
78.140.138.39 - - [16/Feb/2011:07:32:28 -0800] "GET / HTTP/1.1" 200 151 "-" "Mozilla/5.0 (Windows; U; Windows NT 5.1; en-US; rv:1.9.0.5) Gecko/2008120122 Firefox/3.0.5"
66.249.67.202 - - [17/Feb/2011:00:52:17 -0800] "GET /robots.txt HTTP/1.1" 302 350 "-" "Mozilla/5.0 (compatible; Googlebot/2.1; +http://www.google.com/bot.html)"
66.249.67.202 - - [17/Feb/2011:00:52:17 -0800] "GET / HTTP/1.1" 200 151 "-" "Mozilla/5.0 (compatible; Googlebot/2.1; +http://www.google.com/bot.html)"
66.219.58.45 - - [17/Feb/2011:01:31:18 -0800] "GET /robots.txt HTTP/1.1" 302 350 "-" "MLBot (www.metadatalabs.com/mlbot)"
66.219.58.45 - - [17/Feb/2011:01:31:21 -0800] "GET / HTTP/1.1" 200 151 "-" "MLBot (www.metadatalabs.com/mlbot)"
38.101.148.126 - - [18/Feb/2011:03:28:53 -0800] "GET /robots.txt HTTP/1.1" 302 350 "-" "Mozilla/5.0 (compatible; discobot/1.1; +http://discoveryengine.com/discobot.html"
38.101.148.126 - - [18/Feb/2011:03:29:06 -0800] "GET / HTTP/1.1" 200 151 "-" "Mozilla/5.0 (compatible; discobot/1.1; +http://discoveryengine.com/discobot.html"
174.129.117.237 - - [18/Feb/2011:04:27:04 -0800] "HEAD / HTTP/1.1" 200 - "-" "Mozilla/5.0 (Windows; U; Windows NT 5.1; en-US) AppleWebKit/525.13 (KHTML, like Gecko) Chrome/0.A.B.C Safari/525.13"
64.202.161.41 - - [18/Feb/2011:06:10:19 -0800] "GET / HTTP/1.1" 200 151 "-" "Mozilla/5.0 (Windows; U; Windows NT 5.1; en-US; rv:1.9.1.8) Gecko/20100202 Firefox/3.5.8 ( .NET CLR 3.5.30729)"
64.202.161.41 - - [18/Feb/2011:06:10:25 -0800] "GET / HTTP/1.1" 200 151 "-" "Mozilla/5.0 (Windows; U; Windows NT 5.1; en-US; rv:1.9.1.8) Gecko/20100202 Firefox/3.5.8 ( .NET CLR 3.5.30729)"
93.158.148.31 - - [18/Feb/2011:15:38:06 -0800] "GET /robots.txt HTTP/1.1" 302 350 "-" "Mozilla/5.0 (compatible; YandexBot/3.0; +http://yandex.com/bots)"
93.158.148.31 - - [18/Feb/2011:18:22:15 -0800] "GET / HTTP/1.1" 200 151 "-" "Mozilla/5.0 (compatible; YandexBot/3.0; +http://yandex.com/bots)"
87.106.135.77 - - [18/Feb/2011:20:35:53 -0800] "GET / HTTP/1.1" 200 151 "-" "Mozilla/4.0 (compatible; MSIE 5.5; Windows NT)"
193.47.80.38 - - [18/Feb/2011:23:46:26 -0800] "GET /robots.txt HTTP/1.1" 302 350 "-" "Mozilla/5.0 (compatible; Exabot/3.0; +http://www.exabot.com/go/robot)"
193.47.80.38 - - [18/Feb/2011:23:46:26 -0800] "GET / HTTP/1.1" 200 151 "-" "Mozilla/5.0 (compatible; Exabot/3.0; +http://www.exabot.com/go/robot)"
66.249.67.202 - - [19/Feb/2011:05:57:44 -0800] "GET /robots.txt HTTP/1.1" 302 350 "-" "DoCoMo/2.0 N905i(c100;TB;W24H16) (compatible; Googlebot-Mobile/2.1; +http://www.google.com/bot.html)"
66.249.67.202 - - [19/Feb/2011:05:57:44 -0800] "GET / HTTP/1.1" 200 151 "-" "DoCoMo/2.0 N905i(c100;TB;W24H16) (compatible; Googlebot-Mobile/2.1; +http://www.google.com/bot.html)"
66.249.67.202 - - [19/Feb/2011:07:24:18 -0800] "GET / HTTP/1.1" 200 151 "-" "SAMSUNG-SGH-E250/1.0 Profile/MIDP-2.0 Configuration/CLDC-1.1 UP.Browser/6.2.3.3.c.1.101 (GUI) MMP/2.0 (compatible; Googlebot-Mobile/2.1; +http://www.google.com/bot.html)"
72.91.190.241 - - [19/Feb/2011:09:52:11 -0800] "GET /robots.txt HTTP/1.0" 302 350 "-" "Mozilla/5.0 (compatible; MJ12bot/v1.3.3; http://www.majestic12.co.uk/bot.php?+)"
72.91.190.241 - - [19/Feb/2011:09:52:12 -0800] "GET / HTTP/1.1" 200 151 "-" "Mozilla/5.0 (compatible; MJ12bot/v1.3.3; http://www.majestic12.co.uk/bot.php?+)"
38.101.148.126 - - [19/Feb/2011:14:18:37 -0800] "GET /robots.txt HTTP/1.1" 302 350 "-" "Mozilla/5.0 (compatible; discobot/1.1; +http://discoveryengine.com/discobot.html"
38.101.148.126 - - [19/Feb/2011:14:18:45 -0800] "GET / HTTP/1.1" 200 151 "-" "Mozilla/5.0 (compatible; discobot/1.1; +http://discoveryengine.com/discobot.html"
66.249.67.202 - - [20/Feb/2011:05:57:29 -0800] "GET /robots.txt HTTP/1.1" 302 350 "-" "DoCoMo/2.0 N905i(c100;TB;W24H16) (compatible; Googlebot-Mobile/2.1; +http://www.google.com/bot.html)"
66.249.67.202 - - [20/Feb/2011:05:57:29 -0800] "GET / HTTP/1.1" 200 151 "-" "DoCoMo/2.0 N905i(c100;TB;W24H16) (compatible; Googlebot-Mobile/2.1; +http://www.google.com/bot.html)"
66.249.67.202 - - [20/Feb/2011:07:04:35 -0800] "GET / HTTP/1.1" 200 151 "-" "SAMSUNG-SGH-E250/1.0 Profile/MIDP-2.0 Configuration/CLDC-1.1 UP.Browser/6.2.3.3.c.1.101 (GUI) MMP/2.0 (compatible; Googlebot-Mobile/2.1; +http://www.google.com/bot.html)"
66.249.67.202 - - [20/Feb/2011:19:58:52 -0800] "GET /robots.txt HTTP/1.1" 302 350 "-" "Mozilla/5.0 (compatible; Googlebot/2.1; +http://www.google.com/bot.html)"
66.249.67.202 - - [20/Feb/2011:19:58:52 -0800] "GET / HTTP/1.1" 200 151 "-" "Mozilla/5.0 (compatible; Googlebot/2.1; +http://www.google.com/bot.html)"
66.249.67.202 - - [21/Feb/2011:06:34:51 -0800] "GET /robots.txt HTTP/1.1" 302 350 "-" "Mozilla/5.0 (compatible; Googlebot/2.1; +http://www.google.com/bot.html)"
66.249.67.202 - - [21/Feb/2011:06:34:51 -0800] "GET / HTTP/1.1" 200 151 "-" "Mozilla/5.0 (compatible; Googlebot/2.1; +http://www.google.com/bot.html)"
174.129.117.237 - - [21/Feb/2011:09:27:36 -0800] "HEAD / HTTP/1.1" 200 - "-" "Mozilla/5.0 (Windows; U; Windows NT 5.1; en-US) AppleWebKit/525.13 (KHTML, like Gecko) Chrome/0.A.B.C Safari/525.13"
207.46.199.52 - - [21/Feb/2011:14:08:51 -0800] "GET /robots.txt HTTP/1.1" 302 350 "-" "Mozilla/5.0 (compatible; bingbot/2.0; +http://www.bing.com/bingbot.htm)"
93.158.148.31 - - [21/Feb/2011:14:16:54 -0800] "GET /robots.txt HTTP/1.1" 302 350 "-" "Mozilla/5.0 (compatible; YandexBot/3.0; +http://yandex.com/bots)"
207.46.199.52 - - [21/Feb/2011:15:21:28 -0800] "GET /robots.txt HTTP/1.1" 302 350 "-" "Mozilla/5.0 (compatible; bingbot/2.0; +http://www.bing.com/bingbot.htm)"
207.46.199.52 - - [21/Feb/2011:16:38:29 -0800] "GET /robots.txt HTTP/1.1" 302 350 "-" "Mozilla/5.0 (compatible; bingbot/2.0; +http://www.bing.com/bingbot.htm)"
207.46.199.52 - - [21/Feb/2011:17:52:33 -0800] "GET /robots.txt HTTP/1.1" 302 350 "-" "Mozilla/5.0 (compatible; bingbot/2.0; +http://www.bing.com/bingbot.htm)"
207.46.199.52 - - [21/Feb/2011:19:06:33 -0800] "GET /robots.txt HTTP/1.1" 302 350 "-" "Mozilla/5.0 (compatible; bingbot/2.0; +http://www.bing.com/bingbot.htm)"
207.46.199.52 - - [21/Feb/2011:20:11:47 -0800] "GET /robots.txt HTTP/1.1" 302 350 "-" "Mozilla/5.0 (compatible; bingbot/2.0; +http://www.bing.com/bingbot.htm)"
207.46.199.52 - - [21/Feb/2011:22:39:56 -0800] "GET /robots.txt HTTP/1.1" 302 350 "-" "Mozilla/5.0 (compatible; bingbot/2.0; +http://www.bing.com/bingbot.htm)"
207.46.199.52 - - [21/Feb/2011:23:54:12 -0800] "GET /robots.txt HTTP/1.1" 302 350 "-" "Mozilla/5.0 (compatible; bingbot/2.0; +http://www.bing.com/bingbot.htm)"
93.158.148.31 - - [22/Feb/2011:00:27:59 -0800] "GET / HTTP/1.1" 200 151 "-" "Mozilla/5.0 (compatible; YandexBot/3.0; +http://yandex.com/bots)"
207.46.199.52 - - [22/Feb/2011:01:08:48 -0800] "GET /robots.txt HTTP/1.1" 302 350 "-" "Mozilla/5.0 (compatible; bingbot/2.0; +http://www.bing.com/bingbot.htm)"
207.46.199.52 - - [22/Feb/2011:02:14:03 -0800] "GET /robots.txt HTTP/1.1" 302 350 "-" "Mozilla/5.0 (compatible; bingbot/2.0; +http://www.bing.com/bingbot.htm)"
207.46.199.52 - - [22/Feb/2011:03:26:04 -0800] "GET /robots.txt HTTP/1.1" 302 350 "-" "Mozilla/5.0 (compatible; bingbot/2.0; +http://www.bing.com/bingbot.htm)"
207.46.199.52 - - [22/Feb/2011:04:33:18 -0800] "GET /robots.txt HTTP/1.1" 302 350 "-" "Mozilla/5.0 (compatible; bingbot/2.0; +http://www.bing.com/bingbot.htm)"
207.46.199.52 - - [22/Feb/2011:04:43:23 -0800] "GET /robots.txt HTTP/1.1" 302 350 "-" "Mozilla/5.0 (compatible; bingbot/2.0; +http://www.bing.com/bingbot.htm)"
207.46.199.52 - - [22/Feb/2011:05:00:14 -0800] "GET /robots.txt HTTP/1.1" 302 350 "-" "Mozilla/5.0 (compatible; bingbot/2.0; +http://www.bing.com/bingbot.htm)"
218.213.132.253 - - [22/Feb/2011:15:22:44 -0800] "GET /robots.txt HTTP/1.1" 302 350 "-" "ichiro/5.0 (http://help.goo.ne.jp/door/crawler.html)"
218.213.130.158 - - [22/Feb/2011:17:01:01 -0800] "GET /robots.txt HTTP/1.1" 302 350 "-" "ichiro/4.0 (http://help.goo.ne.jp/door/crawler.html)"
66.249.67.202 - - [23/Feb/2011:06:30:25 -0800] "GET /robots.txt HTTP/1.1" 302 350 "-" "DoCoMo/2.0 N905i(c100;TB;W24H16) (compatible; Googlebot-Mobile/2.1; +http://www.google.com/bot.html)"
66.249.67.202 - - [23/Feb/2011:06:30:25 -0800] "GET / HTTP/1.1" 200 151 "-" "DoCoMo/2.0 N905i(c100;TB;W24H16) (compatible; Googlebot-Mobile/2.1; +http://www.google.com/bot.html)"
66.249.67.202 - - [23/Feb/2011:07:30:31 -0800] "GET / HTTP/1.1" 200 151 "-" "SAMSUNG-SGH-E250/1.0 Profile/MIDP-2.0 Configuration/CLDC-1.1 UP.Browser/6.2.3.3.c.1.101 (GUI) MMP/2.0 (compatible; Googlebot-Mobile/2.1; +http://www.google.com/bot.html)"
123.125.71.110 - - [23/Feb/2011:07:38:25 -0800] "GET / HTTP/1.1" 200 151 "-" "Baiduspider+(+http://www.baidu.com/search/spider.htm)"
50.17.8.57 - - [23/Feb/2011:10:16:42 -0800] "HEAD / HTTP/1.1" 200 - "http://www.netcraft.com/survey/" "Mozilla/4.0 (compatible; Netcraft Web Server Survey)"
93.158.148.31 - - [23/Feb/2011:10:32:44 -0800] "GET /robots.txt HTTP/1.1" 302 350 "-" "Mozilla/5.0 (compatible; YandexBot/3.0; +http://yandex.com/bots)"
38.101.148.126 - - [23/Feb/2011:17:08:38 -0800] "GET /robots.txt HTTP/1.1" 302 350 "-" "Mozilla/5.0 (compatible; discobot/1.1; +http://discoveryengine.com/discobot.html"
38.101.148.126 - - [23/Feb/2011:17:08:44 -0800] "GET / HTTP/1.1" 200 151 "-" "Mozilla/5.0 (compatible; discobot/1.1; +http://discoveryengine.com/discobot.html"
93.158.148.31 - - [23/Feb/2011:20:51:36 -0800] "GET / HTTP/1.1" 200 151 "-" "Mozilla/5.0 (compatible; YandexBot/3.0; +http://yandex.com/bots)"
123.125.71.97 - - [24/Feb/2011:08:30:12 -0800] "GET / HTTP/1.1" 200 151 "-" "Baiduspider+(+http://www.baidu.com/search/spider.htm)"
208.115.111.72 - - [24/Feb/2011:10:56:47 -0800] "GET /robots.txt HTTP/1.1" 302 350 "-" "Mozilla/5.0 (compatible; Ezooms/1.0; ezooms.bot@gmail.com)"
218.213.130.158 - - [24/Feb/2011:11:06:58 -0800] "GET /robots.txt HTTP/1.1" 302 350 "-" "ichiro/4.0 (http://help.goo.ne.jp/door/crawler.html)"
174.129.117.237 - - [24/Feb/2011:15:35:28 -0800] "HEAD / HTTP/1.1" 200 - "-" "Mozilla/5.0 (Windows; U; Windows NT 5.1; en-US) AppleWebKit/525.13 (KHTML, like Gecko) Chrome/0.A.B.C Safari/525.13"
69.28.58.16 - - [24/Feb/2011:17:40:24 -0800] "GET /robots.txt HTTP/1.0" 302 350 "http://browserbomb.com/robots.txt" "Mozilla/4.0 (compatible; MSIE 8.0; Windows NT 5.1; SV1; .NET CLR 2.0.50727)"
69.28.58.16 - - [24/Feb/2011:17:40:26 -0800] "GET / HTTP/1.0" 200 151 "http://browserbomb.com/" "Mozilla/4.0 (compatible; MSIE 8.0; Windows NT 5.1; SV1; .NET CLR 2.0.50727)"
93.206.67.1 - - [24/Feb/2011:20:23:30 -0800] "GET /robots.txt HTTP/1.0" 302 350 "-" "Mozilla/5.0 (compatible; MJ12bot/v1.3.3; http://www.majestic12.co.uk/bot.php?+)"
93.206.67.1 - - [24/Feb/2011:20:23:31 -0800] "GET / HTTP/1.1" 200 151 "-" "Mozilla/5.0 (compatible; MJ12bot/v1.3.3; http://www.majestic12.co.uk/bot.php?+)"
123.125.71.15 - - [25/Feb/2011:02:52:24 -0800] "GET /robots.txt HTTP/1.1" 302 350 "-" "Baiduspider+(+http://www.baidu.com/search/spider.htm)"
218.213.130.158 - - [25/Feb/2011:04:47:18 -0800] "GET /robots.txt HTTP/1.1" 302 350 "-" "ichiro/4.0 (http://help.goo.ne.jp/door/crawler.html)"
123.125.71.100 - - [25/Feb/2011:05:10:34 -0800] "GET / HTTP/1.1" 200 151 "-" "Baiduspider+(+http://www.baidu.com/search/spider.htm)"
69.28.58.41 - - [25/Feb/2011:07:18:36 -0800] "GET /robots.txt HTTP/1.0" 302 350 "http://browserbomb.com/robots.txt" "Mozilla/4.0 (compatible; MSIE 8.0; Windows NT 5.1; SV1; .NET CLR 2.0.50727)"
69.28.58.41 - - [25/Feb/2011:07:18:36 -0800] "GET / HTTP/1.0" 200 151 "http://browserbomb.com/" "Mozilla/4.0 (compatible; MSIE 8.0; Windows NT 5.1; SV1; .NET CLR 2.0.50727)"
81.196.5.114 - - [25/Feb/2011:07:43:26 -0800] "GET / HTTP/1.1" 200 151 "-" "Mozilla/4.0 (compatible; MSIE 5.5; Windows NT 4.0)"
93.158.148.31 - - [25/Feb/2011:11:58:49 -0800] "GET /robots.txt HTTP/1.1" 302 350 "-" "Mozilla/5.0 (compatible; YandexBot/3.0; +http://yandex.com/bots)"
93.158.148.31 - - [25/Feb/2011:16:52:01 -0800] "GET / HTTP/1.1" 200 151 "-" "Mozilla/5.0 (compatible; YandexBot/3.0; +http://yandex.com/bots)"
86.41.32.189 - - [25/Feb/2011:16:53:29 -0800] "GET / HTTP/1.1" 200 151 "http://www.google.ie/search?hl=en&client=opera&hs=YhU&rls=en&channel=suggest&q=browser+bomb.com&aq=f&aqi=&aql=&oq=" "Opera/9.80 (Windows NT 5.1; U; en) Presto/2.7.62 Version/11.01"
86.41.32.189 - - [25/Feb/2011:16:53:30 -0800] "GET /favicon.ico HTTP/1.1" 200 430 "http://browserbomb.com/" "Opera/9.80 (Windows NT 5.1; U; en) Presto/2.7.62 Version/11.01"
89.100.129.42 - - [25/Feb/2011:16:54:21 -0800] "GET / HTTP/1.1" 200 151 "-" "Mozilla/4.0 (compatible; MSIE 8.0; Windows NT 5.1; Trident/4.0; .NET CLR 2.0.50727; OfficeLiveConnector.1.3; OfficeLivePatch.0.0; .NET CLR 3.0.4506.2152; .NET CLR 3.5.30729; AskTbCLM/5.9.1.14019)"
89.100.129.42 - - [25/Feb/2011:16:54:27 -0800] "GET /favicon.ico HTTP/1.1" 200 430 "-" "Mozilla/4.0 (compatible; MSIE 8.0; Windows NT 5.1; Trident/4.0; .NET CLR 2.0.50727; OfficeLiveConnector.1.3; OfficeLivePatch.0.0; .NET CLR 3.0.4506.2152; .NET CLR 3.5.30729; AskTbCLM/5.9.1.14019)"
220.181.108.162 - - [26/Feb/2011:08:45:04 -0800] "GET /robots.txt HTTP/1.1" 302 350 "-" "Baiduspider+(+http://www.baidu.com/search/spider.htm)"
87.106.3.73 - - [26/Feb/2011:21:29:29 -0800] "GET / HTTP/1.1" 200 151 "-" "Mozilla/4.0 (compatible; MSIE 5.5; Windows NT)"
123.125.71.110 - - [27/Feb/2011:08:45:14 -0800] "GET / HTTP/1.1" 200 151 "-" "Baiduspider+(+http://www.baidu.com/search/spider.htm)"
123.125.71.51 - - [27/Feb/2011:11:01:37 -0800] "GET /robots.txt HTTP/1.1" 302 350 "-" "Baiduspider+(+http://www.baidu.com/search/spider.htm)"
174.129.117.237 - - [28/Feb/2011:00:53:22 -0800] "HEAD / HTTP/1.1" 200 - "-" "Mozilla/5.0 (Windows; U; Windows NT 5.1; en-US) AppleWebKit/525.13 (KHTML, like Gecko) Chrome/0.A.B.C Safari/525.13"
207.46.13.135 - - [28/Feb/2011:07:09:05 -0800] "GET /robots.txt HTTP/1.1" 302 350 "-" "Mozilla/5.0 (compatible; bingbot/2.0; +http://www.bing.com/bingbot.htm)"
207.46.13.135 - - [28/Feb/2011:07:18:34 -0800] "GET /robots.txt HTTP/1.1" 302 350 "-" "Mozilla/5.0 (compatible; bingbot/2.0; +http://www.bing.com/bingbot.htm)"
207.46.13.135 - - [28/Feb/2011:07:37:05 -0800] "GET /robots.txt HTTP/1.1" 302 350 "-" "Mozilla/5.0 (compatible; bingbot/2.0; +http://www.bing.com/bingbot.htm)"
207.46.13.135 - - [28/Feb/2011:07:46:21 -0800] "GET /robots.txt HTTP/1.1" 302 350 "-" "Mozilla/5.0 (compatible; bingbot/2.0; +http://www.bing.com/bingbot.htm)"
207.46.13.135 - - [28/Feb/2011:08:06:20 -0800] "GET /robots.txt HTTP/1.1" 302 350 "-" "Mozilla/5.0 (compatible; bingbot/2.0; +http://www.bing.com/bingbot.htm)"
207.46.13.135 - - [28/Feb/2011:08:17:13 -0800] "GET /robots.txt HTTP/1.1" 302 350 "-" "Mozilla/5.0 (compatible; bingbot/2.0; +http://www.bing.com/bingbot.htm)"
207.46.13.135 - - [28/Feb/2011:08:35:25 -0800] "GET /robots.txt HTTP/1.1" 302 350 "-" "Mozilla/5.0 (compatible; bingbot/2.0; +http://www.bing.com/bingbot.htm)"
207.46.13.135 - - [28/Feb/2011:08:46:08 -0800] "GET /robots.txt HTTP/1.1" 302 350 "-" "Mozilla/5.0 (compatible; bingbot/2.0; +http://www.bing.com/bingbot.htm)"
207.46.13.135 - - [28/Feb/2011:09:02:39 -0800] "GET /robots.txt HTTP/1.1" 302 350 "-" "Mozilla/5.0 (compatible; bingbot/2.0; +http://www.bing.com/bingbot.htm)"
207.46.13.135 - - [28/Feb/2011:09:13:52 -0800] "GET /robots.txt HTTP/1.1" 302 350 "-" "Mozilla/5.0 (compatible; bingbot/2.0; +http://www.bing.com/bingbot.htm)"
207.46.13.135 - - [28/Feb/2011:09:36:12 -0800] "GET /robots.txt HTTP/1.1" 302 350 "-" "Mozilla/5.0 (compatible; bingbot/2.0; +http://www.bing.com/bingbot.htm)"
207.46.13.135 - - [28/Feb/2011:09:46:35 -0800] "GET /robots.txt HTTP/1.1" 302 350 "-" "Mozilla/5.0 (compatible; bingbot/2.0; +http://www.bing.com/bingbot.htm)"
207.46.13.135 - - [28/Feb/2011:10:03:04 -0800] "GET /robots.txt HTTP/1.1" 302 350 "-" "Mozilla/5.0 (compatible; bingbot/2.0; +http://www.bing.com/bingbot.htm)"
207.46.13.135 - - [28/Feb/2011:10:12:42 -0800] "GET /robots.txt HTTP/1.1" 302 350 "-" "Mozilla/5.0 (compatible; bingbot/2.0; +http://www.bing.com/bingbot.htm)"
207.46.13.135 - - [28/Feb/2011:10:31:32 -0800] "GET /robots.txt HTTP/1.1" 302 350 "-" "Mozilla/5.0 (compatible; bingbot/2.0; +http://www.bing.com/bingbot.htm)"
207.46.13.135 - - [28/Feb/2011:10:41:11 -0800] "GET /robots.txt HTTP/1.1" 302 350 "-" "Mozilla/5.0 (compatible; bingbot/2.0; +http://www.bing.com/bingbot.htm)"
207.46.13.135 - - [28/Feb/2011:11:00:11 -0800] "GET /robots.txt HTTP/1.1" 302 350 "-" "Mozilla/5.0 (compatible; bingbot/2.0; +http://www.bing.com/bingbot.htm)"
207.46.13.135 - - [28/Feb/2011:11:10:41 -0800] "GET /robots.txt HTTP/1.1" 302 350 "-" "Mozilla/5.0 (compatible; bingbot/2.0; +http://www.bing.com/bingbot.htm)"
207.46.13.135 - - [28/Feb/2011:11:27:58 -0800] "GET /robots.txt HTTP/1.1" 302 350 "-" "Mozilla/5.0 (compatible; bingbot/2.0; +http://www.bing.com/bingbot.htm)"
207.46.13.135 - - [28/Feb/2011:11:40:28 -0800] "GET /robots.txt HTTP/1.1" 302 350 "-" "Mozilla/5.0 (compatible; bingbot/2.0; +http://www.bing.com/bingbot.htm)"
207.46.13.135 - - [28/Feb/2011:11:59:02 -0800] "GET /robots.txt HTTP/1.1" 302 350 "-" "Mozilla/5.0 (compatible; bingbot/2.0; +http://www.bing.com/bingbot.htm)"
207.46.13.135 - - [28/Feb/2011:12:09:28 -0800] "GET /robots.txt HTTP/1.1" 302 350 "-" "Mozilla/5.0 (compatible; bingbot/2.0; +http://www.bing.com/bingbot.htm)"
207.46.13.135 - - [28/Feb/2011:12:28:08 -0800] "GET /robots.txt HTTP/1.1" 302 350 "-" "Mozilla/5.0 (compatible; bingbot/2.0; +http://www.bing.com/bingbot.htm)"
207.46.13.135 - - [28/Feb/2011:12:38:46 -0800] "GET /robots.txt HTTP/1.1" 302 350 "-" "Mozilla/5.0 (compatible; bingbot/2.0; +http://www.bing.com/bingbot.htm)"
207.46.13.135 - - [28/Feb/2011:12:57:07 -0800] "GET /robots.txt HTTP/1.1" 302 350 "-" "Mozilla/5.0 (compatible; bingbot/2.0; +http://www.bing.com/bingbot.htm)"
207.46.13.135 - - [28/Feb/2011:13:06:57 -0800] "GET /robots.txt HTTP/1.1" 302 350 "-" "Mozilla/5.0 (compatible; bingbot/2.0; +http://www.bing.com/bingbot.htm)"
207.46.13.135 - - [28/Feb/2011:13:23:52 -0800] "GET /robots.txt HTTP/1.1" 302 350 "-" "Mozilla/5.0 (compatible; bingbot/2.0; +http://www.bing.com/bingbot.htm)"
207.46.13.135 - - [28/Feb/2011:13:34:55 -0800] "GET /robots.txt HTTP/1.1" 302 350 "-" "Mozilla/5.0 (compatible; bingbot/2.0; +http://www.bing.com/bingbot.htm)"
207.46.13.135 - - [28/Feb/2011:13:53:50 -0800] "GET /robots.txt HTTP/1.1" 302 350 "-" "Mozilla/5.0 (compatible; bingbot/2.0; +http://www.bing.com/bingbot.htm)"
207.46.13.135 - - [28/Feb/2011:14:04:19 -0800] "GET /robots.txt HTTP/1.1" 302 350 "-" "Mozilla/5.0 (compatible; bingbot/2.0; +http://www.bing.com/bingbot.htm)"
207.46.13.135 - - [28/Feb/2011:14:20:56 -0800] "GET /robots.txt HTTP/1.1" 302 350 "-" "Mozilla/5.0 (compatible; bingbot/2.0; +http://www.bing.com/bingbot.htm)"
207.46.13.135 - - [28/Feb/2011:14:55:06 -0800] "GET /robots.txt HTTP/1.1" 302 350 "-" "Mozilla/5.0 (compatible; bingbot/2.0; +http://www.bing.com/bingbot.htm)"
207.46.13.135 - - [28/Feb/2011:15:38:11 -0800] "GET /robots.txt HTTP/1.1" 302 350 "-" "Mozilla/5.0 (compatible; bingbot/2.0; +http://www.bing.com/bingbot.htm)"
207.46.13.135 - - [28/Feb/2011:15:59:53 -0800] "GET /robots.txt HTTP/1.1" 302 350 "-" "Mozilla/5.0 (compatible; bingbot/2.0; +http://www.bing.com/bingbot.htm)"
207.46.13.135 - - [28/Feb/2011:16:19:26 -0800] "GET /robots.txt HTTP/1.1" 302 350 "-" "Mozilla/5.0 (compatible; bingbot/2.0; +http://www.bing.com/bingbot.htm)"
38.101.148.126 - - [28/Feb/2011:16:24:51 -0800] "GET /robots.txt HTTP/1.1" 302 350 "-" "Mozilla/5.0 (compatible; discobot/1.1; +http://discoveryengine.com/discobot.html"
38.101.148.126 - - [28/Feb/2011:16:24:53 -0800] "GET / HTTP/1.1" 200 151 "-" "Mozilla/5.0 (compatible; discobot/1.1; +http://discoveryengine.com/discobot.html"
207.46.13.135 - - [28/Feb/2011:16:45:18 -0800] "GET /robots.txt HTTP/1.1" 302 350 "-" "Mozilla/5.0 (compatible; bingbot/2.0; +http://www.bing.com/bingbot.htm)"
207.46.13.135 - - [28/Feb/2011:17:05:48 -0800] "GET /robots.txt HTTP/1.1" 302 350 "-" "Mozilla/5.0 (compatible; bingbot/2.0; +http://www.bing.com/bingbot.htm)"
207.46.13.135 - - [28/Feb/2011:17:33:16 -0800] "GET /robots.txt HTTP/1.1" 302 350 "-" "Mozilla/5.0 (compatible; bingbot/2.0; +http://www.bing.com/bingbot.htm)"
207.46.13.135 - - [28/Feb/2011:18:05:02 -0800] "GET /robots.txt HTTP/1.1" 302 350 "-" "Mozilla/5.0 (compatible; bingbot/2.0; +http://www.bing.com/bingbot.htm)"
207.46.13.135 - - [28/Feb/2011:18:37:09 -0800] "GET /robots.txt HTTP/1.1" 302 350 "-" "Mozilla/5.0 (compatible; bingbot/2.0; +http://www.bing.com/bingbot.htm)"
207.46.13.135 - - [28/Feb/2011:19:04:31 -0800] "GET /robots.txt HTTP/1.1" 302 350 "-" "Mozilla/5.0 (compatible; bingbot/2.0; +http://www.bing.com/bingbot.htm)"
207.46.13.135 - - [28/Feb/2011:19:30:25 -0800] "GET /robots.txt HTTP/1.1" 302 350 "-" "Mozilla/5.0 (compatible; bingbot/2.0; +http://www.bing.com/bingbot.htm)"
207.46.13.135 - - [28/Feb/2011:20:05:52 -0800] "GET /robots.txt HTTP/1.1" 302 350 "-" "Mozilla/5.0 (compatible; bingbot/2.0; +http://www.bing.com/bingbot.htm)"
207.46.13.135 - - [28/Feb/2011:20:39:37 -0800] "GET /robots.txt HTTP/1.1" 302 350 "-" "Mozilla/5.0 (compatible; bingbot/2.0; +http://www.bing.com/bingbot.htm)"
207.46.13.135 - - [28/Feb/2011:21:57:15 -0800] "GET /robots.txt HTTP/1.1" 302 350 "-" "Mozilla/5.0 (compatible; bingbot/2.0; +http://www.bing.com/bingbot.htm)"
207.46.13.135 - - [28/Feb/2011:22:36:42 -0800] "GET /robots.txt HTTP/1.1" 302 350 "-" "Mozilla/5.0 (compatible; bingbot/2.0; +http://www.bing.com/bingbot.htm)"
207.46.13.135 - - [28/Feb/2011:23:14:53 -0800] "GET /robots.txt HTTP/1.1" 302 350 "-" "Mozilla/5.0 (compatible; bingbot/2.0; +http://www.bing.com/bingbot.htm)"
207.46.13.135 - - [28/Feb/2011:23:59:47 -0800] "GET /robots.txt HTTP/1.1" 302 350 "-" "Mozilla/5.0 (compatible; bingbot/2.0; +http://www.bing.com/bingbot.htm)"
207.46.13.135 - - [01/Mar/2011:00:41:23 -0800] "GET /robots.txt HTTP/1.1" 302 350 "-" "Mozilla/5.0 (compatible; bingbot/2.0; +http://www.bing.com/bingbot.htm)"
207.46.13.135 - - [01/Mar/2011:00:51:27 -0800] "GET /robots.txt HTTP/1.1" 302 350 "-" "Mozilla/5.0 (compatible; bingbot/2.0; +http://www.bing.com/bingbot.htm)"
69.28.58.41 - - [01/Mar/2011:08:35:58 -0800] "GET /robots.txt HTTP/1.0" 302 350 "http://browserbomb.com/robots.txt" "Mozilla/4.0 (compatible; MSIE 8.0; Windows NT 5.1; SV1; .NET CLR 2.0.50727)"
69.28.58.41 - - [01/Mar/2011:08:36:06 -0800] "GET / HTTP/1.0" 200 151 "http://browserbomb.com/" "Mozilla/4.0 (compatible; MSIE 8.0; Windows NT 5.1; SV1; .NET CLR 2.0.50727)"
123.125.71.57 - - [01/Mar/2011:12:15:27 -0800] "GET /robots.txt HTTP/1.1" 302 350 "-" "Baiduspider+(+http://www.baidu.com/search/spider.htm)"
123.125.71.24 - - [02/Mar/2011:02:51:17 -0800] "GET /robots.txt HTTP/1.1" 302 350 "-" "Baiduspider+(+http://www.baidu.com/search/spider.htm)"
123.125.71.116 - - [02/Mar/2011:09:07:47 -0800] "GET / HTTP/1.1" 200 151 "-" "Baiduspider+(+http://www.baidu.com/search/spider.htm)"
50.16.106.15 - - [02/Mar/2011:13:40:23 -0800] "GET / HTTP/1.0" 200 151 "-" "Mozilla/5.0 (compatible; NetcraftSurveyAgent/1.0; +info@netcraft.com)"
218.213.130.158 - - [02/Mar/2011:18:02:41 -0800] "GET /robots.txt HTTP/1.1" 302 350 "-" "ichiro/4.0 (http://help.goo.ne.jp/door/crawler.html)"
174.129.117.237 - - [03/Mar/2011:06:58:52 -0800] "HEAD / HTTP/1.1" 200 - "-" "Mozilla/5.0 (Windows; U; Windows NT 5.1; en-US) AppleWebKit/525.13 (KHTML, like Gecko) Chrome/0.A.B.C Safari/525.13"
123.125.71.32 - - [03/Mar/2011:18:22:05 -0800] "GET /robots.txt HTTP/1.1" 302 350 "-" "Baiduspider+(+http://www.baidu.com/search/spider.htm)"
93.158.148.31 - - [04/Mar/2011:10:34:32 -0800] "GET /robots.txt HTTP/1.1" 302 350 "-" "Mozilla/5.0 (compatible; YandexBot/3.0; +http://yandex.com/bots)"
93.158.148.31 - - [04/Mar/2011:11:53:47 -0800] "GET / HTTP/1.1" 200 151 "-" "Mozilla/5.0 (compatible; YandexBot/3.0; +http://yandex.com/bots)"
220.181.108.150 - - [04/Mar/2011:19:26:19 -0800] "GET /robots.txt HTTP/1.1" 302 350 "-" "Baiduspider+(+http://www.baidu.com/search/spider.htm)"
85.17.170.109 - - [05/Mar/2011:03:11:20 -0800] "GET / HTTP/1.0" 200 151 "http://browserbomb.com/" "Mozilla/4.0 (compatible; MSIE 6.0; Windows 98; Win 9x 4.90)"
66.219.58.42 - - [05/Mar/2011:08:25:54 -0800] "GET /robots.txt HTTP/1.1" 302 350 "-" "MLBot (www.metadatalabs.com/mlbot)"
66.219.58.42 - - [05/Mar/2011:08:25:57 -0800] "GET / HTTP/1.1" 200 151 "-" "MLBot (www.metadatalabs.com/mlbot)"
87.106.3.73 - - [05/Mar/2011:10:11:16 -0800] "GET / HTTP/1.1" 200 151 "-" "Mozilla/4.0 (compatible; MSIE 5.5; Windows NT)"
123.125.71.28 - - [05/Mar/2011:13:27:39 -0800] "GET /robots.txt HTTP/1.1" 302 350 "-" "Baiduspider+(+http://www.baidu.com/search/spider.htm)"
50.16.100.196 - - [05/Mar/2011:17:57:49 -0800] "GET / HTTP/1.1" 200 151 "-" "Mozilla/5.0 (Windows; U; Windows NT 5.1; en-GB; rv:1.9.0.15) Gecko/2009101601 Firefox/3.0.15 GTB6 (.NET CLR 3.5.30729)"
50.16.100.196 - - [05/Mar/2011:17:57:50 -0800] "GET / HTTP/1.1" 200 151 "-" "Mozilla/5.0 (Windows; U; Windows NT 5.1; en-GB; rv:1.9.0.15) Gecko/2009101601 Firefox/3.0.15 GTB6 (.NET CLR 3.5.30729)"
188.72.230.156 - - [06/Mar/2011:00:47:34 -0800] "GET /robots.txt HTTP/1.0" 302 350 "-" "Mozilla/5.0 (Windows; U; Windows NT 5.1; en-US) AppleWebKit/534.10 (KHTML, like Gecko) Chrome/8.0.552.224 Safari/534.10/Nutch-1.2"
188.72.230.156 - - [06/Mar/2011:00:47:35 -0800] "GET / HTTP/1.0" 200 151 "-" "Mozilla/5.0 (Windows; U; Windows NT 5.1; en-US) AppleWebKit/534.10 (KHTML, like Gecko) Chrome/8.0.552.224 Safari/534.10/Nutch-1.2"
123.125.71.109 - - [06/Mar/2011:05:28:52 -0800] "GET / HTTP/1.1" 200 151 "-" "Baiduspider+(+http://www.baidu.com/search/spider.htm)"
123.125.71.43 - - [06/Mar/2011:06:29:16 -0800] "GET /robots.txt HTTP/1.1" 302 350 "-" "Baiduspider+(+http://www.baidu.com/search/spider.htm)"
69.28.58.43 - - [06/Mar/2011:08:36:34 -0800] "GET /robots.txt HTTP/1.0" 302 350 "http://browserbomb.com/robots.txt" "Mozilla/4.0 (compatible; MSIE 8.0; Windows NT 5.1; SV1; .NET CLR 2.0.50727)"
69.28.58.43 - - [06/Mar/2011:08:36:34 -0800] "GET / HTTP/1.0" 200 151 "http://browserbomb.com/" "Mozilla/4.0 (compatible; MSIE 8.0; Windows NT 5.1; SV1; .NET CLR 2.0.50727)"
174.129.117.237 - - [06/Mar/2011:12:39:06 -0800] "HEAD / HTTP/1.1" 200 - "-" "Mozilla/5.0 (Windows; U; Windows NT 5.1; en-US) AppleWebKit/525.13 (KHTML, like Gecko) Chrome/0.A.B.C Safari/525.13"
193.47.80.38 - - [07/Mar/2011:01:45:14 -0800] "GET /robots.txt HTTP/1.1" 302 350 "-" "Mozilla/5.0 (compatible; Exabot/3.0; +http://www.exabot.com/go/robot)"
193.47.80.38 - - [07/Mar/2011:01:45:14 -0800] "GET / HTTP/1.1" 200 151 "-" "Mozilla/5.0 (compatible; Exabot/3.0; +http://www.exabot.com/go/robot)"
220.181.108.167 - - [07/Mar/2011:21:09:59 -0800] "GET /robots.txt HTTP/1.1" 302 350 "-" "Baiduspider+(+http://www.baidu.com/search/spider.htm)"
66.249.72.84 - - [08/Mar/2011:00:01:38 -0800] "GET /robots.txt HTTP/1.1" 302 350 "-" "Mozilla/5.0 (compatible; Googlebot/2.1; +http://www.google.com/bot.html)"
66.249.72.84 - - [08/Mar/2011:00:01:38 -0800] "GET / HTTP/1.1" 200 151 "-" "Mozilla/5.0 (compatible; Googlebot/2.1; +http://www.google.com/bot.html)"
88.190.13.201 - - [08/Mar/2011:11:23:49 -0800] "GET /robots.txt HTTP/1.0" 302 350 "-" "Mozilla/5.0 (compatible; MJ12bot/v1.3.3; http://www.majestic12.co.uk/bot.php?+)"
88.190.13.201 - - [08/Mar/2011:11:23:51 -0800] "GET / HTTP/1.1" 200 151 "-" "Mozilla/5.0 (compatible; MJ12bot/v1.3.3; http://www.majestic12.co.uk/bot.php?+)"
220.181.108.162 - - [08/Mar/2011:19:51:09 -0800] "GET /robots.txt HTTP/1.1" 302 350 "-" "Baiduspider+(+http://www.baidu.com/search/spider.htm)"
87.106.135.77 - - [09/Mar/2011:00:39:39 -0800] "GET / HTTP/1.1" 200 151 "-" "Mozilla/4.0 (compatible; MSIE 5.5; Windows NT)"
174.129.117.237 - - [09/Mar/2011:18:44:32 -0800] "HEAD / HTTP/1.1" 200 - "-" "Mozilla/5.0 (Windows; U; Windows NT 5.1; en-US) AppleWebKit/525.13 (KHTML, like Gecko) Chrome/0.A.B.C Safari/525.13"
69.28.58.43 - - [11/Mar/2011:09:28:50 -0800] "GET /robots.txt HTTP/1.0" 302 350 "http://browserbomb.com/robots.txt" "Mozilla/4.0 (compatible; MSIE 8.0; Windows NT 5.1; SV1; .NET CLR 2.0.50727)"
69.28.58.43 - - [11/Mar/2011:09:28:50 -0800] "GET / HTTP/1.0" 200 151 "http://browserbomb.com/" "Mozilla/4.0 (compatible; MSIE 8.0; Windows NT 5.1; SV1; .NET CLR 2.0.50727)"
93.158.148.31 - - [11/Mar/2011:14:30:53 -0800] "GET /robots.txt HTTP/1.1" 302 350 "-" "Mozilla/5.0 (compatible; YandexBot/3.0; +http://yandex.com/bots)"
