93.158.148.31 - - [19/Aug/2011:13:19:28 -0700] "GET /robots.txt HTTP/1.1" 302 380 "-" "Mozilla/5.0 (compatible; YandexBot/3.0; +http://yandex.com/bots)"
212.113.35.162 - - [19/Aug/2011:15:32:31 -0700] "GET /robots.txt HTTP/1.1" 302 380 "-" "Mozilla/5.0 (compatible; AhrefsBot/1.0; +http://ahrefs.com/robot/)"
66.249.68.238 - - [20/Aug/2011:04:38:38 -0700] "GET /robots.txt HTTP/1.1" 302 380 "-" "Mozilla/5.0 (compatible; Googlebot/2.1; +http://www.google.com/bot.html)"
66.249.68.238 - - [20/Aug/2011:04:38:39 -0700] "GET / HTTP/1.1" 200 151 "-" "Mozilla/5.0 (compatible; Googlebot/2.1; +http://www.google.com/bot.html)"
93.158.148.31 - - [20/Aug/2011:06:06:47 -0700] "GET / HTTP/1.1" 200 151 "-" "Mozilla/5.0 (compatible; YandexBot/3.0; +http://yandex.com/bots)"
123.125.71.107 - - [20/Aug/2011:11:30:03 -0700] "GET / HTTP/1.1" 200 151 "-" "Mozilla/5.0 (compatible; Baiduspider/2.0; +http://www.baidu.com/search/spider.html)"
69.28.58.17 - - [20/Aug/2011:14:02:45 -0700] "GET /robots.txt HTTP/1.0" 302 380 "http://browserbomb.com/robots.txt" "HuaweiSymantecSpider/1.0+DSE-support@huaweisymantec.com+(compatible; MSIE 7.0; Windows NT 5.1; Trident/4.0; .NET CLR 2.0.50727; .NET CLR 3.0.4506.2152; .NET CLR ; http://www.huaweisymantec.com/en/IRL/spider)"
123.125.71.95 - - [21/Aug/2011:12:51:25 -0700] "GET / HTTP/1.1" 200 151 "-" "Mozilla/5.0 (compatible; Baiduspider/2.0; +http://www.baidu.com/search/spider.html)"
66.249.68.238 - - [22/Aug/2011:01:12:17 -0700] "GET /robots.txt HTTP/1.1" 302 380 "-" "Mozilla/5.0 (compatible; Googlebot/2.1; +http://www.google.com/bot.html)"
66.249.68.238 - - [22/Aug/2011:01:12:17 -0700] "GET / HTTP/1.1" 200 151 "-" "SAMSUNG-SGH-E250/1.0 Profile/MIDP-2.0 Configuration/CLDC-1.1 UP.Browser/6.2.3.3.c.1.101 (GUI) MMP/2.0 (compatible; Googlebot-Mobile/2.1; +http://www.google.com/bot.html)"
95.150.203.24 - - [22/Aug/2011:10:38:52 -0700] "GET / HTTP/1.1" 200 151 "-" "Mozilla/4.0 (compatible; MSIE 8.0; Windows NT 6.1; WOW64; Trident/4.0; GTB6.6; SLCC2; .NET CLR 2.0.50727; .NET CLR 3.5.30729; .NET CLR 3.0.30729; Media Center PC 6.0; MDDC; OfficeLiveConnector.1.5; OfficeLivePatch.1.3; .NET4.0C)"
95.150.203.24 - - [22/Aug/2011:10:38:53 -0700] "GET /favicon.ico HTTP/1.1" 200 430 "-" "Mozilla/4.0 (compatible; MSIE 8.0; Windows NT 6.1; WOW64; Trident/4.0; GTB6.6; SLCC2; .NET CLR 2.0.50727; .NET CLR 3.5.30729; .NET CLR 3.0.30729; Media Center PC 6.0; MDDC; OfficeLiveConnector.1.5; OfficeLivePatch.1.3; .NET4.0C)"
220.181.141.70 - - [22/Aug/2011:11:21:07 -0700] "GET / HTTP/1.1" 200 151 "-" "Mozilla/4.0 (compatible; MSIE 7.0; Windows NT 5.1; Trident/4.0; .NET CLR 2.0.50727; .NET CLR 3.0.04506.648; .NET CLR 3.5.21022)"
65.52.110.83 - - [22/Aug/2011:16:27:34 -0700] "GET /robots.txt HTTP/1.1" 302 380 "-" "Mozilla/5.0 (compatible; bingbot/2.0; +http://www.bing.com/bingbot.htm)"
123.125.71.96 - - [22/Aug/2011:16:55:35 -0700] "GET / HTTP/1.1" 200 151 "-" "Mozilla/5.0 (compatible; Baiduspider/2.0; +http://www.baidu.com/search/spider.html)"
65.52.110.83 - - [22/Aug/2011:17:03:33 -0700] "GET /robots.txt HTTP/1.1" 302 380 "-" "Mozilla/5.0 (compatible; bingbot/2.0; +http://www.bing.com/bingbot.htm)"
65.52.110.83 - - [22/Aug/2011:17:37:22 -0700] "GET /robots.txt HTTP/1.1" 302 380 "-" "Mozilla/5.0 (compatible; bingbot/2.0; +http://www.bing.com/bingbot.htm)"
65.52.110.83 - - [22/Aug/2011:18:08:34 -0700] "GET /robots.txt HTTP/1.1" 302 380 "-" "Mozilla/5.0 (compatible; bingbot/2.0; +http://www.bing.com/bingbot.htm)"
65.52.110.83 - - [22/Aug/2011:18:45:11 -0700] "GET /robots.txt HTTP/1.1" 302 380 "-" "Mozilla/5.0 (compatible; bingbot/2.0; +http://www.bing.com/bingbot.htm)"
65.52.110.83 - - [22/Aug/2011:19:17:52 -0700] "GET /robots.txt HTTP/1.1" 302 380 "-" "Mozilla/5.0 (compatible; bingbot/2.0; +http://www.bing.com/bingbot.htm)"
65.52.110.83 - - [22/Aug/2011:19:49:30 -0700] "GET /robots.txt HTTP/1.1" 302 380 "-" "Mozilla/5.0 (compatible; bingbot/2.0; +http://www.bing.com/bingbot.htm)"
65.52.110.83 - - [22/Aug/2011:20:22:43 -0700] "GET /robots.txt HTTP/1.1" 302 380 "-" "Mozilla/5.0 (compatible; bingbot/2.0; +http://www.bing.com/bingbot.htm)"
65.52.110.83 - - [22/Aug/2011:20:56:22 -0700] "GET /robots.txt HTTP/1.1" 302 380 "-" "Mozilla/5.0 (compatible; bingbot/2.0; +http://www.bing.com/bingbot.htm)"
65.52.110.83 - - [22/Aug/2011:21:28:12 -0700] "GET /robots.txt HTTP/1.1" 302 380 "-" "Mozilla/5.0 (compatible; bingbot/2.0; +http://www.bing.com/bingbot.htm)"
65.52.110.83 - - [22/Aug/2011:21:58:36 -0700] "GET /robots.txt HTTP/1.1" 302 380 "-" "Mozilla/5.0 (compatible; bingbot/2.0; +http://www.bing.com/bingbot.htm)"
65.52.110.83 - - [22/Aug/2011:22:27:48 -0700] "GET /robots.txt HTTP/1.1" 302 380 "-" "Mozilla/5.0 (compatible; bingbot/2.0; +http://www.bing.com/bingbot.htm)"
65.52.110.83 - - [22/Aug/2011:22:56:58 -0700] "GET /robots.txt HTTP/1.1" 302 380 "-" "Mozilla/5.0 (compatible; bingbot/2.0; +http://www.bing.com/bingbot.htm)"
65.52.110.83 - - [22/Aug/2011:23:26:14 -0700] "GET /robots.txt HTTP/1.1" 302 380 "-" "Mozilla/5.0 (compatible; bingbot/2.0; +http://www.bing.com/bingbot.htm)"
65.52.110.83 - - [22/Aug/2011:23:51:52 -0700] "GET /robots.txt HTTP/1.1" 302 380 "-" "Mozilla/5.0 (compatible; bingbot/2.0; +http://www.bing.com/bingbot.htm)"
65.52.110.83 - - [23/Aug/2011:00:18:09 -0700] "GET /robots.txt HTTP/1.1" 302 380 "-" "Mozilla/5.0 (compatible; bingbot/2.0; +http://www.bing.com/bingbot.htm)"
65.52.110.83 - - [23/Aug/2011:00:45:32 -0700] "GET /robots.txt HTTP/1.1" 302 380 "-" "Mozilla/5.0 (compatible; bingbot/2.0; +http://www.bing.com/bingbot.htm)"
65.52.110.83 - - [23/Aug/2011:01:15:26 -0700] "GET /robots.txt HTTP/1.1" 302 380 "-" "Mozilla/5.0 (compatible; bingbot/2.0; +http://www.bing.com/bingbot.htm)"
65.52.110.83 - - [23/Aug/2011:01:41:15 -0700] "GET /robots.txt HTTP/1.1" 302 380 "-" "Mozilla/5.0 (compatible; bingbot/2.0; +http://www.bing.com/bingbot.htm)"
65.52.110.83 - - [23/Aug/2011:02:04:46 -0700] "GET /robots.txt HTTP/1.1" 302 380 "-" "Mozilla/5.0 (compatible; bingbot/2.0; +http://www.bing.com/bingbot.htm)"
65.52.110.83 - - [23/Aug/2011:02:31:19 -0700] "GET /robots.txt HTTP/1.1" 302 380 "-" "Mozilla/5.0 (compatible; bingbot/2.0; +http://www.bing.com/bingbot.htm)"
65.52.110.83 - - [23/Aug/2011:02:54:26 -0700] "GET /robots.txt HTTP/1.1" 302 380 "-" "Mozilla/5.0 (compatible; bingbot/2.0; +http://www.bing.com/bingbot.htm)"
65.52.110.83 - - [23/Aug/2011:03:17:12 -0700] "GET /robots.txt HTTP/1.1" 302 380 "-" "Mozilla/5.0 (compatible; bingbot/2.0; +http://www.bing.com/bingbot.htm)"
65.52.110.83 - - [23/Aug/2011:03:41:40 -0700] "GET /robots.txt HTTP/1.1" 302 380 "-" "Mozilla/5.0 (compatible; bingbot/2.0; +http://www.bing.com/bingbot.htm)"
65.52.110.83 - - [23/Aug/2011:04:05:43 -0700] "GET /robots.txt HTTP/1.1" 302 380 "-" "Mozilla/5.0 (compatible; bingbot/2.0; +http://www.bing.com/bingbot.htm)"
65.52.110.83 - - [23/Aug/2011:04:28:53 -0700] "GET /robots.txt HTTP/1.1" 302 380 "-" "Mozilla/5.0 (compatible; bingbot/2.0; +http://www.bing.com/bingbot.htm)"
65.52.110.83 - - [23/Aug/2011:04:52:29 -0700] "GET /robots.txt HTTP/1.1" 302 380 "-" "Mozilla/5.0 (compatible; bingbot/2.0; +http://www.bing.com/bingbot.htm)"
65.52.110.83 - - [23/Aug/2011:05:15:52 -0700] "GET /robots.txt HTTP/1.1" 302 380 "-" "Mozilla/5.0 (compatible; bingbot/2.0; +http://www.bing.com/bingbot.htm)"
65.52.110.83 - - [23/Aug/2011:05:38:09 -0700] "GET /robots.txt HTTP/1.1" 302 380 "-" "Mozilla/5.0 (compatible; bingbot/2.0; +http://www.bing.com/bingbot.htm)"
65.52.110.83 - - [23/Aug/2011:06:04:12 -0700] "GET /robots.txt HTTP/1.1" 302 380 "-" "Mozilla/5.0 (compatible; bingbot/2.0; +http://www.bing.com/bingbot.htm)"
65.52.110.83 - - [23/Aug/2011:06:27:08 -0700] "GET /robots.txt HTTP/1.1" 302 380 "-" "Mozilla/5.0 (compatible; bingbot/2.0; +http://www.bing.com/bingbot.htm)"
65.52.110.83 - - [23/Aug/2011:06:48:41 -0700] "GET /robots.txt HTTP/1.1" 302 380 "-" "Mozilla/5.0 (compatible; bingbot/2.0; +http://www.bing.com/bingbot.htm)"
65.52.110.83 - - [23/Aug/2011:07:11:52 -0700] "GET /robots.txt HTTP/1.1" 302 380 "-" "Mozilla/5.0 (compatible; bingbot/2.0; +http://www.bing.com/bingbot.htm)"
65.52.110.83 - - [23/Aug/2011:07:35:47 -0700] "GET /robots.txt HTTP/1.1" 302 380 "-" "Mozilla/5.0 (compatible; bingbot/2.0; +http://www.bing.com/bingbot.htm)"
65.52.110.83 - - [23/Aug/2011:07:56:53 -0700] "GET /robots.txt HTTP/1.1" 302 380 "-" "Mozilla/5.0 (compatible; bingbot/2.0; +http://www.bing.com/bingbot.htm)"
65.52.110.83 - - [23/Aug/2011:08:27:05 -0700] "GET /robots.txt HTTP/1.1" 302 380 "-" "Mozilla/5.0 (compatible; bingbot/2.0; +http://www.bing.com/bingbot.htm)"
65.52.110.83 - - [23/Aug/2011:08:47:38 -0700] "GET /robots.txt HTTP/1.1" 302 380 "-" "Mozilla/5.0 (compatible; bingbot/2.0; +http://www.bing.com/bingbot.htm)"
65.52.110.83 - - [23/Aug/2011:09:06:30 -0700] "GET /robots.txt HTTP/1.1" 302 380 "-" "Mozilla/5.0 (compatible; bingbot/2.0; +http://www.bing.com/bingbot.htm)"
65.52.110.83 - - [23/Aug/2011:09:17:17 -0700] "GET /robots.txt HTTP/1.1" 302 380 "-" "Mozilla/5.0 (compatible; bingbot/2.0; +http://www.bing.com/bingbot.htm)"
65.52.110.83 - - [23/Aug/2011:09:32:36 -0700] "GET /robots.txt HTTP/1.1" 302 380 "-" "Mozilla/5.0 (compatible; bingbot/2.0; +http://www.bing.com/bingbot.htm)"
65.52.110.83 - - [23/Aug/2011:09:50:26 -0700] "GET /robots.txt HTTP/1.1" 302 380 "-" "Mozilla/5.0 (compatible; bingbot/2.0; +http://www.bing.com/bingbot.htm)"
65.52.110.83 - - [23/Aug/2011:10:14:34 -0700] "GET /robots.txt HTTP/1.1" 302 380 "-" "Mozilla/5.0 (compatible; bingbot/2.0; +http://www.bing.com/bingbot.htm)"
65.52.110.83 - - [23/Aug/2011:10:48:01 -0700] "GET /robots.txt HTTP/1.1" 302 380 "-" "Mozilla/5.0 (compatible; bingbot/2.0; +http://www.bing.com/bingbot.htm)"
65.52.110.83 - - [23/Aug/2011:11:29:28 -0700] "GET /robots.txt HTTP/1.1" 302 380 "-" "Mozilla/5.0 (compatible; bingbot/2.0; +http://www.bing.com/bingbot.htm)"
65.52.110.83 - - [23/Aug/2011:11:44:11 -0700] "GET /robots.txt HTTP/1.1" 302 380 "-" "Mozilla/5.0 (compatible; bingbot/2.0; +http://www.bing.com/bingbot.htm)"
65.52.110.83 - - [23/Aug/2011:12:06:21 -0700] "GET /robots.txt HTTP/1.1" 302 380 "-" "Mozilla/5.0 (compatible; bingbot/2.0; +http://www.bing.com/bingbot.htm)"
65.52.110.83 - - [23/Aug/2011:12:45:22 -0700] "GET /robots.txt HTTP/1.1" 302 380 "-" "Mozilla/5.0 (compatible; bingbot/2.0; +http://www.bing.com/bingbot.htm)"
65.52.110.83 - - [23/Aug/2011:12:54:30 -0700] "GET /robots.txt HTTP/1.1" 302 380 "-" "Mozilla/5.0 (compatible; bingbot/2.0; +http://www.bing.com/bingbot.htm)"
65.52.110.83 - - [23/Aug/2011:13:12:25 -0700] "GET /robots.txt HTTP/1.1" 302 380 "-" "Mozilla/5.0 (compatible; bingbot/2.0; +http://www.bing.com/bingbot.htm)"
84.202.55.25 - - [23/Aug/2011:13:31:43 -0700] "GET /robots.txt HTTP/1.0" 302 380 "-" "Mozilla/5.0 (compatible; MJ12bot/v1.4.0; http://www.majestic12.co.uk/bot.php?+)"
84.202.55.25 - - [23/Aug/2011:13:31:57 -0700] "GET / HTTP/1.1" 200 151 "-" "Mozilla/5.0 (compatible; MJ12bot/v1.4.0; http://www.majestic12.co.uk/bot.php?+)"
123.125.71.94 - - [23/Aug/2011:17:08:18 -0700] "GET / HTTP/1.1" 200 151 "-" "Mozilla/5.0 (compatible; Baiduspider/2.0; +http://www.baidu.com/search/spider.html)"
95.134.163.42 - - [24/Aug/2011:03:00:10 -0700] "GET /robots.txt HTTP/1.1" 302 380 "-" "Mozilla/5.0 (Windows NT 6.1; WOW64; rv:5.0) Gecko/20100101 Firefox/5.0"
95.134.163.42 - - [24/Aug/2011:03:00:11 -0700] "GET /robots.txt HTTP/1.1" 302 380 "-" "Mozilla/5.0 (Windows NT 6.1; WOW64; rv:5.0) Gecko/20100101 Firefox/5.0"
95.134.163.42 - - [24/Aug/2011:03:00:14 -0700] "GET /robots.txt HTTP/1.1" 302 380 "-" "Mozilla/5.0 (Windows NT 6.1; WOW64; rv:5.0) Gecko/20100101 Firefox/5.0"
95.134.163.42 - - [24/Aug/2011:03:00:15 -0700] "GET / HTTP/1.1" 200 151 "http://extrabot.com/help/grytynebojohefo.htm" "Mozilla/5.0 (Windows NT 6.1; WOW64; rv:5.0) Gecko/20100101 Firefox/5.0"
95.134.163.42 - - [24/Aug/2011:03:00:16 -0700] "GET / HTTP/1.1" 200 151 "http://extrabot.com/help/grytynebojohefo.htm" "Mozilla/5.0 (Windows NT 6.1; WOW64; rv:5.0) Gecko/20100101 Firefox/5.0"
212.113.35.162 - - [24/Aug/2011:06:32:20 -0700] "GET /robots.txt HTTP/1.1" 302 380 "-" "Mozilla/5.0 (compatible; AhrefsBot/1.0; +http://ahrefs.com/robot/)"
71.198.75.88 - - [24/Aug/2011:10:31:03 -0700] "GET / HTTP/1.1" 200 151 "-" "Mozilla/5.0 (Windows NT 6.1; WOW64) AppleWebKit/535.1 (KHTML, like Gecko) Chrome/13.0.782.215 Safari/535.1"
71.198.75.88 - - [24/Aug/2011:10:31:03 -0700] "GET /favicon.ico HTTP/1.1" 200 430 "-" "Mozilla/5.0 (Windows NT 6.1; WOW64) AppleWebKit/535.1 (KHTML, like Gecko) Chrome/13.0.782.215 Safari/535.1"
220.181.108.186 - - [24/Aug/2011:16:51:20 -0700] "GET / HTTP/1.1" 200 151 "-" "Mozilla/5.0 (compatible; Baiduspider/2.0; +http://www.baidu.com/search/spider.html)"
66.249.71.183 - - [24/Aug/2011:17:17:49 -0700] "GET /robots.txt HTTP/1.1" 302 380 "-" "Mozilla/5.0 (compatible; Googlebot/2.1; +http://www.google.com/bot.html)"
66.249.71.183 - - [24/Aug/2011:17:17:49 -0700] "GET / HTTP/1.1" 200 151 "-" "DoCoMo/2.0 N905i(c100;TB;W24H16) (compatible; Googlebot-Mobile/2.1; +http://www.google.com/bot.html)"
50.17.158.7 - - [24/Aug/2011:17:55:00 -0700] "GET / HTTP/1.0" 200 151 "-" "Mozilla/5.0 (compatible; NetcraftSurveyAgent/1.0; +info@netcraft.com)"
220.181.108.82 - - [25/Aug/2011:07:47:29 -0700] "GET /robots.txt HTTP/1.1" 302 380 "-" "Baiduspider+(+http://www.baidu.com/search/spider.htm)"
221.183.16.140 - - [25/Aug/2011:13:49:36 -0700] "GET / HTTP/1.1" 200 151 "http://creepy.evilfuckers.org/" "Mozilla/5.0 (compatible; MSIE 9.0; Windows NT 6.1; Trident/5.0)"
220.181.108.166 - - [25/Aug/2011:13:52:53 -0700] "GET / HTTP/1.1" 200 151 "-" "Mozilla/5.0 (compatible; Baiduspider/2.0; +http://www.baidu.com/search/spider.html)"
93.158.148.31 - - [25/Aug/2011:16:30:21 -0700] "GET /robots.txt HTTP/1.1" 302 380 "-" "Mozilla/5.0 (compatible; YandexBot/3.0; +http://yandex.com/bots)"
93.158.148.31 - - [25/Aug/2011:18:44:00 -0700] "GET / HTTP/1.1" 200 151 "-" "Mozilla/5.0 (compatible; YandexBot/3.0; +http://yandex.com/bots)"
220.181.108.170 - - [26/Aug/2011:18:05:42 -0700] "GET / HTTP/1.1" 200 151 "-" "Mozilla/5.0 (compatible; Baiduspider/2.0; +http://www.baidu.com/search/spider.html)"
74.111.23.144 - - [26/Aug/2011:19:46:36 -0700] "GET /robots.txt HTTP/1.0" 302 380 "-" "Mozilla/5.0 (compatible; MJ12bot/v1.4.0; http://www.majestic12.co.uk/bot.php?+)"
74.111.23.144 - - [26/Aug/2011:19:46:42 -0700] "GET / HTTP/1.1" 200 151 "-" "Mozilla/5.0 (compatible; MJ12bot/v1.4.0; http://www.majestic12.co.uk/bot.php?+)"
66.219.58.41 - - [27/Aug/2011:03:17:59 -0700] "GET /robots.txt HTTP/1.1" 302 380 "-" "MLBot (www.metadatalabs.com/mlbot)"
66.219.58.41 - - [27/Aug/2011:03:18:01 -0700] "GET / HTTP/1.1" 200 151 "-" "MLBot (www.metadatalabs.com/mlbot)"
212.113.35.162 - - [28/Aug/2011:06:56:01 -0700] "GET /robots.txt HTTP/1.1" 302 380 "-" "Mozilla/5.0 (compatible; AhrefsBot/1.0; +http://ahrefs.com/robot/)"
123.125.71.32 - - [28/Aug/2011:08:13:57 -0700] "GET /robots.txt HTTP/1.1" 302 380 "-" "Baiduspider+(+http://www.baidu.com/search/spider.htm)"
220.181.108.174 - - [28/Aug/2011:09:51:33 -0700] "GET / HTTP/1.1" 200 151 "-" "Mozilla/5.0 (compatible; Baiduspider/2.0; +http://www.baidu.com/search/spider.html)"
123.125.71.33 - - [28/Aug/2011:22:23:09 -0700] "GET /robots.txt HTTP/1.1" 302 380 "-" "Baiduspider+(+http://www.baidu.com/search/spider.htm)"
198.36.222.8 - - [29/Aug/2011:13:52:47 -0700] "GET /plugins/editors/tinymce/jscripts/tiny_mce/plugins/tinybrowser/upload.php HTTP/1.1" 302 380 "-" "Mozilla/5.0 (Windows; U; Windows NT 6.1; en; rv:1.9.2.13) Gecko/20101203 Firefox/3.6.13"
220.181.108.173 - - [29/Aug/2011:15:25:09 -0700] "GET / HTTP/1.1" 200 151 "-" "Mozilla/5.0 (compatible; Baiduspider/2.0; +http://www.baidu.com/search/spider.html)"
74.111.23.144 - - [30/Aug/2011:00:41:52 -0700] "GET /robots.txt HTTP/1.0" 302 380 "-" "Mozilla/5.0 (compatible; MJ12bot/v1.4.0; http://www.majestic12.co.uk/bot.php?+)"
74.111.23.144 - - [30/Aug/2011:00:41:56 -0700] "GET / HTTP/1.1" 200 151 "-" "Mozilla/5.0 (compatible; MJ12bot/v1.4.0; http://www.majestic12.co.uk/bot.php?+)"
193.47.80.37 - - [30/Aug/2011:10:01:11 -0700] "GET /robots.txt HTTP/1.1" 302 380 "-" "Mozilla/5.0 (compatible; Exabot/3.0; +http://www.exabot.com/go/robot)"
193.47.80.37 - - [30/Aug/2011:10:01:11 -0700] "GET / HTTP/1.1" 200 151 "-" "Mozilla/5.0 (compatible; Exabot/3.0; +http://www.exabot.com/go/robot)"
220.181.108.177 - - [30/Aug/2011:18:06:17 -0700] "GET / HTTP/1.1" 200 151 "-" "Mozilla/5.0 (compatible; Baiduspider/2.0; +http://www.baidu.com/search/spider.html)"
207.210.234.227 - - [31/Aug/2011:04:09:54 -0700] "GET /robots.txt HTTP/1.0" 302 380 "-" "Aghaven/Nutch-1.2 (www.aghaven.com)"
207.210.234.227 - - [31/Aug/2011:04:10:04 -0700] "GET / HTTP/1.0" 200 151 "-" "Aghaven/Nutch-1.2 (www.aghaven.com)"
66.249.67.169 - - [31/Aug/2011:04:37:17 -0700] "GET /robots.txt HTTP/1.1" 302 380 "-" "Mozilla/5.0 (compatible; Googlebot/2.1; +http://www.google.com/bot.html)"
66.249.67.169 - - [31/Aug/2011:04:37:17 -0700] "GET / HTTP/1.1" 200 151 "-" "Mozilla/5.0 (compatible; Googlebot/2.1; +http://www.google.com/bot.html)"
93.158.148.31 - - [31/Aug/2011:11:26:23 -0700] "GET /robots.txt HTTP/1.1" 302 380 "-" "Mozilla/5.0 (compatible; YandexBot/3.0; +http://yandex.com/bots)"
93.158.148.31 - - [31/Aug/2011:21:20:44 -0700] "GET / HTTP/1.1" 200 151 "-" "Mozilla/5.0 (compatible; YandexBot/3.0; +http://yandex.com/bots)"
66.249.67.169 - - [31/Aug/2011:23:23:10 -0700] "GET /robots.txt HTTP/1.1" 302 380 "-" "Mozilla/5.0 (compatible; Googlebot/2.1; +http://www.google.com/bot.html)"
66.249.67.169 - - [31/Aug/2011:23:23:10 -0700] "GET / HTTP/1.1" 200 151 "-" "SAMSUNG-SGH-E250/1.0 Profile/MIDP-2.0 Configuration/CLDC-1.1 UP.Browser/6.2.3.3.c.1.101 (GUI) MMP/2.0 (compatible; Googlebot-Mobile/2.1; +http://www.google.com/bot.html)"
212.113.35.162 - - [01/Sep/2011:01:26:19 -0700] "GET /robots.txt HTTP/1.1" 302 380 "-" "Mozilla/5.0 (compatible; AhrefsBot/1.0; +http://ahrefs.com/robot/)"
69.28.58.16 - - [01/Sep/2011:03:27:49 -0700] "GET /robots.txt HTTP/1.0" 302 380 "http://browserbomb.com/robots.txt" "HuaweiSymantecSpider/1.0+DSE-support@huaweisymantec.com+(compatible; MSIE 7.0; Windows NT 5.1; Trident/4.0; .NET CLR 2.0.50727; .NET CLR 3.0.4506.2152; .NET CLR ; http://www.huaweisymantec.com/en/IRL/spider)"
69.28.58.42 - - [01/Sep/2011:09:52:54 -0700] "GET /robots.txt HTTP/1.0" 302 380 "http://browserbomb.com/robots.txt" "Mozilla/4.0 (compatible; MSIE 8.0; Windows NT 5.1; SV1; .NET CLR 2.0.50727)"
69.28.58.42 - - [01/Sep/2011:09:52:54 -0700] "GET / HTTP/1.0" 200 151 "http://browserbomb.com/" "Mozilla/4.0 (compatible; MSIE 8.0; Windows NT 5.1; SV1; .NET CLR 2.0.50727)"
220.181.108.97 - - [01/Sep/2011:16:07:16 -0700] "GET /robots.txt HTTP/1.1" 302 380 "-" "Baiduspider+(+http://www.baidu.com/search/spider.htm)"
220.181.108.184 - - [01/Sep/2011:18:23:09 -0700] "GET / HTTP/1.1" 200 151 "-" "Mozilla/5.0 (compatible; Baiduspider/2.0; +http://www.baidu.com/search/spider.html)"
220.181.108.87 - - [02/Sep/2011:14:24:22 -0700] "GET /robots.txt HTTP/1.1" 302 380 "-" "Baiduspider+(+http://www.baidu.com/search/spider.htm)"
95.108.151.244 - - [03/Sep/2011:01:13:23 -0700] "GET /robots.txt HTTP/1.1" 302 380 "-" "Mozilla/5.0 (compatible; YandexBot/3.0; +http://yandex.com/bots)"
95.108.151.244 - - [03/Sep/2011:01:13:24 -0700] "GET / HTTP/1.1" 200 151 "-" "Mozilla/5.0 (compatible; YandexBot/3.0; +http://yandex.com/bots)"
95.108.151.244 - - [03/Sep/2011:01:13:25 -0700] "GET / HTTP/1.1" 200 151 "-" "Mozilla/5.0 (compatible; YandexBot/3.0; +http://yandex.com/bots)"
66.249.67.169 - - [03/Sep/2011:04:57:44 -0700] "GET /robots.txt HTTP/1.1" 302 380 "-" "Mozilla/5.0 (compatible; Googlebot/2.1; +http://www.google.com/bot.html)"
66.249.67.169 - - [03/Sep/2011:04:57:44 -0700] "GET / HTTP/1.1" 200 151 "-" "DoCoMo/2.0 N905i(c100;TB;W24H16) (compatible; Googlebot-Mobile/2.1; +http://www.google.com/bot.html)"
207.46.13.98 - - [03/Sep/2011:07:50:07 -0700] "GET /robots.txt HTTP/1.1" 302 380 "-" "Mozilla/5.0 (compatible; bingbot/2.0; +http://www.bing.com/bingbot.htm)"
207.46.13.98 - - [03/Sep/2011:07:56:36 -0700] "GET /robots.txt HTTP/1.1" 302 380 "-" "Mozilla/5.0 (compatible; bingbot/2.0; +http://www.bing.com/bingbot.htm)"
207.46.13.98 - - [03/Sep/2011:08:08:05 -0700] "GET /robots.txt HTTP/1.1" 302 380 "-" "Mozilla/5.0 (compatible; bingbot/2.0; +http://www.bing.com/bingbot.htm)"
207.46.13.98 - - [03/Sep/2011:08:24:24 -0700] "GET /robots.txt HTTP/1.1" 302 380 "-" "Mozilla/5.0 (compatible; bingbot/2.0; +http://www.bing.com/bingbot.htm)"
207.46.13.98 - - [03/Sep/2011:08:31:24 -0700] "GET /robots.txt HTTP/1.1" 302 380 "-" "Mozilla/5.0 (compatible; bingbot/2.0; +http://www.bing.com/bingbot.htm)"
207.46.13.98 - - [03/Sep/2011:08:42:26 -0700] "GET /robots.txt HTTP/1.1" 302 380 "-" "Mozilla/5.0 (compatible; bingbot/2.0; +http://www.bing.com/bingbot.htm)"
207.46.13.98 - - [03/Sep/2011:08:58:23 -0700] "GET /robots.txt HTTP/1.1" 302 380 "-" "Mozilla/5.0 (compatible; bingbot/2.0; +http://www.bing.com/bingbot.htm)"
207.46.13.98 - - [03/Sep/2011:09:04:52 -0700] "GET /robots.txt HTTP/1.1" 302 380 "-" "Mozilla/5.0 (compatible; bingbot/2.0; +http://www.bing.com/bingbot.htm)"
207.46.13.98 - - [03/Sep/2011:09:16:09 -0700] "GET /robots.txt HTTP/1.1" 302 380 "-" "Mozilla/5.0 (compatible; bingbot/2.0; +http://www.bing.com/bingbot.htm)"
207.46.13.98 - - [03/Sep/2011:09:31:26 -0700] "GET /robots.txt HTTP/1.1" 302 380 "-" "Mozilla/5.0 (compatible; bingbot/2.0; +http://www.bing.com/bingbot.htm)"
207.46.13.98 - - [03/Sep/2011:09:52:09 -0700] "GET /robots.txt HTTP/1.1" 302 380 "-" "Mozilla/5.0 (compatible; bingbot/2.0; +http://www.bing.com/bingbot.htm)"
207.46.13.98 - - [03/Sep/2011:09:57:27 -0700] "GET /robots.txt HTTP/1.1" 302 380 "-" "Mozilla/5.0 (compatible; bingbot/2.0; +http://www.bing.com/bingbot.htm)"
207.46.13.98 - - [03/Sep/2011:10:08:55 -0700] "GET /robots.txt HTTP/1.1" 302 380 "-" "Mozilla/5.0 (compatible; bingbot/2.0; +http://www.bing.com/bingbot.htm)"
207.46.13.98 - - [03/Sep/2011:10:24:14 -0700] "GET /robots.txt HTTP/1.1" 302 380 "-" "Mozilla/5.0 (compatible; bingbot/2.0; +http://www.bing.com/bingbot.htm)"
207.46.13.98 - - [03/Sep/2011:10:46:08 -0700] "GET /robots.txt HTTP/1.1" 302 380 "-" "Mozilla/5.0 (compatible; bingbot/2.0; +http://www.bing.com/bingbot.htm)"
207.46.13.98 - - [03/Sep/2011:10:52:30 -0700] "GET /robots.txt HTTP/1.1" 302 380 "-" "Mozilla/5.0 (compatible; bingbot/2.0; +http://www.bing.com/bingbot.htm)"
207.46.13.98 - - [03/Sep/2011:11:03:35 -0700] "GET /robots.txt HTTP/1.1" 302 380 "-" "Mozilla/5.0 (compatible; bingbot/2.0; +http://www.bing.com/bingbot.htm)"
220.181.108.91 - - [03/Sep/2011:11:09:21 -0700] "GET /robots.txt HTTP/1.1" 302 380 "-" "Baiduspider+(+http://www.baidu.com/search/spider.htm)"
207.46.13.98 - - [03/Sep/2011:11:20:38 -0700] "GET /robots.txt HTTP/1.1" 302 380 "-" "Mozilla/5.0 (compatible; bingbot/2.0; +http://www.bing.com/bingbot.htm)"
207.46.13.98 - - [03/Sep/2011:11:41:23 -0700] "GET /robots.txt HTTP/1.1" 302 380 "-" "Mozilla/5.0 (compatible; bingbot/2.0; +http://www.bing.com/bingbot.htm)"
207.46.13.98 - - [03/Sep/2011:11:47:53 -0700] "GET /robots.txt HTTP/1.1" 302 380 "-" "Mozilla/5.0 (compatible; bingbot/2.0; +http://www.bing.com/bingbot.htm)"
207.46.13.98 - - [03/Sep/2011:11:58:41 -0700] "GET /robots.txt HTTP/1.1" 302 380 "-" "Mozilla/5.0 (compatible; bingbot/2.0; +http://www.bing.com/bingbot.htm)"
220.181.108.184 - - [03/Sep/2011:13:31:58 -0700] "GET / HTTP/1.1" 200 151 "-" "Mozilla/5.0 (compatible; Baiduspider/2.0; +http://www.baidu.com/search/spider.html)"
66.249.67.169 - - [04/Sep/2011:06:05:24 -0700] "GET /robots.txt HTTP/1.1" 302 380 "-" "Mozilla/5.0 (compatible; Googlebot/2.1; +http://www.google.com/bot.html)"
66.249.67.169 - - [04/Sep/2011:06:05:25 -0700] "GET /robots.txt HTTP/1.1" 302 380 "-" "Mozilla/5.0 (compatible; Googlebot/2.1; +http://www.google.com/bot.html)"
173.26.100.212 - - [04/Sep/2011:09:48:08 -0700] "GET /robots.txt HTTP/1.0" 302 380 "-" "Mozilla/5.0 (compatible; MJ12bot/v1.4.0; http://www.majestic12.co.uk/bot.php?+)"
173.26.100.212 - - [04/Sep/2011:09:48:14 -0700] "GET / HTTP/1.1" 200 151 "-" "Mozilla/5.0 (compatible; MJ12bot/v1.4.0; http://www.majestic12.co.uk/bot.php?+)"
198.145.116.13 - - [04/Sep/2011:14:51:07 -0700] "GET / HTTP/1.0" 200 151 "-" "Mozilla/4.0 (compatible; MSIE 6.0; Windows NT 5.0)"
220.181.108.186 - - [04/Sep/2011:16:11:17 -0700] "GET / HTTP/1.1" 200 151 "-" "Mozilla/5.0 (compatible; Baiduspider/2.0; +http://www.baidu.com/search/spider.html)"
93.158.148.31 - - [05/Sep/2011:16:06:10 -0700] "GET /robots.txt HTTP/1.1" 302 380 "-" "Mozilla/5.0 (compatible; YandexBot/3.0; +http://yandex.com/bots)"
93.158.148.31 - - [05/Sep/2011:16:06:12 -0700] "GET / HTTP/1.1" 200 151 "-" "Mozilla/5.0 (compatible; YandexBot/3.0; +http://yandex.com/bots)"
220.181.108.174 - - [05/Sep/2011:16:58:03 -0700] "GET / HTTP/1.1" 200 151 "-" "Mozilla/5.0 (compatible; Baiduspider/2.0; +http://www.baidu.com/search/spider.html)"
66.249.67.169 - - [05/Sep/2011:17:26:34 -0700] "GET /robots.txt HTTP/1.1" 302 380 "-" "Mozilla/5.0 (compatible; Googlebot/2.1; +http://www.google.com/bot.html)"
66.249.67.169 - - [05/Sep/2011:17:26:34 -0700] "GET / HTTP/1.1" 200 151 "-" "SAMSUNG-SGH-E250/1.0 Profile/MIDP-2.0 Configuration/CLDC-1.1 UP.Browser/6.2.3.3.c.1.101 (GUI) MMP/2.0 (compatible; Googlebot-Mobile/2.1; +http://www.google.com/bot.html)"
220.181.108.84 - - [05/Sep/2011:23:51:31 -0700] "GET /robots.txt HTTP/1.1" 302 380 "-" "Baiduspider+(+http://www.baidu.com/search/spider.htm)"
69.28.58.16 - - [06/Sep/2011:10:09:31 -0700] "GET / HTTP/1.0" 200 151 "http://browserbomb.com/" "HuaweiSymantecSpider/1.0+DSE-support@huaweisymantec.com+(compatible; MSIE 7.0; Windows NT 5.1; Trident/4.0; .NET CLR 2.0.50727; .NET CLR 3.0.4506.2152; .NET CLR ; http://www.huaweisymantec.com/en/IRL/spider)"
180.76.5.99 - - [06/Sep/2011:16:23:22 -0700] "GET /robots.txt HTTP/1.1" 302 380 "-" "Baiduspider+(+http://www.baidu.com/search/spider.htm)"
220.181.108.81 - - [06/Sep/2011:17:29:42 -0700] "GET / HTTP/1.1" 200 151 "-" "Mozilla/5.0 (compatible; Baiduspider/2.0; +http://www.baidu.com/search/spider.html)"
69.28.58.41 - - [06/Sep/2011:23:03:02 -0700] "GET /robots.txt HTTP/1.0" 302 380 "http://browserbomb.com/robots.txt" "Mozilla/4.0 (compatible; MSIE 8.0; Windows NT 5.1; SV1; .NET CLR 2.0.50727)"
69.28.58.41 - - [06/Sep/2011:23:03:02 -0700] "GET / HTTP/1.0" 200 151 "http://browserbomb.com/" "Mozilla/4.0 (compatible; MSIE 8.0; Windows NT 5.1; SV1; .NET CLR 2.0.50727)"
66.219.58.44 - - [06/Sep/2011:23:05:56 -0700] "GET /robots.txt HTTP/1.1" 302 380 "-" "MLBot (www.metadatalabs.com/mlbot)"
66.219.58.44 - - [06/Sep/2011:23:05:59 -0700] "GET / HTTP/1.1" 200 151 "-" "MLBot (www.metadatalabs.com/mlbot)"
66.249.67.169 - - [06/Sep/2011:23:52:46 -0700] "GET /robots.txt HTTP/1.1" 302 380 "-" "Mozilla/5.0 (compatible; Googlebot/2.1; +http://www.google.com/bot.html)"
66.249.67.169 - - [06/Sep/2011:23:52:46 -0700] "GET / HTTP/1.1" 200 151 "-" "SAMSUNG-SGH-E250/1.0 Profile/MIDP-2.0 Configuration/CLDC-1.1 UP.Browser/6.2.3.3.c.1.101 (GUI) MMP/2.0 (compatible; Googlebot-Mobile/2.1; +http://www.google.com/bot.html)"
220.181.108.97 - - [07/Sep/2011:21:11:19 -0700] "GET /robots.txt HTTP/1.1" 302 380 "-" "Baiduspider+(+http://www.baidu.com/search/spider.htm)"
66.249.67.169 - - [08/Sep/2011:16:48:25 -0700] "GET /robots.txt HTTP/1.1" 302 380 "-" "Mozilla/5.0 (compatible; Googlebot/2.1; +http://www.google.com/bot.html)"
66.249.67.169 - - [08/Sep/2011:16:48:25 -0700] "GET / HTTP/1.1" 200 151 "-" "DoCoMo/2.0 N905i(c100;TB;W24H16) (compatible; Googlebot-Mobile/2.1; +http://www.google.com/bot.html)"
220.181.108.157 - - [08/Sep/2011:17:09:18 -0700] "GET / HTTP/1.1" 200 151 "-" "Mozilla/5.0 (compatible; Baiduspider/2.0; +http://www.baidu.com/search/spider.html)"
93.219.85.225 - - [08/Sep/2011:17:38:07 -0700] "GET /robots.txt HTTP/1.0" 302 380 "-" "Mozilla/5.0 (compatible; MJ12bot/v1.4.0; http://www.majestic12.co.uk/bot.php?+)"
93.219.85.225 - - [08/Sep/2011:17:38:18 -0700] "GET / HTTP/1.0" 200 151 "-" "Mozilla/5.0 (compatible; MJ12bot/v1.4.0; http://www.majestic12.co.uk/bot.php?+)"
212.113.35.162 - - [09/Sep/2011:08:47:56 -0700] "GET /robots.txt HTTP/1.1" 302 380 "-" "Mozilla/5.0 (compatible; AhrefsBot/1.0; +http://ahrefs.com/robot/)"
46.229.160.150 - - [09/Sep/2011:10:10:17 -0700] "GET / HTTP/1.0" 200 151 "-" "Mozilla/5.0 (Windows; U; Windows NT 6.1; zh-CN; rv:1.9.2.8) Gecko/20100722 Firefox/3.6.8"
220.181.108.83 - - [09/Sep/2011:11:18:58 -0700] "GET /robots.txt HTTP/1.1" 302 380 "-" "Baiduspider+(+http://www.baidu.com/search/spider.htm)"
220.181.108.160 - - [09/Sep/2011:13:50:32 -0700] "GET / HTTP/1.1" 200 151 "-" "Mozilla/5.0 (compatible; Baiduspider/2.0; +http://www.baidu.com/search/spider.html)"
66.249.67.169 - - [09/Sep/2011:22:05:57 -0700] "GET /robots.txt HTTP/1.1" 302 380 "-" "Mozilla/5.0 (compatible; Googlebot/2.1; +http://www.google.com/bot.html)"
66.249.67.169 - - [09/Sep/2011:22:05:57 -0700] "GET / HTTP/1.1" 200 151 "-" "Mozilla/5.0 (compatible; Googlebot/2.1; +http://www.google.com/bot.html)"
69.28.58.26 - - [10/Sep/2011:08:11:48 -0700] "GET /robots.txt HTTP/1.0" 302 380 "-" "Mozilla/4.0 (compatible; MSIE 6.0; Windows NT 5.0) (larbin2.6.3@unspecified.mail)"
69.28.58.26 - - [10/Sep/2011:08:11:48 -0700] "GET / HTTP/1.0" 200 151 "-" "Mozilla/4.0 (compatible; MSIE 6.0; Windows NT 5.0) larbin2.6.3@unspecified.mail"
220.181.108.84 - - [10/Sep/2011:11:09:15 -0700] "GET /robots.txt HTTP/1.1" 302 380 "-" "Baiduspider+(+http://www.baidu.com/search/spider.htm)"
220.181.108.95 - - [10/Sep/2011:17:21:10 -0700] "GET / HTTP/1.1" 200 151 "-" "Mozilla/5.0 (compatible; Baiduspider/2.0; +http://www.baidu.com/search/spider.html)"
62.219.132.115 - - [10/Sep/2011:21:26:28 -0700] "GET / HTTP/1.1" 200 151 "http://www.we-globe.net/Weblab/SiteCommonGraveReport/browserbomb.com/" "Mozilla/5.0 (Windows; U; Windows NT 5.1; fr; rv:1.9.0.8) Gecko/2009032609 Firefox/3.0.8"
78.140.138.39 - - [11/Sep/2011:16:37:31 -0700] "GET / HTTP/1.1" 200 151 "-" "Mozilla/5.0 (Windows; U; Windows NT 5.1; en-US; rv:1.9.0.5) Gecko/2008120122 Firefox/3.0.5"
69.28.58.17 - - [11/Sep/2011:16:41:42 -0700] "GET / HTTP/1.0" 200 151 "http://browserbomb.com/" "HuaweiSymantecSpider/1.0+DSE-support@huaweisymantec.com+(compatible; MSIE 7.0; Windows NT 5.1; Trident/4.0; .NET CLR 2.0.50727; .NET CLR 3.0.4506.2152; .NET CLR ; http://www.huaweisymantec.com/en/IRL/spider)"
88.190.13.201 - - [11/Sep/2011:21:50:28 -0700] "GET /robots.txt HTTP/1.0" 302 380 "-" "Mozilla/5.0 (compatible; MJ12bot/v1.4.0; http://www.majestic12.co.uk/bot.php?+)"
88.190.13.201 - - [11/Sep/2011:21:50:33 -0700] "GET / HTTP/1.1" 200 151 "-" "Mozilla/5.0 (compatible; MJ12bot/v1.4.0; http://www.majestic12.co.uk/bot.php?+)"
66.249.67.169 - - [11/Sep/2011:22:46:18 -0700] "GET /robots.txt HTTP/1.1" 302 380 "-" "Mozilla/5.0 (compatible; Googlebot/2.1; +http://www.google.com/bot.html)"
66.249.67.169 - - [11/Sep/2011:22:46:18 -0700] "GET / HTTP/1.1" 200 151 "-" "SAMSUNG-SGH-E250/1.0 Profile/MIDP-2.0 Configuration/CLDC-1.1 UP.Browser/6.2.3.3.c.1.101 (GUI) MMP/2.0 (compatible; Googlebot-Mobile/2.1; +http://www.google.com/bot.html)"
212.113.35.162 - - [12/Sep/2011:03:55:47 -0700] "GET /robots.txt HTTP/1.1" 302 380 "-" "Mozilla/5.0 (compatible; AhrefsBot/1.0; +http://ahrefs.com/robot/)"
119.63.196.45 - - [12/Sep/2011:09:29:14 -0700] "GET /robots.txt HTTP/1.1" 302 380 "-" "Baiduspider+(+http://www.baidu.com/search/spider.htm)"
66.249.67.169 - - [12/Sep/2011:12:23:54 -0700] "GET /robots.txt HTTP/1.1" 302 380 "-" "Mozilla/5.0 (compatible; Googlebot/2.1; +http://www.google.com/bot.html)"
66.249.67.169 - - [12/Sep/2011:12:23:54 -0700] "GET / HTTP/1.1" 200 151 "-" "DoCoMo/2.0 N905i(c100;TB;W24H16) (compatible; Googlebot-Mobile/2.1; +http://www.google.com/bot.html)"
201.22.30.34 - - [12/Sep/2011:15:38:29 -0700] "GET / HTTP/1.1" 200 151 "-" "Mozilla/4.0 (compatible; MSIE 5.0; Windows NT)"
193.47.80.37 - - [13/Sep/2011:08:22:45 -0700] "GET /robots.txt HTTP/1.1" 302 380 "-" "Mozilla/5.0 (compatible; Exabot/3.0; +http://www.exabot.com/go/robot)"
193.47.80.37 - - [13/Sep/2011:08:22:46 -0700] "GET / HTTP/1.1" 200 151 "-" "Mozilla/5.0 (compatible; Exabot/3.0; +http://www.exabot.com/go/robot)"
220.181.108.184 - - [13/Sep/2011:10:05:11 -0700] "GET / HTTP/1.1" 200 151 "-" "Mozilla/5.0 (compatible; Baiduspider/2.0; +http://www.baidu.com/search/spider.html)"
220.181.108.76 - - [13/Sep/2011:14:47:57 -0700] "GET /robots.txt HTTP/1.1" 302 380 "-" "Baiduspider+(+http://www.baidu.com/search/spider.htm)"
207.46.13.98 - - [13/Sep/2011:15:13:31 -0700] "GET /robots.txt HTTP/1.1" 302 380 "-" "Mozilla/5.0 (compatible; bingbot/2.0; +http://www.bing.com/bingbot.htm)"
207.46.13.98 - - [13/Sep/2011:15:22:09 -0700] "GET /robots.txt HTTP/1.1" 302 380 "-" "Mozilla/5.0 (compatible; bingbot/2.0; +http://www.bing.com/bingbot.htm)"
207.46.13.98 - - [13/Sep/2011:15:33:06 -0700] "GET /robots.txt HTTP/1.1" 302 380 "-" "Mozilla/5.0 (compatible; bingbot/2.0; +http://www.bing.com/bingbot.htm)"
207.46.13.98 - - [13/Sep/2011:15:51:21 -0700] "GET /robots.txt HTTP/1.1" 302 380 "-" "Mozilla/5.0 (compatible; bingbot/2.0; +http://www.bing.com/bingbot.htm)"
207.46.13.98 - - [13/Sep/2011:16:02:04 -0700] "GET /robots.txt HTTP/1.1" 302 380 "-" "Mozilla/5.0 (compatible; bingbot/2.0; +http://www.bing.com/bingbot.htm)"
207.46.13.98 - - [13/Sep/2011:16:16:23 -0700] "GET /robots.txt HTTP/1.1" 302 380 "-" "Mozilla/5.0 (compatible; bingbot/2.0; +http://www.bing.com/bingbot.htm)"
207.46.13.98 - - [13/Sep/2011:16:33:02 -0700] "GET /robots.txt HTTP/1.1" 302 380 "-" "Mozilla/5.0 (compatible; bingbot/2.0; +http://www.bing.com/bingbot.htm)"
207.46.13.98 - - [13/Sep/2011:16:38:46 -0700] "GET /robots.txt HTTP/1.1" 302 380 "-" "Mozilla/5.0 (compatible; bingbot/2.0; +http://www.bing.com/bingbot.htm)"
207.46.13.98 - - [13/Sep/2011:16:53:18 -0700] "GET /robots.txt HTTP/1.1" 302 380 "-" "Mozilla/5.0 (compatible; bingbot/2.0; +http://www.bing.com/bingbot.htm)"
207.46.13.98 - - [13/Sep/2011:17:11:58 -0700] "GET /robots.txt HTTP/1.1" 302 380 "-" "Mozilla/5.0 (compatible; bingbot/2.0; +http://www.bing.com/bingbot.htm)"
207.46.13.98 - - [13/Sep/2011:17:17:47 -0700] "GET /robots.txt HTTP/1.1" 302 380 "-" "Mozilla/5.0 (compatible; bingbot/2.0; +http://www.bing.com/bingbot.htm)"
207.46.13.98 - - [13/Sep/2011:17:29:44 -0700] "GET /robots.txt HTTP/1.1" 302 380 "-" "Mozilla/5.0 (compatible; bingbot/2.0; +http://www.bing.com/bingbot.htm)"
207.46.13.98 - - [13/Sep/2011:17:46:32 -0700] "GET /robots.txt HTTP/1.1" 302 380 "-" "Mozilla/5.0 (compatible; bingbot/2.0; +http://www.bing.com/bingbot.htm)"
207.46.13.98 - - [13/Sep/2011:17:54:35 -0700] "GET /robots.txt HTTP/1.1" 302 380 "-" "Mozilla/5.0 (compatible; bingbot/2.0; +http://www.bing.com/bingbot.htm)"
207.46.13.98 - - [13/Sep/2011:18:05:25 -0700] "GET /robots.txt HTTP/1.1" 302 380 "-" "Mozilla/5.0 (compatible; bingbot/2.0; +http://www.bing.com/bingbot.htm)"
207.46.13.98 - - [13/Sep/2011:18:21:44 -0700] "GET /robots.txt HTTP/1.1" 302 380 "-" "Mozilla/5.0 (compatible; bingbot/2.0; +http://www.bing.com/bingbot.htm)"
207.46.13.98 - - [13/Sep/2011:18:27:29 -0700] "GET /robots.txt HTTP/1.1" 302 380 "-" "Mozilla/5.0 (compatible; bingbot/2.0; +http://www.bing.com/bingbot.htm)"
207.46.13.98 - - [13/Sep/2011:18:40:28 -0700] "GET /robots.txt HTTP/1.1" 302 380 "-" "Mozilla/5.0 (compatible; bingbot/2.0; +http://www.bing.com/bingbot.htm)"
207.46.13.98 - - [13/Sep/2011:18:56:00 -0700] "GET /robots.txt HTTP/1.1" 302 380 "-" "Mozilla/5.0 (compatible; bingbot/2.0; +http://www.bing.com/bingbot.htm)"
207.46.13.98 - - [13/Sep/2011:19:17:29 -0700] "GET /robots.txt HTTP/1.1" 302 380 "-" "Mozilla/5.0 (compatible; bingbot/2.0; +http://www.bing.com/bingbot.htm)"
207.46.13.98 - - [13/Sep/2011:19:23:54 -0700] "GET /robots.txt HTTP/1.1" 302 380 "-" "Mozilla/5.0 (compatible; bingbot/2.0; +http://www.bing.com/bingbot.htm)"
207.46.13.98 - - [13/Sep/2011:19:35:04 -0700] "GET /robots.txt HTTP/1.1" 302 380 "-" "Mozilla/5.0 (compatible; bingbot/2.0; +http://www.bing.com/bingbot.htm)"
207.46.13.98 - - [13/Sep/2011:19:52:09 -0700] "GET /robots.txt HTTP/1.1" 302 380 "-" "Mozilla/5.0 (compatible; bingbot/2.0; +http://www.bing.com/bingbot.htm)"
207.46.13.98 - - [13/Sep/2011:19:58:03 -0700] "GET /robots.txt HTTP/1.1" 302 380 "-" "Mozilla/5.0 (compatible; bingbot/2.0; +http://www.bing.com/bingbot.htm)"
207.46.13.98 - - [13/Sep/2011:20:10:21 -0700] "GET /robots.txt HTTP/1.1" 302 380 "-" "Mozilla/5.0 (compatible; bingbot/2.0; +http://www.bing.com/bingbot.htm)"
207.46.13.98 - - [13/Sep/2011:20:27:31 -0700] "GET /robots.txt HTTP/1.1" 302 380 "-" "Mozilla/5.0 (compatible; bingbot/2.0; +http://www.bing.com/bingbot.htm)"
207.46.13.98 - - [13/Sep/2011:20:33:58 -0700] "GET /robots.txt HTTP/1.1" 302 380 "-" "Mozilla/5.0 (compatible; bingbot/2.0; +http://www.bing.com/bingbot.htm)"
207.46.13.98 - - [13/Sep/2011:20:44:20 -0700] "GET /robots.txt HTTP/1.1" 302 380 "-" "Mozilla/5.0 (compatible; bingbot/2.0; +http://www.bing.com/bingbot.htm)"
207.46.13.98 - - [13/Sep/2011:21:02:03 -0700] "GET /robots.txt HTTP/1.1" 302 380 "-" "Mozilla/5.0 (compatible; bingbot/2.0; +http://www.bing.com/bingbot.htm)"
207.46.13.98 - - [13/Sep/2011:21:09:52 -0700] "GET /robots.txt HTTP/1.1" 302 380 "-" "Mozilla/5.0 (compatible; bingbot/2.0; +http://www.bing.com/bingbot.htm)"
207.46.13.98 - - [13/Sep/2011:21:21:22 -0700] "GET /robots.txt HTTP/1.1" 302 380 "-" "Mozilla/5.0 (compatible; bingbot/2.0; +http://www.bing.com/bingbot.htm)"
207.46.13.98 - - [13/Sep/2011:21:36:31 -0700] "GET /robots.txt HTTP/1.1" 302 380 "-" "Mozilla/5.0 (compatible; bingbot/2.0; +http://www.bing.com/bingbot.htm)"
207.46.13.98 - - [13/Sep/2011:21:58:28 -0700] "GET /robots.txt HTTP/1.1" 302 380 "-" "Mozilla/5.0 (compatible; bingbot/2.0; +http://www.bing.com/bingbot.htm)"
207.46.13.98 - - [13/Sep/2011:22:04:12 -0700] "GET /robots.txt HTTP/1.1" 302 380 "-" "Mozilla/5.0 (compatible; bingbot/2.0; +http://www.bing.com/bingbot.htm)"
207.46.13.98 - - [13/Sep/2011:22:16:13 -0700] "GET /robots.txt HTTP/1.1" 302 380 "-" "Mozilla/5.0 (compatible; bingbot/2.0; +http://www.bing.com/bingbot.htm)"
207.46.13.98 - - [13/Sep/2011:22:31:50 -0700] "GET /robots.txt HTTP/1.1" 302 380 "-" "Mozilla/5.0 (compatible; bingbot/2.0; +http://www.bing.com/bingbot.htm)"
207.46.13.98 - - [13/Sep/2011:22:37:20 -0700] "GET /robots.txt HTTP/1.1" 302 380 "-" "Mozilla/5.0 (compatible; bingbot/2.0; +http://www.bing.com/bingbot.htm)"
95.108.245.251 - - [14/Sep/2011:04:22:43 -0700] "GET /robots.txt HTTP/1.1" 302 380 "-" "Mozilla/5.0 (compatible; YandexBot/3.0; +http://yandex.com/bots)"
220.181.108.177 - - [14/Sep/2011:05:54:34 -0700] "GET / HTTP/1.1" 200 151 "-" "Mozilla/5.0 (compatible; Baiduspider/2.0; +http://www.baidu.com/search/spider.html)"
220.181.108.93 - - [14/Sep/2011:11:29:59 -0700] "GET /robots.txt HTTP/1.1" 302 380 "-" "Baiduspider+(+http://www.baidu.com/search/spider.htm)"
95.108.245.251 - - [14/Sep/2011:11:37:42 -0700] "GET / HTTP/1.1" 200 151 "-" "Mozilla/5.0 (compatible; YandexBot/3.0; +http://yandex.com/bots)"
208.115.111.72 - - [15/Sep/2011:03:40:23 -0700] "GET /robots.txt HTTP/1.1" 302 380 "-" "Mozilla/5.0 (compatible; Ezooms/1.0; ezooms.bot@gmail.com)"
220.181.108.165 - - [15/Sep/2011:17:24:13 -0700] "GET / HTTP/1.1" 200 151 "-" "Mozilla/5.0 (compatible; Baiduspider/2.0; +http://www.baidu.com/search/spider.html)"
220.181.108.82 - - [15/Sep/2011:22:01:48 -0700] "GET /robots.txt HTTP/1.1" 302 380 "-" "Baiduspider+(+http://www.baidu.com/search/spider.htm)"
119.63.196.83 - - [16/Sep/2011:08:14:51 -0700] "GET /robots.txt HTTP/1.1" 302 380 "-" "Baiduspider+(+http://www.baidu.com/search/spider.htm)"
74.111.33.87 - - [16/Sep/2011:18:57:41 -0700] "GET /robots.txt HTTP/1.0" 302 380 "-" "Mozilla/5.0 (compatible; MJ12bot/v1.4.0; http://www.majestic12.co.uk/bot.php?+)"
74.111.33.87 - - [16/Sep/2011:18:57:51 -0700] "GET / HTTP/1.1" 200 151 "-" "Mozilla/5.0 (compatible; MJ12bot/v1.4.0; http://www.majestic12.co.uk/bot.php?+)"
212.113.35.162 - - [17/Sep/2011:02:09:56 -0700] "GET /robots.txt HTTP/1.1" 302 380 "-" "Mozilla/5.0 (compatible; AhrefsBot/1.0; +http://ahrefs.com/robot/)"
119.63.196.91 - - [17/Sep/2011:06:00:49 -0700] "GET /robots.txt HTTP/1.1" 302 380 "-" "Baiduspider+(+http://www.baidu.com/search/spider.htm)"
69.28.58.16 - - [17/Sep/2011:07:02:27 -0700] "GET / HTTP/1.0" 200 151 "http://browserbomb.com/" "HuaweiSymantecSpider/1.0+DSE-support@huaweisymantec.com+(compatible; MSIE 7.0; Windows NT 5.1; Trident/4.0; .NET CLR 2.0.50727; .NET CLR 3.0.4506.2152; .NET CLR ; http://www.huaweisymantec.com/en/IRL/spider)"
95.108.245.251 - - [17/Sep/2011:12:53:38 -0700] "GET /robots.txt HTTP/1.1" 302 380 "-" "Mozilla/5.0 (compatible; YandexBot/3.0; +http://yandex.com/bots)"
98.186.87.156 - - [17/Sep/2011:14:14:45 -0700] "GET / HTTP/1.1" 200 151 "-" "Mozilla/5.0 (Windows NT 5.1; rv:6.0.2) Gecko/20100101 Firefox/6.0.2"
98.186.87.156 - - [17/Sep/2011:14:14:45 -0700] "GET /favicon.ico HTTP/1.1" 200 430 "-" "Mozilla/5.0 (Windows NT 5.1; rv:6.0.2) Gecko/20100101 Firefox/6.0.2"
95.108.245.251 - - [17/Sep/2011:16:01:45 -0700] "GET / HTTP/1.1" 200 151 "-" "Mozilla/5.0 (compatible; YandexBot/3.0; +http://yandex.com/bots)"
220.181.108.84 - - [17/Sep/2011:16:11:54 -0700] "GET / HTTP/1.1" 200 151 "-" "Mozilla/5.0 (compatible; Baiduspider/2.0; +http://www.baidu.com/search/spider.html)"
119.63.196.104 - - [18/Sep/2011:05:34:39 -0700] "GET /robots.txt HTTP/1.1" 302 380 "-" "Baiduspider+(+http://www.baidu.com/search/spider.htm)"
64.202.161.41 - - [18/Sep/2011:06:46:16 -0700] "GET / HTTP/1.1" 200 151 "-" "Mozilla/5.0 (Windows; U; Windows NT 5.1; en-US; rv:1.9.1.8) Gecko/20100202 Firefox/3.5.8 ( .NET CLR 3.5.30729)"
64.202.161.47 - - [18/Sep/2011:06:47:04 -0700] "GET / HTTP/1.1" 200 151 "-" "Mozilla/5.0 (Windows; U; Windows NT 5.1; en-US; rv:1.9.1.8) Gecko/20100202 Firefox/3.5.8 ( .NET CLR 3.5.30729)"
220.181.108.88 - - [18/Sep/2011:08:38:05 -0700] "GET / HTTP/1.1" 200 151 "-" "Mozilla/5.0 (compatible; Baiduspider/2.0; +http://www.baidu.com/search/spider.html)"
119.63.196.77 - - [19/Sep/2011:05:08:17 -0700] "GET /robots.txt HTTP/1.1" 302 380 "-" "Baiduspider+(+http://www.baidu.com/search/spider.htm)"
193.47.80.37 - - [19/Sep/2011:05:58:04 -0700] "GET /robots.txt HTTP/1.1" 302 380 "-" "Mozilla/5.0 (compatible; Exabot/3.0; +http://www.exabot.com/go/robot)"
193.47.80.37 - - [19/Sep/2011:05:58:04 -0700] "GET / HTTP/1.1" 200 151 "-" "Mozilla/5.0 (compatible; Exabot/3.0; +http://www.exabot.com/go/robot)"
198.145.116.13 - - [19/Sep/2011:07:47:33 -0700] "GET / HTTP/1.0" 200 151 "-" "Mozilla/4.0 (compatible; MSIE 6.0; Windows NT 5.0)"
220.181.108.171 - - [19/Sep/2011:09:40:25 -0700] "GET / HTTP/1.1" 200 151 "-" "Mozilla/5.0 (compatible; Baiduspider/2.0; +http://www.baidu.com/search/spider.html)"
66.249.68.179 - - [19/Sep/2011:13:35:14 -0700] "GET /robots.txt HTTP/1.1" 302 380 "-" "Mozilla/5.0 (compatible; Googlebot/2.1; +http://www.google.com/bot.html)"
66.249.68.179 - - [19/Sep/2011:13:35:14 -0700] "GET / HTTP/1.1" 200 151 "-" "Mozilla/5.0 (compatible; Googlebot/2.1; +http://www.google.com/bot.html)"
218.213.132.151 - - [19/Sep/2011:15:57:33 -0700] "GET /robots.txt HTTP/1.1" 302 380 "-" "pflab (co2h2onacl@gmail.com)"
220.181.108.85 - - [20/Sep/2011:09:09:22 -0700] "GET /robots.txt HTTP/1.1" 302 380 "-" "Baiduspider+(+http://www.baidu.com/search/spider.htm)"
220.181.108.161 - - [20/Sep/2011:16:07:15 -0700] "GET / HTTP/1.1" 200 151 "-" "Mozilla/5.0 (compatible; Baiduspider/2.0; +http://www.baidu.com/search/spider.html)"
69.28.58.16 - - [20/Sep/2011:17:58:47 -0700] "GET /robots.txt HTTP/1.0" 302 380 "http://browserbomb.com/robots.txt" "HuaweiSymantecSpider/1.0+DSE-support@huaweisymantec.com+(compatible; MSIE 7.0; Windows NT 5.1; Trident/4.0; .NET CLR 2.0.50727; .NET CLR 3.0.4506.2152; .NET CLR ; http://www.huaweisymantec.com/en/IRL/spider)"
95.108.245.251 - - [20/Sep/2011:21:18:51 -0700] "GET /robots.txt HTTP/1.1" 302 380 "-" "Mozilla/5.0 (compatible; YandexBot/3.0; +http://yandex.com/bots)"
95.108.245.251 - - [20/Sep/2011:21:18:54 -0700] "GET / HTTP/1.1" 200 151 "-" "Mozilla/5.0 (compatible; YandexBot/3.0; +http://yandex.com/bots)"
220.181.108.81 - - [20/Sep/2011:22:46:36 -0700] "GET /robots.txt HTTP/1.1" 302 380 "-" "Baiduspider+(+http://www.baidu.com/search/spider.htm)"
173.236.21.106 - - [21/Sep/2011:07:16:02 -0700] "GET /robots.txt HTTP/1.0" 302 380 "-" "Mozilla/5.0 (compatible; MJ12bot/v1.4.0; http://www.majestic12.co.uk/bot.php?+)"
173.236.21.106 - - [21/Sep/2011:07:16:04 -0700] "GET / HTTP/1.0" 200 151 "-" "Mozilla/5.0 (compatible; MJ12bot/v1.4.0; http://www.majestic12.co.uk/bot.php?+)"
66.249.67.248 - - [21/Sep/2011:10:52:11 -0700] "GET /robots.txt HTTP/1.1" 302 380 "-" "Mozilla/5.0 (compatible; Googlebot/2.1; +http://www.google.com/bot.html)"
66.249.67.248 - - [21/Sep/2011:10:52:11 -0700] "GET / HTTP/1.1" 200 151 "-" "DoCoMo/2.0 N905i(c100;TB;W24H16) (compatible; Googlebot-Mobile/2.1; +http://www.google.com/bot.html)"
220.181.108.83 - - [21/Sep/2011:14:08:22 -0700] "GET / HTTP/1.1" 200 151 "-" "Mozilla/5.0 (compatible; Baiduspider/2.0; +http://www.baidu.com/search/spider.html)"
123.125.71.48 - - [21/Sep/2011:14:44:43 -0700] "GET /robots.txt HTTP/1.1" 302 380 "-" "Baiduspider+(+http://www.baidu.com/search/spider.htm)"
66.249.67.248 - - [21/Sep/2011:15:19:40 -0700] "GET / HTTP/1.1" 200 151 "-" "SAMSUNG-SGH-E250/1.0 Profile/MIDP-2.0 Configuration/CLDC-1.1 UP.Browser/6.2.3.3.c.1.101 (GUI) MMP/2.0 (compatible; Googlebot-Mobile/2.1; +http://www.google.com/bot.html)"
111.13.8.54 - - [21/Sep/2011:17:57:13 -0700] "GET / HTTP/1.1" 200 151 "http://creepy.evilfuckers.org/" "Mozilla/5.0 (compatible; MSIE 9.0; Windows NT 6.1; Trident/5.0)"
46.4.95.200 - - [22/Sep/2011:07:31:26 -0700] "GET / HTTP/1.1" 200 151 "http://heritagemp.com" "Opera/9.80 (Windows NT 6.1; U; en-GB) Presto/2.7.62 Version/11.00"
46.4.95.200 - - [22/Sep/2011:07:31:27 -0700] "GET / HTTP/1.1" 200 151 "-" "Opera/9.51 (Windows NT 5.1; U; en-GB)"
220.181.108.159 - - [22/Sep/2011:13:03:55 -0700] "GET / HTTP/1.1" 200 151 "-" "Mozilla/5.0 (compatible; Baiduspider/2.0; +http://www.baidu.com/search/spider.html)"
69.28.58.43 - - [22/Sep/2011:14:06:56 -0700] "GET /robots.txt HTTP/1.0" 302 380 "http://browserbomb.com/robots.txt" "Mozilla/4.0 (compatible; MSIE 8.0; Windows NT 5.1; SV1; .NET CLR 2.0.50727)"
69.28.58.43 - - [22/Sep/2011:14:06:57 -0700] "GET / HTTP/1.0" 200 151 "http://browserbomb.com/" "Mozilla/4.0 (compatible; MSIE 8.0; Windows NT 5.1; SV1; .NET CLR 2.0.50727)"
212.113.35.162 - - [22/Sep/2011:15:32:35 -0700] "GET /robots.txt HTTP/1.1" 302 380 "-" "Mozilla/5.0 (compatible; AhrefsBot/1.0; +http://ahrefs.com/robot/)"
218.213.132.151 - - [22/Sep/2011:18:41:32 -0700] "GET /robots.txt HTTP/1.1" 302 380 "-" "pflab (co2h2onacl@gmail.com)"
50.16.106.229 - - [23/Sep/2011:06:48:45 -0700] "HEAD / HTTP/1.1" 200 - "http://www.netcraft.com/survey/" "Mozilla/4.0 (compatible; Netcraft Web Server Survey)"
220.181.108.93 - - [23/Sep/2011:10:05:31 -0700] "GET / HTTP/1.1" 200 151 "-" "Mozilla/5.0 (compatible; Baiduspider/2.0; +http://www.baidu.com/search/spider.html)"
95.108.245.251 - - [23/Sep/2011:15:45:47 -0700] "GET /robots.txt HTTP/1.1" 302 380 "-" "Mozilla/5.0 (compatible; YandexBot/3.0; +http://yandex.com/bots)"
95.108.245.251 - - [24/Sep/2011:00:49:49 -0700] "GET / HTTP/1.1" 200 151 "-" "Mozilla/5.0 (compatible; YandexBot/3.0; +http://yandex.com/bots)"
220.181.108.88 - - [24/Sep/2011:05:45:27 -0700] "GET /robots.txt HTTP/1.1" 302 380 "-" "Baiduspider+(+http://www.baidu.com/search/spider.htm)"
220.181.108.77 - - [24/Sep/2011:10:40:32 -0700] "GET / HTTP/1.1" 200 151 "-" "Mozilla/5.0 (compatible; Baiduspider/2.0; +http://www.baidu.com/search/spider.html)"
193.47.80.37 - - [24/Sep/2011:15:49:45 -0700] "GET /robots.txt HTTP/1.1" 302 380 "-" "Mozilla/5.0 (compatible; Exabot/3.0; +http://www.exabot.com/go/robot)"
193.47.80.37 - - [24/Sep/2011:15:49:45 -0700] "GET / HTTP/1.1" 200 151 "-" "Mozilla/5.0 (compatible; Exabot/3.0; +http://www.exabot.com/go/robot)"
195.42.102.21 - - [24/Sep/2011:23:27:09 -0700] "GET /robots.txt HTTP/1.1" 302 380 "-" "Mozilla/5.0 (compatible; Purebot/1.1; +http://www.puritysearch.net/)"
195.42.102.21 - - [24/Sep/2011:23:27:14 -0700] "GET / HTTP/1.1" 200 151 "-" "Mozilla/5.0 (compatible; Purebot/1.1; +http://www.puritysearch.net/)"
220.181.108.94 - - [25/Sep/2011:01:23:16 -0700] "GET /robots.txt HTTP/1.1" 302 380 "-" "Baiduspider+(+http://www.baidu.com/search/spider.htm)"
212.113.35.162 - - [25/Sep/2011:14:11:40 -0700] "GET /robots.txt HTTP/1.1" 302 380 "-" "Mozilla/5.0 (compatible; AhrefsBot/1.0; +http://ahrefs.com/robot/)"
220.181.108.146 - - [25/Sep/2011:14:21:01 -0700] "GET / HTTP/1.1" 200 151 "-" "Mozilla/5.0 (compatible; Baiduspider/2.0; +http://www.baidu.com/search/spider.html)"
198.145.116.13 - - [25/Sep/2011:17:43:17 -0700] "GET / HTTP/1.0" 200 151 "-" "Mozilla/4.0 (compatible; MSIE 6.0; Windows NT 5.0)"
69.28.58.16 - - [26/Sep/2011:02:58:36 -0700] "GET /robots.txt HTTP/1.0" 302 380 "http://browserbomb.com/robots.txt" "HuaweiSymantecSpider/1.0+DSE-support@huaweisymantec.com+(compatible; MSIE 7.0; Windows NT 5.1; Trident/4.0; .NET CLR 2.0.50727; .NET CLR 3.0.4506.2152; .NET CLR ; http://www.huaweisymantec.com/en/IRL/spider)"
174.129.59.87 - - [26/Sep/2011:14:23:59 -0700] "GET / HTTP/1.0" 200 151 "-" "Mozilla/5.0 (compatible; NetcraftSurveyAgent/1.0; +info@netcraft.com)"
82.67.177.178 - - [26/Sep/2011:14:42:34 -0700] "GET / HTTP/1.0" 200 151 "-" "Mozilla/5.0 (X11; U; Linux i686; en-US; rv:1.8.1.11) Gecko/20061201 Firefox/2.0.0.11 (Ubuntu-feisty)"
220.181.108.154 - - [26/Sep/2011:15:27:50 -0700] "GET / HTTP/1.1" 200 151 "-" "Mozilla/5.0 (compatible; Baiduspider/2.0; +http://www.baidu.com/search/spider.html)"
95.108.245.251 - - [26/Sep/2011:19:14:00 -0700] "GET /robots.txt HTTP/1.1" 302 380 "-" "Mozilla/5.0 (compatible; YandexBot/3.0; +http://yandex.com/bots)"
88.190.13.201 - - [27/Sep/2011:08:02:46 -0700] "GET /robots.txt HTTP/1.0" 302 380 "-" "Mozilla/5.0 (compatible; MJ12bot/v1.4.0; http://www.majestic12.co.uk/bot.php?+)"
88.190.13.201 - - [27/Sep/2011:08:02:49 -0700] "GET / HTTP/1.1" 200 151 "-" "Mozilla/5.0 (compatible; MJ12bot/v1.4.0; http://www.majestic12.co.uk/bot.php?+)"
