93.158.148.31 - - [11/Mar/2011:15:21:39 -0800] "GET / HTTP/1.1" 200 151 "-" "Mozilla/5.0 (compatible; YandexBot/3.0; +http://yandex.com/bots)"
123.125.71.105 - - [12/Mar/2011:07:15:42 -0800] "GET / HTTP/1.1" 200 151 "-" "Baiduspider+(+http://www.baidu.com/search/spider.htm)"
93.158.148.31 - - [12/Mar/2011:13:14:13 -0800] "GET /robots.txt HTTP/1.1" 302 350 "-" "Mozilla/5.0 (compatible; YandexBot/3.0; +http://yandex.com/bots)"
87.106.3.73 - - [12/Mar/2011:18:35:46 -0800] "GET / HTTP/1.1" 200 151 "-" "Mozilla/4.0 (compatible; MSIE 5.5; Windows NT)"
174.129.117.237 - - [12/Mar/2011:23:48:56 -0800] "HEAD / HTTP/1.1" 200 - "-" "Mozilla/5.0 (Windows; U; Windows NT 5.1; en-US) AppleWebKit/525.13 (KHTML, like Gecko) Chrome/0.A.B.C Safari/525.13"
93.158.148.31 - - [13/Mar/2011:03:26:29 -0700] "GET / HTTP/1.1" 200 151 "-" "Mozilla/5.0 (compatible; YandexBot/3.0; +http://yandex.com/bots)"
69.28.58.41 - - [14/Mar/2011:08:33:39 -0700] "GET /robots.txt HTTP/1.0" 302 350 "http://browserbomb.com/robots.txt" "Mozilla/4.0 (compatible; MSIE 8.0; Windows NT 5.1; SV1; .NET CLR 2.0.50727)"
69.28.58.41 - - [14/Mar/2011:08:33:39 -0700] "GET / HTTP/1.0" 200 151 "http://browserbomb.com/" "Mozilla/4.0 (compatible; MSIE 8.0; Windows NT 5.1; SV1; .NET CLR 2.0.50727)"
66.249.68.144 - - [14/Mar/2011:10:12:25 -0700] "GET /robots.txt HTTP/1.1" 302 350 "-" "Mozilla/5.0 (compatible; Googlebot/2.1; +http://www.google.com/bot.html)"
66.249.68.144 - - [14/Mar/2011:10:12:25 -0700] "GET / HTTP/1.1" 200 151 "-" "Mozilla/5.0 (compatible; Googlebot/2.1; +http://www.google.com/bot.html)"
69.28.58.42 - - [14/Mar/2011:14:01:37 -0700] "GET /robots.txt HTTP/1.0" 302 350 "http://browserbomb.com/robots.txt" "Mozilla/4.0 (compatible; MSIE 8.0; Windows NT 5.1; SV1; .NET CLR 2.0.50727)"
69.28.58.42 - - [14/Mar/2011:14:01:46 -0700] "GET / HTTP/1.0" 200 151 "http://browserbomb.com/" "Mozilla/4.0 (compatible; MSIE 8.0; Windows NT 5.1; SV1; .NET CLR 2.0.50727)"
208.115.111.249 - - [14/Mar/2011:18:54:32 -0700] "GET /robots.txt HTTP/1.1" 302 350 "-" "Mozilla/5.0 (compatible; DotBot/1.1; http://www.dotnetdotcom.org/, crawler@dotnetdotcom.org)"
66.249.68.144 - - [15/Mar/2011:15:17:11 -0700] "GET /robots.txt HTTP/1.1" 302 350 "-" "SAMSUNG-SGH-E250/1.0 Profile/MIDP-2.0 Configuration/CLDC-1.1 UP.Browser/6.2.3.3.c.1.101 (GUI) MMP/2.0 (compatible; Googlebot-Mobile/2.1; +http://www.google.com/bot.html)"
66.249.68.144 - - [15/Mar/2011:15:17:11 -0700] "GET / HTTP/1.1" 200 151 "-" "SAMSUNG-SGH-E250/1.0 Profile/MIDP-2.0 Configuration/CLDC-1.1 UP.Browser/6.2.3.3.c.1.101 (GUI) MMP/2.0 (compatible; Googlebot-Mobile/2.1; +http://www.google.com/bot.html)"
66.249.68.144 - - [15/Mar/2011:15:22:27 -0700] "GET / HTTP/1.1" 200 151 "-" "DoCoMo/2.0 N905i(c100;TB;W24H16) (compatible; Googlebot-Mobile/2.1; +http://www.google.com/bot.html)"
66.219.58.39 - - [15/Mar/2011:21:30:28 -0700] "GET /robots.txt HTTP/1.1" 302 350 "-" "MLBot (www.metadatalabs.com/mlbot)"
66.219.58.39 - - [15/Mar/2011:21:30:30 -0700] "GET / HTTP/1.1" 200 151 "-" "MLBot (www.metadatalabs.com/mlbot)"
174.129.117.237 - - [16/Mar/2011:06:45:29 -0700] "HEAD / HTTP/1.1" 200 - "-" "Mozilla/5.0 (Windows; U; Windows NT 5.1; en-US) AppleWebKit/525.13 (KHTML, like Gecko) Chrome/0.A.B.C Safari/525.13"
208.92.232.32 - - [16/Mar/2011:18:35:54 -0700] "GET /robots.txt HTTP/1.0" 302 350 "-" "Mozilla/5.0 (compatible; MJ12bot/v1.3.3; http://www.majestic12.co.uk/bot.php?+)"
208.92.232.32 - - [16/Mar/2011:18:35:55 -0700] "GET / HTTP/1.0" 200 151 "-" "Mozilla/5.0 (compatible; MJ12bot/v1.3.3; http://www.majestic12.co.uk/bot.php?+)"
204.236.235.245 - - [16/Mar/2011:20:22:24 -0700] "GET /robots.txt HTTP/1.0" 302 350 "-" "ia_archiver (+http://www.alexa.com/site/help/webmasters; crawler@alexa.com)"
204.236.235.245 - - [16/Mar/2011:20:22:24 -0700] "GET / HTTP/1.0" 200 151 "-" "ia_archiver (+http://www.alexa.com/site/help/webmasters; crawler@alexa.com)"
95.108.151.244 - - [18/Mar/2011:04:44:44 -0700] "GET /robots.txt HTTP/1.1" 302 350 "-" "Mozilla/5.0 (compatible; YandexBot/3.0; MirrorDetector; +http://yandex.com/bots)"
95.108.151.244 - - [18/Mar/2011:04:44:44 -0700] "GET / HTTP/1.1" 200 151 "-" "Mozilla/5.0 (compatible; YandexBot/3.0; MirrorDetector; +http://yandex.com/bots)"
95.108.151.244 - - [18/Mar/2011:04:44:45 -0700] "GET / HTTP/1.1" 200 151 "-" "Mozilla/5.0 (compatible; YandexBot/3.0; MirrorDetector; +http://yandex.com/bots)"
64.202.161.41 - - [18/Mar/2011:06:53:16 -0700] "GET / HTTP/1.1" 200 151 "-" "Mozilla/5.0 (Windows; U; Windows NT 5.1; en-US; rv:1.9.1.8) Gecko/20100202 Firefox/3.5.8 ( .NET CLR 3.5.30729)"
64.202.161.41 - - [18/Mar/2011:06:53:33 -0700] "GET / HTTP/1.1" 200 151 "-" "Mozilla/5.0 (Windows; U; Windows NT 5.1; en-US; rv:1.9.1.8) Gecko/20100202 Firefox/3.5.8 ( .NET CLR 3.5.30729)"
69.28.58.15 - - [18/Mar/2011:21:44:32 -0700] "GET /robots.txt HTTP/1.0" 302 350 "http://browserbomb.com/robots.txt" "Mozilla/4.0 (compatible; MSIE 8.0; Windows NT 5.1; SV1; .NET CLR 2.0.50727)"
69.28.58.15 - - [18/Mar/2011:21:44:38 -0700] "GET / HTTP/1.0" 200 151 "http://browserbomb.com/" "Mozilla/4.0 (compatible; MSIE 8.0; Windows NT 5.1; SV1; .NET CLR 2.0.50727)"
66.219.58.44 - - [19/Mar/2011:10:31:31 -0700] "GET /robots.txt HTTP/1.1" 302 350 "-" "MLBot (www.metadatalabs.com/mlbot)"
66.219.58.44 - - [19/Mar/2011:10:31:42 -0700] "GET / HTTP/1.1" 200 151 "-" "MLBot (www.metadatalabs.com/mlbot)"
174.129.117.237 - - [19/Mar/2011:12:46:56 -0700] "HEAD / HTTP/1.1" 200 - "-" "Mozilla/5.0 (Windows; U; Windows NT 5.1; en-US) AppleWebKit/525.13 (KHTML, like Gecko) Chrome/0.A.B.C Safari/525.13"
93.158.148.31 - - [20/Mar/2011:01:32:04 -0700] "GET /robots.txt HTTP/1.1" 302 350 "-" "Mozilla/5.0 (compatible; YandexBot/3.0; +http://yandex.com/bots)"
62.249.175.3 - - [20/Mar/2011:06:14:05 -0700] "GET /robots.txt HTTP/1.0" 302 350 "-" "Mozilla/5.0 (compatible; MJ12bot/v1.3.3; http://www.majestic12.co.uk/bot.php?+)"
62.249.175.3 - - [20/Mar/2011:06:14:06 -0700] "GET / HTTP/1.0" 200 151 "-" "Mozilla/5.0 (compatible; MJ12bot/v1.3.3; http://www.majestic12.co.uk/bot.php?+)"
93.158.148.31 - - [20/Mar/2011:08:09:27 -0700] "GET / HTTP/1.1" 200 151 "-" "Mozilla/5.0 (compatible; YandexBot/3.0; +http://yandex.com/bots)"
212.113.35.162 - - [20/Mar/2011:13:29:36 -0700] "GET /robots.txt HTTP/1.1" 302 350 "-" "Mozilla/5.0 (compatible; SiteBot/0.1; +http://www.sitebot.org/robot/)"
212.113.35.162 - - [20/Mar/2011:13:29:37 -0700] "GET / HTTP/1.1" 200 151 "-" "Mozilla/5.0 (compatible; SiteBot/0.1; +http://www.sitebot.org/robot/)"
68.5.187.72 - - [21/Mar/2011:21:31:29 -0700] "GET / HTTP/1.1" 200 151 "http://www.google.com/url?sa=t&source=web&cd=5&sqi=2&ved=0CDcQFjAE&url=http%3A%2F%2Fbrowserbomb.com%2F&rct=j&q=browser%20bomb&ei=BTOITaWfGcW50QHOp7DzDQ&usg=AFQjCNFCM_Cpfz4uZAD-lvDIvfuglsbjsA" "Mozilla/5.0 (Windows NT 6.1; WOW64) AppleWebKit/534.24 (KHTML, like Gecko) Chrome/11.0.696.16 Safari/534.24"
68.5.187.72 - - [21/Mar/2011:21:31:29 -0700] "GET /favicon.ico HTTP/1.1" 200 430 "-" "Mozilla/5.0 (Windows NT 6.1; WOW64) AppleWebKit/534.24 (KHTML, like Gecko) Chrome/11.0.696.16 Safari/534.24"
124.120.195.159 - - [22/Mar/2011:14:21:21 -0700] "GET / HTTP/1.1" 200 151 "-" "Mozilla/4.0 (compatible; MSIE 5.0; Windows NT; DigExt; DTS Agent"
174.129.117.237 - - [22/Mar/2011:18:26:47 -0700] "HEAD / HTTP/1.1" 200 - "-" "Mozilla/5.0 (Windows; U; Windows NT 5.1; en-US) AppleWebKit/525.13 (KHTML, like Gecko) Chrome/0.A.B.C Safari/525.13"
46.4.145.242 - - [23/Mar/2011:02:08:43 -0700] "GET /wp-login.php HTTP/1.0" 302 350 "-" "-"
69.28.58.42 - - [23/Mar/2011:13:02:19 -0700] "GET /robots.txt HTTP/1.0" 302 350 "http://browserbomb.com/robots.txt" "Mozilla/4.0 (compatible; MSIE 8.0; Windows NT 5.1; SV1; .NET CLR 2.0.50727)"
69.28.58.42 - - [23/Mar/2011:13:02:27 -0700] "GET / HTTP/1.0" 200 151 "http://browserbomb.com/" "Mozilla/4.0 (compatible; MSIE 8.0; Windows NT 5.1; SV1; .NET CLR 2.0.50727)"
173.242.125.191 - - [23/Mar/2011:15:13:21 -0700] "GET /robots.txt HTTP/1.0" 302 350 "-" "Mozilla/5.0 (compatible; MJ12bot/v1.3.3; http://www.majestic12.co.uk/bot.php?+)"
173.242.125.191 - - [23/Mar/2011:15:13:22 -0700] "GET / HTTP/1.0" 200 151 "-" "Mozilla/5.0 (compatible; MJ12bot/v1.3.3; http://www.majestic12.co.uk/bot.php?+)"
50.16.164.35 - - [23/Mar/2011:18:17:33 -0700] "HEAD / HTTP/1.1" 200 - "http://www.netcraft.com/survey/" "Mozilla/4.0 (compatible; Netcraft Web Server Survey)"
79.74.84.165 - - [24/Mar/2011:12:37:09 -0700] "GET / HTTP/1.1" 200 151 "http://www.google.co.uk/url?sa=t&source=web&cd=3&ved=0CCYQFjAC&url=http%3A%2F%2Fbrowserbomb.com%2F&rct=j&q=browser%20bomb%20url&ei=SqqLTe-WMIPJhAeIttSoDg&usg=AFQjCNFCM_Cpfz4uZAD-lvDIvfuglsbjsA" "Mozilla/5.0 (Macintosh; U; Intel Mac OS X 10_5_8; en-US) AppleWebKit/534.16 (KHTML, like Gecko) Chrome/10.0.648.151 Safari/534.16"
79.74.84.165 - - [24/Mar/2011:12:37:10 -0700] "GET /favicon.ico HTTP/1.1" 200 430 "-" "Mozilla/5.0 (Macintosh; U; Intel Mac OS X 10_5_8; en-US) AppleWebKit/534.16 (KHTML, like Gecko) Chrome/10.0.648.151 Safari/534.16"
66.249.72.84 - - [24/Mar/2011:18:17:23 -0700] "GET /robots.txt HTTP/1.1" 302 350 "-" "Mozilla/5.0 (compatible; Googlebot/2.1; +http://www.google.com/bot.html)"
66.249.72.84 - - [24/Mar/2011:18:17:24 -0700] "GET / HTTP/1.1" 200 151 "-" "Mozilla/5.0 (compatible; Googlebot/2.1; +http://www.google.com/bot.html)"
66.249.72.84 - - [25/Mar/2011:03:29:02 -0700] "GET /robots.txt HTTP/1.1" 302 350 "-" "Mozilla/5.0 (compatible; Googlebot/2.1; +http://www.google.com/bot.html)"
66.249.72.84 - - [25/Mar/2011:03:29:03 -0700] "GET /index.php/photos/album/1/photo/1.html HTTP/1.1" 200 151 "-" "Mozilla/5.0 (compatible; Googlebot/2.1; +http://www.google.com/bot.html)"
66.219.58.39 - - [25/Mar/2011:10:15:04 -0700] "GET /robots.txt HTTP/1.1" 302 350 "-" "MLBot (www.metadatalabs.com/mlbot)"
66.219.58.39 - - [25/Mar/2011:10:15:06 -0700] "GET / HTTP/1.1" 200 151 "-" "MLBot (www.metadatalabs.com/mlbot)"
93.158.148.31 - - [25/Mar/2011:15:23:34 -0700] "GET /robots.txt HTTP/1.1" 302 350 "-" "Mozilla/5.0 (compatible; YandexBot/3.0; +http://yandex.com/bots)"
93.158.148.31 - - [25/Mar/2011:20:09:18 -0700] "GET / HTTP/1.1" 200 151 "-" "Mozilla/5.0 (compatible; YandexBot/3.0; +http://yandex.com/bots)"
174.129.117.237 - - [26/Mar/2011:01:47:56 -0700] "HEAD / HTTP/1.1" 200 - "-" "Mozilla/5.0 (Windows; U; Windows NT 5.1; en-US) AppleWebKit/525.13 (KHTML, like Gecko) Chrome/0.A.B.C Safari/525.13"
80.192.123.114 - - [26/Mar/2011:17:40:21 -0700] "GET /robots.txt HTTP/1.0" 302 350 "-" "Mozilla/5.0 (compatible; MJ12bot/v1.3.3; http://www.majestic12.co.uk/bot.php?+)"
80.192.123.114 - - [26/Mar/2011:17:40:22 -0700] "GET / HTTP/1.1" 200 151 "-" "Mozilla/5.0 (compatible; MJ12bot/v1.3.3; http://www.majestic12.co.uk/bot.php?+)"
69.28.58.29 - - [27/Mar/2011:06:06:19 -0700] "GET /robots.txt HTTP/1.0" 302 350 "-" "Mozilla/4.0 (compatible; MSIE 6.0; Windows NT 5.0) (larbin2.6.3@unspecified.mail)"
69.28.58.29 - - [27/Mar/2011:06:06:19 -0700] "GET / HTTP/1.0" 200 151 "-" "Mozilla/4.0 (compatible; MSIE 6.0; Windows NT 5.0) larbin2.6.3@unspecified.mail"
66.249.72.84 - - [27/Mar/2011:17:31:15 -0700] "GET /robots.txt HTTP/1.1" 302 350 "-" "Mozilla/5.0 (compatible; Googlebot/2.1; +http://www.google.com/bot.html)"
66.249.72.84 - - [27/Mar/2011:17:31:15 -0700] "GET /index.php/photos/album/1/photo/1.html HTTP/1.1" 200 151 "-" "Mozilla/5.0 (compatible; Googlebot/2.1; +http://www.google.com/bot.html)"
174.129.132.231 - - [28/Mar/2011:11:12:47 -0700] "GET / HTTP/1.0" 200 151 "-" "Mozilla/5.0 (compatible; NetcraftSurveyAgent/1.0; +info@netcraft.com)"
188.138.113.145 - - [28/Mar/2011:19:48:45 -0700] "GET / HTTP/1.1" 200 151 "" "Mozilla/5.0 (Windows; U; Windows NT 6.0; en; rv:1.9.0.8) Gecko/2009032609 Firefox/3.0.8 (.NET CLR 3.5.30729)"
174.129.117.216 - - [29/Mar/2011:01:20:12 -0700] "GET / HTTP/1.1" 200 151 "-" "Mozilla/5.0 (X11; U; Linux i686; pl-PL; rv:1.9.0.2) Gecko/20121223 Ubuntu/9.25 (jaunty) Firefox/3.8"
69.28.58.41 - - [29/Mar/2011:04:28:42 -0700] "GET /robots.txt HTTP/1.0" 302 350 "http://browserbomb.com/robots.txt" "Mozilla/4.0 (compatible; MSIE 8.0; Windows NT 5.1; SV1; .NET CLR 2.0.50727)"
69.28.58.41 - - [29/Mar/2011:04:28:47 -0700] "GET / HTTP/1.0" 200 151 "http://browserbomb.com/" "Mozilla/4.0 (compatible; MSIE 8.0; Windows NT 5.1; SV1; .NET CLR 2.0.50727)"
174.129.117.237 - - [29/Mar/2011:07:09:42 -0700] "HEAD / HTTP/1.1" 200 - "-" "Mozilla/5.0 (Windows; U; Windows NT 5.1; en-US) AppleWebKit/525.13 (KHTML, like Gecko) Chrome/0.A.B.C Safari/525.13"
173.242.125.196 - - [29/Mar/2011:19:35:02 -0700] "GET /robots.txt HTTP/1.0" 302 350 "-" "Mozilla/5.0 (compatible; MJ12bot/v1.3.3; http://www.majestic12.co.uk/bot.php?+)"
173.242.125.196 - - [29/Mar/2011:19:35:03 -0700] "GET / HTTP/1.0" 200 151 "-" "Mozilla/5.0 (compatible; MJ12bot/v1.3.3; http://www.majestic12.co.uk/bot.php?+)"
66.249.72.203 - - [30/Mar/2011:08:56:54 -0700] "GET /robots.txt HTTP/1.1" 302 350 "-" "Mozilla/5.0 (compatible; Googlebot/2.1; +http://www.google.com/bot.html)"
66.249.72.203 - - [30/Mar/2011:08:56:54 -0700] "GET /index.php/photos/album/1/photo/1.html HTTP/1.1" 200 151 "-" "Mozilla/5.0 (compatible; Googlebot/2.1; +http://www.google.com/bot.html)"
69.28.58.41 - - [30/Mar/2011:14:13:54 -0700] "GET /robots.txt HTTP/1.0" 302 350 "http://browserbomb.com/robots.txt" "Mozilla/4.0 (compatible; MSIE 8.0; Windows NT 5.1; SV1; .NET CLR 2.0.50727)"
69.28.58.41 - - [30/Mar/2011:14:13:55 -0700] "GET / HTTP/1.0" 200 151 "http://browserbomb.com/" "Mozilla/4.0 (compatible; MSIE 8.0; Windows NT 5.1; SV1; .NET CLR 2.0.50727)"
208.115.111.72 - - [31/Mar/2011:02:41:32 -0700] "GET /robots.txt HTTP/1.1" 302 350 "-" "Mozilla/5.0 (compatible; Ezooms/1.0; ezooms.bot@gmail.com)"
173.242.125.191 - - [31/Mar/2011:09:40:58 -0700] "GET /robots.txt HTTP/1.0" 302 350 "-" "Mozilla/5.0 (compatible; MJ12bot/v1.3.3; http://www.majestic12.co.uk/bot.php?+)"
173.242.125.191 - - [31/Mar/2011:09:41:02 -0700] "GET /robots.txt HTTP/1.0" 302 350 "-" "Mozilla/5.0 (compatible; MJ12bot/v1.3.3; http://www.majestic12.co.uk/bot.php?+)"
93.158.148.31 - - [31/Mar/2011:10:27:10 -0700] "GET /robots.txt HTTP/1.1" 302 350 "-" "Mozilla/5.0 (compatible; YandexBot/3.0; +http://yandex.com/bots)"
93.158.148.31 - - [31/Mar/2011:10:54:48 -0700] "GET / HTTP/1.1" 200 151 "-" "Mozilla/5.0 (compatible; YandexBot/3.0; +http://yandex.com/bots)"
212.113.35.162 - - [01/Apr/2011:00:09:37 -0700] "GET /robots.txt HTTP/1.1" 302 350 "-" "Mozilla/5.0 (compatible; SiteBot/0.1; +http://www.sitebot.org/robot/)"
212.113.35.162 - - [01/Apr/2011:00:09:37 -0700] "GET / HTTP/1.1" 200 151 "-" "Mozilla/5.0 (compatible; SiteBot/0.1; +http://www.sitebot.org/robot/)"
93.158.148.31 - - [01/Apr/2011:07:41:52 -0700] "GET / HTTP/1.1" 200 151 "-" "Mozilla/5.0 (compatible; YandexBot/3.0; +http://yandex.com/bots)"
174.129.117.237 - - [01/Apr/2011:19:42:02 -0700] "HEAD / HTTP/1.1" 200 - "-" "Mozilla/5.0 (Windows; U; Windows NT 5.1; en-US) AppleWebKit/525.13 (KHTML, like Gecko) Chrome/0.A.B.C Safari/525.13"
66.177.177.208 - - [01/Apr/2011:21:17:09 -0700] "GET /robots.txt HTTP/1.0" 302 350 "-" "Mozilla/5.0 (compatible; MJ12bot/v1.3.3; http://www.majestic12.co.uk/bot.php?+)"
66.177.177.208 - - [01/Apr/2011:21:17:10 -0700] "GET / HTTP/1.0" 200 151 "-" "Mozilla/5.0 (compatible; MJ12bot/v1.3.3; http://www.majestic12.co.uk/bot.php?+)"
87.106.135.77 - - [02/Apr/2011:21:50:58 -0700] "GET / HTTP/1.1" 200 151 "-" "Mozilla/4.0 (compatible; MSIE 5.5; Windows NT)"
66.249.72.203 - - [02/Apr/2011:21:56:47 -0700] "GET /robots.txt HTTP/1.1" 302 350 "-" "Mozilla/5.0 (compatible; Googlebot/2.1; +http://www.google.com/bot.html)"
66.249.72.203 - - [02/Apr/2011:21:56:48 -0700] "GET /index.php/photos/album/1/photo/1.html HTTP/1.1" 200 151 "-" "Mozilla/5.0 (compatible; Googlebot/2.1; +http://www.google.com/bot.html)"
66.249.72.203 - - [03/Apr/2011:17:08:34 -0700] "GET /robots.txt HTTP/1.1" 302 350 "-" "DoCoMo/2.0 N905i(c100;TB;W24H16) (compatible; Googlebot-Mobile/2.1; +http://www.google.com/bot.html)"
66.249.72.203 - - [03/Apr/2011:17:08:34 -0700] "GET / HTTP/1.1" 200 151 "-" "DoCoMo/2.0 N905i(c100;TB;W24H16) (compatible; Googlebot-Mobile/2.1; +http://www.google.com/bot.html)"
66.249.72.203 - - [03/Apr/2011:17:20:59 -0700] "GET / HTTP/1.1" 200 151 "-" "SAMSUNG-SGH-E250/1.0 Profile/MIDP-2.0 Configuration/CLDC-1.1 UP.Browser/6.2.3.3.c.1.101 (GUI) MMP/2.0 (compatible; Googlebot-Mobile/2.1; +http://www.google.com/bot.html)"
82.128.62.88 - - [03/Apr/2011:17:42:05 -0700] "GET / HTTP/1.1" 200 151 "-" "Mozilla/4.0 (compatible; MSIE 5.0; Windows NT; DigExt; DTS Agent"
218.213.130.158 - - [04/Apr/2011:07:05:40 -0700] "GET /robots.txt HTTP/1.1" 302 350 "-" "ichiro/4.0 (http://help.goo.ne.jp/door/crawler.html)"
212.113.35.162 - - [04/Apr/2011:21:18:43 -0700] "GET /robots.txt HTTP/1.1" 302 350 "-" "Mozilla/5.0 (compatible; SiteBot/0.1; +http://www.sitebot.org/robot/)"
212.113.35.162 - - [04/Apr/2011:21:18:44 -0700] "GET / HTTP/1.1" 200 151 "-" "Mozilla/5.0 (compatible; SiteBot/0.1; +http://www.sitebot.org/robot/)"
66.249.72.203 - - [04/Apr/2011:23:10:52 -0700] "GET /robots.txt HTTP/1.1" 302 350 "-" "Mozilla/5.0 (compatible; Googlebot/2.1; +http://www.google.com/bot.html)"
66.249.72.203 - - [04/Apr/2011:23:10:53 -0700] "GET / HTTP/1.1" 200 151 "-" "Mozilla/5.0 (compatible; Googlebot/2.1; +http://www.google.com/bot.html)"
174.129.117.237 - - [05/Apr/2011:05:31:16 -0700] "HEAD / HTTP/1.1" 200 - "-" "Mozilla/5.0 (Windows; U; Windows NT 5.1; en-US) AppleWebKit/525.13 (KHTML, like Gecko) Chrome/0.A.B.C Safari/525.13"
94.27.87.214 - - [05/Apr/2011:09:32:30 -0700] "GET /robots.txt HTTP/1.0" 302 350 "-" "Mozilla/5.0 (compatible; MJ12bot/v1.3.3; http://www.majestic12.co.uk/bot.php?+)"
94.27.87.214 - - [05/Apr/2011:09:32:31 -0700] "GET / HTTP/1.1" 200 151 "-" "Mozilla/5.0 (compatible; MJ12bot/v1.3.3; http://www.majestic12.co.uk/bot.php?+)"
98.219.90.142 - - [05/Apr/2011:16:25:38 -0700] "GET / HTTP/1.1" 200 151 "http://www.google.com/search?aq=f&sourceid=chrome&ie=UTF-8&q=browser+bomb" "Mozilla/5.0 (Windows; U; Windows NT 6.1; en-US) AppleWebKit/534.16 (KHTML, like Gecko) Chrome/10.0.648.204 Safari/534.16"
98.219.90.142 - - [05/Apr/2011:16:25:38 -0700] "GET /favicon.ico HTTP/1.1" 200 430 "-" "Mozilla/5.0 (Windows; U; Windows NT 6.1; en-US) AppleWebKit/534.16 (KHTML, like Gecko) Chrome/10.0.648.204 Safari/534.16"
93.158.148.31 - - [05/Apr/2011:19:21:18 -0700] "GET /robots.txt HTTP/1.1" 302 350 "-" "Mozilla/5.0 (compatible; YandexBot/3.0; +http://yandex.com/bots)"
66.249.72.203 - - [06/Apr/2011:00:15:26 -0700] "GET /robots.txt HTTP/1.1" 302 350 "-" "Mozilla/5.0 (compatible; Googlebot/2.1; +http://www.google.com/bot.html)"
66.249.72.203 - - [06/Apr/2011:00:15:26 -0700] "GET / HTTP/1.1" 200 151 "-" "Mozilla/5.0 (compatible; Googlebot/2.1; +http://www.google.com/bot.html)"
108.0.177.241 - - [06/Apr/2011:06:25:11 -0700] "GET /robots.txt HTTP/1.0" 302 350 "-" "Gimmie60/5.0 (Windows; U; Windows NT 5.1; en-US; rv:1.9.1.11)"
108.0.177.241 - - [06/Apr/2011:06:25:11 -0700] "GET / HTTP/1.0" 200 151 "-" "Gimmie60/5.0 (Windows; U; Windows NT 5.1; en-US; rv:1.9.1.11)"
93.158.148.31 - - [06/Apr/2011:13:49:52 -0700] "GET / HTTP/1.1" 200 151 "-" "Mozilla/5.0 (compatible; YandexBot/3.0; +http://yandex.com/bots)"
64.27.5.162 - - [06/Apr/2011:16:57:53 -0700] "GET /index.php/photos/album/1.html HTTP/1.1" 200 151 "-" "Mozilla/4.0 (compatible; MSIE 6.0; Windows NT 5.0)"
93.158.148.31 - - [07/Apr/2011:18:24:15 -0700] "GET /robots.txt HTTP/1.1" 302 350 "-" "Mozilla/5.0 (compatible; YandexBot/3.0; +http://yandex.com/bots)"
69.164.194.238 - - [07/Apr/2011:19:08:11 -0700] "GET / HTTP/1.0" 200 151 "http://home.myspace.com/index.cfm?fuseaction=home" "Mozilla/5.0 (Windows; U; Windows NT 6.0; en-US; rv:1.8.1.7) Gecko/20070914 Firefox/2.0.0.7"
66.249.72.133 - - [07/Apr/2011:21:26:28 -0700] "GET /robots.txt HTTP/1.1" 302 350 "-" "Mozilla/5.0 (compatible; Googlebot/2.1; +http://www.google.com/bot.html)"
66.249.72.133 - - [07/Apr/2011:21:26:28 -0700] "GET / HTTP/1.1" 200 151 "-" "Mozilla/5.0 (compatible; Googlebot/2.1; +http://www.google.com/bot.html)"
93.158.148.31 - - [08/Apr/2011:03:34:21 -0700] "GET / HTTP/1.1" 200 151 "-" "Mozilla/5.0 (compatible; YandexBot/3.0; +http://yandex.com/bots)"
193.47.80.38 - - [08/Apr/2011:09:29:56 -0700] "GET /robots.txt HTTP/1.1" 302 350 "-" "Mozilla/5.0 (compatible; Exabot/3.0; +http://www.exabot.com/go/robot)"
193.47.80.38 - - [08/Apr/2011:09:29:57 -0700] "GET / HTTP/1.1" 200 151 "-" "Mozilla/5.0 (compatible; Exabot/3.0; +http://www.exabot.com/go/robot)"
174.129.117.237 - - [08/Apr/2011:11:50:00 -0700] "HEAD / HTTP/1.1" 200 - "-" "Mozilla/5.0 (Windows; U; Windows NT 5.1; en-US) AppleWebKit/525.13 (KHTML, like Gecko) Chrome/0.A.B.C Safari/525.13"
84.234.232.131 - - [09/Apr/2011:03:16:42 -0700] "GET /robots.txt HTTP/1.0" 302 350 "-" "Mozilla/5.0 (compatible; MJ12bot/v1.3.3; http://www.majestic12.co.uk/bot.php?+)"
84.234.232.131 - - [09/Apr/2011:03:16:43 -0700] "GET / HTTP/1.1" 200 151 "-" "Mozilla/5.0 (compatible; MJ12bot/v1.3.3; http://www.majestic12.co.uk/bot.php?+)"
70.59.126.252 - - [09/Apr/2011:05:35:57 -0700] "GET / HTTP/1.0" 200 151 "-" "Mozilla/5.0 (Windows; U; Windows NT 5.1; en-US; rv:1.9.2.16) Gecko/20110319 Firefox/3.6.16"
70.59.126.252 - - [09/Apr/2011:05:35:57 -0700] "GET / HTTP/1.1" 200 151 "-" "-"
218.213.130.201 - - [10/Apr/2011:08:52:34 -0700] "GET /robots.txt HTTP/1.1" 302 350 "-" "ichiro/4.0 (http://help.goo.ne.jp/door/crawler.html)"
87.106.135.77 - - [10/Apr/2011:19:42:02 -0700] "GET / HTTP/1.1" 200 151 "-" "Mozilla/4.0 (compatible; MSIE 5.5; Windows NT)"
69.28.58.43 - - [10/Apr/2011:21:56:53 -0700] "GET /robots.txt HTTP/1.0" 302 350 "http://browserbomb.com/robots.txt" "Mozilla/4.0 (compatible; MSIE 8.0; Windows NT 5.1; SV1; .NET CLR 2.0.50727)"
69.28.58.43 - - [10/Apr/2011:21:56:53 -0700] "GET / HTTP/1.0" 200 151 "http://browserbomb.com/" "Mozilla/4.0 (compatible; MSIE 8.0; Windows NT 5.1; SV1; .NET CLR 2.0.50727)"
92.241.245.126 - - [11/Apr/2011:00:36:39 -0700] "GET / HTTP/1.1" 200 151 "-" "Mozilla/5.0 (Windows; U; Windows NT 5.1; ru-RU; rv:1.8.1.1)Gecko/20061204 Firefox/2.0.0.1"
207.46.199.38 - - [11/Apr/2011:14:54:12 -0700] "GET /robots.txt HTTP/1.1" 302 350 "-" "Mozilla/5.0 (compatible; bingbot/2.0; +http://www.bing.com/bingbot.htm)"
207.46.199.38 - - [11/Apr/2011:15:23:25 -0700] "GET /robots.txt HTTP/1.1" 302 350 "-" "Mozilla/5.0 (compatible; bingbot/2.0; +http://www.bing.com/bingbot.htm)"
207.46.199.38 - - [11/Apr/2011:15:53:06 -0700] "GET /robots.txt HTTP/1.1" 302 350 "-" "Mozilla/5.0 (compatible; bingbot/2.0; +http://www.bing.com/bingbot.htm)"
207.46.199.38 - - [11/Apr/2011:16:26:06 -0700] "GET /robots.txt HTTP/1.1" 302 350 "-" "Mozilla/5.0 (compatible; bingbot/2.0; +http://www.bing.com/bingbot.htm)"
207.46.199.38 - - [11/Apr/2011:16:57:54 -0700] "GET /robots.txt HTTP/1.1" 302 350 "-" "Mozilla/5.0 (compatible; bingbot/2.0; +http://www.bing.com/bingbot.htm)"
207.46.199.38 - - [11/Apr/2011:17:32:31 -0700] "GET /robots.txt HTTP/1.1" 302 350 "-" "Mozilla/5.0 (compatible; bingbot/2.0; +http://www.bing.com/bingbot.htm)"
207.46.199.38 - - [11/Apr/2011:18:02:00 -0700] "GET /robots.txt HTTP/1.1" 302 350 "-" "Mozilla/5.0 (compatible; bingbot/2.0; +http://www.bing.com/bingbot.htm)"
82.15.221.121 - - [11/Apr/2011:18:05:50 -0700] "GET / HTTP/1.1" 200 151 "http://www.google.co.uk/url?sa=t&source=web&cd=6&sqi=2&ved=0CEQQFjAF&url=http%3A%2F%2Fbrowserbomb.com%2F&rct=j&q=browser%20bomb&ei=PrKjTfKkNZGwhAfq65jeCQ&usg=AFQjCNFCM_Cpfz4uZAD-lvDIvfuglsbjsA" "Mozilla/5.0 (compatible; MSIE 9.0; Windows NT 6.0; Trident/5.0)"
82.15.221.121 - - [11/Apr/2011:18:05:51 -0700] "GET /favicon.ico HTTP/1.1" 200 430 "-" "Mozilla/5.0 (compatible; MSIE 9.0; Windows NT 6.0; Trident/5.0)"
174.129.117.237 - - [11/Apr/2011:18:07:51 -0700] "HEAD / HTTP/1.1" 200 - "-" "Mozilla/5.0 (Windows; U; Windows NT 5.1; en-US) AppleWebKit/525.13 (KHTML, like Gecko) Chrome/0.A.B.C Safari/525.13"
207.46.199.38 - - [11/Apr/2011:18:35:59 -0700] "GET /robots.txt HTTP/1.1" 302 350 "-" "Mozilla/5.0 (compatible; bingbot/2.0; +http://www.bing.com/bingbot.htm)"
207.46.199.38 - - [11/Apr/2011:19:10:20 -0700] "GET /robots.txt HTTP/1.1" 302 350 "-" "Mozilla/5.0 (compatible; bingbot/2.0; +http://www.bing.com/bingbot.htm)"
207.46.199.38 - - [11/Apr/2011:19:41:30 -0700] "GET /robots.txt HTTP/1.1" 302 350 "-" "Mozilla/5.0 (compatible; bingbot/2.0; +http://www.bing.com/bingbot.htm)"
207.46.199.38 - - [11/Apr/2011:20:15:49 -0700] "GET /robots.txt HTTP/1.1" 302 350 "-" "Mozilla/5.0 (compatible; bingbot/2.0; +http://www.bing.com/bingbot.htm)"
207.46.199.38 - - [11/Apr/2011:20:51:14 -0700] "GET /robots.txt HTTP/1.1" 302 350 "-" "Mozilla/5.0 (compatible; bingbot/2.0; +http://www.bing.com/bingbot.htm)"
207.46.199.38 - - [11/Apr/2011:21:23:32 -0700] "GET /robots.txt HTTP/1.1" 302 350 "-" "Mozilla/5.0 (compatible; bingbot/2.0; +http://www.bing.com/bingbot.htm)"
207.46.199.38 - - [11/Apr/2011:21:55:33 -0700] "GET /robots.txt HTTP/1.1" 302 350 "-" "Mozilla/5.0 (compatible; bingbot/2.0; +http://www.bing.com/bingbot.htm)"
98.193.190.158 - - [11/Apr/2011:22:10:09 -0700] "GET / HTTP/1.1" 200 151 "-" "Mozilla/5.0 (Windows NT 6.1; WOW64; rv:2.0) Gecko/20100101 Firefox/4.0"
98.193.190.158 - - [11/Apr/2011:22:10:09 -0700] "GET /favicon.ico HTTP/1.1" 200 430 "-" "Mozilla/5.0 (Windows NT 6.1; WOW64; rv:2.0) Gecko/20100101 Firefox/4.0"
207.46.199.38 - - [11/Apr/2011:22:22:42 -0700] "GET /robots.txt HTTP/1.1" 302 350 "-" "Mozilla/5.0 (compatible; bingbot/2.0; +http://www.bing.com/bingbot.htm)"
207.46.199.38 - - [11/Apr/2011:22:53:04 -0700] "GET /robots.txt HTTP/1.1" 302 350 "-" "Mozilla/5.0 (compatible; bingbot/2.0; +http://www.bing.com/bingbot.htm)"
207.46.199.38 - - [11/Apr/2011:23:23:47 -0700] "GET /robots.txt HTTP/1.1" 302 350 "-" "Mozilla/5.0 (compatible; bingbot/2.0; +http://www.bing.com/bingbot.htm)"
207.46.199.38 - - [11/Apr/2011:23:51:53 -0700] "GET /robots.txt HTTP/1.1" 302 350 "-" "Mozilla/5.0 (compatible; bingbot/2.0; +http://www.bing.com/bingbot.htm)"
207.46.199.38 - - [12/Apr/2011:00:20:23 -0700] "GET /robots.txt HTTP/1.1" 302 350 "-" "Mozilla/5.0 (compatible; bingbot/2.0; +http://www.bing.com/bingbot.htm)"
207.46.199.38 - - [12/Apr/2011:00:50:44 -0700] "GET /robots.txt HTTP/1.1" 302 350 "-" "Mozilla/5.0 (compatible; bingbot/2.0; +http://www.bing.com/bingbot.htm)"
207.46.199.38 - - [12/Apr/2011:01:16:32 -0700] "GET /robots.txt HTTP/1.1" 302 350 "-" "Mozilla/5.0 (compatible; bingbot/2.0; +http://www.bing.com/bingbot.htm)"
207.46.199.38 - - [12/Apr/2011:01:41:37 -0700] "GET /robots.txt HTTP/1.1" 302 350 "-" "Mozilla/5.0 (compatible; bingbot/2.0; +http://www.bing.com/bingbot.htm)"
207.46.199.38 - - [12/Apr/2011:02:06:44 -0700] "GET /robots.txt HTTP/1.1" 302 350 "-" "Mozilla/5.0 (compatible; bingbot/2.0; +http://www.bing.com/bingbot.htm)"
207.46.199.38 - - [12/Apr/2011:02:36:43 -0700] "GET /robots.txt HTTP/1.1" 302 350 "-" "Mozilla/5.0 (compatible; bingbot/2.0; +http://www.bing.com/bingbot.htm)"
207.46.199.38 - - [12/Apr/2011:03:03:11 -0700] "GET /robots.txt HTTP/1.1" 302 350 "-" "Mozilla/5.0 (compatible; bingbot/2.0; +http://www.bing.com/bingbot.htm)"
207.46.199.38 - - [12/Apr/2011:03:29:57 -0700] "GET /robots.txt HTTP/1.1" 302 350 "-" "Mozilla/5.0 (compatible; bingbot/2.0; +http://www.bing.com/bingbot.htm)"
207.46.199.38 - - [12/Apr/2011:03:56:20 -0700] "GET /robots.txt HTTP/1.1" 302 350 "-" "Mozilla/5.0 (compatible; bingbot/2.0; +http://www.bing.com/bingbot.htm)"
207.46.199.38 - - [12/Apr/2011:04:26:36 -0700] "GET /robots.txt HTTP/1.1" 302 350 "-" "Mozilla/5.0 (compatible; bingbot/2.0; +http://www.bing.com/bingbot.htm)"
207.46.199.38 - - [12/Apr/2011:04:56:38 -0700] "GET /robots.txt HTTP/1.1" 302 350 "-" "Mozilla/5.0 (compatible; bingbot/2.0; +http://www.bing.com/bingbot.htm)"
207.46.199.38 - - [12/Apr/2011:05:22:34 -0700] "GET /robots.txt HTTP/1.1" 302 350 "-" "Mozilla/5.0 (compatible; bingbot/2.0; +http://www.bing.com/bingbot.htm)"
207.46.199.38 - - [12/Apr/2011:05:51:43 -0700] "GET /robots.txt HTTP/1.1" 302 350 "-" "Mozilla/5.0 (compatible; bingbot/2.0; +http://www.bing.com/bingbot.htm)"
207.46.199.38 - - [12/Apr/2011:06:18:12 -0700] "GET /robots.txt HTTP/1.1" 302 350 "-" "Mozilla/5.0 (compatible; bingbot/2.0; +http://www.bing.com/bingbot.htm)"
207.46.199.38 - - [12/Apr/2011:06:44:26 -0700] "GET /robots.txt HTTP/1.1" 302 350 "-" "Mozilla/5.0 (compatible; bingbot/2.0; +http://www.bing.com/bingbot.htm)"
207.46.199.38 - - [12/Apr/2011:07:06:25 -0700] "GET /robots.txt HTTP/1.1" 302 350 "-" "Mozilla/5.0 (compatible; bingbot/2.0; +http://www.bing.com/bingbot.htm)"
207.46.199.38 - - [12/Apr/2011:07:32:37 -0700] "GET /robots.txt HTTP/1.1" 302 350 "-" "Mozilla/5.0 (compatible; bingbot/2.0; +http://www.bing.com/bingbot.htm)"
207.46.199.38 - - [12/Apr/2011:08:01:28 -0700] "GET /robots.txt HTTP/1.1" 302 350 "-" "Mozilla/5.0 (compatible; bingbot/2.0; +http://www.bing.com/bingbot.htm)"
207.46.199.38 - - [12/Apr/2011:08:30:45 -0700] "GET /robots.txt HTTP/1.1" 302 350 "-" "Mozilla/5.0 (compatible; bingbot/2.0; +http://www.bing.com/bingbot.htm)"
207.46.199.38 - - [12/Apr/2011:08:55:41 -0700] "GET /robots.txt HTTP/1.1" 302 350 "-" "Mozilla/5.0 (compatible; bingbot/2.0; +http://www.bing.com/bingbot.htm)"
207.46.199.38 - - [12/Apr/2011:09:24:03 -0700] "GET /robots.txt HTTP/1.1" 302 350 "-" "Mozilla/5.0 (compatible; bingbot/2.0; +http://www.bing.com/bingbot.htm)"
207.46.199.38 - - [12/Apr/2011:09:47:56 -0700] "GET /robots.txt HTTP/1.1" 302 350 "-" "Mozilla/5.0 (compatible; bingbot/2.0; +http://www.bing.com/bingbot.htm)"
207.189.121.45 - - [12/Apr/2011:10:11:36 -0700] "GET / HTTP/1.1" 200 151 "http://creepy.evilfuckers.org/" "Mozilla/5.0 (X11; U; Linux i686 (x86_64); en-US; rv:1.8.0.1) Gecko/20060124 Firefox/1.5.0.1"
207.46.199.38 - - [12/Apr/2011:10:14:05 -0700] "GET /robots.txt HTTP/1.1" 302 350 "-" "Mozilla/5.0 (compatible; bingbot/2.0; +http://www.bing.com/bingbot.htm)"
207.46.199.38 - - [12/Apr/2011:10:36:33 -0700] "GET /robots.txt HTTP/1.1" 302 350 "-" "Mozilla/5.0 (compatible; bingbot/2.0; +http://www.bing.com/bingbot.htm)"
207.46.199.38 - - [12/Apr/2011:11:03:53 -0700] "GET /robots.txt HTTP/1.1" 302 350 "-" "Mozilla/5.0 (compatible; bingbot/2.0; +http://www.bing.com/bingbot.htm)"
207.46.199.38 - - [12/Apr/2011:11:33:26 -0700] "GET /robots.txt HTTP/1.1" 302 350 "-" "Mozilla/5.0 (compatible; bingbot/2.0; +http://www.bing.com/bingbot.htm)"
207.46.199.38 - - [12/Apr/2011:11:56:50 -0700] "GET /robots.txt HTTP/1.1" 302 350 "-" "Mozilla/5.0 (compatible; bingbot/2.0; +http://www.bing.com/bingbot.htm)"
207.46.199.38 - - [12/Apr/2011:12:05:08 -0700] "GET /robots.txt HTTP/1.1" 302 350 "-" "Mozilla/5.0 (compatible; bingbot/2.0; +http://www.bing.com/bingbot.htm)"
207.46.199.38 - - [12/Apr/2011:12:22:08 -0700] "GET /robots.txt HTTP/1.1" 302 350 "-" "Mozilla/5.0 (compatible; bingbot/2.0; +http://www.bing.com/bingbot.htm)"
87.106.135.77 - - [13/Apr/2011:01:30:25 -0700] "GET / HTTP/1.1" 200 151 "-" "Mozilla/4.0 (compatible; MSIE 5.5; Windows NT)"
108.12.23.43 - - [13/Apr/2011:07:48:58 -0700] "GET /robots.txt HTTP/1.0" 302 350 "-" "Mozilla/5.0 (compatible; MJ12bot/v1.3.3; http://www.majestic12.co.uk/bot.php?+)"
108.12.23.43 - - [13/Apr/2011:07:48:59 -0700] "GET / HTTP/1.1" 200 151 "-" "Mozilla/5.0 (compatible; MJ12bot/v1.3.3; http://www.majestic12.co.uk/bot.php?+)"
212.113.35.162 - - [13/Apr/2011:22:31:10 -0700] "GET /robots.txt HTTP/1.1" 302 350 "-" "Mozilla/5.0 (compatible; SiteBot/0.1; +http://www.sitebot.org/robot/)"
212.113.35.162 - - [13/Apr/2011:22:31:11 -0700] "GET / HTTP/1.1" 200 151 "-" "Mozilla/5.0 (compatible; SiteBot/0.1; +http://www.sitebot.org/robot/)"
119.63.196.112 - - [14/Apr/2011:05:56:17 -0700] "GET /robots.txt HTTP/1.1" 302 350 "-" "Baiduspider+(+http://www.baidu.com/search/spider.htm)"
204.236.235.245 - - [14/Apr/2011:16:45:54 -0700] "GET /robots.txt HTTP/1.0" 302 350 "-" "ia_archiver (+http://www.alexa.com/site/help/webmasters; crawler@alexa.com)"
204.236.235.245 - - [14/Apr/2011:16:45:54 -0700] "GET / HTTP/1.0" 200 151 "-" "ia_archiver (+http://www.alexa.com/site/help/webmasters; crawler@alexa.com)"
50.56.107.24 - - [14/Apr/2011:17:11:54 -0700] "GET / HTTP/1.1" 200 151 "-" "Jakarta Commons-HttpClient/3.1"
93.158.148.31 - - [14/Apr/2011:19:42:02 -0700] "GET /robots.txt HTTP/1.1" 302 350 "-" "Mozilla/5.0 (compatible; YandexBot/3.0; +http://yandex.com/bots)"
174.129.117.237 - - [15/Apr/2011:00:27:02 -0700] "HEAD / HTTP/1.1" 200 - "-" "Mozilla/5.0 (Windows; U; Windows NT 5.1; en-US) AppleWebKit/525.13 (KHTML, like Gecko) Chrome/0.A.B.C Safari/525.13"
93.158.148.31 - - [15/Apr/2011:04:06:54 -0700] "GET / HTTP/1.1" 200 151 "-" "Mozilla/5.0 (compatible; YandexBot/3.0; +http://yandex.com/bots)"
119.63.196.107 - - [15/Apr/2011:11:02:06 -0700] "GET /robots.txt HTTP/1.1" 302 350 "-" "Baiduspider+(+http://www.baidu.com/search/spider.htm)"
119.63.196.125 - - [15/Apr/2011:14:33:42 -0700] "GET /robots.txt HTTP/1.1" 302 350 "-" "Baiduspider+(+http://www.baidu.com/search/spider.htm)"
119.63.196.24 - - [15/Apr/2011:15:58:53 -0700] "GET /robots.txt HTTP/1.1" 302 350 "-" "Baiduspider+(+http://www.baidu.com/search/spider.htm)"
119.63.196.105 - - [16/Apr/2011:08:42:47 -0700] "GET /robots.txt HTTP/1.1" 302 350 "-" "Baiduspider+(+http://www.baidu.com/search/spider.htm)"
184.154.7.186 - - [16/Apr/2011:12:14:01 -0700] "GET /robots.txt HTTP/1.0" 302 350 "-" "Mozilla/5.0 (compatible; MJ12bot/v1.3.3; http://www.majestic12.co.uk/bot.php?+)"
184.154.7.186 - - [16/Apr/2011:12:14:01 -0700] "GET / HTTP/1.0" 200 151 "-" "Mozilla/5.0 (compatible; MJ12bot/v1.3.3; http://www.majestic12.co.uk/bot.php?+)"
119.63.196.77 - - [16/Apr/2011:14:53:12 -0700] "GET /robots.txt HTTP/1.1" 302 350 "-" "Baiduspider+(+http://www.baidu.com/search/spider.htm)"
119.63.196.104 - - [16/Apr/2011:20:16:26 -0700] "GET /robots.txt HTTP/1.1" 302 350 "-" "Baiduspider+(+http://www.baidu.com/search/spider.htm)"
64.202.161.41 - - [18/Apr/2011:04:39:51 -0700] "GET / HTTP/1.1" 200 151 "-" "Mozilla/5.0 (Windows; U; Windows NT 5.1; en-US; rv:1.9.1.8) Gecko/20100202 Firefox/3.5.8 ( .NET CLR 3.5.30729)"
64.202.161.41 - - [18/Apr/2011:04:39:53 -0700] "GET / HTTP/1.1" 200 151 "-" "Mozilla/5.0 (Windows; U; Windows NT 5.1; en-US; rv:1.9.1.8) Gecko/20100202 Firefox/3.5.8 ( .NET CLR 3.5.30729)"
205.203.134.197 - - [18/Apr/2011:06:54:43 -0700] "GET / HTTP/1.0" 200 151 "-" "Mozilla/4.0 (compatible; MSIE 6.0; Windows NT 5.0)"
119.63.196.73 - - [18/Apr/2011:09:04:43 -0700] "GET /robots.txt HTTP/1.1" 302 350 "-" "Baiduspider+(+http://www.baidu.com/search/spider.htm)"
69.28.58.43 - - [18/Apr/2011:11:47:09 -0700] "GET /robots.txt HTTP/1.0" 302 350 "http://browserbomb.com/robots.txt" "Mozilla/4.0 (compatible; MSIE 8.0; Windows NT 5.1; SV1; .NET CLR 2.0.50727)"
69.28.58.43 - - [18/Apr/2011:11:47:12 -0700] "GET / HTTP/1.0" 200 151 "http://browserbomb.com/" "Mozilla/4.0 (compatible; MSIE 8.0; Windows NT 5.1; SV1; .NET CLR 2.0.50727)"
66.219.58.38 - - [19/Apr/2011:08:24:39 -0700] "GET /robots.txt HTTP/1.1" 302 350 "-" "MLBot (www.metadatalabs.com/mlbot)"
66.219.58.38 - - [19/Apr/2011:08:24:41 -0700] "GET / HTTP/1.1" 200 151 "-" "MLBot (www.metadatalabs.com/mlbot)"
188.127.230.136 - - [19/Apr/2011:13:23:22 -0700] "GET /robots.txt HTTP/1.0" 302 350 "-" "Mozilla/5.0 (compatible; MJ12bot/v1.3.3; http://www.majestic12.co.uk/bot.php?+)"
188.127.230.136 - - [19/Apr/2011:13:23:24 -0700] "GET / HTTP/1.0" 200 151 "-" "Mozilla/5.0 (compatible; MJ12bot/v1.3.3; http://www.majestic12.co.uk/bot.php?+)"
207.189.121.44 - - [19/Apr/2011:13:24:46 -0700] "GET / HTTP/1.1" 200 151 "http://creepy.evilfuckers.org/" "Mozilla/5.0 (X11; U; Linux i686 (x86_64); en-US; rv:1.8.0.1) Gecko/20060124 Firefox/1.5.0.1"
119.63.196.13 - - [20/Apr/2011:16:36:29 -0700] "GET /robots.txt HTTP/1.1" 302 350 "-" "Baiduspider+(+http://www.baidu.com/search/spider.htm)"
119.63.196.87 - - [20/Apr/2011:23:50:40 -0700] "GET /robots.txt HTTP/1.1" 302 350 "-" "Baiduspider+(+http://www.baidu.com/search/spider.htm)"
93.158.148.31 - - [21/Apr/2011:00:22:10 -0700] "GET /robots.txt HTTP/1.1" 302 350 "-" "Mozilla/5.0 (compatible; YandexBot/3.0; +http://yandex.com/bots)"
174.129.117.237 - - [21/Apr/2011:12:07:01 -0700] "HEAD / HTTP/1.1" 200 - "-" "Mozilla/5.0 (Windows; U; Windows NT 5.1; en-US) AppleWebKit/525.13 (KHTML, like Gecko) Chrome/0.A.B.C Safari/525.13"
93.158.148.31 - - [21/Apr/2011:15:30:57 -0700] "GET /robots.txt HTTP/1.1" 302 350 "-" "Mozilla/5.0 (compatible; YandexBot/3.0; +http://yandex.com/bots)"
119.63.196.113 - - [21/Apr/2011:18:18:38 -0700] "GET /robots.txt HTTP/1.1" 302 350 "-" "Baiduspider+(+http://www.baidu.com/search/spider.htm)"
93.158.148.31 - - [22/Apr/2011:01:57:01 -0700] "GET / HTTP/1.1" 200 151 "-" "Mozilla/5.0 (compatible; YandexBot/3.0; +http://yandex.com/bots)"
66.249.72.133 - - [22/Apr/2011:05:01:39 -0700] "GET /robots.txt HTTP/1.1" 302 350 "-" "Mozilla/5.0 (compatible; Googlebot/2.1; +http://www.google.com/bot.html)"
66.249.72.133 - - [22/Apr/2011:05:01:40 -0700] "GET / HTTP/1.1" 200 151 "-" "Mozilla/5.0 (compatible; Googlebot/2.1; +http://www.google.com/bot.html)"
119.63.196.112 - - [22/Apr/2011:13:37:51 -0700] "GET /robots.txt HTTP/1.1" 302 350 "-" "Baiduspider+(+http://www.baidu.com/search/spider.htm)"
193.69.126.5 - - [22/Apr/2011:14:00:42 -0700] "GET /robots.txt HTTP/1.0" 302 350 "-" "Mozilla/5.0 (compatible; MJ12bot/v1.3.3; http://www.majestic12.co.uk/bot.php?+)"
193.69.126.5 - - [22/Apr/2011:14:00:43 -0700] "GET / HTTP/1.1" 200 151 "-" "Mozilla/5.0 (compatible; MJ12bot/v1.3.3; http://www.majestic12.co.uk/bot.php?+)"
93.158.148.31 - - [22/Apr/2011:16:44:03 -0700] "GET /robots.txt HTTP/1.1" 302 350 "-" "Mozilla/5.0 (compatible; YandexBot/3.0; +http://yandex.com/bots)"
93.158.148.31 - - [23/Apr/2011:06:30:42 -0700] "GET / HTTP/1.1" 200 151 "-" "Mozilla/5.0 (compatible; YandexBot/3.0; +http://yandex.com/bots)"
207.46.13.133 - - [23/Apr/2011:08:44:13 -0700] "GET /robots.txt HTTP/1.1" 302 350 "-" "Mozilla/5.0 (compatible; bingbot/2.0; +http://www.bing.com/bingbot.htm)"
207.46.13.133 - - [23/Apr/2011:09:17:19 -0700] "GET /robots.txt HTTP/1.1" 302 350 "-" "Mozilla/5.0 (compatible; bingbot/2.0; +http://www.bing.com/bingbot.htm)"
207.46.13.133 - - [23/Apr/2011:09:53:41 -0700] "GET /robots.txt HTTP/1.1" 302 350 "-" "Mozilla/5.0 (compatible; bingbot/2.0; +http://www.bing.com/bingbot.htm)"
207.46.13.133 - - [23/Apr/2011:10:22:15 -0700] "GET /robots.txt HTTP/1.1" 302 350 "-" "Mozilla/5.0 (compatible; bingbot/2.0; +http://www.bing.com/bingbot.htm)"
207.46.13.133 - - [23/Apr/2011:10:53:24 -0700] "GET /robots.txt HTTP/1.1" 302 350 "-" "Mozilla/5.0 (compatible; bingbot/2.0; +http://www.bing.com/bingbot.htm)"
207.46.13.133 - - [23/Apr/2011:11:25:26 -0700] "GET /robots.txt HTTP/1.1" 302 350 "-" "Mozilla/5.0 (compatible; bingbot/2.0; +http://www.bing.com/bingbot.htm)"
207.46.13.133 - - [23/Apr/2011:11:59:35 -0700] "GET /robots.txt HTTP/1.1" 302 350 "-" "Mozilla/5.0 (compatible; bingbot/2.0; +http://www.bing.com/bingbot.htm)"
207.46.13.133 - - [23/Apr/2011:12:33:08 -0700] "GET /robots.txt HTTP/1.1" 302 350 "-" "Mozilla/5.0 (compatible; bingbot/2.0; +http://www.bing.com/bingbot.htm)"
207.46.13.133 - - [23/Apr/2011:13:04:47 -0700] "GET /robots.txt HTTP/1.1" 302 350 "-" "Mozilla/5.0 (compatible; bingbot/2.0; +http://www.bing.com/bingbot.htm)"
207.46.13.133 - - [23/Apr/2011:13:34:17 -0700] "GET /robots.txt HTTP/1.1" 302 350 "-" "Mozilla/5.0 (compatible; bingbot/2.0; +http://www.bing.com/bingbot.htm)"
207.46.13.133 - - [23/Apr/2011:14:05:55 -0700] "GET /robots.txt HTTP/1.1" 302 350 "-" "Mozilla/5.0 (compatible; bingbot/2.0; +http://www.bing.com/bingbot.htm)"
207.46.13.133 - - [23/Apr/2011:14:36:43 -0700] "GET /robots.txt HTTP/1.1" 302 350 "-" "Mozilla/5.0 (compatible; bingbot/2.0; +http://www.bing.com/bingbot.htm)"
207.46.13.133 - - [23/Apr/2011:15:14:48 -0700] "GET /robots.txt HTTP/1.1" 302 350 "-" "Mozilla/5.0 (compatible; bingbot/2.0; +http://www.bing.com/bingbot.htm)"
207.46.13.133 - - [23/Apr/2011:15:47:41 -0700] "GET /robots.txt HTTP/1.1" 302 350 "-" "Mozilla/5.0 (compatible; bingbot/2.0; +http://www.bing.com/bingbot.htm)"
119.63.196.110 - - [23/Apr/2011:16:08:27 -0700] "GET /robots.txt HTTP/1.1" 302 350 "-" "Baiduspider+(+http://www.baidu.com/search/spider.htm)"
207.46.13.133 - - [23/Apr/2011:16:25:36 -0700] "GET /robots.txt HTTP/1.1" 302 350 "-" "Mozilla/5.0 (compatible; bingbot/2.0; +http://www.bing.com/bingbot.htm)"
207.46.13.133 - - [23/Apr/2011:16:54:49 -0700] "GET /robots.txt HTTP/1.1" 302 350 "-" "Mozilla/5.0 (compatible; bingbot/2.0; +http://www.bing.com/bingbot.htm)"
119.63.196.48 - - [23/Apr/2011:17:20:58 -0700] "GET /robots.txt HTTP/1.1" 302 350 "-" "Baiduspider+(+http://www.baidu.com/search/spider.htm)"
207.46.13.133 - - [23/Apr/2011:17:26:16 -0700] "GET /robots.txt HTTP/1.1" 302 350 "-" "Mozilla/5.0 (compatible; bingbot/2.0; +http://www.bing.com/bingbot.htm)"
207.46.13.133 - - [23/Apr/2011:18:04:42 -0700] "GET /robots.txt HTTP/1.1" 302 350 "-" "Mozilla/5.0 (compatible; bingbot/2.0; +http://www.bing.com/bingbot.htm)"
207.46.13.133 - - [23/Apr/2011:19:14:03 -0700] "GET /robots.txt HTTP/1.1" 302 350 "-" "Mozilla/5.0 (compatible; bingbot/2.0; +http://www.bing.com/bingbot.htm)"
207.46.13.133 - - [23/Apr/2011:19:46:30 -0700] "GET /robots.txt HTTP/1.1" 302 350 "-" "Mozilla/5.0 (compatible; bingbot/2.0; +http://www.bing.com/bingbot.htm)"
66.249.72.133 - - [23/Apr/2011:19:56:17 -0700] "GET /robots.txt HTTP/1.1" 302 350 "-" "SAMSUNG-SGH-E250/1.0 Profile/MIDP-2.0 Configuration/CLDC-1.1 UP.Browser/6.2.3.3.c.1.101 (GUI) MMP/2.0 (compatible; Googlebot-Mobile/2.1; +http://www.google.com/bot.html)"
66.249.72.133 - - [23/Apr/2011:19:56:17 -0700] "GET / HTTP/1.1" 200 151 "-" "SAMSUNG-SGH-E250/1.0 Profile/MIDP-2.0 Configuration/CLDC-1.1 UP.Browser/6.2.3.3.c.1.101 (GUI) MMP/2.0 (compatible; Googlebot-Mobile/2.1; +http://www.google.com/bot.html)"
207.46.13.133 - - [23/Apr/2011:20:17:21 -0700] "GET /robots.txt HTTP/1.1" 302 350 "-" "Mozilla/5.0 (compatible; bingbot/2.0; +http://www.bing.com/bingbot.htm)"
207.46.13.133 - - [23/Apr/2011:20:54:49 -0700] "GET /robots.txt HTTP/1.1" 302 350 "-" "Mozilla/5.0 (compatible; bingbot/2.0; +http://www.bing.com/bingbot.htm)"
207.46.13.133 - - [23/Apr/2011:21:27:13 -0700] "GET /robots.txt HTTP/1.1" 302 350 "-" "Mozilla/5.0 (compatible; bingbot/2.0; +http://www.bing.com/bingbot.htm)"
207.46.13.133 - - [23/Apr/2011:22:06:45 -0700] "GET /robots.txt HTTP/1.1" 302 350 "-" "Mozilla/5.0 (compatible; bingbot/2.0; +http://www.bing.com/bingbot.htm)"
207.46.13.133 - - [23/Apr/2011:22:46:22 -0700] "GET /robots.txt HTTP/1.1" 302 350 "-" "Mozilla/5.0 (compatible; bingbot/2.0; +http://www.bing.com/bingbot.htm)"
207.46.13.133 - - [23/Apr/2011:23:23:14 -0700] "GET /robots.txt HTTP/1.1" 302 350 "-" "Mozilla/5.0 (compatible; bingbot/2.0; +http://www.bing.com/bingbot.htm)"
207.46.13.133 - - [23/Apr/2011:23:55:08 -0700] "GET /robots.txt HTTP/1.1" 302 350 "-" "Mozilla/5.0 (compatible; bingbot/2.0; +http://www.bing.com/bingbot.htm)"
66.249.72.133 - - [24/Apr/2011:00:29:09 -0700] "GET / HTTP/1.1" 200 151 "-" "DoCoMo/2.0 N905i(c100;TB;W24H16) (compatible; Googlebot-Mobile/2.1; +http://www.google.com/bot.html)"
207.46.13.133 - - [24/Apr/2011:00:29:52 -0700] "GET /robots.txt HTTP/1.1" 302 350 "-" "Mozilla/5.0 (compatible; bingbot/2.0; +http://www.bing.com/bingbot.htm)"
207.46.13.133 - - [24/Apr/2011:01:03:35 -0700] "GET /robots.txt HTTP/1.1" 302 350 "-" "Mozilla/5.0 (compatible; bingbot/2.0; +http://www.bing.com/bingbot.htm)"
207.46.13.133 - - [24/Apr/2011:01:37:52 -0700] "GET /robots.txt HTTP/1.1" 302 350 "-" "Mozilla/5.0 (compatible; bingbot/2.0; +http://www.bing.com/bingbot.htm)"
207.46.13.133 - - [24/Apr/2011:02:14:25 -0700] "GET /robots.txt HTTP/1.1" 302 350 "-" "Mozilla/5.0 (compatible; bingbot/2.0; +http://www.bing.com/bingbot.htm)"
207.46.13.133 - - [24/Apr/2011:02:57:58 -0700] "GET /robots.txt HTTP/1.1" 302 350 "-" "Mozilla/5.0 (compatible; bingbot/2.0; +http://www.bing.com/bingbot.htm)"
207.46.13.133 - - [24/Apr/2011:03:34:44 -0700] "GET /robots.txt HTTP/1.1" 302 350 "-" "Mozilla/5.0 (compatible; bingbot/2.0; +http://www.bing.com/bingbot.htm)"
207.46.13.133 - - [24/Apr/2011:04:13:14 -0700] "GET /robots.txt HTTP/1.1" 302 350 "-" "Mozilla/5.0 (compatible; bingbot/2.0; +http://www.bing.com/bingbot.htm)"
207.46.13.133 - - [24/Apr/2011:04:22:16 -0700] "GET /robots.txt HTTP/1.1" 302 350 "-" "Mozilla/5.0 (compatible; bingbot/2.0; +http://www.bing.com/bingbot.htm)"
207.46.13.133 - - [24/Apr/2011:04:39:39 -0700] "GET /robots.txt HTTP/1.1" 302 350 "-" "Mozilla/5.0 (compatible; bingbot/2.0; +http://www.bing.com/bingbot.htm)"
69.28.58.16 - - [24/Apr/2011:06:29:12 -0700] "GET / HTTP/1.0" 200 151 "http://browserbomb.com/" "HuaweiSymantecSpider/1.0+DSE-support@huaweisymantec.com+(compatible; MSIE 7.0; Windows NT 5.1; Trident/4.0; .NET CLR 2.0.50727; .NET CLR 3.0.4506.2152; .NET CLR ; http://www.huaweisymantec.com/en/IRL/spider)"
69.28.58.43 - - [24/Apr/2011:10:56:12 -0700] "GET /robots.txt HTTP/1.0" 302 350 "http://browserbomb.com/robots.txt" "Mozilla/4.0 (compatible; MSIE 8.0; Windows NT 5.1; SV1; .NET CLR 2.0.50727)"
69.28.58.43 - - [24/Apr/2011:10:56:12 -0700] "GET / HTTP/1.0" 200 151 "http://browserbomb.com/" "Mozilla/4.0 (compatible; MSIE 8.0; Windows NT 5.1; SV1; .NET CLR 2.0.50727)"
174.129.117.237 - - [24/Apr/2011:17:37:19 -0700] "HEAD / HTTP/1.1" 200 - "-" "Mozilla/5.0 (Windows; U; Windows NT 5.1; en-US) AppleWebKit/525.13 (KHTML, like Gecko) Chrome/0.A.B.C Safari/525.13"
119.63.196.12 - - [24/Apr/2011:18:04:27 -0700] "GET /robots.txt HTTP/1.1" 302 350 "-" "Baiduspider+(+http://www.baidu.com/search/spider.htm)"
193.47.80.38 - - [24/Apr/2011:23:25:22 -0700] "GET /robots.txt HTTP/1.1" 302 350 "-" "Mozilla/5.0 (compatible; Exabot/3.0; +http://www.exabot.com/go/robot)"
193.47.80.38 - - [24/Apr/2011:23:25:22 -0700] "GET / HTTP/1.1" 200 151 "-" "Mozilla/5.0 (compatible; Exabot/3.0; +http://www.exabot.com/go/robot)"
188.72.230.156 - - [25/Apr/2011:05:21:30 -0700] "GET /robots.txt HTTP/1.0" 302 350 "-" "Mozilla/5.0 (Windows; U; Windows NT 5.1; en-US) AppleWebKit/534.10 (KHTML, like Gecko) Chrome/8.0.552.224 Safari/534.10/Nutch-1.2"
188.72.230.156 - - [25/Apr/2011:05:21:34 -0700] "GET / HTTP/1.0" 200 151 "-" "Mozilla/5.0 (Windows; U; Windows NT 5.1; en-US) AppleWebKit/534.10 (KHTML, like Gecko) Chrome/8.0.552.224 Safari/534.10/Nutch-1.2"
203.67.54.184 - - [25/Apr/2011:19:51:08 -0700] "GET /robots.txt HTTP/1.0" 302 350 "-" "Mozilla/5.0 (compatible; MJ12bot/v1.3.3; http://www.majestic12.co.uk/bot.php?+)"
203.67.54.184 - - [25/Apr/2011:19:51:09 -0700] "GET / HTTP/1.1" 200 151 "-" "Mozilla/5.0 (compatible; MJ12bot/v1.3.3; http://www.majestic12.co.uk/bot.php?+)"
66.249.72.133 - - [26/Apr/2011:01:03:52 -0700] "GET /robots.txt HTTP/1.1" 302 350 "-" "Mozilla/5.0 (compatible; Googlebot/2.1; +http://www.google.com/bot.html)"
66.249.72.133 - - [26/Apr/2011:01:03:52 -0700] "GET / HTTP/1.1" 200 151 "-" "Mozilla/5.0 (compatible; Googlebot/2.1; +http://www.google.com/bot.html)"
119.63.196.115 - - [26/Apr/2011:02:39:39 -0700] "GET /robots.txt HTTP/1.1" 302 350 "-" "Baiduspider+(+http://www.baidu.com/search/spider.htm)"
64.25.209.77 - - [26/Apr/2011:10:35:54 -0700] "GET / HTTP/1.1" 200 151 "-" "Mozilla/5.0 (Windows; U; Windows NT 5.1; en-US) AppleWebKit/534.16 (KHTML, like Gecko) Chrome/10.0.648.127 Safari/534.16"
64.25.209.77 - - [26/Apr/2011:10:35:57 -0700] "GET /favicon.ico HTTP/1.1" 200 430 "-" "Mozilla/5.0 (Windows; U; Windows NT 5.1; en-US) AppleWebKit/534.16 (KHTML, like Gecko) Chrome/10.0.648.127 Safari/534.16"
50.17.157.168 - - [26/Apr/2011:12:55:06 -0700] "HEAD / HTTP/1.1" 200 - "http://www.netcraft.com/survey/" "Mozilla/4.0 (compatible; Netcraft Web Server Survey)"
87.106.135.77 - - [27/Apr/2011:06:27:46 -0700] "GET / HTTP/1.1" 200 151 "-" "Mozilla/4.0 (compatible; MSIE 5.5; Windows NT)"
109.230.217.147 - - [27/Apr/2011:21:59:07 -0700] "GET / HTTP/1.0" 200 151 "http://browserbomb.com/" "Mozilla/4.0 (compatible; MSIE 6.0; Windows 98; Win 9x 4.90)"
174.129.117.237 - - [27/Apr/2011:23:31:00 -0700] "HEAD / HTTP/1.1" 200 - "-" "Mozilla/5.0 (Windows; U; Windows NT 5.1; en-US) AppleWebKit/525.13 (KHTML, like Gecko) Chrome/0.A.B.C Safari/525.13"
69.28.58.25 - - [28/Apr/2011:03:27:58 -0700] "GET /robots.txt HTTP/1.0" 302 350 "-" "Mozilla/4.0 (compatible; MSIE 6.0; Windows NT 5.0) (larbin2.6.3@unspecified.mail)"
69.28.58.25 - - [28/Apr/2011:03:27:58 -0700] "GET / HTTP/1.0" 200 151 "-" "Mozilla/4.0 (compatible; MSIE 6.0; Windows NT 5.0) larbin2.6.3@unspecified.mail"
75.101.198.37 - - [28/Apr/2011:08:04:11 -0700] "GET / HTTP/1.0" 200 151 "-" "Mozilla/5.0 (compatible; NetcraftSurveyAgent/1.0; +info@netcraft.com)"
93.158.148.31 - - [28/Apr/2011:15:35:51 -0700] "GET /robots.txt HTTP/1.1" 302 350 "-" "Mozilla/5.0 (compatible; YandexBot/3.0; +http://yandex.com/bots)"
76.28.230.247 - - [28/Apr/2011:19:46:59 -0700] "GET /robots.txt HTTP/1.0" 302 350 "-" "FyberSpider/1.3 (http://www.fybersearch.com/fyberspider.php)"
76.28.230.247 - - [28/Apr/2011:19:47:05 -0700] "GET / HTTP/1.1" 200 151 "-" "FyberSpider/1.3 (http://www.fybersearch.com/fyberspider.php)"
198.145.116.13 - - [28/Apr/2011:23:32:23 -0700] "GET / HTTP/1.0" 200 151 "-" "Mozilla/4.0 (compatible; MSIE 6.0; Windows NT 5.0)"
93.158.148.31 - - [29/Apr/2011:01:54:00 -0700] "GET / HTTP/1.1" 200 151 "-" "Mozilla/5.0 (compatible; YandexBot/3.0; +http://yandex.com/bots)"
88.190.13.201 - - [29/Apr/2011:02:15:04 -0700] "GET /robots.txt HTTP/1.0" 302 350 "-" "Mozilla/5.0 (compatible; MJ12bot/v1.3.3; http://www.majestic12.co.uk/bot.php?+)"
88.190.13.201 - - [29/Apr/2011:02:15:05 -0700] "GET / HTTP/1.1" 200 151 "-" "Mozilla/5.0 (compatible; MJ12bot/v1.3.3; http://www.majestic12.co.uk/bot.php?+)"
193.124.169.167 - - [29/Apr/2011:03:03:52 -0700] "GET / HTTP/1.1" 200 151 "-" "Opera/9.80 (Windows NT 5.1; U; en-GB) Presto/2.8.131 Version/11.10"
193.124.169.167 - - [29/Apr/2011:03:03:52 -0700] "GET /favicon.ico HTTP/1.1" 200 430 "http://browserbomb.com/" "Opera/9.80 (Windows NT 5.1; U; en-GB) Presto/2.8.131 Version/11.10"
198.145.116.13 - - [30/Apr/2011:08:35:18 -0700] "GET / HTTP/1.0" 200 151 "-" "Mozilla/4.0 (compatible; MSIE 6.0; Windows NT 5.0)"
