66.219.58.45 - - [20/Nov/2010:21:00:40 -0800] "GET /robots.txt HTTP/1.1" 302 350 "-" "MLBot (www.metadatalabs.com/mlbot)"
66.219.58.45 - - [20/Nov/2010:21:00:43 -0800] "GET / HTTP/1.1" 200 151 "-" "MLBot (www.metadatalabs.com/mlbot)"
66.249.65.117 - - [22/Nov/2010:02:20:19 -0800] "GET /robots.txt HTTP/1.1" 302 350 "-" "Mozilla/5.0 (compatible; Googlebot/2.1; +http://www.google.com/bot.html)"
66.249.65.117 - - [22/Nov/2010:02:20:19 -0800] "GET /index.php/photos/album/1/photo/3.html HTTP/1.1" 200 151 "-" "Mozilla/5.0 (compatible; Googlebot/2.1; +http://www.google.com/bot.html)"
218.213.130.89 - - [22/Nov/2010:06:27:46 -0800] "GET /robots.txt HTTP/1.1" 302 350 "-" "DoCoMo/2.0 P900i(c100;TB;W24H11)(compatible; ichiro/mobile goo;+http://help.goo.ne.jp/door/crawler.html)"
66.249.65.117 - - [22/Nov/2010:06:49:47 -0800] "GET /index.php/photos/album/1/photo/2.html HTTP/1.1" 200 151 "-" "Mozilla/5.0 (compatible; Googlebot/2.1; +http://www.google.com/bot.html)"
66.249.67.202 - - [22/Nov/2010:12:41:47 -0800] "GET /robots.txt HTTP/1.1" 302 350 "-" "Mozilla/5.0 (compatible; Googlebot/2.1; +http://www.google.com/bot.html)"
66.249.67.202 - - [22/Nov/2010:12:41:47 -0800] "GET /index.php/photos/album/1/photo/4.html HTTP/1.1" 200 151 "-" "Mozilla/5.0 (compatible; Googlebot/2.1; +http://www.google.com/bot.html)"
69.64.155.134 - - [22/Nov/2010:14:32:05 -0800] "GET / HTTP/1.1" 200 151 "-" "libwww-perl/5.834"
66.249.67.202 - - [23/Nov/2010:03:02:28 -0800] "GET /robots.txt HTTP/1.1" 302 350 "-" "Mozilla/5.0 (compatible; Googlebot/2.1; +http://www.google.com/bot.html)"
66.249.67.202 - - [23/Nov/2010:03:02:29 -0800] "GET /index.php/photos/album/1/photo/3.html HTTP/1.1" 200 151 "-" "Mozilla/5.0 (compatible; Googlebot/2.1; +http://www.google.com/bot.html)"
66.249.67.202 - - [23/Nov/2010:06:54:30 -0800] "GET /index.php/photos/album/1/photo/2.html HTTP/1.1" 200 151 "-" "Mozilla/5.0 (compatible; Googlebot/2.1; +http://www.google.com/bot.html)"
208.115.111.249 - - [23/Nov/2010:14:16:20 -0800] "GET /robots.txt HTTP/1.1" 302 350 "-" "Mozilla/5.0 (compatible; DotBot/1.1; http://www.dotnetdotcom.org/, crawler@dotnetdotcom.org)"
184.73.3.32 - - [24/Nov/2010:08:14:57 -0800] "GET /robots.txt HTTP/1.1" 302 350 "-" "Mozilla/5.0 (compatible; spbot/2.1; +http://www.seoprofiler.com/bot )"
184.73.3.32 - - [24/Nov/2010:08:14:58 -0800] "GET / HTTP/1.1" 200 151 "-" "Mozilla/5.0 (compatible; spbot/2.1; +http://www.seoprofiler.com/bot )"
66.45.246.226 - - [24/Nov/2010:13:19:40 -0800] "GET / HTTP/1.1" 200 151 "-" "Mozilla/5.0 (Windows; U; Windows NT 5.1; en-US; rv:1.9.2.6) Gecko/20100625 Firefox/3.6.6"
66.249.67.202 - - [24/Nov/2010:18:43:22 -0800] "GET /robots.txt HTTP/1.1" 302 350 "-" "SAMSUNG-SGH-E250/1.0 Profile/MIDP-2.0 Configuration/CLDC-1.1 UP.Browser/6.2.3.3.c.1.101 (GUI) MMP/2.0 (compatible; Googlebot-Mobile/2.1; +http://www.google.com/bot.html)"
66.249.67.202 - - [24/Nov/2010:18:43:22 -0800] "GET / HTTP/1.1" 200 151 "-" "SAMSUNG-SGH-E250/1.0 Profile/MIDP-2.0 Configuration/CLDC-1.1 UP.Browser/6.2.3.3.c.1.101 (GUI) MMP/2.0 (compatible; Googlebot-Mobile/2.1; +http://www.google.com/bot.html)"
93.158.148.31 - - [24/Nov/2010:19:31:55 -0800] "GET /robots.txt HTTP/1.1" 302 350 "-" "Mozilla/5.0 (compatible; YandexBot/3.0; +http://yandex.com/bots)"
93.158.148.31 - - [24/Nov/2010:19:31:58 -0800] "GET / HTTP/1.1" 200 151 "-" "Mozilla/5.0 (compatible; YandexBot/3.0; +http://yandex.com/bots)"
66.249.67.202 - - [24/Nov/2010:20:53:57 -0800] "GET /index.php/photos/album/1/photo/2.html HTTP/1.1" 200 151 "-" "Mozilla/5.0 (compatible; Googlebot/2.1; +http://www.google.com/bot.html)"
75.101.246.14 - - [26/Nov/2010:01:36:45 -0800] "HEAD / HTTP/1.1" 200 - "http://www.netcraft.com/survey/" "Mozilla/4.0 (compatible; Netcraft Web Server Survey)"
66.249.67.202 - - [26/Nov/2010:07:22:47 -0800] "GET /robots.txt HTTP/1.1" 302 350 "-" "Mozilla/5.0 (compatible; Googlebot/2.1; +http://www.google.com/bot.html)"
66.249.67.202 - - [26/Nov/2010:07:22:47 -0800] "GET /index.php/photos/album/1/photo/5.html HTTP/1.1" 200 151 "-" "Mozilla/5.0 (compatible; Googlebot/2.1; +http://www.google.com/bot.html)"
194.72.238.61 - - [27/Nov/2010:17:07:19 -0800] "HEAD / HTTP/1.1" 200 - "http://www.netcraft.com/survey/" "Mozilla/4.0 (compatible; Netcraft Web Server Survey)"
89.242.210.84 - - [28/Nov/2010:04:33:07 -0800] "GET / HTTP/1.1" 200 151 "http://www.google.co.uk/url?sa=t&source=web&cd=5&sqi=2&ved=0CDgQFjAE&url=http%3A%2F%2Fbrowserbomb.com%2F&rct=j&q=browser%20bomb&ei=7FnyTMSXB822hAeuu7ivAQ&usg=AFQjCNFCM_Cpfz4uZAD-lvDIvfuglsbjsA" "Mozilla/5.0 (Windows; U; Windows NT 5.1; en-US) AppleWebKit/534.7 (KHTML, like Gecko) Chrome/7.0.517.44 Safari/534.7"
89.242.210.84 - - [28/Nov/2010:04:33:08 -0800] "GET /favicon.ico HTTP/1.1" 200 430 "-" "Mozilla/5.0 (Windows; U; Windows NT 5.1; en-US) AppleWebKit/534.7 (KHTML, like Gecko) Chrome/7.0.517.44 Safari/534.7"
193.47.80.38 - - [28/Nov/2010:12:40:50 -0800] "GET /robots.txt HTTP/1.1" 302 350 "-" "Mozilla/5.0 (compatible; Exabot/3.0; +http://www.exabot.com/go/robot)"
193.47.80.38 - - [28/Nov/2010:12:40:51 -0800] "GET / HTTP/1.1" 200 151 "-" "Mozilla/5.0 (compatible; Exabot/3.0; +http://www.exabot.com/go/robot)"
66.249.67.202 - - [28/Nov/2010:17:12:54 -0800] "GET /robots.txt HTTP/1.1" 302 350 "-" "Mozilla/5.0 (compatible; Googlebot/2.1; +http://www.google.com/bot.html)"
66.249.67.202 - - [28/Nov/2010:17:12:54 -0800] "GET /index.php/photos/album/1/photo/5.html HTTP/1.1" 200 151 "-" "Mozilla/5.0 (compatible; Googlebot/2.1; +http://www.google.com/bot.html)"
174.129.146.20 - - [30/Nov/2010:01:47:40 -0800] "GET / HTTP/1.1" 200 151 "-" "Mozilla/5.0 (Windows; U; Windows NT 6.1; en-US; rv:1.9.2.12) Gecko/20101026 Firefox/3.6.12"
174.129.117.237 - - [01/Dec/2010:09:22:14 -0800] "HEAD / HTTP/1.1" 200 - "-" "Mozilla/5.0 (compatible; AboutUsBot Johnny5/2.0; +http://www.AboutUs.org/)"
66.249.67.202 - - [02/Dec/2010:03:57:25 -0800] "GET /robots.txt HTTP/1.1" 302 350 "-" "Mozilla/5.0 (compatible; Googlebot/2.1; +http://www.google.com/bot.html)"
66.249.67.202 - - [02/Dec/2010:03:57:25 -0800] "GET / HTTP/1.1" 200 151 "-" "Mozilla/5.0 (compatible; Googlebot/2.1; +http://www.google.com/bot.html)"
115.135.113.239 - - [02/Dec/2010:16:43:44 -0800] "GET / HTTP/1.1" 200 151 "-" "Mozilla/4.0 (compatible; MSIE 5.0; Windows NT; DigExt; DTS Agent"
66.45.246.226 - - [03/Dec/2010:01:32:15 -0800] "GET / HTTP/1.1" 200 151 "-" "Mozilla/5.0 (Windows; U; Windows NT 5.1; en-US; rv:1.9.2.6) Gecko/20100625 Firefox/3.6.6"
207.241.228.146 - - [03/Dec/2010:03:22:34 -0800] "GET / HTTP/1.1" 200 151 "-" "Python-urllib/2.6"
50.16.11.200 - - [03/Dec/2010:15:39:52 -0800] "GET / HTTP/1.0" 200 151 "-" "Mozilla/5.0 (compatible; NetcraftSurveyAgent/1.0; +info@netcraft.com)"
68.157.215.156 - - [03/Dec/2010:19:23:31 -0800] "GET / HTTP/1.1" 200 151 "-" "Mozilla/5.0 (Macintosh; U; Intel Mac OS X 10.5; en-US; rv:1.9.2.12) Gecko/20101026 Firefox/3.6.12"
68.157.215.156 - - [03/Dec/2010:19:23:32 -0800] "GET /favicon.ico HTTP/1.1" 200 430 "-" "Mozilla/5.0 (Macintosh; U; Intel Mac OS X 10.5; en-US; rv:1.9.2.12) Gecko/20101026 Firefox/3.6.12"
68.157.215.156 - - [03/Dec/2010:19:23:35 -0800] "GET /favicon.ico HTTP/1.1" 200 430 "-" "Mozilla/5.0 (Macintosh; U; Intel Mac OS X 10.5; en-US; rv:1.9.2.12) Gecko/20101026 Firefox/3.6.12"
208.115.111.249 - - [03/Dec/2010:22:50:00 -0800] "GET /robots.txt HTTP/1.1" 302 350 "-" "Mozilla/5.0 (compatible; DotBot/1.1; http://www.dotnetdotcom.org/, crawler@dotnetdotcom.org)"
66.249.67.202 - - [05/Dec/2010:13:55:17 -0800] "GET /robots.txt HTTP/1.1" 302 350 "-" "DoCoMo/2.0 N905i(c100;TB;W24H16) (compatible; Googlebot-Mobile/2.1; +http://www.google.com/bot.html)"
66.249.67.202 - - [05/Dec/2010:13:55:17 -0800] "GET / HTTP/1.1" 200 151 "-" "DoCoMo/2.0 N905i(c100;TB;W24H16) (compatible; Googlebot-Mobile/2.1; +http://www.google.com/bot.html)"
95.65.74.138 - - [06/Dec/2010:16:04:55 -0800] "GET / HTTP/1.0" 200 151 "-" "Mozilla/4.0 (compatible; MSIE 6.0;)"
93.158.148.31 - - [07/Dec/2010:11:50:38 -0800] "GET /robots.txt HTTP/1.1" 302 350 "-" "Mozilla/5.0 (compatible; YandexBot/3.0; +http://yandex.com/bots)"
66.219.58.38 - - [07/Dec/2010:15:41:05 -0800] "GET /robots.txt HTTP/1.1" 302 350 "-" "MLBot (www.metadatalabs.com/mlbot)"
66.219.58.38 - - [07/Dec/2010:15:41:08 -0800] "GET / HTTP/1.1" 200 151 "-" "MLBot (www.metadatalabs.com/mlbot)"
93.158.148.31 - - [07/Dec/2010:17:45:08 -0800] "GET / HTTP/1.1" 200 151 "-" "Mozilla/5.0 (compatible; YandexBot/3.0; +http://yandex.com/bots)"
193.47.80.38 - - [07/Dec/2010:18:04:19 -0800] "GET /robots.txt HTTP/1.1" 302 350 "-" "Mozilla/5.0 (compatible; Exabot/3.0; +http://www.exabot.com/go/robot)"
193.47.80.38 - - [07/Dec/2010:18:04:19 -0800] "GET / HTTP/1.1" 200 151 "-" "Mozilla/5.0 (compatible; Exabot/3.0; +http://www.exabot.com/go/robot)"
38.101.148.124 - - [07/Dec/2010:20:52:02 -0800] "GET /robots.txt HTTP/1.1" 302 350 "-" "Mozilla/5.0 (compatible; discobot/1.1; +http://discoveryengine.com/discobot.html"
38.101.148.124 - - [07/Dec/2010:20:52:10 -0800] "GET / HTTP/1.1" 200 151 "-" "Mozilla/5.0 (compatible; discobot/1.1; +http://discoveryengine.com/discobot.html"
93.158.148.31 - - [09/Dec/2010:12:32:23 -0800] "GET /robots.txt HTTP/1.1" 302 350 "-" "Mozilla/5.0 (compatible; YandexBot/3.0; +http://yandex.com/bots)"
93.158.148.31 - - [09/Dec/2010:12:32:26 -0800] "GET / HTTP/1.1" 200 151 "-" "Mozilla/5.0 (compatible; YandexBot/3.0; +http://yandex.com/bots)"
193.47.80.38 - - [09/Dec/2010:13:25:08 -0800] "GET /robots.txt HTTP/1.1" 302 350 "-" "Mozilla/5.0 (compatible; Exabot/3.0; +http://www.exabot.com/go/robot)"
193.47.80.38 - - [09/Dec/2010:13:25:09 -0800] "GET / HTTP/1.1" 200 151 "-" "Mozilla/5.0 (compatible; Exabot/3.0; +http://www.exabot.com/go/robot)"
90.227.102.114 - - [09/Dec/2010:14:22:21 -0800] "GET / HTTP/1.1" 200 151 "http://www.sitedossier.com/site/browserbomb.com" "Mozilla/5.0 (Macintosh; U; Intel Mac OS X 10_5_8; en-us) AppleWebKit/533.18.1 (KHTML, like Gecko) Version/5.0.2 Safari/533.18.5"
90.227.102.114 - - [09/Dec/2010:14:22:21 -0800] "GET /favicon.ico HTTP/1.1" 200 430 "http://browserbomb.com/" "Mozilla/5.0 (Macintosh; U; Intel Mac OS X 10_5_8; en-us) AppleWebKit/533.18.1 (KHTML, like Gecko) Version/5.0.2 Safari/533.18.5"
38.101.148.124 - - [11/Dec/2010:16:23:25 -0800] "GET /robots.txt HTTP/1.1" 302 350 "-" "Mozilla/5.0 (compatible; discobot/1.1; +http://discoveryengine.com/discobot.html"
38.101.148.124 - - [11/Dec/2010:16:23:33 -0800] "GET /robots.txt HTTP/1.1" 302 350 "-" "Mozilla/5.0 (compatible; discobot/1.1; +http://discoveryengine.com/discobot.html"
69.28.58.15 - - [12/Dec/2010:06:37:34 -0800] "GET /robots.txt HTTP/1.0" 302 350 "http://browserbomb.com/robots.txt" "Mozilla/4.0 (compatible; MSIE 8.0; Windows NT 5.1; SV1; .NET CLR 2.0.50727)"
69.28.58.15 - - [12/Dec/2010:06:37:38 -0800] "GET / HTTP/1.0" 200 151 "http://browserbomb.com/" "Mozilla/4.0 (compatible; MSIE 8.0; Windows NT 5.1; SV1; .NET CLR 2.0.50727)"
207.241.228.164 - - [12/Dec/2010:10:39:58 -0800] "GET / HTTP/1.1" 200 151 "-" "Mozilla/5.0 (iPhone; U; CPU like Mac OS X; en) AppleWebKit/420+ (KHTML, like Gecko) Version/3.0 Mobile/1A535b Safari/419.3"
93.158.148.31 - - [13/Dec/2010:16:09:28 -0800] "GET /robots.txt HTTP/1.1" 302 350 "-" "Mozilla/5.0 (compatible; YandexBot/3.0; +http://yandex.com/bots)"
93.158.148.31 - - [13/Dec/2010:16:17:15 -0800] "GET / HTTP/1.1" 200 151 "-" "Mozilla/5.0 (compatible; YandexBot/3.0; +http://yandex.com/bots)"
66.249.67.202 - - [14/Dec/2010:20:53:57 -0800] "GET /robots.txt HTTP/1.1" 302 350 "-" "SAMSUNG-SGH-E250/1.0 Profile/MIDP-2.0 Configuration/CLDC-1.1 UP.Browser/6.2.3.3.c.1.101 (GUI) MMP/2.0 (compatible; Googlebot-Mobile/2.1; +http://www.google.com/bot.html)"
66.249.67.202 - - [14/Dec/2010:20:53:57 -0800] "GET / HTTP/1.1" 200 151 "-" "SAMSUNG-SGH-E250/1.0 Profile/MIDP-2.0 Configuration/CLDC-1.1 UP.Browser/6.2.3.3.c.1.101 (GUI) MMP/2.0 (compatible; Googlebot-Mobile/2.1; +http://www.google.com/bot.html)"
93.158.148.31 - - [15/Dec/2010:11:02:44 -0800] "GET /robots.txt HTTP/1.1" 302 350 "-" "Mozilla/5.0 (compatible; YandexBot/3.0; +http://yandex.com/bots)"
93.158.148.31 - - [15/Dec/2010:11:02:47 -0800] "GET / HTTP/1.1" 200 151 "-" "Mozilla/5.0 (compatible; YandexBot/3.0; +http://yandex.com/bots)"
74.117.176.30 - - [15/Dec/2010:22:17:22 -0800] "GET / HTTP/1.1" 200 151 "http://www.google.com" "Mozilla/5.0 (compatible; Googlebot/2.1; +http://www.google.com/bot.html)"
66.219.58.44 - - [15/Dec/2010:22:18:25 -0800] "GET /robots.txt HTTP/1.1" 302 350 "-" "MLBot (www.metadatalabs.com/mlbot)"
66.219.58.44 - - [15/Dec/2010:22:18:29 -0800] "GET / HTTP/1.1" 200 151 "-" "MLBot (www.metadatalabs.com/mlbot)"
93.158.148.31 - - [16/Dec/2010:04:20:33 -0800] "GET /robots.txt HTTP/1.1" 302 350 "-" "Mozilla/5.0 (compatible; YandexBot/3.0; +http://yandex.com/bots)"
93.158.148.31 - - [16/Dec/2010:04:20:35 -0800] "GET / HTTP/1.1" 200 151 "-" "Mozilla/5.0 (compatible; YandexBot/3.0; +http://yandex.com/bots)"
183.16.116.149 - - [16/Dec/2010:13:28:19 -0800] "GET / HTTP/1.1" 200 151 "-" "Mozilla/5.0 (Windows; U; Windows NT 5.1; en-US) AppleWebKit/533.4 (KHTML, like Gecko) Chrome/5.0.375.125 Safari/533.4"
193.47.80.38 - - [16/Dec/2010:19:10:48 -0800] "GET /robots.txt HTTP/1.1" 302 350 "-" "Mozilla/5.0 (compatible; Exabot/3.0; +http://www.exabot.com/go/robot)"
193.47.80.38 - - [16/Dec/2010:19:10:49 -0800] "GET / HTTP/1.1" 200 151 "-" "Mozilla/5.0 (compatible; Exabot/3.0; +http://www.exabot.com/go/robot)"
95.65.74.138 - - [17/Dec/2010:08:35:17 -0800] "GET /robots.txt HTTP/1.0" 302 350 "-" "Mozilla/4.0 (compatible; MSIE 6.0;)"
93.158.148.31 - - [17/Dec/2010:13:10:38 -0800] "GET /robots.txt HTTP/1.1" 302 350 "-" "Mozilla/5.0 (compatible; YandexBot/3.0; +http://yandex.com/bots)"
93.158.148.31 - - [17/Dec/2010:19:05:04 -0800] "GET / HTTP/1.1" 200 151 "-" "Mozilla/5.0 (compatible; YandexBot/3.0; +http://yandex.com/bots)"
184.154.7.186 - - [17/Dec/2010:22:30:30 -0800] "GET /robots.txt HTTP/1.0" 302 350 "-" "Mozilla/5.0 (compatible; MJ12bot/v1.3.3; http://www.majestic12.co.uk/bot.php?+)"
184.154.7.186 - - [17/Dec/2010:22:30:31 -0800] "GET / HTTP/1.0" 200 151 "-" "Mozilla/5.0 (compatible; MJ12bot/v1.3.3; http://www.majestic12.co.uk/bot.php?+)"
64.202.161.41 - - [18/Dec/2010:06:03:09 -0800] "GET / HTTP/1.1" 200 151 "-" "Mozilla/5.0 (Windows; U; Windows NT 5.1; en-US; rv:1.9.1.8) Gecko/20100202 Firefox/3.5.8 ( .NET CLR 3.5.30729)"
64.202.161.41 - - [18/Dec/2010:06:03:14 -0800] "GET / HTTP/1.1" 200 151 "-" "Mozilla/5.0 (Windows; U; Windows NT 5.1; en-US; rv:1.9.1.8) Gecko/20100202 Firefox/3.5.8 ( .NET CLR 3.5.30729)"
41.214.64.19 - - [18/Dec/2010:14:03:16 -0800] "GET / HTTP/1.1" 200 151 "-" "Mozilla/4.0 (compatible; MSIE 5.0; Windows NT; DigExt; DTS Agent"
193.47.80.38 - - [19/Dec/2010:07:15:49 -0800] "GET /robots.txt HTTP/1.1" 302 350 "-" "Mozilla/5.0 (compatible; Exabot/3.0; +http://www.exabot.com/go/robot)"
193.47.80.38 - - [19/Dec/2010:07:15:50 -0800] "GET / HTTP/1.1" 200 151 "-" "Mozilla/5.0 (compatible; Exabot/3.0; +http://www.exabot.com/go/robot)"
93.158.148.31 - - [19/Dec/2010:13:33:03 -0800] "GET /robots.txt HTTP/1.1" 302 350 "-" "Mozilla/5.0 (compatible; YandexBot/3.0; +http://yandex.com/bots)"
93.158.148.31 - - [19/Dec/2010:22:44:16 -0800] "GET / HTTP/1.1" 200 151 "-" "Mozilla/5.0 (compatible; YandexBot/3.0; +http://yandex.com/bots)"
86.134.109.31 - - [20/Dec/2010:19:56:59 -0800] "GET / HTTP/1.1" 200 151 "-" "WinWebBot/1.0; (Balaena Ltd, UK); http://www.balaena.com/winwebbot.html; winwebbot@balaena.com;)"
195.234.5.168 - - [21/Dec/2010:00:08:18 -0800] "GET /fckeditor/editor/images/anchor.gif HTTP/1.1" 302 350 "" "Mozilla/5.0 (Windows; U; Windows NT 6.0; en; rv:1.9.0.8) Gecko/2009032609 Firefox/3.0.8 (.NET CLR 3.5.30729)"
93.158.148.31 - - [21/Dec/2010:13:42:19 -0800] "GET /robots.txt HTTP/1.1" 302 350 "-" "Mozilla/5.0 (compatible; YandexBot/3.0; +http://yandex.com/bots)"
93.158.148.31 - - [21/Dec/2010:17:35:07 -0800] "GET / HTTP/1.1" 200 151 "-" "Mozilla/5.0 (compatible; YandexBot/3.0; +http://yandex.com/bots)"
69.28.58.16 - - [22/Dec/2010:21:25:45 -0800] "GET /robots.txt HTTP/1.0" 302 350 "http://browserbomb.com/robots.txt" "Mozilla/4.0 (compatible; MSIE 8.0; Windows NT 5.1; SV1; .NET CLR 2.0.50727)"
69.28.58.16 - - [22/Dec/2010:21:25:51 -0800] "GET / HTTP/1.0" 200 151 "http://browserbomb.com/" "Mozilla/4.0 (compatible; MSIE 8.0; Windows NT 5.1; SV1; .NET CLR 2.0.50727)"
95.65.74.138 - - [23/Dec/2010:02:38:02 -0800] "GET /robots.txt HTTP/1.0" 302 350 "-" "Mozilla/4.0 (compatible; MSIE 6.0;)"
193.47.80.38 - - [23/Dec/2010:08:12:00 -0800] "GET /robots.txt HTTP/1.1" 302 350 "-" "Mozilla/5.0 (compatible; Exabot/3.0; +http://www.exabot.com/go/robot)"
193.47.80.38 - - [23/Dec/2010:08:12:00 -0800] "GET / HTTP/1.1" 200 151 "-" "Mozilla/5.0 (compatible; Exabot/3.0; +http://www.exabot.com/go/robot)"
66.249.71.200 - - [23/Dec/2010:11:09:04 -0800] "GET /robots.txt HTTP/1.1" 302 350 "-" "Mozilla/5.0 (compatible; Googlebot/2.1; +http://www.google.com/bot.html)"
66.249.71.200 - - [23/Dec/2010:11:09:04 -0800] "GET / HTTP/1.1" 200 151 "-" "Mozilla/5.0 (compatible; Googlebot/2.1; +http://www.google.com/bot.html)"
207.182.146.226 - - [24/Dec/2010:06:50:13 -0800] "GET / HTTP/1.1" 200 151 "-" "Java/1.6.0_04"
93.158.148.31 - - [24/Dec/2010:15:28:33 -0800] "GET /robots.txt HTTP/1.1" 302 350 "-" "Mozilla/5.0 (compatible; YandexBot/3.0; +http://yandex.com/bots)"
95.65.74.138 - - [24/Dec/2010:21:17:56 -0800] "GET / HTTP/1.0" 200 151 "-" "Mozilla/4.0 (compatible; MSIE 6.0;)"
93.158.148.31 - - [25/Dec/2010:06:12:40 -0800] "GET / HTTP/1.1" 200 151 "-" "Mozilla/5.0 (compatible; YandexBot/3.0; +http://yandex.com/bots)"
184.72.92.254 - - [25/Dec/2010:12:50:42 -0800] "HEAD / HTTP/1.1" 200 - "http://www.netcraft.com/survey/" "Mozilla/4.0 (compatible; Netcraft Web Server Survey)"
66.249.67.202 - - [25/Dec/2010:14:58:11 -0800] "GET /robots.txt HTTP/1.1" 302 350 "-" "DoCoMo/2.0 N905i(c100;TB;W24H16) (compatible; Googlebot-Mobile/2.1; +http://www.google.com/bot.html)"
66.249.67.202 - - [25/Dec/2010:14:58:11 -0800] "GET / HTTP/1.1" 200 151 "-" "DoCoMo/2.0 N905i(c100;TB;W24H16) (compatible; Googlebot-Mobile/2.1; +http://www.google.com/bot.html)"
93.158.148.31 - - [26/Dec/2010:23:09:07 -0800] "GET /robots.txt HTTP/1.1" 302 350 "-" "Mozilla/5.0 (compatible; YandexBot/3.0; +http://yandex.com/bots)"
93.158.148.31 - - [27/Dec/2010:14:38:33 -0800] "GET / HTTP/1.1" 200 151 "-" "Mozilla/5.0 (compatible; YandexBot/3.0; +http://yandex.com/bots)"
93.158.148.31 - - [28/Dec/2010:12:25:19 -0800] "GET /robots.txt HTTP/1.1" 302 350 "-" "Mozilla/5.0 (compatible; YandexBot/3.0; +http://yandex.com/bots)"
96.31.166.228 - - [28/Dec/2010:12:30:31 -0800] "GET /robots.txt HTTP/1.1" 302 350 "-" "Mozilla/5.0 (compatible; Search17Bot/1.1; http://www.search17.com/bot.php)"
96.31.166.228 - - [28/Dec/2010:12:30:34 -0800] "GET / HTTP/1.1" 200 151 "-" "Mozilla/5.0 (compatible; Search17Bot/1.1; http://www.search17.com/bot.php)"
218.213.130.126 - - [28/Dec/2010:12:35:25 -0800] "GET /robots.txt HTTP/1.1" 302 350 "-" "DoCoMo/2.0 P900i(c100;TB;W24H11)(compatible; ichiro/mobile goo;+http://help.goo.ne.jp/door/crawler.html)"
93.158.148.31 - - [28/Dec/2010:19:18:48 -0800] "GET / HTTP/1.1" 200 151 "-" "Mozilla/5.0 (compatible; YandexBot/3.0; +http://yandex.com/bots)"
62.219.132.115 - - [28/Dec/2010:23:56:00 -0800] "GET / HTTP/1.1" 200 151 "http://www.we-globe.net/Weblab/SiteCommonGraveReport.php?portal=http://browserbomb.com/" "Mozilla/4.0 (compatible; MSIE 8.0; Windows NT 5.1; .NET CLR 1.1.4322; MS-RTC LM 8)"
50.16.109.101 - - [29/Dec/2010:10:29:38 -0800] "GET / HTTP/1.0" 200 151 "-" "Mozilla/5.0 (compatible; NetcraftSurveyAgent/1.0; +info@netcraft.com)"
208.115.111.249 - - [29/Dec/2010:11:37:59 -0800] "GET /robots.txt HTTP/1.1" 302 350 "-" "Mozilla/5.0 (compatible; DotBot/1.1; http://www.dotnetdotcom.org/, crawler@dotnetdotcom.org)"
184.73.103.70 - - [29/Dec/2010:19:08:01 -0800] "GET /robots.txt HTTP/1.1" 302 350 "-" "Mozilla/5.0 (compatible; spbot/3.0; +http://www.seoprofiler.com/bot )"
184.73.103.70 - - [29/Dec/2010:19:08:02 -0800] "GET / HTTP/1.1" 200 151 "-" "Mozilla/5.0 (compatible; spbot/3.0; +http://www.seoprofiler.com/bot )"
68.33.68.250 - - [30/Dec/2010:05:01:41 -0800] "GET / HTTP/1.1" 200 151 "http://www.google.com/search?client=safari&rls=en-us&q=browserbomb.com&ie=UTF-8&oe=UTF-8" "Mozilla/5.0 (Macintosh; U; Intel Mac OS X 10_5_8; en-us) AppleWebKit/530.19.2 (KHTML, like Gecko) Version/4.0.2 Safari/530.19"
68.33.68.250 - - [30/Dec/2010:05:01:41 -0800] "GET /favicon.ico HTTP/1.1" 200 430 "http://browserbomb.com/" "Mozilla/5.0 (Macintosh; U; Intel Mac OS X 10_5_8; en-us) AppleWebKit/530.19.2 (KHTML, like Gecko) Version/4.0.2 Safari/530.19"
93.158.148.31 - - [30/Dec/2010:13:41:22 -0800] "GET /robots.txt HTTP/1.1" 302 350 "-" "Mozilla/5.0 (compatible; YandexBot/3.0; +http://yandex.com/bots)"
69.28.58.23 - - [30/Dec/2010:18:10:32 -0800] "GET /robots.txt HTTP/1.0" 302 350 "-" "Mozilla/4.0 (compatible; MSIE 6.0; Windows NT 5.0) (larbin2.6.3@unspecified.mail)"
69.28.58.23 - - [30/Dec/2010:18:10:32 -0800] "GET / HTTP/1.0" 200 151 "-" "Mozilla/4.0 (compatible; MSIE 6.0; Windows NT 5.0) larbin2.6.3@unspecified.mail"
93.158.148.31 - - [30/Dec/2010:19:16:25 -0800] "GET / HTTP/1.1" 200 151 "-" "Mozilla/5.0 (compatible; YandexBot/3.0; +http://yandex.com/bots)"
24.138.70.221 - - [30/Dec/2010:22:04:27 -0800] "GET / HTTP/1.1" 200 151 "-" "Mozilla/4.0 (compatible; MSIE 5.0; Windows NT; DigExt; DTS Agent"
93.158.148.31 - - [01/Jan/2011:12:14:11 -0800] "GET /robots.txt HTTP/1.1" 302 350 "-" "Mozilla/5.0 (compatible; YandexBot/3.0; +http://yandex.com/bots)"
93.158.148.31 - - [01/Jan/2011:23:39:06 -0800] "GET / HTTP/1.1" 200 151 "-" "Mozilla/5.0 (compatible; YandexBot/3.0; +http://yandex.com/bots)"
184.154.7.186 - - [02/Jan/2011:19:06:45 -0800] "GET /robots.txt HTTP/1.0" 302 350 "-" "Mozilla/5.0 (compatible; MJ12bot/v1.3.3; http://www.majestic12.co.uk/bot.php?+)"
184.154.7.186 - - [02/Jan/2011:19:06:47 -0800] "GET / HTTP/1.0" 200 151 "-" "Mozilla/5.0 (compatible; MJ12bot/v1.3.3; http://www.majestic12.co.uk/bot.php?+)"
93.158.148.31 - - [03/Jan/2011:20:35:50 -0800] "GET /robots.txt HTTP/1.1" 302 350 "-" "Mozilla/5.0 (compatible; YandexBot/3.0; +http://yandex.com/bots)"
93.158.148.31 - - [03/Jan/2011:21:59:25 -0800] "GET / HTTP/1.1" 200 151 "-" "Mozilla/5.0 (compatible; YandexBot/3.0; +http://yandex.com/bots)"
66.249.72.116 - - [04/Jan/2011:01:44:57 -0800] "GET /robots.txt HTTP/1.1" 302 350 "-" "SAMSUNG-SGH-E250/1.0 Profile/MIDP-2.0 Configuration/CLDC-1.1 UP.Browser/6.2.3.3.c.1.101 (GUI) MMP/2.0 (compatible; Googlebot-Mobile/2.1; +http://www.google.com/bot.html)"
66.249.72.116 - - [04/Jan/2011:01:44:57 -0800] "GET / HTTP/1.1" 200 151 "-" "SAMSUNG-SGH-E250/1.0 Profile/MIDP-2.0 Configuration/CLDC-1.1 UP.Browser/6.2.3.3.c.1.101 (GUI) MMP/2.0 (compatible; Googlebot-Mobile/2.1; +http://www.google.com/bot.html)"
92.61.155.10 - - [05/Jan/2011:09:04:55 -0800] "GET / HTTP/1.1" 200 151 "http://www.tvolymp.com" "Mozilla/4.0 (compatible; MSIE 5.01; Windows NT 5.0)"
93.158.148.31 - - [05/Jan/2011:11:33:16 -0800] "GET /robots.txt HTTP/1.1" 302 350 "-" "Mozilla/5.0 (compatible; YandexBot/3.0; +http://yandex.com/bots)"
76.73.20.202 - - [05/Jan/2011:16:42:55 -0800] "GET / HTTP/1.1" 200 151 "http://www.friendrocket.com/cgi-bin/topsecret.cgi?676910643" "Mozilla/4.0 (compatible; MSIE 7.0; Windows NT 5.1; Mozilla/4.0 (compatible; MSIE 6.0; Windows NT 5.1; SV1) ; .NET CLR 2.0.50727; .NET CLR 3.0.4506.2152; .NET CLR 3.5.30729)"
93.158.148.31 - - [05/Jan/2011:22:24:24 -0800] "GET / HTTP/1.1" 200 151 "-" "Mozilla/5.0 (compatible; YandexBot/3.0; +http://yandex.com/bots)"
184.154.7.186 - - [05/Jan/2011:23:54:24 -0800] "GET /robots.txt HTTP/1.0" 302 350 "-" "Mozilla/5.0 (compatible; MJ12bot/v1.3.3; http://www.majestic12.co.uk/bot.php?+)"
184.154.7.186 - - [05/Jan/2011:23:54:26 -0800] "GET / HTTP/1.0" 200 151 "-" "Mozilla/5.0 (compatible; MJ12bot/v1.3.3; http://www.majestic12.co.uk/bot.php?+)"
93.158.148.31 - - [06/Jan/2011:10:37:33 -0800] "GET /robots.txt HTTP/1.1" 302 350 "-" "Mozilla/5.0 (compatible; YandexBot/3.0; +http://yandex.com/bots)"
93.158.148.31 - - [06/Jan/2011:10:37:35 -0800] "GET / HTTP/1.1" 200 151 "-" "Mozilla/5.0 (compatible; YandexBot/3.0; +http://yandex.com/bots)"
24.138.70.221 - - [06/Jan/2011:23:12:43 -0800] "GET / HTTP/1.1" 200 151 "-" "Mozilla/4.0 (compatible; MSIE 5.0; Windows NT; DigExt; DTS Agent"
174.129.117.237 - - [07/Jan/2011:16:14:31 -0800] "HEAD / HTTP/1.1" 200 - "-" "Mozilla/5.0 (Windows; U; Windows NT 5.1; en-US) AppleWebKit/525.13 (KHTML, like Gecko) Chrome/0.A.B.C Safari/525.13"
195.234.5.221 - - [07/Jan/2011:16:48:04 -0800] "GET /FCKeditor/editor/images/anchor.gif HTTP/1.1" 302 350 "" "Mozilla/5.0 (Windows; U; Windows NT 6.0; en; rv:1.9.0.8) Gecko/2009032609 Firefox/3.0.8 (.NET CLR 3.5.30729)"
71.41.201.35 - - [08/Jan/2011:01:53:52 -0800] "GET /robots.txt HTTP/1.1" 302 350 "-" "MLBot (www.metadatalabs.com/mlbot)"
71.41.201.35 - - [08/Jan/2011:01:54:02 -0800] "GET / HTTP/1.1" 200 151 "-" "MLBot (www.metadatalabs.com/mlbot)"
184.154.7.186 - - [09/Jan/2011:01:16:26 -0800] "GET /robots.txt HTTP/1.0" 302 350 "-" "Mozilla/5.0 (compatible; MJ12bot/v1.3.3; http://www.majestic12.co.uk/bot.php?+)"
184.154.7.186 - - [09/Jan/2011:01:16:27 -0800] "GET / HTTP/1.0" 200 151 "-" "Mozilla/5.0 (compatible; MJ12bot/v1.3.3; http://www.majestic12.co.uk/bot.php?+)"
69.28.58.15 - - [09/Jan/2011:09:33:57 -0800] "GET /robots.txt HTTP/1.0" 302 350 "http://browserbomb.com/robots.txt" "Mozilla/4.0 (compatible; MSIE 8.0; Windows NT 5.1; SV1; .NET CLR 2.0.50727)"
69.28.58.15 - - [09/Jan/2011:09:34:04 -0800] "GET / HTTP/1.0" 200 151 "http://browserbomb.com/" "Mozilla/4.0 (compatible; MSIE 8.0; Windows NT 5.1; SV1; .NET CLR 2.0.50727)"
93.158.148.31 - - [10/Jan/2011:09:51:19 -0800] "GET /robots.txt HTTP/1.1" 302 350 "-" "Mozilla/5.0 (compatible; YandexBot/3.0; +http://yandex.com/bots)"
50.16.114.130 - - [10/Jan/2011:14:11:27 -0800] "GET / HTTP/1.1" 200 151 "-" "Mozilla/5.0 (Windows; U; Windows NT 6.0; en-US; rv:1.9.2.3) Gecko/20100401 Firefox/3.6.3 GTB6 (.NET CLR 3.5.30729)"
184.73.30.110 - - [10/Jan/2011:23:19:20 -0800] "GET /robots.txt HTTP/1.1" 302 350 "-" "Mozilla/5.0 (compatible; AboutUsBot Johnny5/2.0; +http://www.AboutUs.org/)"
184.73.30.110 - - [10/Jan/2011:23:19:20 -0800] "GET /robots.txt HTTP/1.1" 302 350 "-" "Mozilla/5.0 (compatible; AboutUsBot Johnny5/2.0; +http://www.AboutUs.org/)"
184.73.30.110 - - [10/Jan/2011:23:41:53 -0800] "GET / HTTP/1.1" 200 151 "-" "Mozilla/5.0 (compatible; AboutUsBot Johnny5/2.0; +http://www.AboutUs.org/)"
184.73.30.110 - - [10/Jan/2011:23:41:55 -0800] "GET / HTTP/1.1" 200 151 "-" "Mozilla/5.0 (compatible; AboutUsBot Johnny5/2.0; +http://www.AboutUs.org/)"
93.158.148.31 - - [11/Jan/2011:00:59:16 -0800] "GET / HTTP/1.1" 200 151 "-" "Mozilla/5.0 (compatible; YandexBot/3.0; +http://yandex.com/bots)"
207.46.195.239 - - [11/Jan/2011:12:05:14 -0800] "GET /robots.txt HTTP/1.1" 302 350 "-" "Mozilla/5.0 (compatible; bingbot/2.0; +http://www.bing.com/bingbot.htm)"
207.46.195.239 - - [11/Jan/2011:12:14:35 -0800] "GET /robots.txt HTTP/1.1" 302 350 "-" "Mozilla/5.0 (compatible; bingbot/2.0; +http://www.bing.com/bingbot.htm)"
207.46.195.239 - - [11/Jan/2011:12:30:59 -0800] "GET /robots.txt HTTP/1.1" 302 350 "-" "Mozilla/5.0 (compatible; bingbot/2.0; +http://www.bing.com/bingbot.htm)"
207.46.195.239 - - [11/Jan/2011:12:56:01 -0800] "GET /robots.txt HTTP/1.1" 302 350 "-" "Mozilla/5.0 (compatible; bingbot/2.0; +http://www.bing.com/bingbot.htm)"
207.46.195.239 - - [11/Jan/2011:13:28:18 -0800] "GET /robots.txt HTTP/1.1" 302 350 "-" "Mozilla/5.0 (compatible; bingbot/2.0; +http://www.bing.com/bingbot.htm)"
207.46.195.239 - - [11/Jan/2011:14:10:24 -0800] "GET /robots.txt HTTP/1.1" 302 350 "-" "Mozilla/5.0 (compatible; bingbot/2.0; +http://www.bing.com/bingbot.htm)"
207.46.195.239 - - [11/Jan/2011:14:42:16 -0800] "GET /robots.txt HTTP/1.1" 302 350 "-" "Mozilla/5.0 (compatible; bingbot/2.0; +http://www.bing.com/bingbot.htm)"
207.46.195.239 - - [11/Jan/2011:15:06:41 -0800] "GET /robots.txt HTTP/1.1" 302 350 "-" "Mozilla/5.0 (compatible; bingbot/2.0; +http://www.bing.com/bingbot.htm)"
207.46.195.239 - - [11/Jan/2011:15:21:44 -0800] "GET /robots.txt HTTP/1.1" 302 350 "-" "Mozilla/5.0 (compatible; bingbot/2.0; +http://www.bing.com/bingbot.htm)"
184.73.30.110 - - [11/Jan/2011:15:35:39 -0800] "GET /robots.txt HTTP/1.1" 302 350 "-" "Mozilla/5.0 (compatible; AboutUsBot Johnny5/2.0; +http://www.AboutUs.org/)"
207.46.195.239 - - [11/Jan/2011:15:39:39 -0800] "GET /robots.txt HTTP/1.1" 302 350 "-" "Mozilla/5.0 (compatible; bingbot/2.0; +http://www.bing.com/bingbot.htm)"
184.73.30.110 - - [11/Jan/2011:15:45:16 -0800] "GET / HTTP/1.1" 200 151 "-" "Mozilla/5.0 (compatible; AboutUsBot Johnny5/2.0; +http://www.AboutUs.org/)"
207.46.195.239 - - [11/Jan/2011:16:06:26 -0800] "GET /robots.txt HTTP/1.1" 302 350 "-" "Mozilla/5.0 (compatible; bingbot/2.0; +http://www.bing.com/bingbot.htm)"
207.46.195.239 - - [11/Jan/2011:16:40:17 -0800] "GET /robots.txt HTTP/1.1" 302 350 "-" "Mozilla/5.0 (compatible; bingbot/2.0; +http://www.bing.com/bingbot.htm)"
207.46.195.239 - - [11/Jan/2011:17:25:55 -0800] "GET /robots.txt HTTP/1.1" 302 350 "-" "Mozilla/5.0 (compatible; bingbot/2.0; +http://www.bing.com/bingbot.htm)"
207.46.195.239 - - [11/Jan/2011:17:37:36 -0800] "GET /robots.txt HTTP/1.1" 302 350 "-" "Mozilla/5.0 (compatible; bingbot/2.0; +http://www.bing.com/bingbot.htm)"
207.46.195.239 - - [11/Jan/2011:17:55:54 -0800] "GET /robots.txt HTTP/1.1" 302 350 "-" "Mozilla/5.0 (compatible; bingbot/2.0; +http://www.bing.com/bingbot.htm)"
174.129.117.237 - - [11/Jan/2011:18:15:18 -0800] "HEAD / HTTP/1.1" 200 - "-" "Mozilla/5.0 (Windows; U; Windows NT 5.1; en-US) AppleWebKit/525.13 (KHTML, like Gecko) Chrome/0.A.B.C Safari/525.13"
207.46.195.239 - - [11/Jan/2011:18:21:35 -0800] "GET /robots.txt HTTP/1.1" 302 350 "-" "Mozilla/5.0 (compatible; bingbot/2.0; +http://www.bing.com/bingbot.htm)"
207.46.195.239 - - [11/Jan/2011:18:56:26 -0800] "GET /robots.txt HTTP/1.1" 302 350 "-" "Mozilla/5.0 (compatible; bingbot/2.0; +http://www.bing.com/bingbot.htm)"
207.46.195.239 - - [11/Jan/2011:19:37:00 -0800] "GET /robots.txt HTTP/1.1" 302 350 "-" "Mozilla/5.0 (compatible; bingbot/2.0; +http://www.bing.com/bingbot.htm)"
207.46.195.239 - - [11/Jan/2011:20:26:40 -0800] "GET /robots.txt HTTP/1.1" 302 350 "-" "Mozilla/5.0 (compatible; bingbot/2.0; +http://www.bing.com/bingbot.htm)"
207.46.195.239 - - [11/Jan/2011:20:36:46 -0800] "GET /robots.txt HTTP/1.1" 302 350 "-" "Mozilla/5.0 (compatible; bingbot/2.0; +http://www.bing.com/bingbot.htm)"
207.46.195.239 - - [11/Jan/2011:20:54:18 -0800] "GET /robots.txt HTTP/1.1" 302 350 "-" "Mozilla/5.0 (compatible; bingbot/2.0; +http://www.bing.com/bingbot.htm)"
207.46.195.239 - - [11/Jan/2011:21:18:27 -0800] "GET /robots.txt HTTP/1.1" 302 350 "-" "Mozilla/5.0 (compatible; bingbot/2.0; +http://www.bing.com/bingbot.htm)"
207.46.195.239 - - [11/Jan/2011:21:52:24 -0800] "GET /robots.txt HTTP/1.1" 302 350 "-" "Mozilla/5.0 (compatible; bingbot/2.0; +http://www.bing.com/bingbot.htm)"
207.46.195.239 - - [11/Jan/2011:22:34:04 -0800] "GET /robots.txt HTTP/1.1" 302 350 "-" "Mozilla/5.0 (compatible; bingbot/2.0; +http://www.bing.com/bingbot.htm)"
184.154.7.186 - - [12/Jan/2011:02:50:34 -0800] "GET /robots.txt HTTP/1.0" 302 350 "-" "Mozilla/5.0 (compatible; MJ12bot/v1.3.3; http://www.majestic12.co.uk/bot.php?+)"
184.154.7.186 - - [12/Jan/2011:02:50:35 -0800] "GET / HTTP/1.0" 200 151 "-" "Mozilla/5.0 (compatible; MJ12bot/v1.3.3; http://www.majestic12.co.uk/bot.php?+)"
66.249.67.202 - - [12/Jan/2011:10:09:12 -0800] "GET /robots.txt HTTP/1.1" 302 350 "-" "Mozilla/5.0 (compatible; Googlebot/2.1; +http://www.google.com/bot.html)"
66.249.67.202 - - [12/Jan/2011:10:09:12 -0800] "GET / HTTP/1.1" 200 151 "-" "Mozilla/5.0 (compatible; Googlebot/2.1; +http://www.google.com/bot.html)"
93.158.148.31 - - [12/Jan/2011:14:33:25 -0800] "GET /robots.txt HTTP/1.1" 302 350 "-" "Mozilla/5.0 (compatible; YandexBot/3.0; +http://yandex.com/bots)"
93.158.148.31 - - [12/Jan/2011:20:36:40 -0800] "GET / HTTP/1.1" 200 151 "-" "Mozilla/5.0 (compatible; YandexBot/3.0; +http://yandex.com/bots)"
66.249.67.202 - - [13/Jan/2011:01:24:01 -0800] "GET /robots.txt HTTP/1.1" 302 350 "-" "DoCoMo/2.0 N905i(c100;TB;W24H16) (compatible; Googlebot-Mobile/2.1; +http://www.google.com/bot.html)"
66.249.67.202 - - [13/Jan/2011:01:24:01 -0800] "GET / HTTP/1.1" 200 151 "-" "DoCoMo/2.0 N905i(c100;TB;W24H16) (compatible; Googlebot-Mobile/2.1; +http://www.google.com/bot.html)"
66.249.67.202 - - [13/Jan/2011:02:17:10 -0800] "GET / HTTP/1.1" 200 151 "-" "SAMSUNG-SGH-E250/1.0 Profile/MIDP-2.0 Configuration/CLDC-1.1 UP.Browser/6.2.3.3.c.1.101 (GUI) MMP/2.0 (compatible; Googlebot-Mobile/2.1; +http://www.google.com/bot.html)"
74.117.176.30 - - [14/Jan/2011:10:59:24 -0800] "GET / HTTP/1.1" 200 151 "http://www.google.com" "Mozilla/5.0 (compatible; Googlebot/2.1; +http://www.google.com/bot.html)"
93.158.148.31 - - [14/Jan/2011:15:58:53 -0800] "GET /robots.txt HTTP/1.1" 302 350 "-" "Mozilla/5.0 (compatible; YandexBot/3.0; +http://yandex.com/bots)"
93.158.148.31 - - [14/Jan/2011:15:58:55 -0800] "GET / HTTP/1.1" 200 151 "-" "Mozilla/5.0 (compatible; YandexBot/3.0; +http://yandex.com/bots)"
193.47.80.38 - - [15/Jan/2011:04:29:29 -0800] "GET /robots.txt HTTP/1.1" 302 350 "-" "Mozilla/5.0 (compatible; Exabot/3.0; +http://www.exabot.com/go/robot)"
193.47.80.38 - - [15/Jan/2011:04:29:30 -0800] "GET / HTTP/1.1" 200 151 "-" "Mozilla/5.0 (compatible; Exabot/3.0; +http://www.exabot.com/go/robot)"
184.154.7.186 - - [15/Jan/2011:18:24:00 -0800] "GET /robots.txt HTTP/1.0" 302 350 "-" "Mozilla/5.0 (compatible; MJ12bot/v1.3.3; http://www.majestic12.co.uk/bot.php?+)"
184.154.7.186 - - [15/Jan/2011:18:24:01 -0800] "GET / HTTP/1.0" 200 151 "-" "Mozilla/5.0 (compatible; MJ12bot/v1.3.3; http://www.majestic12.co.uk/bot.php?+)"
87.106.135.77 - - [16/Jan/2011:12:31:54 -0800] "GET / HTTP/1.1" 200 151 "-" "Mozilla/4.0 (compatible; MSIE 5.5; Windows NT)"
122.225.222.98 - - [16/Jan/2011:13:59:07 -0800] "HEAD / HTTP/1.0" 200 - "http://browserbomb.com/" "Mozilla/4.0 (compatible; MSIE 6.0; Windows NT 5.1; SV1)"
122.225.222.98 - - [16/Jan/2011:14:01:37 -0800] "GET / HTTP/1.0" 200 151 "http://browserbomb.com/" "Mozilla/4.0 (compatible; MSIE 6.0; Windows NT 5.1; SV1)"
93.158.148.31 - - [16/Jan/2011:14:13:59 -0800] "GET /robots.txt HTTP/1.1" 302 350 "-" "Mozilla/5.0 (compatible; YandexBot/3.0; +http://yandex.com/bots)"
93.158.148.31 - - [17/Jan/2011:04:28:58 -0800] "GET / HTTP/1.1" 200 151 "-" "Mozilla/5.0 (compatible; YandexBot/3.0; +http://yandex.com/bots)"
124.82.14.142 - - [17/Jan/2011:07:38:17 -0800] "GET / HTTP/1.1" 200 151 "http://www.google.com.my/search?hl=en&q=browser+bomb.com&aq=f&aqi=&aql=&oq=" "Mozilla/5.0 (Windows; U; Windows NT 6.1; en-US) AppleWebKit/534.10 (KHTML, like Gecko) Chrome/8.0.552.23 Safari/534.10"
124.82.14.142 - - [17/Jan/2011:07:38:18 -0800] "GET /favicon.ico HTTP/1.1" 200 430 "-" "Mozilla/5.0 (Windows; U; Windows NT 6.1; en-US) AppleWebKit/534.10 (KHTML, like Gecko) Chrome/8.0.552.23 Safari/534.10"
66.249.67.202 - - [17/Jan/2011:17:31:16 -0800] "GET /robots.txt HTTP/1.1" 302 350 "-" "DoCoMo/2.0 N905i(c100;TB;W24H16) (compatible; Googlebot-Mobile/2.1; +http://www.google.com/bot.html)"
66.249.67.202 - - [17/Jan/2011:17:31:16 -0800] "GET / HTTP/1.1" 200 151 "-" "DoCoMo/2.0 N905i(c100;TB;W24H16) (compatible; Googlebot-Mobile/2.1; +http://www.google.com/bot.html)"
66.249.67.202 - - [17/Jan/2011:17:57:48 -0800] "GET / HTTP/1.1" 200 151 "-" "SAMSUNG-SGH-E250/1.0 Profile/MIDP-2.0 Configuration/CLDC-1.1 UP.Browser/6.2.3.3.c.1.101 (GUI) MMP/2.0 (compatible; Googlebot-Mobile/2.1; +http://www.google.com/bot.html)"
64.202.161.41 - - [18/Jan/2011:05:51:11 -0800] "GET / HTTP/1.1" 200 151 "-" "Mozilla/5.0 (Windows; U; Windows NT 5.1; en-US; rv:1.9.1.8) Gecko/20100202 Firefox/3.5.8 ( .NET CLR 3.5.30729)"
64.202.161.41 - - [18/Jan/2011:05:51:20 -0800] "GET / HTTP/1.1" 200 151 "-" "Mozilla/5.0 (Windows; U; Windows NT 5.1; en-US; rv:1.9.1.8) Gecko/20100202 Firefox/3.5.8 ( .NET CLR 3.5.30729)"
174.129.117.237 - - [18/Jan/2011:18:12:24 -0800] "HEAD / HTTP/1.1" 200 - "-" "Mozilla/5.0 (Windows; U; Windows NT 5.1; en-US) AppleWebKit/525.13 (KHTML, like Gecko) Chrome/0.A.B.C Safari/525.13"
93.158.148.31 - - [18/Jan/2011:19:51:12 -0800] "GET /robots.txt HTTP/1.1" 302 350 "-" "Mozilla/5.0 (compatible; YandexBot/3.0; +http://yandex.com/bots)"
193.47.80.38 - - [18/Jan/2011:19:56:39 -0800] "GET /robots.txt HTTP/1.1" 302 350 "-" "Mozilla/5.0 (compatible; Exabot/3.0; +http://www.exabot.com/go/robot)"
193.47.80.38 - - [18/Jan/2011:19:56:40 -0800] "GET / HTTP/1.1" 200 151 "-" "Mozilla/5.0 (compatible; Exabot/3.0; +http://www.exabot.com/go/robot)"
184.154.7.186 - - [18/Jan/2011:21:54:27 -0800] "GET /robots.txt HTTP/1.0" 302 350 "-" "Mozilla/5.0 (compatible; MJ12bot/v1.3.3; http://www.majestic12.co.uk/bot.php?+)"
184.154.7.186 - - [18/Jan/2011:21:54:27 -0800] "GET / HTTP/1.0" 200 151 "-" "Mozilla/5.0 (compatible; MJ12bot/v1.3.3; http://www.majestic12.co.uk/bot.php?+)"
93.158.148.31 - - [18/Jan/2011:22:20:26 -0800] "GET / HTTP/1.1" 200 151 "-" "Mozilla/5.0 (compatible; YandexBot/3.0; +http://yandex.com/bots)"
68.168.105.57 - - [20/Jan/2011:00:43:38 -0800] "GET / HTTP/1.1" 200 151 "-" "Mozilla/5.0 (Windows; U; Windows NT 6.1; en_US; rv:1.9.1.9) Gecko/20100315 Firefox/3.5.9"
174.129.117.237 - - [20/Jan/2011:09:42:25 -0800] "HEAD / HTTP/1.1" 200 - "-" "Mozilla/5.0 (Windows; U; Windows NT 5.1; en-US) AppleWebKit/525.13 (KHTML, like Gecko) Chrome/0.A.B.C Safari/525.13"
66.249.67.202 - - [21/Jan/2011:02:26:18 -0800] "GET /robots.txt HTTP/1.1" 302 350 "-" "DoCoMo/2.0 N905i(c100;TB;W24H16) (compatible; Googlebot-Mobile/2.1; +http://www.google.com/bot.html)"
66.249.67.202 - - [21/Jan/2011:02:26:18 -0800] "GET / HTTP/1.1" 200 151 "-" "DoCoMo/2.0 N905i(c100;TB;W24H16) (compatible; Googlebot-Mobile/2.1; +http://www.google.com/bot.html)"
66.249.67.202 - - [21/Jan/2011:02:46:09 -0800] "GET / HTTP/1.1" 200 151 "-" "SAMSUNG-SGH-E250/1.0 Profile/MIDP-2.0 Configuration/CLDC-1.1 UP.Browser/6.2.3.3.c.1.101 (GUI) MMP/2.0 (compatible; Googlebot-Mobile/2.1; +http://www.google.com/bot.html)"
93.158.148.31 - - [21/Jan/2011:13:05:27 -0800] "GET /robots.txt HTTP/1.1" 302 350 "-" "Mozilla/5.0 (compatible; YandexBot/3.0; +http://yandex.com/bots)"
207.46.12.236 - - [21/Jan/2011:14:16:17 -0800] "GET /robots.txt HTTP/1.1" 302 350 "-" "Mozilla/5.0 (compatible; bingbot/2.0; +http://www.bing.com/bingbot.htm)"
207.46.12.236 - - [21/Jan/2011:14:25:32 -0800] "GET /robots.txt HTTP/1.1" 302 350 "-" "Mozilla/5.0 (compatible; bingbot/2.0; +http://www.bing.com/bingbot.htm)"
207.46.12.236 - - [21/Jan/2011:14:42:41 -0800] "GET /robots.txt HTTP/1.1" 302 350 "-" "Mozilla/5.0 (compatible; bingbot/2.0; +http://www.bing.com/bingbot.htm)"
207.46.12.236 - - [21/Jan/2011:15:07:07 -0800] "GET /robots.txt HTTP/1.1" 302 350 "-" "Mozilla/5.0 (compatible; bingbot/2.0; +http://www.bing.com/bingbot.htm)"
207.46.12.236 - - [21/Jan/2011:15:40:58 -0800] "GET /robots.txt HTTP/1.1" 302 350 "-" "Mozilla/5.0 (compatible; bingbot/2.0; +http://www.bing.com/bingbot.htm)"
207.46.12.236 - - [21/Jan/2011:16:22:29 -0800] "GET /robots.txt HTTP/1.1" 302 350 "-" "Mozilla/5.0 (compatible; bingbot/2.0; +http://www.bing.com/bingbot.htm)"
207.46.12.236 - - [21/Jan/2011:17:12:18 -0800] "GET /robots.txt HTTP/1.1" 302 350 "-" "Mozilla/5.0 (compatible; bingbot/2.0; +http://www.bing.com/bingbot.htm)"
207.46.12.236 - - [21/Jan/2011:17:22:15 -0800] "GET /robots.txt HTTP/1.1" 302 350 "-" "Mozilla/5.0 (compatible; bingbot/2.0; +http://www.bing.com/bingbot.htm)"
207.46.12.236 - - [21/Jan/2011:17:40:21 -0800] "GET /robots.txt HTTP/1.1" 302 350 "-" "Mozilla/5.0 (compatible; bingbot/2.0; +http://www.bing.com/bingbot.htm)"
207.46.12.236 - - [21/Jan/2011:18:07:23 -0800] "GET /robots.txt HTTP/1.1" 302 350 "-" "Mozilla/5.0 (compatible; bingbot/2.0; +http://www.bing.com/bingbot.htm)"
207.46.12.236 - - [21/Jan/2011:18:42:43 -0800] "GET /robots.txt HTTP/1.1" 302 350 "-" "Mozilla/5.0 (compatible; bingbot/2.0; +http://www.bing.com/bingbot.htm)"
207.46.12.236 - - [21/Jan/2011:19:27:15 -0800] "GET /robots.txt HTTP/1.1" 302 350 "-" "Mozilla/5.0 (compatible; bingbot/2.0; +http://www.bing.com/bingbot.htm)"
207.46.12.236 - - [21/Jan/2011:19:40:04 -0800] "GET /robots.txt HTTP/1.1" 302 350 "-" "Mozilla/5.0 (compatible; bingbot/2.0; +http://www.bing.com/bingbot.htm)"
207.46.12.236 - - [21/Jan/2011:19:57:40 -0800] "GET /robots.txt HTTP/1.1" 302 350 "-" "Mozilla/5.0 (compatible; bingbot/2.0; +http://www.bing.com/bingbot.htm)"
207.46.12.236 - - [21/Jan/2011:20:22:07 -0800] "GET /robots.txt HTTP/1.1" 302 350 "-" "Mozilla/5.0 (compatible; bingbot/2.0; +http://www.bing.com/bingbot.htm)"
207.46.12.236 - - [21/Jan/2011:20:55:47 -0800] "GET /robots.txt HTTP/1.1" 302 350 "-" "Mozilla/5.0 (compatible; bingbot/2.0; +http://www.bing.com/bingbot.htm)"
207.46.12.236 - - [21/Jan/2011:21:36:39 -0800] "GET /robots.txt HTTP/1.1" 302 350 "-" "Mozilla/5.0 (compatible; bingbot/2.0; +http://www.bing.com/bingbot.htm)"
207.46.12.236 - - [21/Jan/2011:22:30:13 -0800] "GET /robots.txt HTTP/1.1" 302 350 "-" "Mozilla/5.0 (compatible; bingbot/2.0; +http://www.bing.com/bingbot.htm)"
207.46.12.236 - - [21/Jan/2011:22:40:48 -0800] "GET /robots.txt HTTP/1.1" 302 350 "-" "Mozilla/5.0 (compatible; bingbot/2.0; +http://www.bing.com/bingbot.htm)"
207.46.12.236 - - [21/Jan/2011:23:00:39 -0800] "GET /robots.txt HTTP/1.1" 302 350 "-" "Mozilla/5.0 (compatible; bingbot/2.0; +http://www.bing.com/bingbot.htm)"
207.46.12.236 - - [21/Jan/2011:23:25:29 -0800] "GET /robots.txt HTTP/1.1" 302 350 "-" "Mozilla/5.0 (compatible; bingbot/2.0; +http://www.bing.com/bingbot.htm)"
207.46.12.236 - - [22/Jan/2011:00:00:33 -0800] "GET /robots.txt HTTP/1.1" 302 350 "-" "Mozilla/5.0 (compatible; bingbot/2.0; +http://www.bing.com/bingbot.htm)"
207.46.12.236 - - [22/Jan/2011:00:41:58 -0800] "GET /robots.txt HTTP/1.1" 302 350 "-" "Mozilla/5.0 (compatible; bingbot/2.0; +http://www.bing.com/bingbot.htm)"
184.154.7.186 - - [22/Jan/2011:01:26:19 -0800] "GET /robots.txt HTTP/1.0" 302 350 "-" "Mozilla/5.0 (compatible; MJ12bot/v1.3.3; http://www.majestic12.co.uk/bot.php?+)"
184.154.7.186 - - [22/Jan/2011:01:26:20 -0800] "GET / HTTP/1.0" 200 151 "-" "Mozilla/5.0 (compatible; MJ12bot/v1.3.3; http://www.majestic12.co.uk/bot.php?+)"
207.46.12.236 - - [22/Jan/2011:01:31:58 -0800] "GET /robots.txt HTTP/1.1" 302 350 "-" "Mozilla/5.0 (compatible; bingbot/2.0; +http://www.bing.com/bingbot.htm)"
207.46.12.236 - - [22/Jan/2011:01:41:07 -0800] "GET /robots.txt HTTP/1.1" 302 350 "-" "Mozilla/5.0 (compatible; bingbot/2.0; +http://www.bing.com/bingbot.htm)"
207.46.12.236 - - [22/Jan/2011:01:57:38 -0800] "GET /robots.txt HTTP/1.1" 302 350 "-" "Mozilla/5.0 (compatible; bingbot/2.0; +http://www.bing.com/bingbot.htm)"
207.46.12.236 - - [22/Jan/2011:02:22:11 -0800] "GET /robots.txt HTTP/1.1" 302 350 "-" "Mozilla/5.0 (compatible; bingbot/2.0; +http://www.bing.com/bingbot.htm)"
207.46.12.236 - - [22/Jan/2011:02:55:46 -0800] "GET /robots.txt HTTP/1.1" 302 350 "-" "Mozilla/5.0 (compatible; bingbot/2.0; +http://www.bing.com/bingbot.htm)"
207.46.12.236 - - [22/Jan/2011:03:35:57 -0800] "GET /robots.txt HTTP/1.1" 302 350 "-" "Mozilla/5.0 (compatible; bingbot/2.0; +http://www.bing.com/bingbot.htm)"
66.219.58.38 - - [22/Jan/2011:05:11:38 -0800] "GET /robots.txt HTTP/1.1" 302 350 "-" "MLBot (www.metadatalabs.com/mlbot)"
66.219.58.38 - - [22/Jan/2011:05:11:40 -0800] "GET / HTTP/1.1" 200 151 "-" "MLBot (www.metadatalabs.com/mlbot)"
93.158.148.31 - - [22/Jan/2011:06:02:50 -0800] "GET / HTTP/1.1" 200 151 "-" "Mozilla/5.0 (compatible; YandexBot/3.0; +http://yandex.com/bots)"
67.202.59.190 - - [23/Jan/2011:08:38:14 -0800] "HEAD / HTTP/1.1" 200 - "http://www.netcraft.com/survey/" "Mozilla/4.0 (compatible; Netcraft Web Server Survey)"
87.192.236.22 - - [23/Jan/2011:17:26:17 -0800] "GET / HTTP/1.1" 200 151 "http://www.google.ie/search?sourceid=chrome&ie=UTF-8&q=browser+bomb" "Mozilla/5.0 (Windows; U; Windows NT 6.1; en-US) AppleWebKit/534.10 (KHTML, like Gecko) Chrome/8.0.552.237 Safari/534.10"
87.192.236.22 - - [23/Jan/2011:17:26:17 -0800] "GET /favicon.ico HTTP/1.1" 200 430 "-" "Mozilla/5.0 (Windows; U; Windows NT 6.1; en-US) AppleWebKit/534.10 (KHTML, like Gecko) Chrome/8.0.552.237 Safari/534.10"
93.158.148.31 - - [24/Jan/2011:15:38:57 -0800] "GET /robots.txt HTTP/1.1" 302 350 "-" "Mozilla/5.0 (compatible; YandexBot/3.0; +http://yandex.com/bots)"
75.101.184.34 - - [24/Jan/2011:19:34:29 -0800] "HEAD / HTTP/1.1" 200 - "-" "Mozilla/5.0 (Windows; U; Windows NT 6.0; en-US; rv:1.9.2.3) Gecko/20100401 Firefox/3.6.3 GTB6 (.NET CLR 3.5.30729)"
64.34.219.55 - - [25/Jan/2011:00:08:21 -0800] "GET / HTTP/1.1" 200 151 "-" "Mozilla/5.0 (Windows; U; Windows NT 6.1; en-US; rv:1.9.2.9) Gecko/20100824 Firefox/3.6.9"
184.154.7.186 - - [25/Jan/2011:02:52:02 -0800] "GET /robots.txt HTTP/1.0" 302 350 "-" "Mozilla/5.0 (compatible; MJ12bot/v1.3.3; http://www.majestic12.co.uk/bot.php?+)"
184.154.7.186 - - [25/Jan/2011:02:52:03 -0800] "GET / HTTP/1.0" 200 151 "-" "Mozilla/5.0 (compatible; MJ12bot/v1.3.3; http://www.majestic12.co.uk/bot.php?+)"
93.158.148.31 - - [25/Jan/2011:03:53:04 -0800] "GET / HTTP/1.1" 200 151 "-" "Mozilla/5.0 (compatible; YandexBot/3.0; +http://yandex.com/bots)"
50.16.124.145 - - [25/Jan/2011:15:54:25 -0800] "GET / HTTP/1.0" 200 151 "-" "Mozilla/5.0 (compatible; NetcraftSurveyAgent/1.0; +info@netcraft.com)"
193.47.80.38 - - [27/Jan/2011:01:38:35 -0800] "GET /robots.txt HTTP/1.1" 302 350 "-" "Mozilla/5.0 (compatible; Exabot/3.0; +http://www.exabot.com/go/robot)"
193.47.80.38 - - [27/Jan/2011:01:38:35 -0800] "GET / HTTP/1.1" 200 151 "-" "Mozilla/5.0 (compatible; Exabot/3.0; +http://www.exabot.com/go/robot)"
66.249.67.202 - - [27/Jan/2011:03:23:40 -0800] "GET /robots.txt HTTP/1.1" 302 350 "-" "DoCoMo/2.0 N905i(c100;TB;W24H16) (compatible; Googlebot-Mobile/2.1; +http://www.google.com/bot.html)"
66.249.67.202 - - [27/Jan/2011:03:23:40 -0800] "GET / HTTP/1.1" 200 151 "-" "DoCoMo/2.0 N905i(c100;TB;W24H16) (compatible; Googlebot-Mobile/2.1; +http://www.google.com/bot.html)"
66.249.67.202 - - [27/Jan/2011:03:46:38 -0800] "GET / HTTP/1.1" 200 151 "-" "SAMSUNG-SGH-E250/1.0 Profile/MIDP-2.0 Configuration/CLDC-1.1 UP.Browser/6.2.3.3.c.1.101 (GUI) MMP/2.0 (compatible; Googlebot-Mobile/2.1; +http://www.google.com/bot.html)"
93.158.148.31 - - [27/Jan/2011:12:29:55 -0800] "GET /robots.txt HTTP/1.1" 302 350 "-" "Mozilla/5.0 (compatible; YandexBot/3.0; +http://yandex.com/bots)"
93.158.148.31 - - [27/Jan/2011:12:29:57 -0800] "GET / HTTP/1.1" 200 151 "-" "Mozilla/5.0 (compatible; YandexBot/3.0; +http://yandex.com/bots)"
93.219.110.97 - - [28/Jan/2011:05:33:13 -0800] "GET /robots.txt HTTP/1.0" 302 350 "-" "Mozilla/5.0 (compatible; MJ12bot/v1.3.3; http://www.majestic12.co.uk/bot.php?+)"
93.219.110.97 - - [28/Jan/2011:05:33:14 -0800] "GET / HTTP/1.1" 200 151 "-" "Mozilla/5.0 (compatible; MJ12bot/v1.3.3; http://www.majestic12.co.uk/bot.php?+)"
93.158.148.31 - - [28/Jan/2011:06:41:44 -0800] "GET / HTTP/1.1" 200 151 "-" "Mozilla/5.0 (compatible; YandexBot/3.0; +http://yandex.com/bots)"
193.47.80.38 - - [28/Jan/2011:21:56:50 -0800] "GET /robots.txt HTTP/1.1" 302 350 "-" "Mozilla/5.0 (compatible; Exabot/3.0; +http://www.exabot.com/go/robot)"
193.47.80.38 - - [28/Jan/2011:21:56:50 -0800] "GET / HTTP/1.1" 200 151 "-" "Mozilla/5.0 (compatible; Exabot/3.0; +http://www.exabot.com/go/robot)"
188.2.62.211 - - [29/Jan/2011:05:04:22 -0800] "GET / HTTP/1.1" 200 151 "http://creepy.evilfuckers.org/" "Mozilla/4.0 (compatible; MSIE 7.0; Windows NT 5.1; .NET CLR 2.0.50727; .NET CLR 3.0.04506.30; InfoPath.2)"
188.2.62.211 - - [29/Jan/2011:05:04:22 -0800] "GET /favicon.ico HTTP/1.1" 200 430 "-" "Mozilla/4.0 (compatible; MSIE 7.0; Windows NT 5.1; .NET CLR 2.0.50727; .NET CLR 3.0.04506.30; InfoPath.2)"
93.158.148.31 - - [29/Jan/2011:13:56:04 -0800] "GET /robots.txt HTTP/1.1" 302 350 "-" "Mozilla/5.0 (compatible; YandexBot/3.0; +http://yandex.com/bots)"
187.67.110.131 - - [29/Jan/2011:17:30:46 -0800] "GET / HTTP/1.1" 200 151 "http://www.google.com.br/url?sa=t&source=web&cd=7&ved=0CFQQFjAG&url=http%3A%2F%2Fbrowserbomb.com%2F&rct=j&q=browser%20bomb&ei=zcxETaLfFYTQgAeFg-y6AQ&usg=AFQjCNFCM_Cpfz4uZAD-lvDIvfuglsbjsA&sig2=GvQ7Gs7SgWnuPV848zvJ6Q" "Mozilla/5.0 (Windows; U; Windows NT 5.1; pt-BR; rv:1.9.1.9) Gecko/20100315 BTRS28316 Firefox/3.5.9 ( .NET CLR 3.5.30729) WinTSI 05.03.2010"
187.67.110.131 - - [29/Jan/2011:17:30:46 -0800] "GET /favicon.ico HTTP/1.1" 200 430 "-" "Mozilla/5.0 (Windows; U; Windows NT 5.1; pt-BR; rv:1.9.1.9) Gecko/20100315 BTRS28316 Firefox/3.5.9 ( .NET CLR 3.5.30729) WinTSI 05.03.2010"
93.158.148.31 - - [29/Jan/2011:19:06:11 -0800] "GET / HTTP/1.1" 200 151 "-" "Mozilla/5.0 (compatible; YandexBot/3.0; +http://yandex.com/bots)"
66.249.71.200 - - [30/Jan/2011:03:52:31 -0800] "GET /robots.txt HTTP/1.1" 302 350 "-" "SAMSUNG-SGH-E250/1.0 Profile/MIDP-2.0 Configuration/CLDC-1.1 UP.Browser/6.2.3.3.c.1.101 (GUI) MMP/2.0 (compatible; Googlebot-Mobile/2.1; +http://www.google.com/bot.html)"
66.249.71.200 - - [30/Jan/2011:03:52:31 -0800] "GET / HTTP/1.1" 200 151 "-" "SAMSUNG-SGH-E250/1.0 Profile/MIDP-2.0 Configuration/CLDC-1.1 UP.Browser/6.2.3.3.c.1.101 (GUI) MMP/2.0 (compatible; Googlebot-Mobile/2.1; +http://www.google.com/bot.html)"
96.60.183.164 - - [30/Jan/2011:20:16:11 -0800] "GET / HTTP/1.1" 200 151 "http://www.google.com/url?sa=t&source=web&cd=5&sqi=2&ved=0CDcQFjAE&url=http%3A%2F%2Fbrowserbomb.com%2F&rct=j&q=browser%20bomb&ei=20RGTYHCIYKKlweymsHnDw&usg=AFQjCNFCM_Cpfz4uZAD-lvDIvfuglsbjsA" "Mozilla/5.0 (Windows; U; Windows NT 6.0; en-US) AppleWebKit/534.10 (KHTML, like Gecko) Chrome/8.0.552.237 Safari/534.10"
96.60.183.164 - - [30/Jan/2011:20:16:12 -0800] "GET /favicon.ico HTTP/1.1" 200 430 "-" "Mozilla/5.0 (Windows; U; Windows NT 6.0; en-US) AppleWebKit/534.10 (KHTML, like Gecko) Chrome/8.0.552.237 Safari/534.10"
184.154.7.186 - - [31/Jan/2011:09:31:39 -0800] "GET /robots.txt HTTP/1.0" 302 350 "-" "Mozilla/5.0 (compatible; MJ12bot/v1.3.3; http://www.majestic12.co.uk/bot.php?+)"
