69.28.58.42 - - [30/Apr/2011:21:23:20 -0700] "GET /robots.txt HTTP/1.0" 302 350 "http://browserbomb.com/robots.txt" "Mozilla/4.0 (compatible; MSIE 8.0; Windows NT 5.1; SV1; .NET CLR 2.0.50727)"
69.28.58.42 - - [30/Apr/2011:21:23:20 -0700] "GET / HTTP/1.0" 200 151 "http://browserbomb.com/" "Mozilla/4.0 (compatible; MSIE 8.0; Windows NT 5.1; SV1; .NET CLR 2.0.50727)"
62.219.132.115 - - [01/May/2011:02:04:57 -0700] "GET / HTTP/1.1" 200 151 "http://www.we-globe.net/Weblab/SiteCommonGraveReport/browserbomb.com/" "Mozilla/5.0 (Windows; U; Windows NT 5.1; fr; rv:1.9.0.8) Gecko/2009032609 Firefox/3.0.8"
174.129.117.237 - - [01/May/2011:05:46:23 -0700] "HEAD / HTTP/1.1" 200 - "-" "Mozilla/5.0 (Windows; U; Windows NT 5.1; en-US) AppleWebKit/525.13 (KHTML, like Gecko) Chrome/0.A.B.C Safari/525.13"
96.2.85.182 - - [03/May/2011:02:07:27 -0700] "GET /robots.txt HTTP/1.0" 302 350 "-" "Mozilla/5.0 (compatible; MJ12bot/v1.3.3; http://www.majestic12.co.uk/bot.php?+)"
96.2.85.182 - - [03/May/2011:02:07:28 -0700] "GET / HTTP/1.1" 200 151 "-" "Mozilla/5.0 (compatible; MJ12bot/v1.3.3; http://www.majestic12.co.uk/bot.php?+)"
128.91.252.157 - - [03/May/2011:05:20:10 -0700] "GET / HTTP/1.1" 200 151 "-" "-"
93.158.148.31 - - [03/May/2011:16:30:16 -0700] "GET /robots.txt HTTP/1.1" 302 350 "-" "Mozilla/5.0 (compatible; YandexBot/3.0; +http://yandex.com/bots)"
207.46.204.193 - - [03/May/2011:23:54:43 -0700] "GET /robots.txt HTTP/1.1" 302 350 "-" "Mozilla/5.0 (compatible; bingbot/2.0; +http://www.bing.com/bingbot.htm)"
207.46.204.193 - - [04/May/2011:00:15:12 -0700] "GET /robots.txt HTTP/1.1" 302 350 "-" "Mozilla/5.0 (compatible; bingbot/2.0; +http://www.bing.com/bingbot.htm)"
207.46.204.193 - - [04/May/2011:00:40:26 -0700] "GET /robots.txt HTTP/1.1" 302 350 "-" "Mozilla/5.0 (compatible; bingbot/2.0; +http://www.bing.com/bingbot.htm)"
207.46.204.193 - - [04/May/2011:00:56:26 -0700] "GET /robots.txt HTTP/1.1" 302 350 "-" "Mozilla/5.0 (compatible; bingbot/2.0; +http://www.bing.com/bingbot.htm)"
207.46.204.193 - - [04/May/2011:01:20:08 -0700] "GET /robots.txt HTTP/1.1" 302 350 "-" "Mozilla/5.0 (compatible; bingbot/2.0; +http://www.bing.com/bingbot.htm)"
207.46.204.193 - - [04/May/2011:01:37:49 -0700] "GET /robots.txt HTTP/1.1" 302 350 "-" "Mozilla/5.0 (compatible; bingbot/2.0; +http://www.bing.com/bingbot.htm)"
207.46.204.193 - - [04/May/2011:02:00:58 -0700] "GET /robots.txt HTTP/1.1" 302 350 "-" "Mozilla/5.0 (compatible; bingbot/2.0; +http://www.bing.com/bingbot.htm)"
207.46.204.193 - - [04/May/2011:02:18:34 -0700] "GET /robots.txt HTTP/1.1" 302 350 "-" "Mozilla/5.0 (compatible; bingbot/2.0; +http://www.bing.com/bingbot.htm)"
207.46.204.193 - - [04/May/2011:02:40:55 -0700] "GET /robots.txt HTTP/1.1" 302 350 "-" "Mozilla/5.0 (compatible; bingbot/2.0; +http://www.bing.com/bingbot.htm)"
207.46.204.193 - - [04/May/2011:02:58:43 -0700] "GET /robots.txt HTTP/1.1" 302 350 "-" "Mozilla/5.0 (compatible; bingbot/2.0; +http://www.bing.com/bingbot.htm)"
207.46.204.193 - - [04/May/2011:03:25:16 -0700] "GET /robots.txt HTTP/1.1" 302 350 "-" "Mozilla/5.0 (compatible; bingbot/2.0; +http://www.bing.com/bingbot.htm)"
207.46.204.193 - - [04/May/2011:03:45:37 -0700] "GET /robots.txt HTTP/1.1" 302 350 "-" "Mozilla/5.0 (compatible; bingbot/2.0; +http://www.bing.com/bingbot.htm)"
207.46.204.193 - - [04/May/2011:04:10:38 -0700] "GET /robots.txt HTTP/1.1" 302 350 "-" "Mozilla/5.0 (compatible; bingbot/2.0; +http://www.bing.com/bingbot.htm)"
207.46.204.193 - - [04/May/2011:04:26:02 -0700] "GET /robots.txt HTTP/1.1" 302 350 "-" "Mozilla/5.0 (compatible; bingbot/2.0; +http://www.bing.com/bingbot.htm)"
207.46.204.193 - - [04/May/2011:04:50:36 -0700] "GET /robots.txt HTTP/1.1" 302 350 "-" "Mozilla/5.0 (compatible; bingbot/2.0; +http://www.bing.com/bingbot.htm)"
207.46.204.193 - - [04/May/2011:05:10:41 -0700] "GET /robots.txt HTTP/1.1" 302 350 "-" "Mozilla/5.0 (compatible; bingbot/2.0; +http://www.bing.com/bingbot.htm)"
207.46.204.193 - - [04/May/2011:05:39:09 -0700] "GET /robots.txt HTTP/1.1" 302 350 "-" "Mozilla/5.0 (compatible; bingbot/2.0; +http://www.bing.com/bingbot.htm)"
93.158.148.31 - - [04/May/2011:05:40:48 -0700] "GET / HTTP/1.1" 200 151 "-" "Mozilla/5.0 (compatible; YandexBot/3.0; +http://yandex.com/bots)"
207.46.204.193 - - [04/May/2011:05:54:34 -0700] "GET /robots.txt HTTP/1.1" 302 350 "-" "Mozilla/5.0 (compatible; bingbot/2.0; +http://www.bing.com/bingbot.htm)"
207.46.204.193 - - [04/May/2011:06:19:32 -0700] "GET /robots.txt HTTP/1.1" 302 350 "-" "Mozilla/5.0 (compatible; bingbot/2.0; +http://www.bing.com/bingbot.htm)"
207.46.204.193 - - [04/May/2011:07:23:23 -0700] "GET /robots.txt HTTP/1.1" 302 350 "-" "Mozilla/5.0 (compatible; bingbot/2.0; +http://www.bing.com/bingbot.htm)"
207.46.204.193 - - [04/May/2011:08:14:28 -0700] "GET /robots.txt HTTP/1.1" 302 350 "-" "Mozilla/5.0 (compatible; bingbot/2.0; +http://www.bing.com/bingbot.htm)"
207.46.204.193 - - [04/May/2011:08:58:07 -0700] "GET /robots.txt HTTP/1.1" 302 350 "-" "Mozilla/5.0 (compatible; bingbot/2.0; +http://www.bing.com/bingbot.htm)"
207.46.204.193 - - [04/May/2011:09:47:06 -0700] "GET /robots.txt HTTP/1.1" 302 350 "-" "Mozilla/5.0 (compatible; bingbot/2.0; +http://www.bing.com/bingbot.htm)"
207.46.204.193 - - [04/May/2011:10:43:23 -0700] "GET /robots.txt HTTP/1.1" 302 350 "-" "Mozilla/5.0 (compatible; bingbot/2.0; +http://www.bing.com/bingbot.htm)"
207.46.204.193 - - [04/May/2011:11:34:59 -0700] "GET /robots.txt HTTP/1.1" 302 350 "-" "Mozilla/5.0 (compatible; bingbot/2.0; +http://www.bing.com/bingbot.htm)"
174.129.117.237 - - [04/May/2011:11:58:01 -0700] "HEAD / HTTP/1.1" 200 - "-" "Mozilla/5.0 (Windows; U; Windows NT 5.1; en-US) AppleWebKit/525.13 (KHTML, like Gecko) Chrome/0.A.B.C Safari/525.13"
207.46.204.193 - - [04/May/2011:12:23:23 -0700] "GET /robots.txt HTTP/1.1" 302 350 "-" "Mozilla/5.0 (compatible; bingbot/2.0; +http://www.bing.com/bingbot.htm)"
207.46.204.193 - - [04/May/2011:12:55:02 -0700] "GET /robots.txt HTTP/1.1" 302 350 "-" "Mozilla/5.0 (compatible; bingbot/2.0; +http://www.bing.com/bingbot.htm)"
207.46.204.193 - - [04/May/2011:13:28:22 -0700] "GET /robots.txt HTTP/1.1" 302 350 "-" "Mozilla/5.0 (compatible; bingbot/2.0; +http://www.bing.com/bingbot.htm)"
207.46.204.193 - - [04/May/2011:14:06:36 -0700] "GET /robots.txt HTTP/1.1" 302 350 "-" "Mozilla/5.0 (compatible; bingbot/2.0; +http://www.bing.com/bingbot.htm)"
207.46.204.193 - - [04/May/2011:14:46:51 -0700] "GET /robots.txt HTTP/1.1" 302 350 "-" "Mozilla/5.0 (compatible; bingbot/2.0; +http://www.bing.com/bingbot.htm)"
207.46.204.193 - - [04/May/2011:15:23:09 -0700] "GET /robots.txt HTTP/1.1" 302 350 "-" "Mozilla/5.0 (compatible; bingbot/2.0; +http://www.bing.com/bingbot.htm)"
207.46.204.193 - - [04/May/2011:16:16:56 -0700] "GET /robots.txt HTTP/1.1" 302 350 "-" "Mozilla/5.0 (compatible; bingbot/2.0; +http://www.bing.com/bingbot.htm)"
207.46.204.193 - - [04/May/2011:17:05:11 -0700] "GET /robots.txt HTTP/1.1" 302 350 "-" "Mozilla/5.0 (compatible; bingbot/2.0; +http://www.bing.com/bingbot.htm)"
207.46.204.193 - - [04/May/2011:17:52:10 -0700] "GET /robots.txt HTTP/1.1" 302 350 "-" "Mozilla/5.0 (compatible; bingbot/2.0; +http://www.bing.com/bingbot.htm)"
207.46.204.193 - - [04/May/2011:18:33:35 -0700] "GET /robots.txt HTTP/1.1" 302 350 "-" "Mozilla/5.0 (compatible; bingbot/2.0; +http://www.bing.com/bingbot.htm)"
207.46.204.193 - - [04/May/2011:19:21:45 -0700] "GET /robots.txt HTTP/1.1" 302 350 "-" "Mozilla/5.0 (compatible; bingbot/2.0; +http://www.bing.com/bingbot.htm)"
207.46.204.193 - - [04/May/2011:20:03:56 -0700] "GET /robots.txt HTTP/1.1" 302 350 "-" "Mozilla/5.0 (compatible; bingbot/2.0; +http://www.bing.com/bingbot.htm)"
207.46.204.193 - - [04/May/2011:20:47:32 -0700] "GET /robots.txt HTTP/1.1" 302 350 "-" "Mozilla/5.0 (compatible; bingbot/2.0; +http://www.bing.com/bingbot.htm)"
207.46.204.193 - - [04/May/2011:21:30:19 -0700] "GET /robots.txt HTTP/1.1" 302 350 "-" "Mozilla/5.0 (compatible; bingbot/2.0; +http://www.bing.com/bingbot.htm)"
207.46.204.193 - - [04/May/2011:22:15:16 -0700] "GET /robots.txt HTTP/1.1" 302 350 "-" "Mozilla/5.0 (compatible; bingbot/2.0; +http://www.bing.com/bingbot.htm)"
207.46.204.193 - - [04/May/2011:22:24:00 -0700] "GET /robots.txt HTTP/1.1" 302 350 "-" "Mozilla/5.0 (compatible; bingbot/2.0; +http://www.bing.com/bingbot.htm)"
69.28.58.17 - - [05/May/2011:05:19:05 -0700] "GET /robots.txt HTTP/1.0" 302 350 "http://browserbomb.com/robots.txt" "HuaweiSymantecSpider/1.0+DSE-support@huaweisymantec.com+(compatible; MSIE 7.0; Windows NT 5.1; Trident/4.0; .NET CLR 2.0.50727; .NET CLR 3.0.4506.2152; .NET CLR ; http://www.huaweisymantec.com/en/IRL/spider)"
50.16.178.213 - - [06/May/2011:11:14:05 -0700] "GET / HTTP/1.0" 200 151 "-" "Mozilla/5.0 (compatible; NetcraftSurveyAgent/1.0; +info@netcraft.com)"
119.63.196.46 - - [06/May/2011:20:45:39 -0700] "GET /robots.txt HTTP/1.1" 302 350 "-" "Baiduspider+(+http://www.baidu.com/search/spider.htm)"
207.189.121.46 - - [07/May/2011:11:14:31 -0700] "GET / HTTP/1.1" 200 151 "http://creepy.evilfuckers.org/" "Mozilla/5.0 (X11; U; Linux i686 (x86_64); en-US; rv:1.8.0.1) Gecko/20060124 Firefox/1.5.0.1"
69.28.58.41 - - [07/May/2011:16:45:08 -0700] "GET /robots.txt HTTP/1.0" 302 350 "http://browserbomb.com/robots.txt" "Mozilla/4.0 (compatible; MSIE 8.0; Windows NT 5.1; SV1; .NET CLR 2.0.50727)"
69.28.58.41 - - [07/May/2011:16:45:08 -0700] "GET / HTTP/1.0" 200 151 "http://browserbomb.com/" "Mozilla/4.0 (compatible; MSIE 8.0; Windows NT 5.1; SV1; .NET CLR 2.0.50727)"
174.129.117.237 - - [07/May/2011:18:18:38 -0700] "HEAD / HTTP/1.1" 200 - "-" "Mozilla/5.0 (Windows; U; Windows NT 5.1; en-US) AppleWebKit/525.13 (KHTML, like Gecko) Chrome/0.A.B.C Safari/525.13"
88.190.13.201 - - [08/May/2011:02:42:15 -0700] "GET /robots.txt HTTP/1.0" 302 350 "-" "Mozilla/5.0 (compatible; MJ12bot/v1.3.3; http://www.majestic12.co.uk/bot.php?+)"
88.190.13.201 - - [08/May/2011:02:42:18 -0700] "GET / HTTP/1.1" 200 151 "-" "Mozilla/5.0 (compatible; MJ12bot/v1.3.3; http://www.majestic12.co.uk/bot.php?+)"
110.44.29.76 - - [09/May/2011:02:46:51 -0700] "GET /robots.txt HTTP/1.1" 302 350 "-" "Mozilla/5.0 (compatible; Googlebot/2.1; +http://www.google.com/bot.html)"
69.28.58.16 - - [09/May/2011:03:17:58 -0700] "GET /robots.txt HTTP/1.0" 302 350 "http://browserbomb.com/robots.txt" "HuaweiSymantecSpider/1.0+DSE-support@huaweisymantec.com+(compatible; MSIE 7.0; Windows NT 5.1; Trident/4.0; .NET CLR 2.0.50727; .NET CLR 3.0.4506.2152; .NET CLR ; http://www.huaweisymantec.com/en/IRL/spider)"
174.129.117.237 - - [10/May/2011:23:04:50 -0700] "HEAD / HTTP/1.1" 200 - "-" "Mozilla/5.0 (Windows; U; Windows NT 5.1; en-US) AppleWebKit/525.13 (KHTML, like Gecko) Chrome/0.A.B.C Safari/525.13"
93.158.148.31 - - [11/May/2011:20:28:34 -0700] "GET /robots.txt HTTP/1.1" 302 350 "-" "Mozilla/5.0 (compatible; YandexBot/3.0; +http://yandex.com/bots)"
119.63.196.76 - - [12/May/2011:01:25:49 -0700] "GET /robots.txt HTTP/1.1" 302 350 "-" "Baiduspider+(+http://www.baidu.com/search/spider.htm)"
93.158.148.31 - - [12/May/2011:03:24:28 -0700] "GET / HTTP/1.1" 200 151 "-" "Mozilla/5.0 (compatible; YandexBot/3.0; +http://yandex.com/bots)"
208.107.177.114 - - [12/May/2011:05:25:24 -0700] "GET /robots.txt HTTP/1.0" 302 350 "-" "Mozilla/5.0 (compatible; MJ12bot/v1.3.3; http://www.majestic12.co.uk/bot.php?+)"
208.107.177.114 - - [12/May/2011:05:25:25 -0700] "GET / HTTP/1.1" 200 151 "-" "Mozilla/5.0 (compatible; MJ12bot/v1.3.3; http://www.majestic12.co.uk/bot.php?+)"
208.115.111.72 - - [12/May/2011:16:07:25 -0700] "GET /robots.txt HTTP/1.1" 302 350 "-" "Mozilla/5.0 (compatible; Ezooms/1.0; ezooms.bot@gmail.com)"
69.28.58.42 - - [13/May/2011:05:56:35 -0700] "GET /robots.txt HTTP/1.0" 302 350 "http://browserbomb.com/robots.txt" "Mozilla/4.0 (compatible; MSIE 8.0; Windows NT 5.1; SV1; .NET CLR 2.0.50727)"
69.28.58.42 - - [13/May/2011:05:56:35 -0700] "GET / HTTP/1.0" 200 151 "http://browserbomb.com/" "Mozilla/4.0 (compatible; MSIE 8.0; Windows NT 5.1; SV1; .NET CLR 2.0.50727)"
93.158.148.31 - - [13/May/2011:19:13:38 -0700] "GET /robots.txt HTTP/1.1" 302 350 "-" "Mozilla/5.0 (compatible; YandexBot/3.0; +http://yandex.com/bots)"
93.158.148.31 - - [13/May/2011:19:13:40 -0700] "GET / HTTP/1.1" 200 151 "-" "Mozilla/5.0 (compatible; YandexBot/3.0; +http://yandex.com/bots)"
66.249.68.147 - - [13/May/2011:21:50:19 -0700] "GET /robots.txt HTTP/1.1" 302 350 "-" "SAMSUNG-SGH-E250/1.0 Profile/MIDP-2.0 Configuration/CLDC-1.1 UP.Browser/6.2.3.3.c.1.101 (GUI) MMP/2.0 (compatible; Googlebot-Mobile/2.1; +http://www.google.com/bot.html)"
66.249.68.147 - - [13/May/2011:21:50:19 -0700] "GET / HTTP/1.1" 200 151 "-" "SAMSUNG-SGH-E250/1.0 Profile/MIDP-2.0 Configuration/CLDC-1.1 UP.Browser/6.2.3.3.c.1.101 (GUI) MMP/2.0 (compatible; Googlebot-Mobile/2.1; +http://www.google.com/bot.html)"
174.129.117.237 - - [14/May/2011:03:16:01 -0700] "HEAD / HTTP/1.1" 200 - "-" "Mozilla/5.0 (Windows; U; Windows NT 5.1; en-US) AppleWebKit/525.13 (KHTML, like Gecko) Chrome/0.A.B.C Safari/525.13"
198.145.116.13 - - [14/May/2011:05:18:06 -0700] "GET / HTTP/1.0" 200 151 "-" "Mozilla/4.0 (compatible; MSIE 6.0; Windows NT 5.0)"
208.115.111.249 - - [14/May/2011:09:26:39 -0700] "GET /robots.txt HTTP/1.1" 302 350 "-" "Mozilla/5.0 (compatible; DotBot/1.1; http://www.dotnetdotcom.org/, crawler@dotnetdotcom.org)"
66.249.72.49 - - [14/May/2011:12:27:35 -0700] "GET /robots.txt HTTP/1.1" 302 350 "-" "DoCoMo/2.0 N905i(c100;TB;W24H16) (compatible; Googlebot-Mobile/2.1; +http://www.google.com/bot.html)"
66.249.72.49 - - [14/May/2011:12:27:35 -0700] "GET / HTTP/1.1" 200 151 "-" "DoCoMo/2.0 N905i(c100;TB;W24H16) (compatible; Googlebot-Mobile/2.1; +http://www.google.com/bot.html)"
207.46.13.94 - - [16/May/2011:03:21:41 -0700] "GET /robots.txt HTTP/1.1" 302 350 "-" "Mozilla/5.0 (compatible; bingbot/2.0; +http://www.bing.com/bingbot.htm)"
207.46.13.94 - - [16/May/2011:03:59:41 -0700] "GET /robots.txt HTTP/1.1" 302 350 "-" "Mozilla/5.0 (compatible; bingbot/2.0; +http://www.bing.com/bingbot.htm)"
77.248.111.238 - - [16/May/2011:04:01:16 -0700] "GET /robots.txt HTTP/1.0" 302 350 "-" "Mozilla/5.0 (compatible; MJ12bot/v1.3.3; http://www.majestic12.co.uk/bot.php?+)"
77.248.111.238 - - [16/May/2011:04:01:17 -0700] "GET / HTTP/1.1" 200 151 "-" "Mozilla/5.0 (compatible; MJ12bot/v1.3.3; http://www.majestic12.co.uk/bot.php?+)"
207.46.13.94 - - [16/May/2011:04:38:31 -0700] "GET /robots.txt HTTP/1.1" 302 350 "-" "Mozilla/5.0 (compatible; bingbot/2.0; +http://www.bing.com/bingbot.htm)"
207.46.13.94 - - [16/May/2011:05:18:09 -0700] "GET /robots.txt HTTP/1.1" 302 350 "-" "Mozilla/5.0 (compatible; bingbot/2.0; +http://www.bing.com/bingbot.htm)"
207.46.13.94 - - [16/May/2011:05:57:48 -0700] "GET /robots.txt HTTP/1.1" 302 350 "-" "Mozilla/5.0 (compatible; bingbot/2.0; +http://www.bing.com/bingbot.htm)"
207.46.13.94 - - [16/May/2011:06:33:38 -0700] "GET /robots.txt HTTP/1.1" 302 350 "-" "Mozilla/5.0 (compatible; bingbot/2.0; +http://www.bing.com/bingbot.htm)"
207.46.13.94 - - [16/May/2011:07:11:13 -0700] "GET /robots.txt HTTP/1.1" 302 350 "-" "Mozilla/5.0 (compatible; bingbot/2.0; +http://www.bing.com/bingbot.htm)"
207.46.13.94 - - [16/May/2011:07:48:28 -0700] "GET /robots.txt HTTP/1.1" 302 350 "-" "Mozilla/5.0 (compatible; bingbot/2.0; +http://www.bing.com/bingbot.htm)"
207.46.13.94 - - [16/May/2011:08:24:11 -0700] "GET /robots.txt HTTP/1.1" 302 350 "-" "Mozilla/5.0 (compatible; bingbot/2.0; +http://www.bing.com/bingbot.htm)"
207.46.13.94 - - [16/May/2011:09:01:49 -0700] "GET /robots.txt HTTP/1.1" 302 350 "-" "Mozilla/5.0 (compatible; bingbot/2.0; +http://www.bing.com/bingbot.htm)"
207.46.13.94 - - [16/May/2011:09:38:04 -0700] "GET /robots.txt HTTP/1.1" 302 350 "-" "Mozilla/5.0 (compatible; bingbot/2.0; +http://www.bing.com/bingbot.htm)"
207.46.13.94 - - [16/May/2011:10:12:36 -0700] "GET /robots.txt HTTP/1.1" 302 350 "-" "Mozilla/5.0 (compatible; bingbot/2.0; +http://www.bing.com/bingbot.htm)"
207.46.13.94 - - [16/May/2011:10:49:32 -0700] "GET /robots.txt HTTP/1.1" 302 350 "-" "Mozilla/5.0 (compatible; bingbot/2.0; +http://www.bing.com/bingbot.htm)"
207.46.13.94 - - [16/May/2011:11:26:23 -0700] "GET /robots.txt HTTP/1.1" 302 350 "-" "Mozilla/5.0 (compatible; bingbot/2.0; +http://www.bing.com/bingbot.htm)"
207.46.13.94 - - [16/May/2011:12:06:59 -0700] "GET /robots.txt HTTP/1.1" 302 350 "-" "Mozilla/5.0 (compatible; bingbot/2.0; +http://www.bing.com/bingbot.htm)"
207.46.13.94 - - [16/May/2011:12:41:19 -0700] "GET /robots.txt HTTP/1.1" 302 350 "-" "Mozilla/5.0 (compatible; bingbot/2.0; +http://www.bing.com/bingbot.htm)"
207.46.13.94 - - [16/May/2011:13:15:26 -0700] "GET /robots.txt HTTP/1.1" 302 350 "-" "Mozilla/5.0 (compatible; bingbot/2.0; +http://www.bing.com/bingbot.htm)"
207.46.13.94 - - [16/May/2011:13:51:06 -0700] "GET /robots.txt HTTP/1.1" 302 350 "-" "Mozilla/5.0 (compatible; bingbot/2.0; +http://www.bing.com/bingbot.htm)"
207.46.13.94 - - [16/May/2011:14:30:11 -0700] "GET /robots.txt HTTP/1.1" 302 350 "-" "Mozilla/5.0 (compatible; bingbot/2.0; +http://www.bing.com/bingbot.htm)"
207.46.13.94 - - [16/May/2011:15:01:39 -0700] "GET /robots.txt HTTP/1.1" 302 350 "-" "Mozilla/5.0 (compatible; bingbot/2.0; +http://www.bing.com/bingbot.htm)"
207.46.13.94 - - [16/May/2011:15:40:26 -0700] "GET /robots.txt HTTP/1.1" 302 350 "-" "Mozilla/5.0 (compatible; bingbot/2.0; +http://www.bing.com/bingbot.htm)"
69.28.58.43 - - [16/May/2011:16:09:05 -0700] "GET /robots.txt HTTP/1.0" 302 350 "http://browserbomb.com/robots.txt" "Mozilla/4.0 (compatible; MSIE 8.0; Windows NT 5.1; SV1; .NET CLR 2.0.50727)"
69.28.58.43 - - [16/May/2011:16:09:05 -0700] "GET / HTTP/1.0" 200 151 "http://browserbomb.com/" "Mozilla/4.0 (compatible; MSIE 8.0; Windows NT 5.1; SV1; .NET CLR 2.0.50727)"
207.46.13.94 - - [16/May/2011:16:19:12 -0700] "GET /robots.txt HTTP/1.1" 302 350 "-" "Mozilla/5.0 (compatible; bingbot/2.0; +http://www.bing.com/bingbot.htm)"
207.46.13.94 - - [16/May/2011:16:57:16 -0700] "GET /robots.txt HTTP/1.1" 302 350 "-" "Mozilla/5.0 (compatible; bingbot/2.0; +http://www.bing.com/bingbot.htm)"
64.202.161.41 - - [18/May/2011:04:54:55 -0700] "GET / HTTP/1.1" 200 151 "-" "Mozilla/5.0 (Windows; U; Windows NT 5.1; en-US; rv:1.9.1.8) Gecko/20100202 Firefox/3.5.8 ( .NET CLR 3.5.30729)"
64.202.161.41 - - [18/May/2011:04:55:04 -0700] "GET / HTTP/1.1" 200 151 "-" "Mozilla/5.0 (Windows; U; Windows NT 5.1; en-US; rv:1.9.1.8) Gecko/20100202 Firefox/3.5.8 ( .NET CLR 3.5.30729)"
95.108.151.244 - - [18/May/2011:17:44:34 -0700] "GET /robots.txt HTTP/1.1" 302 350 "-" "Mozilla/5.0 (compatible; YandexBot/3.0; MirrorDetector; +http://yandex.com/bots)"
95.108.151.244 - - [18/May/2011:17:44:35 -0700] "GET / HTTP/1.1" 200 151 "-" "Mozilla/5.0 (compatible; YandexBot/3.0; MirrorDetector; +http://yandex.com/bots)"
95.108.151.244 - - [18/May/2011:17:44:36 -0700] "GET / HTTP/1.1" 200 151 "-" "Mozilla/5.0 (compatible; YandexBot/3.0; MirrorDetector; +http://yandex.com/bots)"
74.111.33.227 - - [19/May/2011:05:33:44 -0700] "GET /robots.txt HTTP/1.0" 302 350 "-" "Mozilla/5.0 (compatible; MJ12bot/v1.3.3; http://www.majestic12.co.uk/bot.php?+)"
74.111.33.227 - - [19/May/2011:05:33:49 -0700] "GET / HTTP/1.1" 200 151 "-" "Mozilla/5.0 (compatible; MJ12bot/v1.3.3; http://www.majestic12.co.uk/bot.php?+)"
69.28.58.15 - - [19/May/2011:09:56:18 -0700] "GET / HTTP/1.0" 200 151 "http://browserbomb.com/" "HuaweiSymantecSpider/1.0+DSE-support@huaweisymantec.com+(compatible; MSIE 7.0; Windows NT 5.1; Trident/4.0; .NET CLR 2.0.50727; .NET CLR 3.0.4506.2152; .NET CLR ; http://www.huaweisymantec.com/en/IRL/spider)"
193.47.80.37 - - [19/May/2011:18:05:38 -0700] "GET /robots.txt HTTP/1.1" 302 350 "-" "Mozilla/5.0 (compatible; Exabot/3.0; +http://www.exabot.com/go/robot)"
193.47.80.37 - - [19/May/2011:18:05:38 -0700] "GET / HTTP/1.1" 200 151 "-" "Mozilla/5.0 (compatible; Exabot/3.0; +http://www.exabot.com/go/robot)"
69.28.58.43 - - [20/May/2011:00:24:48 -0700] "GET /robots.txt HTTP/1.0" 302 350 "http://browserbomb.com/robots.txt" "Mozilla/4.0 (compatible; MSIE 8.0; Windows NT 5.1; SV1; .NET CLR 2.0.50727)"
69.28.58.43 - - [20/May/2011:00:24:49 -0700] "GET / HTTP/1.0" 200 151 "http://browserbomb.com/" "Mozilla/4.0 (compatible; MSIE 8.0; Windows NT 5.1; SV1; .NET CLR 2.0.50727)"
174.129.117.237 - - [20/May/2011:13:23:38 -0700] "HEAD / HTTP/1.1" 200 - "-" "Mozilla/5.0 (Windows; U; Windows NT 5.1; en-US) AppleWebKit/525.13 (KHTML, like Gecko) Chrome/0.A.B.C Safari/525.13"
198.145.116.13 - - [21/May/2011:04:46:29 -0700] "GET / HTTP/1.0" 200 151 "-" "Mozilla/4.0 (compatible; MSIE 6.0; Windows NT 5.0)"
66.249.72.49 - - [21/May/2011:12:19:16 -0700] "GET /robots.txt HTTP/1.1" 302 350 "-" "Mozilla/5.0 (compatible; Googlebot/2.1; +http://www.google.com/bot.html)"
66.249.72.49 - - [21/May/2011:12:19:16 -0700] "GET / HTTP/1.1" 200 151 "-" "Mozilla/5.0 (compatible; Googlebot/2.1; +http://www.google.com/bot.html)"
93.158.148.31 - - [21/May/2011:13:32:00 -0700] "GET /robots.txt HTTP/1.1" 302 350 "-" "Mozilla/5.0 (compatible; YandexBot/3.0; +http://yandex.com/bots)"
69.28.58.17 - - [21/May/2011:22:43:29 -0700] "GET /robots.txt HTTP/1.0" 302 350 "http://browserbomb.com/robots.txt" "HuaweiSymantecSpider/1.0+DSE-support@huaweisymantec.com+(compatible; MSIE 7.0; Windows NT 5.1; Trident/4.0; .NET CLR 2.0.50727; .NET CLR 3.0.4506.2152; .NET CLR ; http://www.huaweisymantec.com/en/IRL/spider)"
93.158.148.31 - - [22/May/2011:05:08:34 -0700] "GET / HTTP/1.1" 200 151 "-" "Mozilla/5.0 (compatible; YandexBot/3.0; +http://yandex.com/bots)"
62.231.141.193 - - [23/May/2011:17:03:59 -0700] "GET /robots.txt HTTP/1.0" 302 350 "-" "Mozilla/5.0 (compatible; MJ12bot/v1.3.3; http://www.majestic12.co.uk/bot.php?+)"
62.231.141.193 - - [23/May/2011:17:04:01 -0700] "GET / HTTP/1.0" 200 151 "-" "Mozilla/5.0 (compatible; MJ12bot/v1.3.3; http://www.majestic12.co.uk/bot.php?+)"
69.28.58.41 - - [23/May/2011:18:22:58 -0700] "GET /robots.txt HTTP/1.0" 302 350 "http://browserbomb.com/robots.txt" "Mozilla/4.0 (compatible; MSIE 8.0; Windows NT 5.1; SV1; .NET CLR 2.0.50727)"
69.28.58.41 - - [23/May/2011:18:22:58 -0700] "GET / HTTP/1.0" 200 151 "http://browserbomb.com/" "Mozilla/4.0 (compatible; MSIE 8.0; Windows NT 5.1; SV1; .NET CLR 2.0.50727)"
174.129.117.237 - - [23/May/2011:18:39:17 -0700] "HEAD / HTTP/1.1" 200 - "-" "Mozilla/5.0 (Windows; U; Windows NT 5.1; en-US) AppleWebKit/525.13 (KHTML, like Gecko) Chrome/0.A.B.C Safari/525.13"
69.28.58.16 - - [24/May/2011:18:25:39 -0700] "GET /robots.txt HTTP/1.0" 302 350 "http://browserbomb.com/robots.txt" "HuaweiSymantecSpider/1.0+DSE-support@huaweisymantec.com+(compatible; MSIE 7.0; Windows NT 5.1; Trident/4.0; .NET CLR 2.0.50727; .NET CLR 3.0.4506.2152; .NET CLR ; http://www.huaweisymantec.com/en/IRL/spider)"
50.19.133.67 - - [25/May/2011:05:03:12 -0700] "HEAD / HTTP/1.1" 200 - "http://www.netcraft.com/survey/" "Mozilla/4.0 (compatible; Netcraft Web Server Survey)"
123.125.71.113 - - [25/May/2011:06:58:57 -0700] "GET / HTTP/1.1" 200 151 "-" "Mozilla/5.0 (compatible; Baiduspider/2.0; +http://www.baidu.com/search/spider.html)"
66.249.72.49 - - [26/May/2011:02:31:19 -0700] "GET /robots.txt HTTP/1.1" 302 350 "-" "Mozilla/5.0 (compatible; Googlebot/2.1; +http://www.google.com/bot.html)"
66.249.72.49 - - [26/May/2011:02:31:20 -0700] "GET / HTTP/1.1" 200 151 "-" "Mozilla/5.0 (compatible; Googlebot/2.1; +http://www.google.com/bot.html)"
123.125.71.104 - - [26/May/2011:12:16:25 -0700] "GET / HTTP/1.1" 200 151 "-" "Mozilla/5.0 (compatible; Baiduspider/2.0; +http://www.baidu.com/search/spider.html)"
198.145.116.13 - - [26/May/2011:23:00:41 -0700] "GET / HTTP/1.0" 200 151 "-" "Mozilla/4.0 (compatible; MSIE 6.0; Windows NT 5.0)"
174.129.117.237 - - [27/May/2011:00:38:54 -0700] "HEAD / HTTP/1.1" 200 - "-" "Mozilla/5.0 (Windows; U; Windows NT 5.1; en-US) AppleWebKit/525.13 (KHTML, like Gecko) Chrome/0.A.B.C Safari/525.13"
123.125.71.98 - - [27/May/2011:07:42:03 -0700] "GET / HTTP/1.1" 200 151 "-" "Mozilla/5.0 (compatible; Baiduspider/2.0; +http://www.baidu.com/search/spider.html)"
69.28.58.17 - - [27/May/2011:22:14:04 -0700] "GET / HTTP/1.0" 200 151 "http://browserbomb.com/" "HuaweiSymantecSpider/1.0+DSE-support@huaweisymantec.com+(compatible; MSIE 7.0; Windows NT 5.1; Trident/4.0; .NET CLR 2.0.50727; .NET CLR 3.0.4506.2152; .NET CLR ; http://www.huaweisymantec.com/en/IRL/spider)"
62.231.141.195 - - [27/May/2011:23:20:37 -0700] "GET /robots.txt HTTP/1.0" 302 350 "-" "Mozilla/5.0 (compatible; MJ12bot/v1.3.3; http://www.majestic12.co.uk/bot.php?+)"
62.231.141.195 - - [27/May/2011:23:20:38 -0700] "GET / HTTP/1.0" 200 151 "-" "Mozilla/5.0 (compatible; MJ12bot/v1.3.3; http://www.majestic12.co.uk/bot.php?+)"
50.18.37.197 - - [28/May/2011:04:55:23 -0700] "GET / HTTP/1.1" 200 151 "-" "Mozilla/4.0 (compatible; MSIE 6.0; Windows NT 5.1; SV1)"
50.16.84.65 - - [28/May/2011:10:21:28 -0700] "GET / HTTP/1.0" 200 151 "-" "Mozilla/5.0 (compatible; NetcraftSurveyAgent/1.0; +info@netcraft.com)"
93.158.148.31 - - [28/May/2011:13:33:23 -0700] "GET /robots.txt HTTP/1.1" 302 350 "-" "Mozilla/5.0 (compatible; YandexBot/3.0; +http://yandex.com/bots)"
123.125.71.109 - - [28/May/2011:13:49:46 -0700] "GET / HTTP/1.1" 200 151 "-" "Mozilla/5.0 (compatible; Baiduspider/2.0; +http://www.baidu.com/search/spider.html)"
207.46.13.139 - - [28/May/2011:18:40:36 -0700] "GET /robots.txt HTTP/1.1" 302 350 "-" "Mozilla/5.0 (compatible; bingbot/2.0; +http://www.bing.com/bingbot.htm)"
207.46.13.139 - - [28/May/2011:19:13:27 -0700] "GET /robots.txt HTTP/1.1" 302 350 "-" "Mozilla/5.0 (compatible; bingbot/2.0; +http://www.bing.com/bingbot.htm)"
207.46.13.139 - - [28/May/2011:19:46:43 -0700] "GET /robots.txt HTTP/1.1" 302 350 "-" "Mozilla/5.0 (compatible; bingbot/2.0; +http://www.bing.com/bingbot.htm)"
207.46.13.139 - - [28/May/2011:20:22:23 -0700] "GET /robots.txt HTTP/1.1" 302 350 "-" "Mozilla/5.0 (compatible; bingbot/2.0; +http://www.bing.com/bingbot.htm)"
93.158.148.31 - - [28/May/2011:20:51:11 -0700] "GET / HTTP/1.1" 200 151 "-" "Mozilla/5.0 (compatible; YandexBot/3.0; +http://yandex.com/bots)"
207.46.13.139 - - [28/May/2011:20:54:13 -0700] "GET /robots.txt HTTP/1.1" 302 350 "-" "Mozilla/5.0 (compatible; bingbot/2.0; +http://www.bing.com/bingbot.htm)"
207.46.13.139 - - [28/May/2011:21:26:26 -0700] "GET /robots.txt HTTP/1.1" 302 350 "-" "Mozilla/5.0 (compatible; bingbot/2.0; +http://www.bing.com/bingbot.htm)"
207.46.13.139 - - [28/May/2011:22:22:50 -0700] "GET /robots.txt HTTP/1.1" 302 350 "-" "Mozilla/5.0 (compatible; bingbot/2.0; +http://www.bing.com/bingbot.htm)"
207.46.13.139 - - [28/May/2011:22:52:51 -0700] "GET /robots.txt HTTP/1.1" 302 350 "-" "Mozilla/5.0 (compatible; bingbot/2.0; +http://www.bing.com/bingbot.htm)"
207.46.13.139 - - [28/May/2011:23:26:51 -0700] "GET /robots.txt HTTP/1.1" 302 350 "-" "Mozilla/5.0 (compatible; bingbot/2.0; +http://www.bing.com/bingbot.htm)"
207.46.13.139 - - [28/May/2011:23:57:58 -0700] "GET /robots.txt HTTP/1.1" 302 350 "-" "Mozilla/5.0 (compatible; bingbot/2.0; +http://www.bing.com/bingbot.htm)"
207.46.13.139 - - [29/May/2011:00:30:16 -0700] "GET /robots.txt HTTP/1.1" 302 350 "-" "Mozilla/5.0 (compatible; bingbot/2.0; +http://www.bing.com/bingbot.htm)"
207.46.13.139 - - [29/May/2011:01:01:08 -0700] "GET /robots.txt HTTP/1.1" 302 350 "-" "Mozilla/5.0 (compatible; bingbot/2.0; +http://www.bing.com/bingbot.htm)"
207.46.13.139 - - [29/May/2011:01:29:57 -0700] "GET /robots.txt HTTP/1.1" 302 350 "-" "Mozilla/5.0 (compatible; bingbot/2.0; +http://www.bing.com/bingbot.htm)"
207.46.13.139 - - [29/May/2011:01:55:27 -0700] "GET /robots.txt HTTP/1.1" 302 350 "-" "Mozilla/5.0 (compatible; bingbot/2.0; +http://www.bing.com/bingbot.htm)"
207.46.13.139 - - [29/May/2011:02:23:25 -0700] "GET /robots.txt HTTP/1.1" 302 350 "-" "Mozilla/5.0 (compatible; bingbot/2.0; +http://www.bing.com/bingbot.htm)"
207.46.13.139 - - [29/May/2011:02:55:54 -0700] "GET /robots.txt HTTP/1.1" 302 350 "-" "Mozilla/5.0 (compatible; bingbot/2.0; +http://www.bing.com/bingbot.htm)"
207.46.13.139 - - [29/May/2011:03:31:47 -0700] "GET /robots.txt HTTP/1.1" 302 350 "-" "Mozilla/5.0 (compatible; bingbot/2.0; +http://www.bing.com/bingbot.htm)"
207.46.13.139 - - [29/May/2011:04:09:03 -0700] "GET /robots.txt HTTP/1.1" 302 350 "-" "Mozilla/5.0 (compatible; bingbot/2.0; +http://www.bing.com/bingbot.htm)"
207.46.13.139 - - [29/May/2011:04:43:29 -0700] "GET /robots.txt HTTP/1.1" 302 350 "-" "Mozilla/5.0 (compatible; bingbot/2.0; +http://www.bing.com/bingbot.htm)"
207.46.13.139 - - [29/May/2011:05:15:22 -0700] "GET /robots.txt HTTP/1.1" 302 350 "-" "Mozilla/5.0 (compatible; bingbot/2.0; +http://www.bing.com/bingbot.htm)"
207.46.13.139 - - [29/May/2011:05:46:21 -0700] "GET /robots.txt HTTP/1.1" 302 350 "-" "Mozilla/5.0 (compatible; bingbot/2.0; +http://www.bing.com/bingbot.htm)"
207.46.13.139 - - [29/May/2011:06:14:40 -0700] "GET /robots.txt HTTP/1.1" 302 350 "-" "Mozilla/5.0 (compatible; bingbot/2.0; +http://www.bing.com/bingbot.htm)"
207.46.13.139 - - [29/May/2011:06:42:47 -0700] "GET /robots.txt HTTP/1.1" 302 350 "-" "Mozilla/5.0 (compatible; bingbot/2.0; +http://www.bing.com/bingbot.htm)"
207.46.13.139 - - [29/May/2011:07:19:40 -0700] "GET /robots.txt HTTP/1.1" 302 350 "-" "Mozilla/5.0 (compatible; bingbot/2.0; +http://www.bing.com/bingbot.htm)"
207.46.13.139 - - [29/May/2011:07:53:49 -0700] "GET /robots.txt HTTP/1.1" 302 350 "-" "Mozilla/5.0 (compatible; bingbot/2.0; +http://www.bing.com/bingbot.htm)"
207.46.13.139 - - [29/May/2011:08:31:41 -0700] "GET /robots.txt HTTP/1.1" 302 350 "-" "Mozilla/5.0 (compatible; bingbot/2.0; +http://www.bing.com/bingbot.htm)"
207.46.13.139 - - [29/May/2011:09:08:43 -0700] "GET /robots.txt HTTP/1.1" 302 350 "-" "Mozilla/5.0 (compatible; bingbot/2.0; +http://www.bing.com/bingbot.htm)"
207.46.13.139 - - [29/May/2011:09:41:14 -0700] "GET /robots.txt HTTP/1.1" 302 350 "-" "Mozilla/5.0 (compatible; bingbot/2.0; +http://www.bing.com/bingbot.htm)"
207.46.13.139 - - [29/May/2011:10:12:40 -0700] "GET /robots.txt HTTP/1.1" 302 350 "-" "Mozilla/5.0 (compatible; bingbot/2.0; +http://www.bing.com/bingbot.htm)"
207.46.13.139 - - [29/May/2011:10:41:38 -0700] "GET /robots.txt HTTP/1.1" 302 350 "-" "Mozilla/5.0 (compatible; bingbot/2.0; +http://www.bing.com/bingbot.htm)"
207.46.13.139 - - [29/May/2011:11:11:14 -0700] "GET /robots.txt HTTP/1.1" 302 350 "-" "Mozilla/5.0 (compatible; bingbot/2.0; +http://www.bing.com/bingbot.htm)"
207.46.13.139 - - [29/May/2011:11:41:01 -0700] "GET /robots.txt HTTP/1.1" 302 350 "-" "Mozilla/5.0 (compatible; bingbot/2.0; +http://www.bing.com/bingbot.htm)"
207.46.13.139 - - [29/May/2011:12:13:14 -0700] "GET /robots.txt HTTP/1.1" 302 350 "-" "Mozilla/5.0 (compatible; bingbot/2.0; +http://www.bing.com/bingbot.htm)"
207.46.13.139 - - [29/May/2011:12:48:16 -0700] "GET /robots.txt HTTP/1.1" 302 350 "-" "Mozilla/5.0 (compatible; bingbot/2.0; +http://www.bing.com/bingbot.htm)"
207.46.13.139 - - [29/May/2011:13:23:59 -0700] "GET /robots.txt HTTP/1.1" 302 350 "-" "Mozilla/5.0 (compatible; bingbot/2.0; +http://www.bing.com/bingbot.htm)"
207.46.13.139 - - [29/May/2011:13:54:54 -0700] "GET /robots.txt HTTP/1.1" 302 350 "-" "Mozilla/5.0 (compatible; bingbot/2.0; +http://www.bing.com/bingbot.htm)"
207.46.13.139 - - [29/May/2011:14:27:14 -0700] "GET /robots.txt HTTP/1.1" 302 350 "-" "Mozilla/5.0 (compatible; bingbot/2.0; +http://www.bing.com/bingbot.htm)"
207.46.13.139 - - [29/May/2011:14:54:39 -0700] "GET /robots.txt HTTP/1.1" 302 350 "-" "Mozilla/5.0 (compatible; bingbot/2.0; +http://www.bing.com/bingbot.htm)"
207.46.13.139 - - [29/May/2011:15:25:22 -0700] "GET /robots.txt HTTP/1.1" 302 350 "-" "Mozilla/5.0 (compatible; bingbot/2.0; +http://www.bing.com/bingbot.htm)"
207.46.13.139 - - [29/May/2011:15:54:18 -0700] "GET /robots.txt HTTP/1.1" 302 350 "-" "Mozilla/5.0 (compatible; bingbot/2.0; +http://www.bing.com/bingbot.htm)"
207.46.13.139 - - [29/May/2011:16:27:33 -0700] "GET /robots.txt HTTP/1.1" 302 350 "-" "Mozilla/5.0 (compatible; bingbot/2.0; +http://www.bing.com/bingbot.htm)"
207.46.13.139 - - [29/May/2011:16:55:49 -0700] "GET /robots.txt HTTP/1.1" 302 350 "-" "Mozilla/5.0 (compatible; bingbot/2.0; +http://www.bing.com/bingbot.htm)"
207.46.13.139 - - [29/May/2011:17:05:01 -0700] "GET /robots.txt HTTP/1.1" 302 350 "-" "Mozilla/5.0 (compatible; bingbot/2.0; +http://www.bing.com/bingbot.htm)"
69.28.58.41 - - [30/May/2011:04:37:35 -0700] "GET /robots.txt HTTP/1.0" 302 350 "http://browserbomb.com/robots.txt" "Mozilla/4.0 (compatible; MSIE 8.0; Windows NT 5.1; SV1; .NET CLR 2.0.50727)"
69.28.58.41 - - [30/May/2011:04:37:35 -0700] "GET / HTTP/1.0" 200 151 "http://browserbomb.com/" "Mozilla/4.0 (compatible; MSIE 8.0; Windows NT 5.1; SV1; .NET CLR 2.0.50727)"
174.129.117.237 - - [30/May/2011:06:22:34 -0700] "HEAD / HTTP/1.1" 200 - "-" "Mozilla/5.0 (Windows; U; Windows NT 5.1; en-US) AppleWebKit/525.13 (KHTML, like Gecko) Chrome/0.A.B.C Safari/525.13"
123.125.71.106 - - [30/May/2011:16:09:06 -0700] "GET / HTTP/1.1" 200 151 "-" "Mozilla/5.0 (compatible; Baiduspider/2.0; +http://www.baidu.com/search/spider.html)"
69.28.58.16 - - [31/May/2011:05:03:51 -0700] "GET /robots.txt HTTP/1.0" 302 350 "http://browserbomb.com/robots.txt" "HuaweiSymantecSpider/1.0+DSE-support@huaweisymantec.com+(compatible; MSIE 7.0; Windows NT 5.1; Trident/4.0; .NET CLR 2.0.50727; .NET CLR 3.0.4506.2152; .NET CLR ; http://www.huaweisymantec.com/en/IRL/spider)"
76.203.132.105 - - [31/May/2011:22:10:13 -0700] "GET / HTTP/1.1" 200 151 "http://www.google.com/url?sa=t&source=web&cd=6&ved=0CD4QFjAF&url=http%3A%2F%2Fbrowserbomb.com%2F&rct=j&q=browser%20bomb&ei=1tXlTejRFs21tgeNrqzYCg&usg=AFQjCNFCM_Cpfz4uZAD-lvDIvfuglsbjsA" "Mozilla/5.0 (Windows NT 5.1) AppleWebKit/534.24 (KHTML, like Gecko) Chrome/11.0.696.71 Safari/534.24"
76.203.132.105 - - [31/May/2011:22:10:14 -0700] "GET /favicon.ico HTTP/1.1" 200 430 "-" "Mozilla/5.0 (Windows NT 5.1) AppleWebKit/534.24 (KHTML, like Gecko) Chrome/11.0.696.71 Safari/534.24"
123.125.71.96 - - [01/Jun/2011:05:39:54 -0700] "GET / HTTP/1.1" 200 151 "-" "Mozilla/5.0 (compatible; Baiduspider/2.0; +http://www.baidu.com/search/spider.html)"
66.177.177.208 - - [01/Jun/2011:13:22:53 -0700] "GET /robots.txt HTTP/1.0" 302 350 "-" "Mozilla/5.0 (compatible; MJ12bot/v1.3.3; http://www.majestic12.co.uk/bot.php?+)"
66.177.177.208 - - [01/Jun/2011:13:22:54 -0700] "GET / HTTP/1.1" 200 151 "-" "Mozilla/5.0 (compatible; MJ12bot/v1.3.3; http://www.majestic12.co.uk/bot.php?+)"
112.65.23.73 - - [01/Jun/2011:15:10:25 -0700] "GET / HTTP/1.1" 200 151 "-" "Mozilla/4.0 (compatible; MSIE 6.0; Windows NT 5.1; SV1;)"
66.249.72.55 - - [01/Jun/2011:17:06:58 -0700] "GET /robots.txt HTTP/1.1" 302 350 "-" "Mozilla/5.0 (compatible; Googlebot/2.1; +http://www.google.com/bot.html)"
66.249.72.55 - - [01/Jun/2011:17:06:58 -0700] "GET / HTTP/1.1" 200 151 "-" "Mozilla/5.0 (compatible; Googlebot/2.1; +http://www.google.com/bot.html)"
66.219.58.41 - - [02/Jun/2011:03:22:22 -0700] "GET /robots.txt HTTP/1.1" 302 350 "-" "MLBot (www.metadatalabs.com/mlbot)"
66.219.58.41 - - [02/Jun/2011:03:22:24 -0700] "GET / HTTP/1.1" 200 151 "-" "MLBot (www.metadatalabs.com/mlbot)"
174.129.117.237 - - [02/Jun/2011:13:17:30 -0700] "HEAD / HTTP/1.1" 200 - "-" "Mozilla/5.0 (Windows; U; Windows NT 5.1; en-US) AppleWebKit/525.13 (KHTML, like Gecko) Chrome/0.A.B.C Safari/525.13"
66.249.72.55 - - [02/Jun/2011:23:52:00 -0700] "GET /robots.txt HTTP/1.1" 302 350 "-" "SAMSUNG-SGH-E250/1.0 Profile/MIDP-2.0 Configuration/CLDC-1.1 UP.Browser/6.2.3.3.c.1.101 (GUI) MMP/2.0 (compatible; Googlebot-Mobile/2.1; +http://www.google.com/bot.html)"
66.249.72.55 - - [02/Jun/2011:23:52:00 -0700] "GET / HTTP/1.1" 200 151 "-" "SAMSUNG-SGH-E250/1.0 Profile/MIDP-2.0 Configuration/CLDC-1.1 UP.Browser/6.2.3.3.c.1.101 (GUI) MMP/2.0 (compatible; Googlebot-Mobile/2.1; +http://www.google.com/bot.html)"
66.249.72.55 - - [03/Jun/2011:13:33:35 -0700] "GET /robots.txt HTTP/1.1" 302 350 "-" "DoCoMo/2.0 N905i(c100;TB;W24H16) (compatible; Googlebot-Mobile/2.1; +http://www.google.com/bot.html)"
66.249.72.55 - - [03/Jun/2011:13:33:35 -0700] "GET / HTTP/1.1" 200 151 "-" "DoCoMo/2.0 N905i(c100;TB;W24H16) (compatible; Googlebot-Mobile/2.1; +http://www.google.com/bot.html)"
220.181.108.160 - - [03/Jun/2011:14:15:36 -0700] "GET /robots.txt HTTP/1.1" 302 350 "-" "Baiduspider+(+http://www.baidu.com/search/spider.htm)"
93.158.148.31 - - [04/Jun/2011:15:15:02 -0700] "GET /robots.txt HTTP/1.1" 302 350 "-" "Mozilla/5.0 (compatible; YandexBot/3.0; +http://yandex.com/bots)"
93.158.148.31 - - [04/Jun/2011:15:15:04 -0700] "GET / HTTP/1.1" 200 151 "-" "Mozilla/5.0 (compatible; YandexBot/3.0; +http://yandex.com/bots)"
84.53.72.72 - - [04/Jun/2011:19:56:43 -0700] "GET /robots.txt HTTP/1.0" 302 350 "-" "Mozilla/5.0 (compatible; MJ12bot/v1.3.3; http://www.majestic12.co.uk/bot.php?+)"
84.53.72.72 - - [04/Jun/2011:19:56:43 -0700] "GET / HTTP/1.1" 200 151 "-" "Mozilla/5.0 (compatible; MJ12bot/v1.3.3; http://www.majestic12.co.uk/bot.php?+)"
64.188.219.167 - - [05/Jun/2011:05:35:56 -0700] "GET / HTTP/1.1" 200 151 "http://www.google.com/url?sa=t&source=web&cd=6&ved=0CEUQFjAF&url=http%3A%2F%2Fbrowserbomb.com%2F&rct=j&q=browser%20bomb%20&ei=TITrTZzkDMqRgQfh2oHYCQ&usg=AFQjCNFCM_Cpfz4uZAD-lvDIvfuglsbjsA" "Mozilla/5.0 (Windows; U; Windows NT 5.1; en-US; rv:1.9.2.17) Gecko/20110420 Firefox/3.6.17"
64.188.219.167 - - [05/Jun/2011:05:35:56 -0700] "GET /favicon.ico HTTP/1.1" 200 430 "-" "Mozilla/5.0 (Windows; U; Windows NT 5.1; en-US; rv:1.9.2.17) Gecko/20110420 Firefox/3.6.17"
174.129.117.237 - - [05/Jun/2011:19:03:06 -0700] "HEAD / HTTP/1.1" 200 - "-" "Mozilla/5.0 (Windows; U; Windows NT 5.1; en-US) AppleWebKit/525.13 (KHTML, like Gecko) Chrome/0.A.B.C Safari/525.13"
212.113.35.162 - - [05/Jun/2011:22:07:39 -0700] "GET /robots.txt HTTP/1.1" 302 350 "-" "Mozilla/5.0 (compatible; SiteBot/0.1; +http://www.sitebot.org/robot/)"
212.113.35.162 - - [05/Jun/2011:22:07:39 -0700] "GET / HTTP/1.1" 200 151 "-" "Mozilla/5.0 (compatible; SiteBot/0.1; +http://www.sitebot.org/robot/)"
123.125.71.115 - - [06/Jun/2011:13:19:43 -0700] "GET / HTTP/1.1" 200 151 "-" "Mozilla/5.0 (compatible; Baiduspider/2.0; +http://www.baidu.com/search/spider.html)"
184.72.94.77 - - [06/Jun/2011:18:50:28 -0700] "GET / HTTP/1.0" 200 151 "-" "Mozilla/5.0 (compatible; NetcraftSurveyAgent/1.0; +info@netcraft.com)"
123.125.71.98 - - [07/Jun/2011:10:22:38 -0700] "GET / HTTP/1.1" 200 151 "-" "Mozilla/5.0 (compatible; Baiduspider/2.0; +http://www.baidu.com/search/spider.html)"
93.158.148.31 - - [07/Jun/2011:11:03:33 -0700] "GET /robots.txt HTTP/1.1" 302 350 "-" "Mozilla/5.0 (compatible; YandexBot/3.0; +http://yandex.com/bots)"
93.158.148.31 - - [07/Jun/2011:11:03:35 -0700] "GET / HTTP/1.1" 200 151 "-" "Mozilla/5.0 (compatible; YandexBot/3.0; +http://yandex.com/bots)"
123.125.71.100 - - [08/Jun/2011:06:25:28 -0700] "GET / HTTP/1.1" 200 151 "-" "Mozilla/5.0 (compatible; Baiduspider/2.0; +http://www.baidu.com/search/spider.html)"
71.41.201.36 - - [08/Jun/2011:06:47:28 -0700] "GET /robots.txt HTTP/1.1" 302 350 "-" "MLBot (www.metadatalabs.com/mlbot)"
71.41.201.36 - - [08/Jun/2011:06:47:28 -0700] "GET / HTTP/1.1" 200 151 "-" "MLBot (www.metadatalabs.com/mlbot)"
69.71.222.186 - - [08/Jun/2011:11:51:04 -0700] "GET / HTTP/1.0" 200 151 "http://www.sitedossier.com/site/browserbomb.com" "-"
50.19.15.150 - - [08/Jun/2011:15:26:29 -0700] "GET / HTTP/1.1" 200 151 "-" "Mozilla/5.0 (Windows; U; Windows NT 6.0; en-US; rv:1.9.2.3) Gecko/20100401 Firefox/3.6.3 GTB6 (.NET CLR 3.5.30729)"
50.19.152.221 - - [08/Jun/2011:16:27:30 -0700] "GET / HTTP/1.1" 200 151 "-" "Mozilla/5.0 (Windows; U; Windows NT 6.0; en-US; rv:1.9.2.3) Gecko/20100401 Firefox/3.6.3 GTB6 (.NET CLR 3.5.30729)"
66.219.58.41 - - [08/Jun/2011:16:37:12 -0700] "GET /robots.txt HTTP/1.1" 302 350 "-" "MLBot (www.metadatalabs.com/mlbot)"
66.219.58.41 - - [08/Jun/2011:16:37:23 -0700] "GET / HTTP/1.1" 200 151 "-" "MLBot (www.metadatalabs.com/mlbot)"
174.129.117.237 - - [09/Jun/2011:03:24:31 -0700] "HEAD / HTTP/1.1" 200 - "-" "Mozilla/5.0 (Windows; U; Windows NT 5.1; en-US) AppleWebKit/525.13 (KHTML, like Gecko) Chrome/0.A.B.C Safari/525.13"
123.125.71.107 - - [09/Jun/2011:06:23:28 -0700] "GET / HTTP/1.1" 200 151 "-" "Mozilla/5.0 (compatible; Baiduspider/2.0; +http://www.baidu.com/search/spider.html)"
174.26.207.80 - - [09/Jun/2011:06:52:29 -0700] "GET / HTTP/1.1" 200 151 "http://www.google.com/url?sa=t&source=web&cd=6&ved=0CEYQFjAF&url=http%3A%2F%2Fbrowserbomb.com%2F&rct=j&q=browser%20bomb&ei=o9vwTZWBL4z0tgO_qcmjDg&usg=AFQjCNFCM_Cpfz4uZAD-lvDIvfuglsbjsA" "Mozilla/4.0 (compatible; MSIE 8.0; Windows NT 5.1; Trident/4.0; InfoPath.2; IE0006_ver1;EN_US)"
123.125.71.116 - - [09/Jun/2011:12:27:08 -0700] "GET / HTTP/1.1" 200 151 "-" "Mozilla/5.0 (compatible; Baiduspider/2.0; +http://www.baidu.com/search/spider.html)"
46.162.88.230 - - [09/Jun/2011:14:05:36 -0700] "GET /robots.txt HTTP/1.0" 302 350 "-" "Mozilla/5.0 (compatible; MJ12bot/v1.3.3; http://www.majestic12.co.uk/bot.php?+)"
46.162.88.230 - - [09/Jun/2011:14:05:37 -0700] "GET / HTTP/1.0" 200 151 "-" "Mozilla/5.0 (compatible; MJ12bot/v1.3.3; http://www.majestic12.co.uk/bot.php?+)"
69.28.58.43 - - [10/Jun/2011:09:39:00 -0700] "GET /robots.txt HTTP/1.0" 302 350 "http://browserbomb.com/robots.txt" "Mozilla/4.0 (compatible; MSIE 8.0; Windows NT 5.1; SV1; .NET CLR 2.0.50727)"
69.28.58.43 - - [10/Jun/2011:09:39:00 -0700] "GET / HTTP/1.0" 200 151 "http://browserbomb.com/" "Mozilla/4.0 (compatible; MSIE 8.0; Windows NT 5.1; SV1; .NET CLR 2.0.50727)"
123.125.71.103 - - [10/Jun/2011:13:50:33 -0700] "GET / HTTP/1.1" 200 151 "-" "Mozilla/5.0 (compatible; Baiduspider/2.0; +http://www.baidu.com/search/spider.html)"
184.59.162.33 - - [10/Jun/2011:18:24:25 -0700] "GET /performance-testing HTTP/1.1" 302 350 "-" "Mozilla/4.0 (compatible; MSIE 8.0; Windows NT 6.1; Trident/4.0; SLCC2; .NET CLR 2.0.50727; .NET CLR 3.5.30729; .NET CLR 3.0.30729; Media Center PC 6.0)"
66.249.67.214 - - [11/Jun/2011:14:25:51 -0700] "GET /robots.txt HTTP/1.1" 302 350 "-" "Mozilla/5.0 (compatible; Googlebot/2.1; +http://www.google.com/bot.html)"
66.249.67.214 - - [11/Jun/2011:14:25:51 -0700] "GET / HTTP/1.1" 200 151 "-" "Mozilla/5.0 (compatible; Googlebot/2.1; +http://www.google.com/bot.html)"
193.47.80.37 - - [11/Jun/2011:15:35:00 -0700] "GET /robots.txt HTTP/1.1" 302 350 "-" "Mozilla/5.0 (compatible; Exabot/3.0; +http://www.exabot.com/go/robot)"
193.47.80.37 - - [11/Jun/2011:15:35:01 -0700] "GET / HTTP/1.1" 200 151 "-" "Mozilla/5.0 (compatible; Exabot/3.0; +http://www.exabot.com/go/robot)"
174.129.117.237 - - [12/Jun/2011:09:09:02 -0700] "HEAD / HTTP/1.1" 200 - "-" "Mozilla/5.0 (Windows; U; Windows NT 5.1; en-US) AppleWebKit/525.13 (KHTML, like Gecko) Chrome/0.A.B.C Safari/525.13"
123.125.71.95 - - [12/Jun/2011:15:24:02 -0700] "GET / HTTP/1.1" 200 151 "-" "Mozilla/5.0 (compatible; Baiduspider/2.0; +http://www.baidu.com/search/spider.html)"
212.113.35.162 - - [12/Jun/2011:21:16:29 -0700] "GET /robots.txt HTTP/1.1" 302 350 "-" "Mozilla/5.0 (compatible; SiteBot/0.1; +http://www.sitebot.org/robot/)"
212.113.35.162 - - [12/Jun/2011:21:16:29 -0700] "GET / HTTP/1.1" 200 151 "-" "Mozilla/5.0 (compatible; SiteBot/0.1; +http://www.sitebot.org/robot/)"
96.2.86.139 - - [12/Jun/2011:21:51:38 -0700] "GET /robots.txt HTTP/1.0" 302 350 "-" "Mozilla/5.0 (compatible; MJ12bot/v1.3.3; http://www.majestic12.co.uk/bot.php?+)"
96.2.86.139 - - [12/Jun/2011:21:51:42 -0700] "GET / HTTP/1.1" 200 151 "-" "Mozilla/5.0 (compatible; MJ12bot/v1.3.3; http://www.majestic12.co.uk/bot.php?+)"
220.181.108.143 - - [13/Jun/2011:01:59:14 -0700] "GET /robots.txt HTTP/1.1" 302 350 "-" "Baiduspider+(+http://www.baidu.com/search/spider.htm)"
208.115.111.72 - - [13/Jun/2011:17:43:29 -0700] "GET /robots.txt HTTP/1.1" 302 350 "-" "Mozilla/5.0 (compatible; Ezooms/1.0; ezooms.bot@gmail.com)"
66.219.58.39 - - [14/Jun/2011:05:45:37 -0700] "GET /robots.txt HTTP/1.1" 302 350 "-" "MLBot (www.metadatalabs.com/mlbot)"
66.219.58.39 - - [14/Jun/2011:05:45:40 -0700] "GET / HTTP/1.1" 200 151 "-" "MLBot (www.metadatalabs.com/mlbot)"
123.125.71.97 - - [14/Jun/2011:15:55:44 -0700] "GET / HTTP/1.1" 200 151 "-" "Mozilla/5.0 (compatible; Baiduspider/2.0; +http://www.baidu.com/search/spider.html)"
174.129.117.237 - - [15/Jun/2011:16:07:07 -0700] "HEAD / HTTP/1.1" 200 - "-" "Mozilla/5.0 (Windows; U; Windows NT 5.1; en-US) AppleWebKit/525.13 (KHTML, like Gecko) Chrome/0.A.B.C Safari/525.13"
123.125.71.112 - - [16/Jun/2011:21:29:10 -0700] "GET / HTTP/1.1" 200 151 "-" "Mozilla/5.0 (compatible; Baiduspider/2.0; +http://www.baidu.com/search/spider.html)"
93.158.148.31 - - [17/Jun/2011:02:28:13 -0700] "GET /robots.txt HTTP/1.1" 302 350 "-" "Mozilla/5.0 (compatible; YandexBot/3.0; +http://yandex.com/bots)"
93.158.148.31 - - [17/Jun/2011:05:41:30 -0700] "GET / HTTP/1.1" 200 151 "-" "Mozilla/5.0 (compatible; YandexBot/3.0; +http://yandex.com/bots)"
123.125.71.94 - - [17/Jun/2011:19:22:57 -0700] "GET / HTTP/1.1" 200 151 "-" "Mozilla/5.0 (compatible; Baiduspider/2.0; +http://www.baidu.com/search/spider.html)"
88.190.13.201 - - [18/Jun/2011:00:12:24 -0700] "GET /robots.txt HTTP/1.0" 302 350 "-" "Mozilla/5.0 (compatible; MJ12bot/v1.3.3; http://www.majestic12.co.uk/bot.php?+)"
88.190.13.201 - - [18/Jun/2011:00:12:26 -0700] "GET / HTTP/1.1" 200 151 "-" "Mozilla/5.0 (compatible; MJ12bot/v1.3.3; http://www.majestic12.co.uk/bot.php?+)"
83.167.43.6 - - [18/Jun/2011:02:35:10 -0700] "GET / HTTP/1.1" 200 151 "-" "Mozilla/5.0 (Windows; U; Windows NT 5.1; fr; rv:1.9.2.9) Gecko/20100824 Firefox/3.6.9 GTB7.1 (.NET CLR 3.5.30729)"
64.202.161.41 - - [18/Jun/2011:04:53:18 -0700] "GET / HTTP/1.1" 200 151 "-" "Mozilla/5.0 (Windows; U; Windows NT 5.1; en-US; rv:1.9.1.8) Gecko/20100202 Firefox/3.5.8 ( .NET CLR 3.5.30729)"
64.202.161.41 - - [18/Jun/2011:04:53:42 -0700] "GET / HTTP/1.1" 200 151 "-" "Mozilla/5.0 (Windows; U; Windows NT 5.1; en-US; rv:1.9.1.8) Gecko/20100202 Firefox/3.5.8 ( .NET CLR 3.5.30729)"
220.181.108.140 - - [19/Jun/2011:00:16:40 -0700] "GET /robots.txt HTTP/1.1" 302 350 "-" "Baiduspider+(+http://www.baidu.com/search/spider.htm)"
123.125.71.103 - - [19/Jun/2011:00:19:41 -0700] "GET / HTTP/1.1" 200 151 "-" "Mozilla/5.0 (compatible; Baiduspider/2.0; +http://www.baidu.com/search/spider.html)"
174.129.117.237 - - [19/Jun/2011:03:36:43 -0700] "HEAD / HTTP/1.1" 200 - "-" "Mozilla/5.0 (Windows; U; Windows NT 5.1; en-US) AppleWebKit/525.13 (KHTML, like Gecko) Chrome/0.A.B.C Safari/525.13"
188.72.230.156 - - [20/Jun/2011:17:56:50 -0700] "GET /robots.txt HTTP/1.0" 302 350 "-" "Mozilla/5.0 (Windows; U; Windows NT 5.1; en-US) AppleWebKit/534.10 (KHTML, like Gecko) Chrome/8.0.552.224 Safari/534.10/Nutch-1.2"
188.72.230.156 - - [20/Jun/2011:17:56:57 -0700] "GET / HTTP/1.0" 200 151 "-" "Mozilla/5.0 (Windows; U; Windows NT 5.1; en-US) AppleWebKit/534.10 (KHTML, like Gecko) Chrome/8.0.552.224 Safari/534.10/Nutch-1.2"
188.138.113.145 - - [20/Jun/2011:20:45:29 -0700] "GET / HTTP/1.1" 200 151 "" "Mozilla/5.0 (Windows; U; Windows NT 6.0; en; rv:1.9.0.8) Gecko/2009032609 Firefox/3.0.8 (.NET CLR 3.5.30729)"
188.138.113.145 - - [20/Jun/2011:20:45:29 -0700] "GET / HTTP/1.1" 200 151 "-" "User-Agent: Mozilla/5.0 (Windows; U; Windows NT 6.0; en; rv:1.9.0.8) Gecko/2009032609 Firefox/3.0.8 (.NET CLR 3.5.30729)"
188.138.113.145 - - [20/Jun/2011:20:45:29 -0700] "GET / HTTP/1.1" 200 151 "-" "User-Agent: Mozilla/5.0 (Windows; U; Windows NT 6.0; en; rv:1.9.0.8) Gecko/2009032609 Firefox/3.0.8 (.NET CLR 3.5.30729)"
174.129.117.237 - - [22/Jun/2011:09:36:05 -0700] "HEAD / HTTP/1.1" 200 - "-" "Mozilla/5.0 (Windows; U; Windows NT 5.1; en-US) AppleWebKit/525.13 (KHTML, like Gecko) Chrome/0.A.B.C Safari/525.13"
70.179.99.62 - - [22/Jun/2011:18:58:45 -0700] "GET / HTTP/1.1" 200 151 "-" "Mozilla/5.0 (Windows NT 6.1; WOW64) AppleWebKit/534.30 (KHTML, like Gecko) Chrome/12.0.742.100 Safari/534.30"
70.179.99.62 - - [22/Jun/2011:18:58:46 -0700] "GET /favicon.ico HTTP/1.1" 200 430 "-" "Mozilla/5.0 (Windows NT 6.1; WOW64) AppleWebKit/534.30 (KHTML, like Gecko) Chrome/12.0.742.100 Safari/534.30"
66.249.71.154 - - [23/Jun/2011:01:55:48 -0700] "GET /robots.txt HTTP/1.1" 302 350 "-" "SAMSUNG-SGH-E250/1.0 Profile/MIDP-2.0 Configuration/CLDC-1.1 UP.Browser/6.2.3.3.c.1.101 (GUI) MMP/2.0 (compatible; Googlebot-Mobile/2.1; +http://www.google.com/bot.html)"
66.249.71.154 - - [23/Jun/2011:01:55:49 -0700] "GET / HTTP/1.1" 200 151 "-" "SAMSUNG-SGH-E250/1.0 Profile/MIDP-2.0 Configuration/CLDC-1.1 UP.Browser/6.2.3.3.c.1.101 (GUI) MMP/2.0 (compatible; Googlebot-Mobile/2.1; +http://www.google.com/bot.html)"
66.249.68.243 - - [23/Jun/2011:16:17:21 -0700] "GET /robots.txt HTTP/1.1" 302 350 "-" "DoCoMo/2.0 N905i(c100;TB;W24H16) (compatible; Googlebot-Mobile/2.1; +http://www.google.com/bot.html)"
66.249.68.243 - - [23/Jun/2011:16:17:21 -0700] "GET / HTTP/1.1" 200 151 "-" "DoCoMo/2.0 N905i(c100;TB;W24H16) (compatible; Googlebot-Mobile/2.1; +http://www.google.com/bot.html)"
123.125.71.113 - - [23/Jun/2011:19:50:42 -0700] "GET / HTTP/1.1" 200 151 "-" "Mozilla/5.0 (compatible; Baiduspider/2.0; +http://www.baidu.com/search/spider.html)"
93.158.148.31 - - [24/Jun/2011:13:42:34 -0700] "GET /robots.txt HTTP/1.1" 302 350 "-" "Mozilla/5.0 (compatible; YandexBot/3.0; +http://yandex.com/bots)"
93.158.148.31 - - [24/Jun/2011:15:57:39 -0700] "GET / HTTP/1.1" 200 151 "-" "Mozilla/5.0 (compatible; YandexBot/3.0; +http://yandex.com/bots)"
188.165.248.204 - - [24/Jun/2011:20:13:21 -0700] "GET /robots.txt HTTP/1.0" 302 350 "-" "Mozilla/5.0 (compatible; MJ12bot/v1.3.3; http://www.majestic12.co.uk/bot.php?+)"
188.165.248.204 - - [24/Jun/2011:20:13:22 -0700] "GET / HTTP/1.0" 200 151 "-" "Mozilla/5.0 (compatible; MJ12bot/v1.3.3; http://www.majestic12.co.uk/bot.php?+)"
193.47.80.37 - - [25/Jun/2011:18:50:58 -0700] "GET /robots.txt HTTP/1.1" 302 350 "-" "Mozilla/5.0 (compatible; Exabot/3.0; +http://www.exabot.com/go/robot)"
193.47.80.37 - - [25/Jun/2011:18:50:59 -0700] "GET / HTTP/1.1" 200 151 "-" "Mozilla/5.0 (compatible; Exabot/3.0; +http://www.exabot.com/go/robot)"
123.125.71.115 - - [25/Jun/2011:21:02:43 -0700] "GET / HTTP/1.1" 200 151 "-" "Mozilla/5.0 (compatible; Baiduspider/2.0; +http://www.baidu.com/search/spider.html)"
