209.216.189.146 - - [21/Dec/2010:11:44:32 -0800] "GET /~harold/yellow-h.png HTTP/1.1" 200 110 "http://ferality.net/~harold/" "Mozilla/5.0 (Windows; U; Windows NT 5.1; en-US; rv:1.9.2.13) Gecko/20101203 Firefox/3.6.13 ( .NET CLR 3.5.30729)"
209.216.189.146 - - [21/Dec/2010:11:44:32 -0800] "GET /~harold/red-h.png HTTP/1.1" 200 110 "http://ferality.net/~harold/" "Mozilla/5.0 (Windows; U; Windows NT 5.1; en-US; rv:1.9.2.13) Gecko/20101203 Firefox/3.6.13 ( .NET CLR 3.5.30729)"
209.216.189.146 - - [21/Dec/2010:11:44:33 -0800] "GET /favicon.ico HTTP/1.1" 200 441 "-" "Mozilla/5.0 (Windows; U; Windows NT 5.1; en-US; rv:1.9.2.13) Gecko/20101203 Firefox/3.6.13 ( .NET CLR 3.5.30729)"
69.7.16.199 - - [21/Dec/2010:11:44:50 -0800] "GET /~harold/ HTTP/1.0" 200 24867 "-" "Wget/1.12 (linux-gnu)"
69.7.16.199 - - [21/Dec/2010:11:44:50 -0800] "GET /~harold/ HTTP/1.1" 200 24867 "-" "libwww-perl/5.834"
209.221.181.17 - - [21/Dec/2010:11:45:02 -0800] "GET /~harold/ HTTP/1.1" 200 24867 "-" "Mozilla/5.0 (Windows; U; Windows NT 5.1; en-US; rv:1.9.2.3) Gecko/20100401 Firefox/3.6.3"
209.221.181.17 - - [21/Dec/2010:11:45:02 -0800] "GET /~harold/blue-v.png HTTP/1.1" 200 106 "http://ferality.net/~harold/" "Mozilla/5.0 (Windows; U; Windows NT 5.1; en-US; rv:1.9.2.3) Gecko/20100401 Firefox/3.6.3"
209.221.181.17 - - [21/Dec/2010:11:45:02 -0800] "GET /~harold/green-v.png HTTP/1.1" 200 107 "http://ferality.net/~harold/" "Mozilla/5.0 (Windows; U; Windows NT 5.1; en-US; rv:1.9.2.3) Gecko/20100401 Firefox/3.6.3"
209.221.181.17 - - [21/Dec/2010:11:45:02 -0800] "GET /~harold/blue-h.png HTTP/1.1" 200 112 "http://ferality.net/~harold/" "Mozilla/5.0 (Windows; U; Windows NT 5.1; en-US; rv:1.9.2.3) Gecko/20100401 Firefox/3.6.3"
209.221.181.17 - - [21/Dec/2010:11:45:02 -0800] "GET /~harold/green-h.png HTTP/1.1" 200 114 "http://ferality.net/~harold/" "Mozilla/5.0 (Windows; U; Windows NT 5.1; en-US; rv:1.9.2.3) Gecko/20100401 Firefox/3.6.3"
209.221.181.17 - - [21/Dec/2010:11:45:02 -0800] "GET /~harold/yellow-h.png HTTP/1.1" 200 110 "http://ferality.net/~harold/" "Mozilla/5.0 (Windows; U; Windows NT 5.1; en-US; rv:1.9.2.3) Gecko/20100401 Firefox/3.6.3"
209.221.181.17 - - [21/Dec/2010:11:45:02 -0800] "GET /~harold/red-h.png HTTP/1.1" 200 110 "http://ferality.net/~harold/" "Mozilla/5.0 (Windows; U; Windows NT 5.1; en-US; rv:1.9.2.3) Gecko/20100401 Firefox/3.6.3"
209.221.181.17 - - [21/Dec/2010:11:45:02 -0800] "GET /favicon.ico HTTP/1.1" 200 441 "-" "Mozilla/5.0 (Windows; U; Windows NT 5.1; en-US; rv:1.9.2.3) Gecko/20100401 Firefox/3.6.3"
75.142.153.192 - - [21/Dec/2010:11:45:04 -0800] "GET /~harold/ HTTP/1.1" 200 24867 "-" "Mozilla/4.0 (compatible; MSIE 8.0; Windows NT 5.1; Trident/4.0; .NET CLR 1.1.4322; .NET CLR 2.0.50727; .NET CLR 3.0.4506.2152; .NET CLR 3.5.30729; InfoPath.2; OfficeLiveConnector.1.3; OfficeLivePatch.0.0; .NET4.0C; .NET4.0E)"
75.142.153.192 - - [21/Dec/2010:11:45:07 -0800] "GET /~harold/blue-v.png HTTP/1.1" 200 106 "http://ferality.net/~harold/" "Mozilla/4.0 (compatible; MSIE 8.0; Windows NT 5.1; Trident/4.0; .NET CLR 1.1.4322; .NET CLR 2.0.50727; .NET CLR 3.0.4506.2152; .NET CLR 3.5.30729; InfoPath.2; OfficeLiveConnector.1.3; OfficeLivePatch.0.0; .NET4.0C; .NET4.0E)"
75.142.153.192 - - [21/Dec/2010:11:45:07 -0800] "GET /~harold/green-v.png HTTP/1.1" 200 107 "http://ferality.net/~harold/" "Mozilla/4.0 (compatible; MSIE 8.0; Windows NT 5.1; Trident/4.0; .NET CLR 1.1.4322; .NET CLR 2.0.50727; .NET CLR 3.0.4506.2152; .NET CLR 3.5.30729; InfoPath.2; OfficeLiveConnector.1.3; OfficeLivePatch.0.0; .NET4.0C; .NET4.0E)"
75.142.153.192 - - [21/Dec/2010:11:45:07 -0800] "GET /~harold/green-h.png HTTP/1.1" 200 114 "http://ferality.net/~harold/" "Mozilla/4.0 (compatible; MSIE 8.0; Windows NT 5.1; Trident/4.0; .NET CLR 1.1.4322; .NET CLR 2.0.50727; .NET CLR 3.0.4506.2152; .NET CLR 3.5.30729; InfoPath.2; OfficeLiveConnector.1.3; OfficeLivePatch.0.0; .NET4.0C; .NET4.0E)"
75.142.153.192 - - [21/Dec/2010:11:45:07 -0800] "GET /~harold/blue-h.png HTTP/1.1" 200 112 "http://ferality.net/~harold/" "Mozilla/4.0 (compatible; MSIE 8.0; Windows NT 5.1; Trident/4.0; .NET CLR 1.1.4322; .NET CLR 2.0.50727; .NET CLR 3.0.4506.2152; .NET CLR 3.5.30729; InfoPath.2; OfficeLiveConnector.1.3; OfficeLivePatch.0.0; .NET4.0C; .NET4.0E)"
75.142.153.192 - - [21/Dec/2010:11:45:07 -0800] "GET /~harold/red-h.png HTTP/1.1" 200 110 "http://ferality.net/~harold/" "Mozilla/4.0 (compatible; MSIE 8.0; Windows NT 5.1; Trident/4.0; .NET CLR 1.1.4322; .NET CLR 2.0.50727; .NET CLR 3.0.4506.2152; .NET CLR 3.5.30729; InfoPath.2; OfficeLiveConnector.1.3; OfficeLivePatch.0.0; .NET4.0C; .NET4.0E)"
75.142.153.192 - - [21/Dec/2010:11:45:07 -0800] "GET /~harold/yellow-h.png HTTP/1.1" 200 110 "http://ferality.net/~harold/" "Mozilla/4.0 (compatible; MSIE 8.0; Windows NT 5.1; Trident/4.0; .NET CLR 1.1.4322; .NET CLR 2.0.50727; .NET CLR 3.0.4506.2152; .NET CLR 3.5.30729; InfoPath.2; OfficeLiveConnector.1.3; OfficeLivePatch.0.0; .NET4.0C; .NET4.0E)"
75.142.153.192 - - [21/Dec/2010:11:45:07 -0800] "GET /favicon.ico HTTP/1.1" 200 441 "-" "Mozilla/4.0 (compatible; MSIE 8.0; Windows NT 5.1; Trident/4.0; .NET CLR 1.1.4322; .NET CLR 2.0.50727; .NET CLR 3.0.4506.2152; .NET CLR 3.5.30729; InfoPath.2; OfficeLiveConnector.1.3; OfficeLivePatch.0.0; .NET4.0C; .NET4.0E)"
75.142.153.192 - - [21/Dec/2010:11:46:25 -0800] "GET /~harold/ HTTP/1.1" 304 - "-" "Mozilla/4.0 (compatible; MSIE 8.0; Windows NT 5.1; Trident/4.0; .NET CLR 1.1.4322; .NET CLR 2.0.50727; .NET CLR 3.0.4506.2152; .NET CLR 3.5.30729; InfoPath.2; OfficeLiveConnector.1.3; OfficeLivePatch.0.0; .NET4.0C; .NET4.0E)"
75.142.153.192 - - [21/Dec/2010:11:46:25 -0800] "GET /~harold/blue-v.png HTTP/1.1" 304 - "http://ferality.net/~harold/" "Mozilla/4.0 (compatible; MSIE 8.0; Windows NT 5.1; Trident/4.0; .NET CLR 1.1.4322; .NET CLR 2.0.50727; .NET CLR 3.0.4506.2152; .NET CLR 3.5.30729; InfoPath.2; OfficeLiveConnector.1.3; OfficeLivePatch.0.0; .NET4.0C; .NET4.0E)"
75.142.153.192 - - [21/Dec/2010:11:46:25 -0800] "GET /~harold/green-v.png HTTP/1.1" 304 - "http://ferality.net/~harold/" "Mozilla/4.0 (compatible; MSIE 8.0; Windows NT 5.1; Trident/4.0; .NET CLR 1.1.4322; .NET CLR 2.0.50727; .NET CLR 3.0.4506.2152; .NET CLR 3.5.30729; InfoPath.2; OfficeLiveConnector.1.3; OfficeLivePatch.0.0; .NET4.0C; .NET4.0E)"
75.142.153.192 - - [21/Dec/2010:11:46:25 -0800] "GET /~harold/yellow-h.png HTTP/1.1" 304 - "http://ferality.net/~harold/" "Mozilla/4.0 (compatible; MSIE 8.0; Windows NT 5.1; Trident/4.0; .NET CLR 1.1.4322; .NET CLR 2.0.50727; .NET CLR 3.0.4506.2152; .NET CLR 3.5.30729; InfoPath.2; OfficeLiveConnector.1.3; OfficeLivePatch.0.0; .NET4.0C; .NET4.0E)"
75.142.153.192 - - [21/Dec/2010:11:46:25 -0800] "GET /~harold/blue-h.png HTTP/1.1" 304 - "http://ferality.net/~harold/" "Mozilla/4.0 (compatible; MSIE 8.0; Windows NT 5.1; Trident/4.0; .NET CLR 1.1.4322; .NET CLR 2.0.50727; .NET CLR 3.0.4506.2152; .NET CLR 3.5.30729; InfoPath.2; OfficeLiveConnector.1.3; OfficeLivePatch.0.0; .NET4.0C; .NET4.0E)"
75.142.153.192 - - [21/Dec/2010:11:46:25 -0800] "GET /~harold/green-h.png HTTP/1.1" 304 - "http://ferality.net/~harold/" "Mozilla/4.0 (compatible; MSIE 8.0; Windows NT 5.1; Trident/4.0; .NET CLR 1.1.4322; .NET CLR 2.0.50727; .NET CLR 3.0.4506.2152; .NET CLR 3.5.30729; InfoPath.2; OfficeLiveConnector.1.3; OfficeLivePatch.0.0; .NET4.0C; .NET4.0E)"
75.142.153.192 - - [21/Dec/2010:11:46:25 -0800] "GET /~harold/red-h.png HTTP/1.1" 304 - "http://ferality.net/~harold/" "Mozilla/4.0 (compatible; MSIE 8.0; Windows NT 5.1; Trident/4.0; .NET CLR 1.1.4322; .NET CLR 2.0.50727; .NET CLR 3.0.4506.2152; .NET CLR 3.5.30729; InfoPath.2; OfficeLiveConnector.1.3; OfficeLivePatch.0.0; .NET4.0C; .NET4.0E)"
75.142.153.192 - - [21/Dec/2010:11:46:25 -0800] "GET /favicon.ico HTTP/1.1" 200 441 "-" "Mozilla/4.0 (compatible; MSIE 8.0; Windows NT 5.1; Trident/4.0; .NET CLR 1.1.4322; .NET CLR 2.0.50727; .NET CLR 3.0.4506.2152; .NET CLR 3.5.30729; InfoPath.2; OfficeLiveConnector.1.3; OfficeLivePatch.0.0; .NET4.0C; .NET4.0E)"
75.142.153.192 - - [21/Dec/2010:11:55:09 -0800] "GET /~harold/ HTTP/1.1" 200 26457 "-" "Mozilla/4.0 (compatible; MSIE 8.0; Windows NT 5.1; Trident/4.0; .NET CLR 1.1.4322; .NET CLR 2.0.50727; .NET CLR 3.0.4506.2152; .NET CLR 3.5.30729; InfoPath.2; OfficeLiveConnector.1.3; OfficeLivePatch.0.0; .NET4.0C; .NET4.0E)"
75.142.153.192 - - [21/Dec/2010:11:55:10 -0800] "GET /~harold/blue-v.png HTTP/1.1" 304 - "http://ferality.net/~harold/" "Mozilla/4.0 (compatible; MSIE 8.0; Windows NT 5.1; Trident/4.0; .NET CLR 1.1.4322; .NET CLR 2.0.50727; .NET CLR 3.0.4506.2152; .NET CLR 3.5.30729; InfoPath.2; OfficeLiveConnector.1.3; OfficeLivePatch.0.0; .NET4.0C; .NET4.0E)"
75.142.153.192 - - [21/Dec/2010:11:55:10 -0800] "GET /~harold/green-h.png HTTP/1.1" 304 - "http://ferality.net/~harold/" "Mozilla/4.0 (compatible; MSIE 8.0; Windows NT 5.1; Trident/4.0; .NET CLR 1.1.4322; .NET CLR 2.0.50727; .NET CLR 3.0.4506.2152; .NET CLR 3.5.30729; InfoPath.2; OfficeLiveConnector.1.3; OfficeLivePatch.0.0; .NET4.0C; .NET4.0E)"
75.142.153.192 - - [21/Dec/2010:11:55:10 -0800] "GET /~harold/red-h.png HTTP/1.1" 304 - "http://ferality.net/~harold/" "Mozilla/4.0 (compatible; MSIE 8.0; Windows NT 5.1; Trident/4.0; .NET CLR 1.1.4322; .NET CLR 2.0.50727; .NET CLR 3.0.4506.2152; .NET CLR 3.5.30729; InfoPath.2; OfficeLiveConnector.1.3; OfficeLivePatch.0.0; .NET4.0C; .NET4.0E)"
75.142.153.192 - - [21/Dec/2010:11:55:10 -0800] "GET /~harold/yellow-h.png HTTP/1.1" 304 - "http://ferality.net/~harold/" "Mozilla/4.0 (compatible; MSIE 8.0; Windows NT 5.1; Trident/4.0; .NET CLR 1.1.4322; .NET CLR 2.0.50727; .NET CLR 3.0.4506.2152; .NET CLR 3.5.30729; InfoPath.2; OfficeLiveConnector.1.3; OfficeLivePatch.0.0; .NET4.0C; .NET4.0E)"
75.142.153.192 - - [21/Dec/2010:11:55:10 -0800] "GET /~harold/blue-h.png HTTP/1.1" 304 - "http://ferality.net/~harold/" "Mozilla/4.0 (compatible; MSIE 8.0; Windows NT 5.1; Trident/4.0; .NET CLR 1.1.4322; .NET CLR 2.0.50727; .NET CLR 3.0.4506.2152; .NET CLR 3.5.30729; InfoPath.2; OfficeLiveConnector.1.3; OfficeLivePatch.0.0; .NET4.0C; .NET4.0E)"
75.142.153.192 - - [21/Dec/2010:11:55:10 -0800] "GET /~harold/green-v.png HTTP/1.1" 304 - "http://ferality.net/~harold/" "Mozilla/4.0 (compatible; MSIE 8.0; Windows NT 5.1; Trident/4.0; .NET CLR 1.1.4322; .NET CLR 2.0.50727; .NET CLR 3.0.4506.2152; .NET CLR 3.5.30729; InfoPath.2; OfficeLiveConnector.1.3; OfficeLivePatch.0.0; .NET4.0C; .NET4.0E)"
93.158.148.31 - - [21/Dec/2010:11:56:25 -0800] "GET /robots.txt HTTP/1.1" 302 351 "-" "Mozilla/5.0 (compatible; YandexBot/3.0; +http://yandex.com/bots)"
75.142.153.192 - - [21/Dec/2010:12:25:11 -0800] "GET /~harold/ HTTP/1.1" 200 29516 "-" "Mozilla/4.0 (compatible; MSIE 8.0; Windows NT 5.1; Trident/4.0; .NET CLR 1.1.4322; .NET CLR 2.0.50727; .NET CLR 3.0.4506.2152; .NET CLR 3.5.30729; InfoPath.2; OfficeLiveConnector.1.3; OfficeLivePatch.0.0; .NET4.0C; .NET4.0E)"
75.142.153.192 - - [21/Dec/2010:12:25:12 -0800] "GET /~harold/blue-v.png HTTP/1.1" 200 106 "http://ferality.net/~harold/" "Mozilla/4.0 (compatible; MSIE 8.0; Windows NT 5.1; Trident/4.0; .NET CLR 1.1.4322; .NET CLR 2.0.50727; .NET CLR 3.0.4506.2152; .NET CLR 3.5.30729; InfoPath.2; OfficeLiveConnector.1.3; OfficeLivePatch.0.0; .NET4.0C; .NET4.0E)"
75.142.153.192 - - [21/Dec/2010:12:25:13 -0800] "GET /~harold/green-v.png HTTP/1.1" 200 107 "http://ferality.net/~harold/" "Mozilla/4.0 (compatible; MSIE 8.0; Windows NT 5.1; Trident/4.0; .NET CLR 1.1.4322; .NET CLR 2.0.50727; .NET CLR 3.0.4506.2152; .NET CLR 3.5.30729; InfoPath.2; OfficeLiveConnector.1.3; OfficeLivePatch.0.0; .NET4.0C; .NET4.0E)"
75.142.153.192 - - [21/Dec/2010:12:25:13 -0800] "GET /~harold/green-h.png HTTP/1.1" 200 114 "http://ferality.net/~harold/" "Mozilla/4.0 (compatible; MSIE 8.0; Windows NT 5.1; Trident/4.0; .NET CLR 1.1.4322; .NET CLR 2.0.50727; .NET CLR 3.0.4506.2152; .NET CLR 3.5.30729; InfoPath.2; OfficeLiveConnector.1.3; OfficeLivePatch.0.0; .NET4.0C; .NET4.0E)"
75.142.153.192 - - [21/Dec/2010:12:25:13 -0800] "GET /~harold/blue-h.png HTTP/1.1" 200 112 "http://ferality.net/~harold/" "Mozilla/4.0 (compatible; MSIE 8.0; Windows NT 5.1; Trident/4.0; .NET CLR 1.1.4322; .NET CLR 2.0.50727; .NET CLR 3.0.4506.2152; .NET CLR 3.5.30729; InfoPath.2; OfficeLiveConnector.1.3; OfficeLivePatch.0.0; .NET4.0C; .NET4.0E)"
75.142.153.192 - - [21/Dec/2010:12:25:13 -0800] "GET /~harold/red-h.png HTTP/1.1" 200 110 "http://ferality.net/~harold/" "Mozilla/4.0 (compatible; MSIE 8.0; Windows NT 5.1; Trident/4.0; .NET CLR 1.1.4322; .NET CLR 2.0.50727; .NET CLR 3.0.4506.2152; .NET CLR 3.5.30729; InfoPath.2; OfficeLiveConnector.1.3; OfficeLivePatch.0.0; .NET4.0C; .NET4.0E)"
75.142.153.192 - - [21/Dec/2010:12:25:13 -0800] "GET /~harold/yellow-h.png HTTP/1.1" 200 110 "http://ferality.net/~harold/" "Mozilla/4.0 (compatible; MSIE 8.0; Windows NT 5.1; Trident/4.0; .NET CLR 1.1.4322; .NET CLR 2.0.50727; .NET CLR 3.0.4506.2152; .NET CLR 3.5.30729; InfoPath.2; OfficeLiveConnector.1.3; OfficeLivePatch.0.0; .NET4.0C; .NET4.0E)"
75.142.153.192 - - [21/Dec/2010:12:25:13 -0800] "GET /~harold/yellow-v.png HTTP/1.1" 200 105 "http://ferality.net/~harold/" "Mozilla/4.0 (compatible; MSIE 8.0; Windows NT 5.1; Trident/4.0; .NET CLR 1.1.4322; .NET CLR 2.0.50727; .NET CLR 3.0.4506.2152; .NET CLR 3.5.30729; InfoPath.2; OfficeLiveConnector.1.3; OfficeLivePatch.0.0; .NET4.0C; .NET4.0E)"
75.142.153.192 - - [21/Dec/2010:12:25:13 -0800] "GET /favicon.ico HTTP/1.1" 200 441 "-" "Mozilla/4.0 (compatible; MSIE 8.0; Windows NT 5.1; Trident/4.0; .NET CLR 1.1.4322; .NET CLR 2.0.50727; .NET CLR 3.0.4506.2152; .NET CLR 3.5.30729; InfoPath.2; OfficeLiveConnector.1.3; OfficeLivePatch.0.0; .NET4.0C; .NET4.0E)"
91.217.90.56 - - [21/Dec/2010:12:38:22 -0800] "GET /index.php/photos/album/1/photo/2.html HTTP/1.1" 200 148 "-" "Mozilla/4.0 (compatible; MSIE 6.0; Windows NT 5.1; SV1)"
79.142.64.19 - - [21/Dec/2010:14:08:14 -0800] "GET /index.php/photos/album/1/photo/2.html HTTP/1.1" 200 148 "-" "Mozilla/4.0 (compatible; MSIE 6.0; Windows NT 5.1; SV1)"
91.217.90.56 - - [21/Dec/2010:15:43:54 -0800] "GET /index.php/photos/album/1/photo/2.html HTTP/1.1" 200 148 "-" "Mozilla/4.0 (compatible; MSIE 6.0; Windows NT 5.1; SV1)"
91.217.90.56 - - [21/Dec/2010:17:48:11 -0800] "GET /index.php/photos/album/1/photo/2.html HTTP/1.1" 200 148 "-" "Mozilla/4.0 (compatible; MSIE 6.0; Windows NT 5.1; SV1)"
79.142.64.19 - - [21/Dec/2010:18:31:17 -0800] "GET /index.php/photos/album/1/photo/2.html HTTP/1.1" 200 148 "-" "Mozilla/4.0 (compatible; MSIE 6.0; Windows NT 5.1; SV1)"
91.217.90.56 - - [21/Dec/2010:18:48:24 -0800] "GET /index.php/photos/album/1/photo/2.html HTTP/1.1" 200 148 "-" "Mozilla/4.0 (compatible; MSIE 6.0; Windows NT 5.1; SV1)"
208.115.111.244 - - [21/Dec/2010:19:29:15 -0800] "GET /robots.txt HTTP/1.1" 302 347 "-" "Mozilla/5.0 (compatible; DotBot/1.1; http://www.dotnetdotcom.org/, crawler@dotnetdotcom.org)"
208.115.111.244 - - [21/Dec/2010:19:29:15 -0800] "GET / HTTP/1.1" 200 148 "-" "Mozilla/5.0 (compatible; DotBot/1.1; http://www.dotnetdotcom.org/, crawler@dotnetdotcom.org)"
91.217.90.56 - - [21/Dec/2010:20:04:37 -0800] "GET /index.php/photos/album/1/photo/2.html HTTP/1.1" 200 148 "-" "Mozilla/4.0 (compatible; MSIE 6.0; Windows NT 5.1; SV1)"
220.181.108.145 - - [21/Dec/2010:20:41:47 -0800] "GET /robots.txt HTTP/1.1" 302 347 "-" "Baiduspider+(+http://www.baidu.com/search/spider.htm)"
220.181.108.143 - - [21/Dec/2010:20:41:47 -0800] "GET / HTTP/1.1" 200 148 "-" "Baiduspider+(+http://www.baidu.com/search/spider.htm)"
91.217.90.56 - - [21/Dec/2010:21:05:12 -0800] "GET /index.php/photos/album/1/photo/2.html HTTP/1.1" 200 148 "-" "Mozilla/4.0 (compatible; MSIE 6.0; Windows NT 5.1; SV1)"
123.125.71.107 - - [21/Dec/2010:21:31:45 -0800] "GET / HTTP/1.1" 200 148 "-" "Baiduspider+(+http://www.baidu.com/search/spider.htm)"
220.181.108.168 - - [21/Dec/2010:21:32:15 -0800] "GET / HTTP/1.1" 200 148 "-" "Baiduspider+(+http://www.baidu.com/search/spider.htm)"
208.115.111.244 - - [21/Dec/2010:22:11:13 -0800] "GET / HTTP/1.1" 200 148 "-" "Mozilla/5.0 (compatible; DotBot/1.1; http://www.dotnetdotcom.org/, crawler@dotnetdotcom.org)"
79.142.64.19 - - [21/Dec/2010:22:51:41 -0800] "GET /index.php/photos/album/1/photo/2.html HTTP/1.1" 200 148 "-" "Mozilla/4.0 (compatible; MSIE 6.0; Windows NT 5.1; SV1)"
91.217.90.56 - - [21/Dec/2010:23:05:14 -0800] "GET /index.php/photos/album/1/photo/2.html HTTP/1.1" 200 148 "-" "Mozilla/4.0 (compatible; MSIE 6.0; Windows NT 5.1; SV1)"
91.217.90.56 - - [22/Dec/2010:00:05:08 -0800] "GET /index.php/photos/album/1/photo/2.html HTTP/1.1" 200 148 "-" "Mozilla/4.0 (compatible; MSIE 6.0; Windows NT 5.1; SV1)"
93.158.148.31 - - [22/Dec/2010:00:31:23 -0800] "GET / HTTP/1.1" 200 148 "-" "Mozilla/5.0 (compatible; YandexBot/3.0; +http://yandex.com/bots)"
91.217.90.56 - - [22/Dec/2010:01:05:26 -0800] "GET /index.php/photos/album/1/photo/2.html HTTP/1.1" 200 148 "-" "Mozilla/4.0 (compatible; MSIE 6.0; Windows NT 5.1; SV1)"
208.80.194.37 - - [22/Dec/2010:01:10:54 -0800] "GET / HTTP/1.0" 200 148 "-" "Mozilla/4.0 (compatible; MSIE 7.0; Windows NT 5.1; Cox High Speed Internet Customer; .NET CLR 1.0.3705; .NET CLR 1.1.4322; Media Center PC 3.1)"
91.217.90.56 - - [22/Dec/2010:03:06:40 -0800] "GET /index.php/photos/album/1/photo/2.html HTTP/1.1" 200 148 "-" "Mozilla/4.0 (compatible; MSIE 6.0; Windows NT 5.1; SV1)"
79.142.64.19 - - [22/Dec/2010:03:10:34 -0800] "GET /index.php/photos/album/1/photo/2.html HTTP/1.1" 200 148 "-" "Mozilla/4.0 (compatible; MSIE 6.0; Windows NT 5.1; SV1)"
91.217.90.56 - - [22/Dec/2010:04:06:59 -0800] "GET /index.php/photos/album/1/photo/2.html HTTP/1.1" 200 148 "-" "Mozilla/4.0 (compatible; MSIE 6.0; Windows NT 5.1; SV1)"
91.217.90.56 - - [22/Dec/2010:05:07:10 -0800] "GET /index.php/photos/album/1/photo/2.html HTTP/1.1" 200 148 "-" "Mozilla/4.0 (compatible; MSIE 6.0; Windows NT 5.1; SV1)"
91.217.90.56 - - [22/Dec/2010:06:07:33 -0800] "GET /index.php/photos/album/1/photo/2.html HTTP/1.1" 200 148 "-" "Mozilla/4.0 (compatible; MSIE 6.0; Windows NT 5.1; SV1)"
91.217.90.56 - - [22/Dec/2010:07:07:57 -0800] "GET /index.php/photos/album/1/photo/2.html HTTP/1.1" 200 148 "-" "Mozilla/4.0 (compatible; MSIE 6.0; Windows NT 5.1; SV1)"
79.142.64.19 - - [22/Dec/2010:07:35:37 -0800] "GET /index.php/photos/album/1/photo/2.html HTTP/1.1" 200 148 "-" "Mozilla/4.0 (compatible; MSIE 6.0; Windows NT 5.1; SV1)"
91.217.90.56 - - [22/Dec/2010:10:08:45 -0800] "GET /index.php/photos/album/1/photo/2.html HTTP/1.1" 200 148 "-" "Mozilla/4.0 (compatible; MSIE 6.0; Windows NT 5.1; SV1)"
123.125.71.69 - - [22/Dec/2010:10:25:28 -0800] "GET / HTTP/1.1" 200 148 "-" "Baiduspider+(+http://www.baidu.com/search/spider.htm)"
67.195.111.228 - - [22/Dec/2010:10:48:18 -0800] "GET /robots.txt HTTP/1.0" 302 347 "-" "Mozilla/5.0 (compatible; Yahoo! Slurp; http://help.yahoo.com/help/us/ysearch/slurp)"
67.195.111.228 - - [22/Dec/2010:10:48:19 -0800] "GET / HTTP/1.0" 200 148 "-" "Mozilla/5.0 (compatible; Yahoo! Slurp; http://help.yahoo.com/help/us/ysearch/slurp)"
67.195.111.228 - - [22/Dec/2010:10:48:19 -0800] "GET / HTTP/1.0" 200 148 "-" "Mozilla/5.0 (compatible; Yahoo! Slurp; http://help.yahoo.com/help/us/ysearch/slurp)"
79.142.64.19 - - [22/Dec/2010:11:54:13 -0800] "GET /index.php/photos/album/1/photo/2.html HTTP/1.1" 200 148 "-" "Mozilla/4.0 (compatible; MSIE 6.0; Windows NT 5.1; SV1)"
91.217.90.56 - - [22/Dec/2010:12:09:39 -0800] "GET /index.php/photos/album/1/photo/2.html HTTP/1.1" 200 148 "-" "Mozilla/4.0 (compatible; MSIE 6.0; Windows NT 5.1; SV1)"
123.125.71.103 - - [22/Dec/2010:12:31:31 -0800] "GET / HTTP/1.1" 200 148 "-" "Baiduspider+(+http://www.baidu.com/search/spider.htm)"
220.181.108.79 - - [22/Dec/2010:12:31:59 -0800] "GET / HTTP/1.1" 200 148 "-" "Baiduspider+(+http://www.baidu.com/search/spider.htm)"
184.154.7.186 - - [22/Dec/2010:12:59:06 -0800] "GET /robots.txt HTTP/1.0" 302 347 "-" "Mozilla/5.0 (compatible; MJ12bot/v1.3.3; http://www.majestic12.co.uk/bot.php?+)"
184.154.7.186 - - [22/Dec/2010:12:59:07 -0800] "GET / HTTP/1.0" 200 148 "-" "Mozilla/5.0 (compatible; MJ12bot/v1.3.3; http://www.majestic12.co.uk/bot.php?+)"
91.217.90.56 - - [22/Dec/2010:13:09:56 -0800] "GET /index.php/photos/album/1/photo/2.html HTTP/1.1" 200 148 "-" "Mozilla/4.0 (compatible; MSIE 6.0; Windows NT 5.1; SV1)"
123.125.71.113 - - [22/Dec/2010:13:31:09 -0800] "GET / HTTP/1.1" 200 148 "-" "Baiduspider+(+http://www.baidu.com/search/spider.htm)"
220.181.108.180 - - [22/Dec/2010:13:31:36 -0800] "GET / HTTP/1.1" 200 148 "-" "Baiduspider+(+http://www.baidu.com/search/spider.htm)"
91.217.90.56 - - [22/Dec/2010:14:10:25 -0800] "GET /index.php/photos/album/1/photo/2.html HTTP/1.1" 200 148 "-" "Mozilla/4.0 (compatible; MSIE 6.0; Windows NT 5.1; SV1)"
64.246.165.200 - - [22/Dec/2010:14:58:11 -0800] "GET /robots.txt HTTP/1.0" 302 351 "-" "Mozilla/5.0 (Windows; U; Windows NT 5.1; en; rv:1.9.0.13) Gecko/2009073022 Firefox/3.5.2 (.NET CLR 3.5.30729) SurveyBot/2.3 (DomainTools)"
64.246.165.200 - - [22/Dec/2010:14:58:11 -0800] "GET / HTTP/1.1" 200 148 "http://whois.domaintools.com/ferality.net" "Mozilla/5.0 (Windows; U; Windows NT 5.1; en; rv:1.9.0.13) Gecko/2009073022 Firefox/3.5.2 (.NET CLR 3.5.30729) SurveyBot/2.3 (DomainTools)"
91.217.90.56 - - [22/Dec/2010:16:10:24 -0800] "GET /index.php/photos/album/1/photo/2.html HTTP/1.1" 200 148 "-" "Mozilla/4.0 (compatible; MSIE 6.0; Windows NT 5.1; SV1)"
79.142.64.19 - - [22/Dec/2010:16:15:03 -0800] "GET /index.php/photos/album/1/photo/2.html HTTP/1.1" 200 148 "-" "Mozilla/4.0 (compatible; MSIE 6.0; Windows NT 5.1; SV1)"
91.217.90.56 - - [22/Dec/2010:17:10:29 -0800] "GET /index.php/photos/album/1/photo/2.html HTTP/1.1" 200 148 "-" "Mozilla/4.0 (compatible; MSIE 6.0; Windows NT 5.1; SV1)"
207.46.195.239 - - [22/Dec/2010:18:07:09 -0800] "GET /robots.txt HTTP/1.1" 302 347 "-" "Mozilla/5.0 (compatible; bingbot/2.0; +http://www.bing.com/bingbot.htm)"
207.46.195.239 - - [22/Dec/2010:18:07:10 -0800] "GET / HTTP/1.1" 200 148 "-" "Mozilla/5.0 (compatible; bingbot/2.0; +http://www.bing.com/bingbot.htm)"
109.62.165.133 - - [22/Dec/2010:18:09:36 -0800] "GET /index.php/photos/album/1/photo/2.html HTTP/1.0" 200 148 "-" "Mozilla/4.0 (compatible; MSIE 6.0; Windows NT 5.1)"
91.217.90.56 - - [22/Dec/2010:18:10:49 -0800] "GET /index.php/photos/album/1/photo/2.html HTTP/1.1" 200 148 "-" "Mozilla/4.0 (compatible; MSIE 6.0; Windows NT 5.1; SV1)"
207.46.195.239 - - [22/Dec/2010:18:25:11 -0800] "GET / HTTP/1.1" 200 148 "-" "Mozilla/5.0 (compatible; bingbot/2.0; +http://www.bing.com/bingbot.htm)"
91.217.90.56 - - [22/Dec/2010:19:11:54 -0800] "GET /index.php/photos/album/1/photo/2.html HTTP/1.1" 200 148 "-" "Mozilla/4.0 (compatible; MSIE 6.0; Windows NT 5.1; SV1)"
91.217.90.56 - - [22/Dec/2010:20:12:25 -0800] "GET /index.php/photos/album/1/photo/2.html HTTP/1.1" 200 148 "-" "Mozilla/4.0 (compatible; MSIE 6.0; Windows NT 5.1; SV1)"
79.142.64.19 - - [22/Dec/2010:20:35:13 -0800] "GET /index.php/photos/album/1/photo/2.html HTTP/1.1" 200 148 "-" "Mozilla/4.0 (compatible; MSIE 6.0; Windows NT 5.1; SV1)"
91.217.90.56 - - [22/Dec/2010:21:12:31 -0800] "GET /index.php/photos/album/1/photo/2.html HTTP/1.1" 200 148 "-" "Mozilla/4.0 (compatible; MSIE 6.0; Windows NT 5.1; SV1)"
123.125.71.94 - - [22/Dec/2010:21:31:46 -0800] "GET / HTTP/1.1" 200 148 "-" "Baiduspider+(+http://www.baidu.com/search/spider.htm)"
220.181.108.176 - - [22/Dec/2010:21:32:16 -0800] "GET / HTTP/1.1" 200 148 "-" "Baiduspider+(+http://www.baidu.com/search/spider.htm)"
91.217.90.56 - - [22/Dec/2010:22:12:46 -0800] "GET /index.php/photos/album/1/photo/2.html HTTP/1.1" 200 148 "-" "Mozilla/4.0 (compatible; MSIE 6.0; Windows NT 5.1; SV1)"
91.217.90.56 - - [22/Dec/2010:23:12:55 -0800] "GET /index.php/photos/album/1/photo/2.html HTTP/1.1" 200 148 "-" "Mozilla/4.0 (compatible; MSIE 6.0; Windows NT 5.1; SV1)"
79.142.64.19 - - [23/Dec/2010:00:55:33 -0800] "GET /index.php/photos/album/1/photo/2.html HTTP/1.1" 200 148 "-" "Mozilla/4.0 (compatible; MSIE 6.0; Windows NT 5.1; SV1)"
91.217.90.56 - - [23/Dec/2010:01:13:58 -0800] "GET /index.php/photos/album/1/photo/2.html HTTP/1.1" 200 148 "-" "Mozilla/4.0 (compatible; MSIE 6.0; Windows NT 5.1; SV1)"
95.108.150.235 - - [23/Dec/2010:01:57:05 -0800] "GET /robots.txt HTTP/1.1" 302 347 "-" "Mozilla/5.0 (compatible; YandexBot/3.0; MirrorDetector; +http://yandex.com/bots)"
95.108.150.235 - - [23/Dec/2010:01:57:05 -0800] "GET /robots.txt HTTP/1.1" 302 351 "-" "Mozilla/5.0 (compatible; YandexBot/3.0; MirrorDetector; +http://yandex.com/bots)"
95.108.150.235 - - [23/Dec/2010:01:57:05 -0800] "GET / HTTP/1.1" 200 148 "-" "Mozilla/5.0 (compatible; YandexBot/3.0; MirrorDetector; +http://yandex.com/bots)"
95.108.150.235 - - [23/Dec/2010:01:57:06 -0800] "GET / HTTP/1.1" 200 148 "-" "Mozilla/5.0 (compatible; YandexBot/3.0; MirrorDetector; +http://yandex.com/bots)"
95.108.150.235 - - [23/Dec/2010:01:57:06 -0800] "GET / HTTP/1.1" 200 148 "-" "Mozilla/5.0 (compatible; YandexBot/3.0; MirrorDetector; +http://yandex.com/bots)"
95.108.150.235 - - [23/Dec/2010:01:57:07 -0800] "GET / HTTP/1.1" 200 148 "-" "Mozilla/5.0 (compatible; YandexBot/3.0; MirrorDetector; +http://yandex.com/bots)"
91.217.90.56 - - [23/Dec/2010:02:14:15 -0800] "GET /index.php/photos/album/1/photo/2.html HTTP/1.1" 200 148 "-" "Mozilla/4.0 (compatible; MSIE 6.0; Windows NT 5.1; SV1)"
91.217.90.56 - - [23/Dec/2010:03:14:16 -0800] "GET /index.php/photos/album/1/photo/2.html HTTP/1.1" 200 148 "-" "Mozilla/4.0 (compatible; MSIE 6.0; Windows NT 5.1; SV1)"
69.28.58.15 - - [23/Dec/2010:03:42:04 -0800] "GET /robots.txt HTTP/1.0" 302 347 "http://ferality.net/robots.txt" "Mozilla/4.0 (compatible; MSIE 8.0; Windows NT 5.1; SV1; .NET CLR 2.0.50727)"
69.28.58.15 - - [23/Dec/2010:03:42:12 -0800] "GET / HTTP/1.0" 200 148 "http://ferality.net/" "Mozilla/4.0 (compatible; MSIE 8.0; Windows NT 5.1; SV1; .NET CLR 2.0.50727)"
91.217.90.56 - - [23/Dec/2010:04:14:18 -0800] "GET /index.php/photos/album/1/photo/2.html HTTP/1.1" 200 148 "-" "Mozilla/4.0 (compatible; MSIE 6.0; Windows NT 5.1; SV1)"
91.201.66.132 - - [23/Dec/2010:04:50:09 -0800] "GET /index.php HTTP/1.0" 200 148 "http://ferality.net/index.php" "Mozilla/4.0 (compatible; MSIE 6.0; Windows 98; Win 9x 4.90)"
123.125.71.86 - - [23/Dec/2010:05:02:56 -0800] "GET / HTTP/1.1" 200 148 "-" "Baiduspider+(+http://www.baidu.com/search/spider.htm)"
91.217.90.56 - - [23/Dec/2010:05:14:39 -0800] "GET /index.php/photos/album/1/photo/2.html HTTP/1.1" 200 148 "-" "Mozilla/4.0 (compatible; MSIE 6.0; Windows NT 5.1; SV1)"
79.142.64.19 - - [23/Dec/2010:05:16:32 -0800] "GET /index.php/photos/album/1/photo/2.html HTTP/1.1" 200 148 "-" "Mozilla/4.0 (compatible; MSIE 6.0; Windows NT 5.1; SV1)"
91.217.90.56 - - [23/Dec/2010:06:14:41 -0800] "GET /index.php/photos/album/1/photo/2.html HTTP/1.1" 200 148 "-" "Mozilla/4.0 (compatible; MSIE 6.0; Windows NT 5.1; SV1)"
91.217.90.56 - - [23/Dec/2010:07:15:09 -0800] "GET /index.php/photos/album/1/photo/2.html HTTP/1.1" 200 148 "-" "Mozilla/4.0 (compatible; MSIE 6.0; Windows NT 5.1; SV1)"
91.217.90.56 - - [23/Dec/2010:08:15:22 -0800] "GET /index.php/photos/album/1/photo/2.html HTTP/1.1" 200 148 "-" "Mozilla/4.0 (compatible; MSIE 6.0; Windows NT 5.1; SV1)"
109.120.144.247 - - [23/Dec/2010:08:16:00 -0800] "GET /plugins/editors/tinymce/jscripts/tiny_mce/plugins/tinybrowser/tinybrowser.php?type=file&folder= HTTP/1.0" 302 347 "http://ferality.net/plugins/editors/tinymce/jscripts/tiny_mce/plugins/tinybrowser/tinybrowser.php?type=file&folder=" "Mozilla/4.0 (compatible; MSIE 6.0; Windows 98; Win 9x 4.90)"
91.217.90.56 - - [23/Dec/2010:09:15:40 -0800] "GET /index.php/photos/album/1/photo/2.html HTTP/1.1" 200 148 "-" "Mozilla/4.0 (compatible; MSIE 6.0; Windows NT 5.1; SV1)"
79.142.64.19 - - [23/Dec/2010:09:35:16 -0800] "GET /index.php/photos/album/1/photo/2.html HTTP/1.1" 200 148 "-" "Mozilla/4.0 (compatible; MSIE 6.0; Windows NT 5.1; SV1)"
91.217.90.56 - - [23/Dec/2010:10:15:32 -0800] "GET /index.php/photos/album/1/photo/2.html HTTP/1.1" 200 148 "-" "Mozilla/4.0 (compatible; MSIE 6.0; Windows NT 5.1; SV1)"
91.217.90.56 - - [23/Dec/2010:11:15:15 -0800] "GET /index.php/photos/album/1/photo/2.html HTTP/1.1" 200 148 "-" "Mozilla/4.0 (compatible; MSIE 6.0; Windows NT 5.1; SV1)"
91.217.90.56 - - [23/Dec/2010:12:15:18 -0800] "GET /index.php/photos/album/1/photo/2.html HTTP/1.1" 200 148 "-" "Mozilla/4.0 (compatible; MSIE 6.0; Windows NT 5.1; SV1)"
208.80.194.36 - - [23/Dec/2010:12:55:02 -0800] "GET / HTTP/1.0" 200 148 "-" "Mozilla/4.0 (compatible; MSIE 7.0; Windows NT 5.1; SIMBAR={D43011B4-3613-4d94-8688-94990F3CC3BC}; FunWebProducts; YPC 3.2.0; .NET CLR 1.1.4322; .NET CLR 2.0.50727)"
91.217.90.56 - - [23/Dec/2010:13:15:19 -0800] "GET /index.php/photos/album/1/photo/2.html HTTP/1.1" 200 148 "-" "Mozilla/4.0 (compatible; MSIE 6.0; Windows NT 5.1; SV1)"
79.142.64.19 - - [23/Dec/2010:13:55:14 -0800] "GET /index.php/photos/album/1/photo/2.html HTTP/1.1" 200 148 "-" "Mozilla/4.0 (compatible; MSIE 6.0; Windows NT 5.1; SV1)"
91.217.90.56 - - [23/Dec/2010:15:15:36 -0800] "GET /index.php/photos/album/1/photo/2.html HTTP/1.1" 200 148 "-" "Mozilla/4.0 (compatible; MSIE 6.0; Windows NT 5.1; SV1)"
91.217.90.56 - - [23/Dec/2010:16:15:26 -0800] "GET /index.php/photos/album/1/photo/2.html HTTP/1.1" 200 148 "-" "Mozilla/4.0 (compatible; MSIE 6.0; Windows NT 5.1; SV1)"
91.217.90.56 - - [23/Dec/2010:17:15:29 -0800] "GET /index.php/photos/album/1/photo/2.html HTTP/1.1" 200 148 "-" "Mozilla/4.0 (compatible; MSIE 6.0; Windows NT 5.1; SV1)"
94.75.207.24 - - [23/Dec/2010:18:02:20 -0800] "GET /index.php HTTP/1.0" 200 148 "http://ferality.net/index.php" "Mozilla/4.0 (compatible; MSIE 6.0; Windows NT 5.1; SV1)"
91.217.90.56 - - [23/Dec/2010:18:15:20 -0800] "GET /index.php/photos/album/1/photo/2.html HTTP/1.1" 200 148 "-" "Mozilla/4.0 (compatible; MSIE 6.0; Windows NT 5.1; SV1)"
79.142.64.19 - - [23/Dec/2010:18:17:00 -0800] "GET /index.php/photos/album/1/photo/2.html HTTP/1.1" 200 148 "-" "Mozilla/4.0 (compatible; MSIE 6.0; Windows NT 5.1; SV1)"
91.217.90.56 - - [23/Dec/2010:19:15:14 -0800] "GET /index.php/photos/album/1/photo/2.html HTTP/1.1" 200 148 "-" "Mozilla/4.0 (compatible; MSIE 6.0; Windows NT 5.1; SV1)"
91.217.90.56 - - [23/Dec/2010:20:15:11 -0800] "GET /index.php/photos/album/1/photo/2.html HTTP/1.1" 200 148 "-" "Mozilla/4.0 (compatible; MSIE 6.0; Windows NT 5.1; SV1)"
91.217.90.56 - - [23/Dec/2010:21:15:27 -0800] "GET /index.php/photos/album/1/photo/2.html HTTP/1.1" 200 148 "-" "Mozilla/4.0 (compatible; MSIE 6.0; Windows NT 5.1; SV1)"
91.217.90.56 - - [23/Dec/2010:22:15:40 -0800] "GET /index.php/photos/album/1/photo/2.html HTTP/1.1" 200 148 "-" "Mozilla/4.0 (compatible; MSIE 6.0; Windows NT 5.1; SV1)"
79.142.64.19 - - [23/Dec/2010:22:41:29 -0800] "GET /index.php/photos/album/1/photo/2.html HTTP/1.1" 200 148 "-" "Mozilla/4.0 (compatible; MSIE 6.0; Windows NT 5.1; SV1)"
91.217.90.56 - - [23/Dec/2010:23:16:03 -0800] "GET /index.php/photos/album/1/photo/2.html HTTP/1.1" 200 148 "-" "Mozilla/4.0 (compatible; MSIE 6.0; Windows NT 5.1; SV1)"
91.217.90.56 - - [24/Dec/2010:00:16:17 -0800] "GET /index.php/photos/album/1/photo/2.html HTTP/1.1" 200 148 "-" "Mozilla/4.0 (compatible; MSIE 6.0; Windows NT 5.1; SV1)"
91.217.90.56 - - [24/Dec/2010:02:19:07 -0800] "GET /index.php/photos/album/1/photo/2.html HTTP/1.1" 200 148 "-" "Mozilla/4.0 (compatible; MSIE 6.0; Windows NT 5.1; SV1)"
79.142.64.19 - - [24/Dec/2010:03:05:49 -0800] "GET /index.php/photos/album/1/photo/2.html HTTP/1.1" 200 148 "-" "Mozilla/4.0 (compatible; MSIE 6.0; Windows NT 5.1; SV1)"
91.217.90.56 - - [24/Dec/2010:03:19:43 -0800] "GET /index.php/photos/album/1/photo/2.html HTTP/1.1" 200 148 "-" "Mozilla/4.0 (compatible; MSIE 6.0; Windows NT 5.1; SV1)"
91.217.90.56 - - [24/Dec/2010:04:20:06 -0800] "GET /index.php/photos/album/1/photo/2.html HTTP/1.1" 200 148 "-" "Mozilla/4.0 (compatible; MSIE 6.0; Windows NT 5.1; SV1)"
123.125.71.115 - - [24/Dec/2010:04:30:51 -0800] "GET / HTTP/1.1" 200 148 "-" "Baiduspider+(+http://www.baidu.com/search/spider.htm)"
220.181.108.166 - - [24/Dec/2010:04:31:17 -0800] "GET / HTTP/1.1" 200 148 "-" "Baiduspider+(+http://www.baidu.com/search/spider.htm)"
91.217.90.56 - - [24/Dec/2010:05:20:48 -0800] "GET /index.php/photos/album/1/photo/2.html HTTP/1.1" 200 148 "-" "Mozilla/4.0 (compatible; MSIE 6.0; Windows NT 5.1; SV1)"
123.125.71.97 - - [24/Dec/2010:05:29:39 -0800] "GET / HTTP/1.1" 200 148 "-" "Baiduspider+(+http://www.baidu.com/search/spider.htm)"
220.181.108.175 - - [24/Dec/2010:05:30:03 -0800] "GET / HTTP/1.1" 200 148 "-" "Baiduspider+(+http://www.baidu.com/search/spider.htm)"
91.217.90.56 - - [24/Dec/2010:06:20:53 -0800] "GET /index.php/photos/album/1/photo/2.html HTTP/1.1" 200 148 "-" "Mozilla/4.0 (compatible; MSIE 6.0; Windows NT 5.1; SV1)"
79.142.64.19 - - [24/Dec/2010:07:30:18 -0800] "GET /index.php/photos/album/1/photo/2.html HTTP/1.1" 200 148 "-" "Mozilla/4.0 (compatible; MSIE 6.0; Windows NT 5.1; SV1)"
91.217.90.56 - - [24/Dec/2010:08:22:11 -0800] "GET /index.php/photos/album/1/photo/2.html HTTP/1.1" 200 148 "-" "Mozilla/4.0 (compatible; MSIE 6.0; Windows NT 5.1; SV1)"
91.217.90.56 - - [24/Dec/2010:09:22:14 -0800] "GET /index.php/photos/album/1/photo/2.html HTTP/1.1" 200 148 "-" "Mozilla/4.0 (compatible; MSIE 6.0; Windows NT 5.1; SV1)"
91.217.90.56 - - [24/Dec/2010:10:22:33 -0800] "GET /index.php/photos/album/1/photo/2.html HTTP/1.1" 200 148 "-" "Mozilla/4.0 (compatible; MSIE 6.0; Windows NT 5.1; SV1)"
123.125.71.69 - - [24/Dec/2010:11:03:57 -0800] "GET / HTTP/1.1" 200 148 "-" "Baiduspider+(+http://www.baidu.com/search/spider.htm)"
91.217.90.56 - - [24/Dec/2010:11:23:12 -0800] "GET /index.php/photos/album/1/photo/2.html HTTP/1.1" 200 148 "-" "Mozilla/4.0 (compatible; MSIE 6.0; Windows NT 5.1; SV1)"
79.142.64.19 - - [24/Dec/2010:11:54:11 -0800] "GET /index.php/photos/album/1/photo/2.html HTTP/1.1" 200 148 "-" "Mozilla/4.0 (compatible; MSIE 6.0; Windows NT 5.1; SV1)"
91.217.90.56 - - [24/Dec/2010:12:23:30 -0800] "GET /index.php/photos/album/1/photo/2.html HTTP/1.1" 200 148 "-" "Mozilla/4.0 (compatible; MSIE 6.0; Windows NT 5.1; SV1)"
91.217.90.56 - - [24/Dec/2010:13:23:28 -0800] "GET /index.php/photos/album/1/photo/2.html HTTP/1.1" 200 148 "-" "Mozilla/4.0 (compatible; MSIE 6.0; Windows NT 5.1; SV1)"
93.158.148.31 - - [24/Dec/2010:13:47:49 -0800] "GET /robots.txt HTTP/1.1" 302 351 "-" "Mozilla/5.0 (compatible; YandexBot/3.0; +http://yandex.com/bots)"
91.217.90.56 - - [24/Dec/2010:14:23:08 -0800] "GET /index.php/photos/album/1/photo/2.html HTTP/1.1" 200 148 "-" "Mozilla/4.0 (compatible; MSIE 6.0; Windows NT 5.1; SV1)"
79.142.64.19 - - [24/Dec/2010:16:17:48 -0800] "GET /index.php/photos/album/1/photo/2.html HTTP/1.1" 200 148 "-" "Mozilla/4.0 (compatible; MSIE 6.0; Windows NT 5.1; SV1)"
91.217.90.56 - - [24/Dec/2010:16:23:13 -0800] "GET /index.php/photos/album/1/photo/2.html HTTP/1.1" 200 148 "-" "Mozilla/4.0 (compatible; MSIE 6.0; Windows NT 5.1; SV1)"
220.181.108.150 - - [24/Dec/2010:16:45:00 -0800] "GET /robots.txt HTTP/1.1" 302 347 "-" "Baiduspider+(+http://www.baidu.com/search/spider.htm)"
220.181.108.158 - - [24/Dec/2010:16:45:00 -0800] "GET / HTTP/1.1" 200 148 "-" "Baiduspider+(+http://www.baidu.com/search/spider.htm)"
91.217.90.56 - - [24/Dec/2010:17:23:19 -0800] "GET /index.php/photos/album/1/photo/2.html HTTP/1.1" 200 148 "-" "Mozilla/4.0 (compatible; MSIE 6.0; Windows NT 5.1; SV1)"
123.125.71.115 - - [24/Dec/2010:17:32:33 -0800] "GET / HTTP/1.1" 200 148 "-" "Baiduspider+(+http://www.baidu.com/search/spider.htm)"
220.181.108.175 - - [24/Dec/2010:17:33:02 -0800] "GET / HTTP/1.1" 200 148 "-" "Baiduspider+(+http://www.baidu.com/search/spider.htm)"
91.217.90.56 - - [24/Dec/2010:18:23:32 -0800] "GET /index.php/photos/album/1/photo/2.html HTTP/1.1" 200 148 "-" "Mozilla/4.0 (compatible; MSIE 6.0; Windows NT 5.1; SV1)"
93.158.148.31 - - [24/Dec/2010:18:25:20 -0800] "GET / HTTP/1.1" 200 148 "-" "Mozilla/5.0 (compatible; YandexBot/3.0; +http://yandex.com/bots)"
91.217.90.56 - - [24/Dec/2010:19:23:38 -0800] "GET /index.php/photos/album/1/photo/2.html HTTP/1.1" 200 148 "-" "Mozilla/4.0 (compatible; MSIE 6.0; Windows NT 5.1; SV1)"
91.217.90.56 - - [24/Dec/2010:20:23:44 -0800] "GET /index.php/photos/album/1/photo/2.html HTTP/1.1" 200 148 "-" "Mozilla/4.0 (compatible; MSIE 6.0; Windows NT 5.1; SV1)"
79.142.64.19 - - [24/Dec/2010:20:38:50 -0800] "GET /index.php/photos/album/1/photo/2.html HTTP/1.1" 200 148 "-" "Mozilla/4.0 (compatible; MSIE 6.0; Windows NT 5.1; SV1)"
91.217.90.56 - - [24/Dec/2010:22:25:00 -0800] "GET /index.php/photos/album/1/photo/2.html HTTP/1.1" 200 148 "-" "Mozilla/4.0 (compatible; MSIE 6.0; Windows NT 5.1; SV1)"
66.249.71.49 - - [24/Dec/2010:23:26:07 -0800] "GET /robots.txt HTTP/1.1" 302 347 "-" "DoCoMo/2.0 N905i(c100;TB;W24H16) (compatible; Googlebot-Mobile/2.1; +http://www.google.com/bot.html)"
66.249.71.49 - - [24/Dec/2010:23:26:07 -0800] "GET / HTTP/1.1" 200 148 "-" "DoCoMo/2.0 N905i(c100;TB;W24H16) (compatible; Googlebot-Mobile/2.1; +http://www.google.com/bot.html)"
66.249.71.49 - - [24/Dec/2010:23:26:08 -0800] "GET / HTTP/1.1" 200 148 "-" "DoCoMo/2.0 N905i(c100;TB;W24H16) (compatible; Googlebot-Mobile/2.1; +http://www.google.com/bot.html)"
91.217.90.56 - - [25/Dec/2010:00:25:32 -0800] "GET /index.php/photos/album/1/photo/2.html HTTP/1.1" 200 148 "-" "Mozilla/4.0 (compatible; MSIE 6.0; Windows NT 5.1; SV1)"
208.80.194.36 - - [25/Dec/2010:00:27:45 -0800] "GET / HTTP/1.0" 200 148 "-" "Mozilla/4.0 (compatible; MSIE 6.0; America Online Browser 1.7-embedded; rev1.7; Windows NT 5.1; SV1; .NET CLR 1.1.4322; .NET CLR 2.0.50727)"
74.52.245.146 - - [25/Dec/2010:01:00:04 -0800] "GET / HTTP/1.0" 200 148 "-" "Mozilla/5.0 (X11; U; Linux i686; en-US; rv:1.7.5) Gecko/20041107 Firefox/1.0"
79.142.64.19 - - [25/Dec/2010:01:01:42 -0800] "GET /index.php/photos/album/1/photo/2.html HTTP/1.1" 200 148 "-" "Mozilla/4.0 (compatible; MSIE 6.0; Windows NT 5.1; SV1)"
91.217.90.56 - - [25/Dec/2010:02:25:31 -0800] "GET /index.php/photos/album/1/photo/2.html HTTP/1.1" 200 148 "-" "Mozilla/4.0 (compatible; MSIE 6.0; Windows NT 5.1; SV1)"
207.241.228.159 - - [25/Dec/2010:03:01:44 -0800] "GET /robots.txt HTTP/1.0" 302 347 "-" "Mozilla/5.0 (compatible; archive.org_bot +http://www.archive.org/details/archive.org_bot)"
207.241.228.159 - - [25/Dec/2010:03:01:48 -0800] "GET / HTTP/1.0" 200 148 "-" "Mozilla/5.0 (compatible; archive.org_bot +http://www.archive.org/details/archive.org_bot)"
207.241.228.159 - - [25/Dec/2010:03:01:53 -0800] "GET /favicon.ico HTTP/1.0" 200 441 "http://ferality.net/robots.txt" "Mozilla/5.0 (compatible; archive.org_bot +http://www.archive.org/details/archive.org_bot)"
91.217.90.56 - - [25/Dec/2010:03:25:57 -0800] "GET /index.php/photos/album/1/photo/2.html HTTP/1.1" 200 148 "-" "Mozilla/4.0 (compatible; MSIE 6.0; Windows NT 5.1; SV1)"
91.217.90.56 - - [25/Dec/2010:04:26:32 -0800] "GET /index.php/photos/album/1/photo/2.html HTTP/1.1" 200 148 "-" "Mozilla/4.0 (compatible; MSIE 6.0; Windows NT 5.1; SV1)"
79.142.64.19 - - [25/Dec/2010:05:24:41 -0800] "GET /index.php/photos/album/1/photo/2.html HTTP/1.1" 200 148 "-" "Mozilla/4.0 (compatible; MSIE 6.0; Windows NT 5.1; SV1)"
91.217.90.56 - - [25/Dec/2010:05:26:29 -0800] "GET /index.php/photos/album/1/photo/2.html HTTP/1.1" 200 148 "-" "Mozilla/4.0 (compatible; MSIE 6.0; Windows NT 5.1; SV1)"
91.217.90.56 - - [25/Dec/2010:06:26:53 -0800] "GET /index.php/photos/album/1/photo/2.html HTTP/1.1" 200 148 "-" "Mozilla/4.0 (compatible; MSIE 6.0; Windows NT 5.1; SV1)"
91.217.90.56 - - [25/Dec/2010:07:27:35 -0800] "GET /index.php/photos/album/1/photo/2.html HTTP/1.1" 200 148 "-" "Mozilla/4.0 (compatible; MSIE 6.0; Windows NT 5.1; SV1)"
123.125.71.115 - - [25/Dec/2010:07:43:09 -0800] "GET / HTTP/1.1" 200 148 "-" "Baiduspider+(+http://www.baidu.com/search/spider.htm)"
220.181.108.169 - - [25/Dec/2010:07:43:54 -0800] "GET / HTTP/1.1" 200 148 "-" "Baiduspider+(+http://www.baidu.com/search/spider.htm)"
91.217.90.56 - - [25/Dec/2010:08:27:32 -0800] "GET /index.php/photos/album/1/photo/2.html HTTP/1.1" 200 148 "-" "Mozilla/4.0 (compatible; MSIE 6.0; Windows NT 5.1; SV1)"
123.125.71.116 - - [25/Dec/2010:08:33:07 -0800] "GET / HTTP/1.1" 200 148 "-" "Baiduspider+(+http://www.baidu.com/search/spider.htm)"
220.181.108.170 - - [25/Dec/2010:08:33:36 -0800] "GET / HTTP/1.1" 200 148 "-" "Baiduspider+(+http://www.baidu.com/search/spider.htm)"
79.142.64.19 - - [25/Dec/2010:09:50:24 -0800] "GET /index.php/photos/album/1/photo/2.html HTTP/1.1" 200 148 "-" "Mozilla/4.0 (compatible; MSIE 6.0; Windows NT 5.1; SV1)"
91.217.90.56 - - [25/Dec/2010:10:28:13 -0800] "GET /index.php/photos/album/1/photo/2.html HTTP/1.1" 200 148 "-" "Mozilla/4.0 (compatible; MSIE 6.0; Windows NT 5.1; SV1)"
91.217.90.56 - - [25/Dec/2010:11:28:56 -0800] "GET /index.php/photos/album/1/photo/2.html HTTP/1.1" 200 148 "-" "Mozilla/4.0 (compatible; MSIE 6.0; Windows NT 5.1; SV1)"
91.217.90.56 - - [25/Dec/2010:12:29:01 -0800] "GET /index.php/photos/album/1/photo/2.html HTTP/1.1" 200 148 "-" "Mozilla/4.0 (compatible; MSIE 6.0; Windows NT 5.1; SV1)"
91.217.90.56 - - [25/Dec/2010:13:29:28 -0800] "GET /index.php/photos/album/1/photo/2.html HTTP/1.1" 200 148 "-" "Mozilla/4.0 (compatible; MSIE 6.0; Windows NT 5.1; SV1)"
79.142.64.19 - - [25/Dec/2010:14:11:24 -0800] "GET /index.php/photos/album/1/photo/2.html HTTP/1.1" 200 148 "-" "Mozilla/4.0 (compatible; MSIE 6.0; Windows NT 5.1; SV1)"
91.217.90.56 - - [25/Dec/2010:14:30:18 -0800] "GET /index.php/photos/album/1/photo/2.html HTTP/1.1" 200 148 "-" "Mozilla/4.0 (compatible; MSIE 6.0; Windows NT 5.1; SV1)"
220.181.7.49 - - [25/Dec/2010:14:42:33 -0800] "GET /robots.txt HTTP/1.1" 302 347 "-" "Baiduspider+(+http://www.baidu.com/search/spider.htm)"
220.181.7.44 - - [25/Dec/2010:14:42:34 -0800] "GET / HTTP/1.1" 200 148 "-" "Baiduspider+(+http://www.baidu.com/search/spider.htm)"
173.242.115.182 - - [25/Dec/2010:15:08:13 -0800] "GET /index.php HTTP/1.0" 200 148 "http://ferality.net/index.php" "Mozilla/4.0 (compatible; MSIE 6.0; Windows NT 5.1)"
91.217.90.56 - - [25/Dec/2010:15:29:50 -0800] "GET /index.php/photos/album/1/photo/2.html HTTP/1.1" 200 148 "-" "Mozilla/4.0 (compatible; MSIE 6.0; Windows NT 5.1; SV1)"
91.217.90.56 - - [25/Dec/2010:16:29:57 -0800] "GET /index.php/photos/album/1/photo/2.html HTTP/1.1" 200 148 "-" "Mozilla/4.0 (compatible; MSIE 6.0; Windows NT 5.1; SV1)"
91.217.90.56 - - [25/Dec/2010:17:30:14 -0800] "GET /index.php/photos/album/1/photo/2.html HTTP/1.1" 200 148 "-" "Mozilla/4.0 (compatible; MSIE 6.0; Windows NT 5.1; SV1)"
91.217.90.56 - - [25/Dec/2010:18:30:54 -0800] "GET /index.php/photos/album/1/photo/2.html HTTP/1.1" 200 148 "-" "Mozilla/4.0 (compatible; MSIE 6.0; Windows NT 5.1; SV1)"
79.142.64.19 - - [25/Dec/2010:18:34:23 -0800] "GET /index.php/photos/album/1/photo/2.html HTTP/1.1" 200 148 "-" "Mozilla/4.0 (compatible; MSIE 6.0; Windows NT 5.1; SV1)"
91.217.90.56 - - [25/Dec/2010:19:31:05 -0800] "GET /index.php/photos/album/1/photo/2.html HTTP/1.1" 200 148 "-" "Mozilla/4.0 (compatible; MSIE 6.0; Windows NT 5.1; SV1)"
91.217.90.56 - - [25/Dec/2010:21:31:29 -0800] "GET /index.php/photos/album/1/photo/2.html HTTP/1.1" 200 148 "-" "Mozilla/4.0 (compatible; MSIE 6.0; Windows NT 5.1; SV1)"
91.217.90.56 - - [25/Dec/2010:22:31:50 -0800] "GET /index.php/photos/album/1/photo/2.html HTTP/1.1" 200 148 "-" "Mozilla/4.0 (compatible; MSIE 6.0; Windows NT 5.1; SV1)"
79.142.64.19 - - [25/Dec/2010:22:56:59 -0800] "GET /index.php/photos/album/1/photo/2.html HTTP/1.1" 200 148 "-" "Mozilla/4.0 (compatible; MSIE 6.0; Windows NT 5.1; SV1)"
91.217.90.56 - - [26/Dec/2010:00:32:20 -0800] "GET /index.php/photos/album/1/photo/2.html HTTP/1.1" 200 148 "-" "Mozilla/4.0 (compatible; MSIE 6.0; Windows NT 5.1; SV1)"
91.217.90.56 - - [26/Dec/2010:01:32:24 -0800] "GET /index.php/photos/album/1/photo/2.html HTTP/1.1" 200 148 "-" "Mozilla/4.0 (compatible; MSIE 6.0; Windows NT 5.1; SV1)"
41.84.89.91 - - [26/Dec/2010:01:44:29 -0800] "GET /~hockney/m1-jg1.zip HTTP/1.1" 302 347 "-" "Mozilla/5.0 (X11; U; Linux i686; en-US; rv:1.9.2.10) Gecko/20100922 Ubuntu/10.10 (maverick) Firefox/3.6.10"
41.84.89.91 - - [26/Dec/2010:01:44:29 -0800] "GET / HTTP/1.1" 200 148 "-" "Mozilla/5.0 (X11; U; Linux i686; en-US; rv:1.9.2.10) Gecko/20100922 Ubuntu/10.10 (maverick) Firefox/3.6.10"
41.84.89.91 - - [26/Dec/2010:01:44:30 -0800] "GET /favicon.ico HTTP/1.1" 200 441 "-" "Mozilla/5.0 (X11; U; Linux i686; en-US; rv:1.9.2.10) Gecko/20100922 Ubuntu/10.10 (maverick) Firefox/3.6.10"
41.84.89.91 - - [26/Dec/2010:01:44:33 -0800] "GET /~hockney HTTP/1.1" 301 381 "-" "Mozilla/5.0 (X11; U; Linux i686; en-US; rv:1.9.2.10) Gecko/20100922 Ubuntu/10.10 (maverick) Firefox/3.6.10"
41.84.89.91 - - [26/Dec/2010:01:44:34 -0800] "GET /~hockney/ HTTP/1.1" 200 - "-" "Mozilla/5.0 (X11; U; Linux i686; en-US; rv:1.9.2.10) Gecko/20100922 Ubuntu/10.10 (maverick) Firefox/3.6.10"
41.84.89.91 - - [26/Dec/2010:01:44:38 -0800] "GET /~hockney/m1-g1.mp3 HTTP/1.1" 302 347 "-" "Mozilla/5.0 (X11; U; Linux i686; en-US; rv:1.9.2.10) Gecko/20100922 Ubuntu/10.10 (maverick) Firefox/3.6.10"
41.84.89.91 - - [26/Dec/2010:01:44:39 -0800] "GET / HTTP/1.1" 200 148 "-" "Mozilla/5.0 (X11; U; Linux i686; en-US; rv:1.9.2.10) Gecko/20100922 Ubuntu/10.10 (maverick) Firefox/3.6.10"
41.84.89.91 - - [26/Dec/2010:01:44:44 -0800] "GET /~hockney/m1-jg1.mp3 HTTP/1.1" 200 155738595 "-" "Mozilla/5.0 (X11; U; Linux i686; en-US; rv:1.9.2.10) Gecko/20100922 Ubuntu/10.10 (maverick) Firefox/3.6.10"
41.84.89.91 - - [26/Dec/2010:01:44:48 -0800] "GET /~hockney/m1-jg1.mp3 HTTP/1.1" 200 155738595 "http://ferality.net/~hockney/m1-jg1.mp3" "Mozilla/5.0 (X11; U; Linux i686; en-US; rv:1.9.2.10) Gecko/20100922 Ubuntu/10.10 (maverick) Firefox/3.6.10"
91.217.90.56 - - [26/Dec/2010:02:32:44 -0800] "GET /index.php/photos/album/1/photo/2.html HTTP/1.1" 200 148 "-" "Mozilla/4.0 (compatible; MSIE 6.0; Windows NT 5.1; SV1)"
79.142.64.19 - - [26/Dec/2010:03:15:41 -0800] "GET /index.php/photos/album/1/photo/2.html HTTP/1.1" 200 148 "-" "Mozilla/4.0 (compatible; MSIE 6.0; Windows NT 5.1; SV1)"
95.65.74.138 - - [26/Dec/2010:04:59:23 -0800] "GET / HTTP/1.0" 200 148 "-" "Mozilla/4.0 (compatible; MSIE 6.0;)"
91.217.90.56 - - [26/Dec/2010:05:35:15 -0800] "GET /index.php/photos/album/1/photo/2.html HTTP/1.1" 200 148 "-" "Mozilla/4.0 (compatible; MSIE 6.0; Windows NT 5.1; SV1)"
91.217.90.56 - - [26/Dec/2010:06:36:07 -0800] "GET /index.php/photos/album/1/photo/2.html HTTP/1.1" 200 148 "-" "Mozilla/4.0 (compatible; MSIE 6.0; Windows NT 5.1; SV1)"
41.84.89.91 - - [26/Dec/2010:06:40:00 -0800] "GET /~hockney/promo-cd5.tar.gz HTTP/1.1" 200 7472223 "http://us.mg2.mail.yahoo.com/dc/launch?.gx=1&.rand=7aghv006tuc43" "Mozilla/5.0 (X11; U; Linux i686; en-US; rv:1.9.2.10) Gecko/20100922 Ubuntu/10.10 (maverick) Firefox/3.6.10"
95.71.48.129 - - [26/Dec/2010:06:42:29 -0800] "GET /index.php/photos/album/1/photo/2.html HTTP/1.0" 200 148 "http://ferality.net/index.php/photos/album/1/photo/2.html" "Mozilla/4.0 (compatible; MSIE 6.0; MSIE 5.5; Windows NT 5.0) Opera 7.02 Bork-edition [en]"
95.71.48.129 - - [26/Dec/2010:06:42:30 -0800] "GET / HTTP/1.0" 200 148 "http://ferality.net/" "Mozilla/4.0 (compatible; MSIE 6.0; MSIE 5.5; Windows NT 5.0) Opera 7.02 Bork-edition [en]"
71.227.161.44 - - [26/Dec/2010:06:41:46 -0800] "GET /~hockney/promo-cd5.tar.gz HTTP/1.1" 200 7472223 "-" "Mozilla/4.0 (compatible; MSIE 8.0; Windows NT 6.1; WOW64; Trident/4.0; GTB6.6; SearchToolbar 1.2; SLCC2; .NET CLR 2.0.50727; .NET CLR 3.5.30729; .NET CLR 3.0.30729; Media Center PC 6.0; .NET4.0C)"
41.84.89.91 - - [26/Dec/2010:07:11:37 -0800] "GET /~hockney/what-we-ripped2-cd-cd2.mp3 HTTP/1.1" 200 40103936 "-" "Mozilla/5.0 (X11; U; Linux i686; en-US; rv:1.9.2.10) Gecko/20100922 Ubuntu/10.10 (maverick) Firefox/3.6.10"
41.84.89.91 - - [26/Dec/2010:07:11:40 -0800] "GET /favicon.ico HTTP/1.1" 200 441 "-" "Mozilla/5.0 (X11; U; Linux i686; en-US; rv:1.9.2.10) Gecko/20100922 Ubuntu/10.10 (maverick) Firefox/3.6.10"
41.84.89.91 - - [26/Dec/2010:07:11:45 -0800] "GET /~hockney/what-we-ripped2-cd-cd2.mp3 HTTP/1.1" 200 40448000 "http://ferality.net/~hockney/what-we-ripped2-cd-cd2.mp3" "Mozilla/5.0 (X11; U; Linux i686; en-US; rv:1.9.2.10) Gecko/20100922 Ubuntu/10.10 (maverick) Firefox/3.6.10"
41.84.89.91 - - [26/Dec/2010:07:26:05 -0800] "GET /~hockney/what-we-ripped2-cd-cd2.mp3 HTTP/1.1" 200 78503936 "http://us.mg2.mail.yahoo.com/dc/launch?.gx=1&.rand=7aghv006tuc43" "Mozilla/5.0 (X11; U; Linux i686; en-US; rv:1.9.2.10) Gecko/20100922 Ubuntu/10.10 (maverick) Firefox/3.6.10"
41.84.89.91 - - [26/Dec/2010:07:26:08 -0800] "GET /favicon.ico HTTP/1.1" 200 441 "-" "Mozilla/5.0 (X11; U; Linux i686; en-US; rv:1.9.2.10) Gecko/20100922 Ubuntu/10.10 (maverick) Firefox/3.6.10"
41.84.89.91 - - [26/Dec/2010:07:26:11 -0800] "GET /favicon.ico HTTP/1.1" 200 441 "-" "Mozilla/5.0 (X11; U; Linux i686; en-US; rv:1.9.2.10) Gecko/20100922 Ubuntu/10.10 (maverick) Firefox/3.6.10"
71.227.161.44 - - [26/Dec/2010:07:30:05 -0800] "GET /~hockney/what-we-ripped2-cd-cd2.mp3 HTTP/1.1" 200 88748032 "-" "Mozilla/5.0 (Windows; U; Windows NT 6.1; en-US; rv:1.9.2.8) Gecko/20100722 Firefox/3.6.8 SearchToolbar/1.2"
79.142.64.19 - - [26/Dec/2010:07:35:25 -0800] "GET /index.php/photos/album/1/photo/2.html HTTP/1.1" 200 148 "-" "Mozilla/4.0 (compatible; MSIE 6.0; Windows NT 5.1; SV1)"
91.217.90.56 - - [26/Dec/2010:07:37:53 -0800] "GET /index.php/photos/album/1/photo/2.html HTTP/1.1" 200 148 "-" "Mozilla/4.0 (compatible; MSIE 6.0; Windows NT 5.1; SV1)"
71.227.161.44 - - [26/Dec/2010:07:26:03 -0800] "GET /~hockney/what-we-ripped2-cd-cd2.mp3 HTTP/1.1" 200 78405632 "-" "Mozilla/5.0 (Windows; U; Windows NT 6.1; en-US; rv:1.9.2.8) Gecko/20100722 Firefox/3.6.8 SearchToolbar/1.2"
123.125.71.114 - - [26/Dec/2010:08:33:05 -0800] "GET / HTTP/1.1" 200 148 "-" "Baiduspider+(+http://www.baidu.com/search/spider.htm)"
220.181.108.172 - - [26/Dec/2010:08:33:34 -0800] "GET / HTTP/1.1" 200 148 "-" "Baiduspider+(+http://www.baidu.com/search/spider.htm)"
123.125.71.79 - - [26/Dec/2010:09:13:26 -0800] "GET / HTTP/1.1" 200 148 "-" "Baiduspider+(+http://www.baidu.com/search/spider.htm)"
91.217.90.56 - - [26/Dec/2010:09:40:41 -0800] "GET /index.php/photos/album/1/photo/2.html HTTP/1.1" 200 148 "-" "Mozilla/4.0 (compatible; MSIE 6.0; Windows NT 5.1; SV1)"
