209.216.189.147 - - [25/Jan/2011:19:50:16 -0800] "GET /~harold/ HTTP/1.1" 200 39116 "-" "Mozilla/5.0 (X11; U; Jolicloud Linux i686; en-US) AppleWebKit/534.10 (KHTML, like Gecko) Jolicloud/1.1 Chromium/8.0.552.200 Chrome/8.0.552.200 Safari/534.10"
209.216.189.147 - - [25/Jan/2011:19:50:16 -0800] "GET /~harold/blue-v.png HTTP/1.1" 200 106 "http://ferality.net/~harold/" "Mozilla/5.0 (X11; U; Jolicloud Linux i686; en-US) AppleWebKit/534.10 (KHTML, like Gecko) Jolicloud/1.1 Chromium/8.0.552.200 Chrome/8.0.552.200 Safari/534.10"
209.216.189.147 - - [25/Jan/2011:19:50:19 -0800] "GET /~harold/green-v.png HTTP/1.1" 200 107 "http://ferality.net/~harold/" "Mozilla/5.0 (X11; U; Jolicloud Linux i686; en-US) AppleWebKit/534.10 (KHTML, like Gecko) Jolicloud/1.1 Chromium/8.0.552.200 Chrome/8.0.552.200 Safari/534.10"
209.216.189.147 - - [25/Jan/2011:19:50:19 -0800] "GET /~harold/yellow-v.png HTTP/1.1" 200 105 "http://ferality.net/~harold/" "Mozilla/5.0 (X11; U; Jolicloud Linux i686; en-US) AppleWebKit/534.10 (KHTML, like Gecko) Jolicloud/1.1 Chromium/8.0.552.200 Chrome/8.0.552.200 Safari/534.10"
209.216.189.147 - - [25/Jan/2011:19:50:19 -0800] "GET /~harold/blue-h.png HTTP/1.1" 200 112 "http://ferality.net/~harold/" "Mozilla/5.0 (X11; U; Jolicloud Linux i686; en-US) AppleWebKit/534.10 (KHTML, like Gecko) Jolicloud/1.1 Chromium/8.0.552.200 Chrome/8.0.552.200 Safari/534.10"
209.216.189.147 - - [25/Jan/2011:19:50:19 -0800] "GET /~harold/red-v.png HTTP/1.1" 200 104 "http://ferality.net/~harold/" "Mozilla/5.0 (X11; U; Jolicloud Linux i686; en-US) AppleWebKit/534.10 (KHTML, like Gecko) Jolicloud/1.1 Chromium/8.0.552.200 Chrome/8.0.552.200 Safari/534.10"
209.216.189.147 - - [25/Jan/2011:19:50:19 -0800] "GET /~harold/green-h.png HTTP/1.1" 200 114 "http://ferality.net/~harold/" "Mozilla/5.0 (X11; U; Jolicloud Linux i686; en-US) AppleWebKit/534.10 (KHTML, like Gecko) Jolicloud/1.1 Chromium/8.0.552.200 Chrome/8.0.552.200 Safari/534.10"
209.216.189.147 - - [25/Jan/2011:19:50:19 -0800] "GET /~harold/yellow-h.png HTTP/1.1" 200 110 "http://ferality.net/~harold/" "Mozilla/5.0 (X11; U; Jolicloud Linux i686; en-US) AppleWebKit/534.10 (KHTML, like Gecko) Jolicloud/1.1 Chromium/8.0.552.200 Chrome/8.0.552.200 Safari/534.10"
209.216.189.147 - - [25/Jan/2011:19:50:19 -0800] "GET /~harold/red-h.png HTTP/1.1" 200 110 "http://ferality.net/~harold/" "Mozilla/5.0 (X11; U; Jolicloud Linux i686; en-US) AppleWebKit/534.10 (KHTML, like Gecko) Jolicloud/1.1 Chromium/8.0.552.200 Chrome/8.0.552.200 Safari/534.10"
209.216.189.147 - - [25/Jan/2011:19:50:19 -0800] "GET /favicon.ico HTTP/1.1" 200 441 "-" "Mozilla/5.0 (X11; U; Jolicloud Linux i686; en-US) AppleWebKit/534.10 (KHTML, like Gecko) Jolicloud/1.1 Chromium/8.0.552.200 Chrome/8.0.552.200 Safari/534.10"
219.142.121.211 - - [25/Jan/2011:21:22:25 -0800] "GET /cert/bazs.cert HTTP/1.0" 302 351 "-" "Mozilla/4.0"
123.125.71.112 - - [26/Jan/2011:01:32:53 -0800] "GET / HTTP/1.1" 200 148 "-" "Baiduspider+(+http://www.baidu.com/search/spider.htm)"
220.181.108.186 - - [26/Jan/2011:01:33:21 -0800] "GET / HTTP/1.1" 200 148 "-" "Baiduspider+(+http://www.baidu.com/search/spider.htm)"
213.138.85.172 - - [26/Jan/2011:10:37:09 -0800] "GET /index.php HTTP/1.0" 200 148 "http://ferality.net/index.php" "Mozilla/0.6 Beta (Windows)"
74.111.12.244 - - [26/Jan/2011:10:37:10 -0800] "GET /robots.txt HTTP/1.0" 302 347 "-" "Mozilla/5.0 (compatible; MJ12bot/v1.3.3; http://www.majestic12.co.uk/bot.php?+)"
74.111.12.244 - - [26/Jan/2011:10:37:12 -0800] "GET / HTTP/1.1" 200 148 "-" "Mozilla/5.0 (compatible; MJ12bot/v1.3.3; http://www.majestic12.co.uk/bot.php?+)"
123.125.71.116 - - [26/Jan/2011:14:33:20 -0800] "GET / HTTP/1.1" 200 148 "-" "Baiduspider+(+http://www.baidu.com/search/spider.htm)"
220.181.108.184 - - [26/Jan/2011:14:33:50 -0800] "GET / HTTP/1.1" 200 148 "-" "Baiduspider+(+http://www.baidu.com/search/spider.htm)"
208.80.194.29 - - [26/Jan/2011:15:09:06 -0800] "GET / HTTP/1.0" 200 148 "-" "Mozilla/4.0 (compatible; MSIE 6.0; Windows NT 5.1; sbcydsl 3.12; YComp 5.0.0.0; YPC 3.2.0; SV1; FunWebProducts; ZangoToolbar 4.8.3)"
69.58.178.56 - - [26/Jan/2011:15:11:41 -0800] "GET /robots.txt HTTP/1.1" 302 351 "-" "Mozilla/5.0 (X11; U; Linux i686; en-US; rv:1.9.1.3; ips-agent) Gecko/20090824 Fedora/1.0.7-1.1.fc4 Firefox/3.5.3"
69.58.178.56 - - [26/Jan/2011:15:11:42 -0800] "GET / HTTP/1.1" 200 148 "-" "Mozilla/5.0 (X11; U; Linux i686; en-US; rv:1.9.1.3; ips-agent) Gecko/20090824 Fedora/1.0.7-1.1.fc4 Firefox/3.5.3"
69.58.178.56 - - [26/Jan/2011:15:11:43 -0800] "GET / HTTP/1.1" 200 148 "-" "BlackBerry9000/4.6.0.167 Profile/MIDP-2.0 Configuration/CLDC-1.1 VendorID/102 ips-agent"
123.125.71.107 - - [26/Jan/2011:15:32:27 -0800] "GET / HTTP/1.1" 200 148 "-" "Baiduspider+(+http://www.baidu.com/search/spider.htm)"
220.181.108.176 - - [26/Jan/2011:15:32:59 -0800] "GET / HTTP/1.1" 200 148 "-" "Baiduspider+(+http://www.baidu.com/search/spider.htm)"
195.42.102.21 - - [26/Jan/2011:16:44:00 -0800] "GET /robots.txt HTTP/1.1" 302 347 "-" "Mozilla/5.0 (compatible; Purebot/1.1; +http://www.puritysearch.net/)"
195.42.102.21 - - [26/Jan/2011:16:44:02 -0800] "GET /robots.txt HTTP/1.1" 302 351 "-" "Mozilla/5.0 (compatible; Purebot/1.1; +http://www.puritysearch.net/)"
195.42.102.21 - - [26/Jan/2011:16:44:04 -0800] "GET / HTTP/1.1" 200 148 "-" "Mozilla/5.0 (compatible; Purebot/1.1; +http://www.puritysearch.net/)"
195.42.102.21 - - [26/Jan/2011:16:44:07 -0800] "GET / HTTP/1.1" 200 148 "-" "Mozilla/5.0 (compatible; Purebot/1.1; +http://www.puritysearch.net/)"
195.42.102.21 - - [26/Jan/2011:16:44:08 -0800] "GET / HTTP/1.1" 200 148 "-" "Mozilla/5.0 (compatible; Purebot/1.1; +http://www.puritysearch.net/)"
195.42.102.21 - - [26/Jan/2011:16:44:10 -0800] "GET / HTTP/1.1" 200 148 "-" "Mozilla/5.0 (compatible; Purebot/1.1; +http://www.puritysearch.net/)"
95.77.98.130 - - [27/Jan/2011:10:23:00 -0800] "GET /index.php HTTP/1.0" 200 148 "http://ferality.net/index.php" "Mozilla/5.0 (Windows NT 5.1; U; en) Opera 8.01"
184.154.7.186 - - [27/Jan/2011:12:15:17 -0800] "GET /robots.txt HTTP/1.0" 302 347 "-" "Mozilla/5.0 (compatible; MJ12bot/v1.3.3; http://www.majestic12.co.uk/bot.php?+)"
184.154.7.186 - - [27/Jan/2011:12:15:19 -0800] "GET / HTTP/1.0" 200 148 "-" "Mozilla/5.0 (compatible; MJ12bot/v1.3.3; http://www.majestic12.co.uk/bot.php?+)"
93.158.148.31 - - [27/Jan/2011:12:29:56 -0800] "GET /robots.txt HTTP/1.1" 302 351 "-" "Mozilla/5.0 (compatible; YandexBot/3.0; +http://yandex.com/bots)"
93.158.148.31 - - [27/Jan/2011:12:29:59 -0800] "GET / HTTP/1.1" 200 148 "-" "Mozilla/5.0 (compatible; YandexBot/3.0; +http://yandex.com/bots)"
79.142.69.75 - - [27/Jan/2011:14:20:29 -0800] "GET /index.php HTTP/1.0" 200 148 "http://ferality.net/index.php" "Mozilla/4.79 [en] (Windows NT 5.0; U)"
94.179.174.196 - - [27/Jan/2011:15:13:41 -0800] "GET /index.php/photos/album/1/photo/2.html HTTP/1.0" 200 148 "http://ferality.net/index.php/photos/album/1/photo/2.html" "Mozilla/4.0 (compatible; MSIE 5.0; Windows NT; DigExt)"
94.179.174.196 - - [27/Jan/2011:15:13:42 -0800] "GET / HTTP/1.0" 200 148 "http://ferality.net/" "Mozilla/4.0 (compatible; MSIE 5.0; Windows NT; DigExt)"
123.125.71.95 - - [27/Jan/2011:15:23:56 -0800] "GET / HTTP/1.1" 200 148 "-" "Baiduspider+(+http://www.baidu.com/search/spider.htm)"
123.125.71.112 - - [27/Jan/2011:15:31:49 -0800] "GET / HTTP/1.1" 200 148 "-" "Baiduspider+(+http://www.baidu.com/search/spider.htm)"
220.181.108.185 - - [27/Jan/2011:15:32:18 -0800] "GET / HTTP/1.1" 200 148 "-" "Baiduspider+(+http://www.baidu.com/search/spider.htm)"
93.126.94.14 - - [27/Jan/2011:16:42:24 -0800] "GET /index.php HTTP/1.0" 200 148 "http://ferality.net/index.php" "Mozilla/4.0 (compatible; MSIE 6.0; Windows NT 5.1; SV1; .NET CLR 1.1.4322; .NET CLR 2.0.50727)"
66.249.67.69 - - [27/Jan/2011:18:49:47 -0800] "GET /robots.txt HTTP/1.1" 302 347 "-" "DoCoMo/2.0 N905i(c100;TB;W24H16) (compatible; Googlebot-Mobile/2.1; +http://www.google.com/bot.html)"
66.249.67.69 - - [27/Jan/2011:18:49:47 -0800] "GET / HTTP/1.1" 200 148 "-" "DoCoMo/2.0 N905i(c100;TB;W24H16) (compatible; Googlebot-Mobile/2.1; +http://www.google.com/bot.html)"
66.249.67.69 - - [27/Jan/2011:18:49:47 -0800] "GET / HTTP/1.1" 200 148 "-" "DoCoMo/2.0 N905i(c100;TB;W24H16) (compatible; Googlebot-Mobile/2.1; +http://www.google.com/bot.html)"
66.249.67.69 - - [27/Jan/2011:23:17:51 -0800] "GET / HTTP/1.1" 200 148 "-" "SAMSUNG-SGH-E250/1.0 Profile/MIDP-2.0 Configuration/CLDC-1.1 UP.Browser/6.2.3.3.c.1.101 (GUI) MMP/2.0 (compatible; Googlebot-Mobile/2.1; +http://www.google.com/bot.html)"
123.125.71.110 - - [28/Jan/2011:00:32:17 -0800] "GET / HTTP/1.1" 200 148 "-" "Baiduspider+(+http://www.baidu.com/search/spider.htm)"
220.181.108.174 - - [28/Jan/2011:00:32:45 -0800] "GET / HTTP/1.1" 200 148 "-" "Baiduspider+(+http://www.baidu.com/search/spider.htm)"
208.80.194.26 - - [28/Jan/2011:04:19:45 -0800] "GET / HTTP/1.0" 200 148 "-" "Mozilla/4.0 (compatible; MSIE 7.0; Windows NT 5.1; .NET CLR 1.1.4322; IEMB3; .NET CLR 2.0.50727; InfoPath.2; IEMB3)"
91.201.66.165 - - [28/Jan/2011:07:25:02 -0800] "GET /index.php HTTP/1.0" 200 148 "http://ferality.net/index.php" "Opera/9.01 (Windows NT 5.1; U; en)"
213.5.71.58 - - [28/Jan/2011:09:51:43 -0800] "GET /index.php HTTP/1.0" 200 148 "http://ferality.net/index.php" "Mozilla/4.0 (compatible; MSIE 6.0; Windows NT 5.1; MRA 4.3 (build 01218); .NET CLR 1.1.4322)"
184.154.7.186 - - [28/Jan/2011:13:15:05 -0800] "GET /robots.txt HTTP/1.0" 302 347 "-" "Mozilla/5.0 (compatible; MJ12bot/v1.3.3; http://www.majestic12.co.uk/bot.php?+)"
184.154.7.186 - - [28/Jan/2011:13:15:06 -0800] "GET / HTTP/1.0" 200 148 "-" "Mozilla/5.0 (compatible; MJ12bot/v1.3.3; http://www.majestic12.co.uk/bot.php?+)"
123.125.71.105 - - [28/Jan/2011:15:32:48 -0800] "GET / HTTP/1.1" 200 148 "-" "Baiduspider+(+http://www.baidu.com/search/spider.htm)"
220.181.108.174 - - [28/Jan/2011:15:33:19 -0800] "GET / HTTP/1.1" 200 148 "-" "Baiduspider+(+http://www.baidu.com/search/spider.htm)"
123.125.71.115 - - [29/Jan/2011:06:01:59 -0800] "GET / HTTP/1.1" 200 148 "-" "Baiduspider+(+http://www.baidu.com/search/spider.htm)"
213.5.71.163 - - [29/Jan/2011:07:15:52 -0800] "GET /index.php HTTP/1.0" 200 148 "http://ferality.net/index.php" "Opera/8.01 (Windows NT 5.1)"
93.158.148.31 - - [29/Jan/2011:14:08:44 -0800] "GET /robots.txt HTTP/1.1" 302 351 "-" "Mozilla/5.0 (compatible; YandexBot/3.0; +http://yandex.com/bots)"
184.154.7.186 - - [29/Jan/2011:14:17:55 -0800] "GET /robots.txt HTTP/1.0" 302 347 "-" "Mozilla/5.0 (compatible; MJ12bot/v1.3.3; http://www.majestic12.co.uk/bot.php?+)"
184.154.7.186 - - [29/Jan/2011:14:17:58 -0800] "GET / HTTP/1.0" 200 148 "-" "Mozilla/5.0 (compatible; MJ12bot/v1.3.3; http://www.majestic12.co.uk/bot.php?+)"
208.80.194.29 - - [29/Jan/2011:17:39:30 -0800] "GET / HTTP/1.0" 200 148 "-" "Mozilla/4.0 (compatible; MSIE 7.0; Windows NT 5.1; WSA v1.0 - www.vinn.com.au; .NET CLR 2.0.50727; .NET CLR 1.1.4322)"
66.249.71.49 - - [30/Jan/2011:00:27:42 -0800] "GET /robots.txt HTTP/1.1" 302 347 "-" "Mozilla/5.0 (compatible; Googlebot/2.1; +http://www.google.com/bot.html)"
66.249.71.49 - - [30/Jan/2011:00:27:42 -0800] "GET / HTTP/1.1" 200 148 "-" "Mozilla/5.0 (compatible; Googlebot/2.1; +http://www.google.com/bot.html)"
66.249.71.49 - - [30/Jan/2011:00:27:43 -0800] "GET / HTTP/1.1" 200 148 "-" "Mozilla/5.0 (compatible; Googlebot/2.1; +http://www.google.com/bot.html)"
66.249.71.49 - - [30/Jan/2011:03:26:42 -0800] "GET /robots.txt HTTP/1.1" 302 347 "-" "DoCoMo/2.0 N905i(c100;TB;W24H16) (compatible; Googlebot-Mobile/2.1; +http://www.google.com/bot.html)"
66.249.71.49 - - [30/Jan/2011:03:26:42 -0800] "GET / HTTP/1.1" 200 148 "-" "DoCoMo/2.0 N905i(c100;TB;W24H16) (compatible; Googlebot-Mobile/2.1; +http://www.google.com/bot.html)"
66.249.71.49 - - [30/Jan/2011:03:26:42 -0800] "GET / HTTP/1.1" 200 148 "-" "DoCoMo/2.0 N905i(c100;TB;W24H16) (compatible; Googlebot-Mobile/2.1; +http://www.google.com/bot.html)"
123.125.71.105 - - [30/Jan/2011:06:19:36 -0800] "GET / HTTP/1.1" 200 148 "-" "Baiduspider+(+http://www.baidu.com/search/spider.htm)"
93.158.148.31 - - [30/Jan/2011:06:49:30 -0800] "GET / HTTP/1.1" 200 148 "-" "Mozilla/5.0 (compatible; YandexBot/3.0; +http://yandex.com/bots)"
66.249.71.161 - - [30/Jan/2011:06:52:10 -0800] "GET /robots.txt HTTP/1.1" 302 351 "-" "Mozilla/5.0 (compatible; Googlebot/2.1; +http://www.google.com/bot.html)"
66.249.71.161 - - [30/Jan/2011:06:52:10 -0800] "GET / HTTP/1.1" 200 148 "-" "Mozilla/5.0 (compatible; Googlebot/2.1; +http://www.google.com/bot.html)"
75.151.98.75 - - [30/Jan/2011:07:24:34 -0800] "GET /~harold HTTP/1.1" 301 380 "-" "Mozilla/4.0 (compatible; MSIE 8.0; Windows NT 6.0; Trident/4.0; SLCC1; .NET CLR 2.0.50727; Media Center PC 5.0; InfoPath.2; MS-RTC LM 8; .NET CLR 3.5.30729; .NET CLR 3.0.30729; .NET CLR 1.1.4322; .NET4.0C)"
75.151.98.75 - - [30/Jan/2011:07:24:34 -0800] "GET /~harold/ HTTP/1.1" 200 11988 "-" "Mozilla/4.0 (compatible; MSIE 8.0; Windows NT 6.0; Trident/4.0; SLCC1; .NET CLR 2.0.50727; Media Center PC 5.0; InfoPath.2; MS-RTC LM 8; .NET CLR 3.5.30729; .NET CLR 3.0.30729; .NET CLR 1.1.4322; .NET4.0C)"
75.151.98.75 - - [30/Jan/2011:07:24:34 -0800] "GET /~harold/green-v.png HTTP/1.1" 200 107 "http://ferality.net/~harold/" "Mozilla/4.0 (compatible; MSIE 8.0; Windows NT 6.0; Trident/4.0; SLCC1; .NET CLR 2.0.50727; Media Center PC 5.0; InfoPath.2; MS-RTC LM 8; .NET CLR 3.5.30729; .NET CLR 3.0.30729; .NET CLR 1.1.4322; .NET4.0C)"
75.151.98.75 - - [30/Jan/2011:07:24:34 -0800] "GET /~harold/green-h.png HTTP/1.1" 200 114 "http://ferality.net/~harold/" "Mozilla/4.0 (compatible; MSIE 8.0; Windows NT 6.0; Trident/4.0; SLCC1; .NET CLR 2.0.50727; Media Center PC 5.0; InfoPath.2; MS-RTC LM 8; .NET CLR 3.5.30729; .NET CLR 3.0.30729; .NET CLR 1.1.4322; .NET4.0C)"
75.151.98.75 - - [30/Jan/2011:07:24:34 -0800] "GET /~harold/yellow-h.png HTTP/1.1" 200 110 "http://ferality.net/~harold/" "Mozilla/4.0 (compatible; MSIE 8.0; Windows NT 6.0; Trident/4.0; SLCC1; .NET CLR 2.0.50727; Media Center PC 5.0; InfoPath.2; MS-RTC LM 8; .NET CLR 3.5.30729; .NET CLR 3.0.30729; .NET CLR 1.1.4322; .NET4.0C)"
75.151.98.75 - - [30/Jan/2011:07:24:34 -0800] "GET /~harold/blue-h.png HTTP/1.1" 200 112 "http://ferality.net/~harold/" "Mozilla/4.0 (compatible; MSIE 8.0; Windows NT 6.0; Trident/4.0; SLCC1; .NET CLR 2.0.50727; Media Center PC 5.0; InfoPath.2; MS-RTC LM 8; .NET CLR 3.5.30729; .NET CLR 3.0.30729; .NET CLR 1.1.4322; .NET4.0C)"
75.151.98.75 - - [30/Jan/2011:07:24:34 -0800] "GET /~harold/red-h.png HTTP/1.1" 200 110 "http://ferality.net/~harold/" "Mozilla/4.0 (compatible; MSIE 8.0; Windows NT 6.0; Trident/4.0; SLCC1; .NET CLR 2.0.50727; Media Center PC 5.0; InfoPath.2; MS-RTC LM 8; .NET CLR 3.5.30729; .NET CLR 3.0.30729; .NET CLR 1.1.4322; .NET4.0C)"
75.151.98.75 - - [30/Jan/2011:07:24:34 -0800] "GET /favicon.ico HTTP/1.1" 200 441 "-" "Mozilla/4.0 (compatible; MSIE 8.0; Windows NT 6.0; Trident/4.0; SLCC1; .NET CLR 2.0.50727; Media Center PC 5.0; InfoPath.2; MS-RTC LM 8; .NET CLR 3.5.30729; .NET CLR 3.0.30729; .NET CLR 1.1.4322; .NET4.0C)"
77.92.224.109 - - [30/Jan/2011:07:42:33 -0800] "GET /index.php/Phoo/Reply/id/27/albumid/1 HTTP/1.0" 200 148 "http://ferality.net/index.php/Phoo/Reply/id/27/albumid/1" "Mozilla/4.0 (compatible; MSIE 6.0; Windows NT 5.1)"
77.92.224.109 - - [30/Jan/2011:07:42:36 -0800] "GET / HTTP/1.0" 200 148 "http://ferality.net/" "Mozilla/4.0 (compatible; MSIE 6.0; Windows NT 5.1)"
184.154.7.186 - - [30/Jan/2011:15:18:37 -0800] "GET /robots.txt HTTP/1.0" 302 347 "-" "Mozilla/5.0 (compatible; MJ12bot/v1.3.3; http://www.majestic12.co.uk/bot.php?+)"
184.154.7.186 - - [30/Jan/2011:15:18:38 -0800] "GET / HTTP/1.0" 200 148 "-" "Mozilla/5.0 (compatible; MJ12bot/v1.3.3; http://www.majestic12.co.uk/bot.php?+)"
123.125.71.97 - - [30/Jan/2011:15:33:42 -0800] "GET / HTTP/1.1" 200 148 "-" "Baiduspider+(+http://www.baidu.com/search/spider.htm)"
220.181.108.175 - - [30/Jan/2011:15:34:12 -0800] "GET / HTTP/1.1" 200 148 "-" "Baiduspider+(+http://www.baidu.com/search/spider.htm)"
66.249.72.19 - - [30/Jan/2011:15:54:33 -0800] "GET /robots.txt HTTP/1.1" 302 351 "-" "Mozilla/5.0 (compatible; Googlebot/2.1; +http://www.google.com/bot.html)"
66.249.72.19 - - [30/Jan/2011:15:54:33 -0800] "GET / HTTP/1.1" 200 148 "-" "Mozilla/5.0 (compatible; Googlebot/2.1; +http://www.google.com/bot.html)"
178.77.78.8 - - [30/Jan/2011:21:51:26 -0800] "GET / HTTP/1.0" 200 148 "http://to-be-on-top.de/web2design" "Mozilla/4.0 (compatible; MSIE 7.0; Windows NT 6.0; Trident/4.0)"
71.188.252.215 - - [30/Jan/2011:23:10:05 -0800] "GET /~harold/ HTTP/1.1" 200 30429 "-" "Mozilla/5.0 (Macintosh; U; Intel Mac OS X 10.5; en-US; rv:1.9.2.13) Gecko/20101203 Firefox/3.6.13"
71.188.252.215 - - [30/Jan/2011:23:10:05 -0800] "GET /~harold/green-v.png HTTP/1.1" 200 107 "http://ferality.net/~harold/" "Mozilla/5.0 (Macintosh; U; Intel Mac OS X 10.5; en-US; rv:1.9.2.13) Gecko/20101203 Firefox/3.6.13"
71.188.252.215 - - [30/Jan/2011:23:10:05 -0800] "GET /~harold/yellow-v.png HTTP/1.1" 200 105 "http://ferality.net/~harold/" "Mozilla/5.0 (Macintosh; U; Intel Mac OS X 10.5; en-US; rv:1.9.2.13) Gecko/20101203 Firefox/3.6.13"
71.188.252.215 - - [30/Jan/2011:23:10:05 -0800] "GET /~harold/red-v.png HTTP/1.1" 200 104 "http://ferality.net/~harold/" "Mozilla/5.0 (Macintosh; U; Intel Mac OS X 10.5; en-US; rv:1.9.2.13) Gecko/20101203 Firefox/3.6.13"
71.188.252.215 - - [30/Jan/2011:23:10:05 -0800] "GET /~harold/blue-h.png HTTP/1.1" 200 112 "http://ferality.net/~harold/" "Mozilla/5.0 (Macintosh; U; Intel Mac OS X 10.5; en-US; rv:1.9.2.13) Gecko/20101203 Firefox/3.6.13"
71.188.252.215 - - [30/Jan/2011:23:10:05 -0800] "GET /~harold/yellow-h.png HTTP/1.1" 200 110 "http://ferality.net/~harold/" "Mozilla/5.0 (Macintosh; U; Intel Mac OS X 10.5; en-US; rv:1.9.2.13) Gecko/20101203 Firefox/3.6.13"
71.188.252.215 - - [30/Jan/2011:23:10:05 -0800] "GET /~harold/green-h.png HTTP/1.1" 200 114 "http://ferality.net/~harold/" "Mozilla/5.0 (Macintosh; U; Intel Mac OS X 10.5; en-US; rv:1.9.2.13) Gecko/20101203 Firefox/3.6.13"
71.188.252.215 - - [30/Jan/2011:23:10:05 -0800] "GET /~harold/red-h.png HTTP/1.1" 200 110 "http://ferality.net/~harold/" "Mozilla/5.0 (Macintosh; U; Intel Mac OS X 10.5; en-US; rv:1.9.2.13) Gecko/20101203 Firefox/3.6.13"
71.188.252.215 - - [30/Jan/2011:23:10:05 -0800] "GET /favicon.ico HTTP/1.1" 200 441 "-" "Mozilla/5.0 (Macintosh; U; Intel Mac OS X 10.5; en-US; rv:1.9.2.13) Gecko/20101203 Firefox/3.6.13"
123.125.71.103 - - [30/Jan/2011:23:32:51 -0800] "GET / HTTP/1.1" 200 148 "-" "Baiduspider+(+http://www.baidu.com/search/spider.htm)"
220.181.108.170 - - [30/Jan/2011:23:33:21 -0800] "GET / HTTP/1.1" 200 148 "-" "Baiduspider+(+http://www.baidu.com/search/spider.htm)"
123.125.71.105 - - [31/Jan/2011:01:32:31 -0800] "GET / HTTP/1.1" 200 148 "-" "Baiduspider+(+http://www.baidu.com/search/spider.htm)"
220.181.108.178 - - [31/Jan/2011:01:33:00 -0800] "GET / HTTP/1.1" 200 148 "-" "Baiduspider+(+http://www.baidu.com/search/spider.htm)"
74.50.100.8 - - [31/Jan/2011:02:54:17 -0800] "GET /index.php HTTP/1.0" 200 148 "http://ferality.net/index.php" "Mozilla/4.0 (compatible; MSIE 6.0; Windows NT 5.1; SV1)"
93.158.148.31 - - [31/Jan/2011:05:17:03 -0800] "GET /robots.txt HTTP/1.1" 302 347 "-" "Mozilla/5.0 (compatible; YandexBot/3.0; +http://yandex.com/bots)"
93.158.148.31 - - [31/Jan/2011:05:17:06 -0800] "GET / HTTP/1.1" 200 148 "-" "Mozilla/5.0 (compatible; YandexBot/3.0; +http://yandex.com/bots)"
208.80.194.30 - - [31/Jan/2011:08:15:05 -0800] "GET / HTTP/1.0" 200 148 "-" "Mozilla/4.0 (compatible; MSIE 7.0; Windows NT 6.0; YPC 3.0.1; SLCC1; .NET CLR 2.0.50727; Media Center PC 5.0; .NET CLR 3.0.04506; yplus 4.1.00b)"
209.216.189.146 - - [31/Jan/2011:09:29:28 -0800] "GET /~harold HTTP/1.1" 301 380 "-" "Mozilla/5.0 (Windows; U; Windows NT 5.1; en-US; rv:1.9.2.13) Gecko/20101203 Firefox/3.6.13 ( .NET CLR 3.5.30729)"
209.216.189.146 - - [31/Jan/2011:09:29:28 -0800] "GET /~harold/ HTTP/1.1" 200 17682 "-" "Mozilla/5.0 (Windows; U; Windows NT 5.1; en-US; rv:1.9.2.13) Gecko/20101203 Firefox/3.6.13 ( .NET CLR 3.5.30729)"
209.216.189.146 - - [31/Jan/2011:09:29:29 -0800] "GET /~harold/green-v.png HTTP/1.1" 200 107 "http://ferality.net/~harold/" "Mozilla/5.0 (Windows; U; Windows NT 5.1; en-US; rv:1.9.2.13) Gecko/20101203 Firefox/3.6.13 ( .NET CLR 3.5.30729)"
209.216.189.146 - - [31/Jan/2011:09:29:29 -0800] "GET /~harold/blue-h.png HTTP/1.1" 200 112 "http://ferality.net/~harold/" "Mozilla/5.0 (Windows; U; Windows NT 5.1; en-US; rv:1.9.2.13) Gecko/20101203 Firefox/3.6.13 ( .NET CLR 3.5.30729)"
209.216.189.146 - - [31/Jan/2011:09:29:30 -0800] "GET /~harold/green-h.png HTTP/1.1" 200 114 "http://ferality.net/~harold/" "Mozilla/5.0 (Windows; U; Windows NT 5.1; en-US; rv:1.9.2.13) Gecko/20101203 Firefox/3.6.13 ( .NET CLR 3.5.30729)"
209.216.189.146 - - [31/Jan/2011:09:29:30 -0800] "GET /~harold/yellow-h.png HTTP/1.1" 200 110 "http://ferality.net/~harold/" "Mozilla/5.0 (Windows; U; Windows NT 5.1; en-US; rv:1.9.2.13) Gecko/20101203 Firefox/3.6.13 ( .NET CLR 3.5.30729)"
209.216.189.146 - - [31/Jan/2011:09:29:31 -0800] "GET /~harold/red-h.png HTTP/1.1" 200 110 "http://ferality.net/~harold/" "Mozilla/5.0 (Windows; U; Windows NT 5.1; en-US; rv:1.9.2.13) Gecko/20101203 Firefox/3.6.13 ( .NET CLR 3.5.30729)"
209.216.189.146 - - [31/Jan/2011:09:29:32 -0800] "GET /favicon.ico HTTP/1.1" 200 441 "-" "Mozilla/5.0 (Windows; U; Windows NT 5.1; en-US; rv:1.9.2.13) Gecko/20101203 Firefox/3.6.13 ( .NET CLR 3.5.30729)"
91.217.90.56 - - [31/Jan/2011:09:38:25 -0800] "GET /index.php/photos/album/1/photo/2.html HTTP/1.1" 200 148 "-" "Mozilla/4.0 (compatible; MSIE 6.0; Windows NT 5.1; SV1)"
209.216.189.146 - - [31/Jan/2011:09:54:43 -0800] "GET /~harold/ HTTP/1.1" 200 18185 "-" "Mozilla/5.0 (Windows; U; Windows NT 5.1; en-US; rv:1.9.2.13) Gecko/20101203 Firefox/3.6.13 ( .NET CLR 3.5.30729)"
209.216.189.146 - - [31/Jan/2011:09:54:45 -0800] "GET /~harold/green-v.png HTTP/1.1" 304 - "http://ferality.net/~harold/" "Mozilla/5.0 (Windows; U; Windows NT 5.1; en-US; rv:1.9.2.13) Gecko/20101203 Firefox/3.6.13 ( .NET CLR 3.5.30729)"
209.216.189.146 - - [31/Jan/2011:09:54:45 -0800] "GET /~harold/blue-h.png HTTP/1.1" 304 - "http://ferality.net/~harold/" "Mozilla/5.0 (Windows; U; Windows NT 5.1; en-US; rv:1.9.2.13) Gecko/20101203 Firefox/3.6.13 ( .NET CLR 3.5.30729)"
209.216.189.146 - - [31/Jan/2011:09:54:45 -0800] "GET /~harold/green-h.png HTTP/1.1" 304 - "http://ferality.net/~harold/" "Mozilla/5.0 (Windows; U; Windows NT 5.1; en-US; rv:1.9.2.13) Gecko/20101203 Firefox/3.6.13 ( .NET CLR 3.5.30729)"
209.216.189.146 - - [31/Jan/2011:09:54:45 -0800] "GET /~harold/yellow-h.png HTTP/1.1" 304 - "http://ferality.net/~harold/" "Mozilla/5.0 (Windows; U; Windows NT 5.1; en-US; rv:1.9.2.13) Gecko/20101203 Firefox/3.6.13 ( .NET CLR 3.5.30729)"
209.216.189.146 - - [31/Jan/2011:09:54:46 -0800] "GET /~harold/red-h.png HTTP/1.1" 304 - "http://ferality.net/~harold/" "Mozilla/5.0 (Windows; U; Windows NT 5.1; en-US; rv:1.9.2.13) Gecko/20101203 Firefox/3.6.13 ( .NET CLR 3.5.30729)"
91.217.90.56 - - [31/Jan/2011:10:58:43 -0800] "GET /index.php/photos/album/1/photo/2.html HTTP/1.1" 200 148 "-" "Mozilla/4.0 (compatible; MSIE 6.0; Windows NT 5.1; SV1)"
91.217.90.56 - - [31/Jan/2011:11:38:44 -0800] "GET /index.php/photos/album/1/photo/2.html HTTP/1.1" 200 148 "-" "Mozilla/4.0 (compatible; MSIE 6.0; Windows NT 5.1; SV1)"
91.217.90.56 - - [31/Jan/2011:12:18:35 -0800] "GET /index.php/photos/album/1/photo/2.html HTTP/1.1" 200 148 "-" "Mozilla/4.0 (compatible; MSIE 6.0; Windows NT 5.1; SV1)"
123.125.71.95 - - [31/Jan/2011:13:32:57 -0800] "GET / HTTP/1.1" 200 148 "-" "Baiduspider+(+http://www.baidu.com/search/spider.htm)"
220.181.108.179 - - [31/Jan/2011:13:33:26 -0800] "GET / HTTP/1.1" 200 148 "-" "Baiduspider+(+http://www.baidu.com/search/spider.htm)"
91.217.90.56 - - [31/Jan/2011:13:37:32 -0800] "GET /index.php/photos/album/1/photo/2.html HTTP/1.1" 200 148 "-" "Mozilla/4.0 (compatible; MSIE 6.0; Windows NT 5.1; SV1)"
91.217.90.56 - - [31/Jan/2011:14:17:18 -0800] "GET /index.php/photos/album/1/photo/2.html HTTP/1.1" 200 148 "-" "Mozilla/4.0 (compatible; MSIE 6.0; Windows NT 5.1; SV1)"
91.217.90.56 - - [31/Jan/2011:14:57:13 -0800] "GET /index.php/photos/album/1/photo/2.html HTTP/1.1" 200 148 "-" "Mozilla/4.0 (compatible; MSIE 6.0; Windows NT 5.1; SV1)"
91.201.66.171 - - [31/Jan/2011:15:16:57 -0800] "GET /index.php HTTP/1.0" 200 148 "http://ferality.net/index.php" "Mozilla/4.0 (compatible; MSIE 6.0; America Online Browser 1.1; rev1.2; Windows NT 5.1; SV1; .NET CLR 1.1.4322)"
123.125.71.110 - - [31/Jan/2011:15:21:47 -0800] "GET / HTTP/1.1" 200 148 "-" "Baiduspider+(+http://www.baidu.com/search/spider.htm)"
91.217.90.56 - - [31/Jan/2011:15:37:11 -0800] "GET /index.php/photos/album/1/photo/2.html HTTP/1.1" 200 148 "-" "Mozilla/4.0 (compatible; MSIE 6.0; Windows NT 5.1; SV1)"
91.217.90.56 - - [31/Jan/2011:16:17:05 -0800] "GET /index.php/photos/album/1/photo/2.html HTTP/1.1" 200 148 "-" "Mozilla/4.0 (compatible; MSIE 6.0; Windows NT 5.1; SV1)"
62.231.141.195 - - [31/Jan/2011:16:46:49 -0800] "GET /robots.txt HTTP/1.0" 302 347 "-" "Mozilla/5.0 (compatible; MJ12bot/v1.3.3; http://www.majestic12.co.uk/bot.php?+)"
62.231.141.195 - - [31/Jan/2011:16:46:50 -0800] "GET / HTTP/1.0" 200 148 "-" "Mozilla/5.0 (compatible; MJ12bot/v1.3.3; http://www.majestic12.co.uk/bot.php?+)"
91.217.90.56 - - [31/Jan/2011:16:57:22 -0800] "GET /index.php/photos/album/1/photo/2.html HTTP/1.1" 200 148 "-" "Mozilla/4.0 (compatible; MSIE 6.0; Windows NT 5.1; SV1)"
91.217.90.56 - - [31/Jan/2011:17:36:59 -0800] "GET /index.php/photos/album/1/photo/2.html HTTP/1.1" 200 148 "-" "Mozilla/4.0 (compatible; MSIE 6.0; Windows NT 5.1; SV1)"
91.217.90.56 - - [31/Jan/2011:18:16:48 -0800] "GET /index.php/photos/album/1/photo/2.html HTTP/1.1" 200 148 "-" "Mozilla/4.0 (compatible; MSIE 6.0; Windows NT 5.1; SV1)"
91.217.90.56 - - [31/Jan/2011:18:56:49 -0800] "GET /index.php/photos/album/1/photo/2.html HTTP/1.1" 200 148 "-" "Mozilla/4.0 (compatible; MSIE 6.0; Windows NT 5.1; SV1)"
91.217.90.56 - - [31/Jan/2011:19:36:32 -0800] "GET /index.php/photos/album/1/photo/2.html HTTP/1.1" 200 148 "-" "Mozilla/4.0 (compatible; MSIE 6.0; Windows NT 5.1; SV1)"
91.217.90.56 - - [31/Jan/2011:20:16:43 -0800] "GET /index.php/photos/album/1/photo/2.html HTTP/1.1" 200 148 "-" "Mozilla/4.0 (compatible; MSIE 6.0; Windows NT 5.1; SV1)"
91.201.67.25 - - [31/Jan/2011:20:43:21 -0800] "GET /index.php HTTP/1.0" 200 148 "http://ferality.net/index.php" "Mozilla/0.6 Beta (Windows)"
91.217.90.56 - - [31/Jan/2011:20:56:25 -0800] "GET /index.php/photos/album/1/photo/2.html HTTP/1.1" 200 148 "-" "Mozilla/4.0 (compatible; MSIE 6.0; Windows NT 5.1; SV1)"
91.217.90.56 - - [31/Jan/2011:21:35:53 -0800] "GET /index.php/photos/album/1/photo/2.html HTTP/1.1" 200 148 "-" "Mozilla/4.0 (compatible; MSIE 6.0; Windows NT 5.1; SV1)"
91.217.90.56 - - [31/Jan/2011:22:15:35 -0800] "GET /index.php/photos/album/1/photo/2.html HTTP/1.1" 200 148 "-" "Mozilla/4.0 (compatible; MSIE 6.0; Windows NT 5.1; SV1)"
91.217.90.56 - - [31/Jan/2011:22:55:37 -0800] "GET /index.php/photos/album/1/photo/2.html HTTP/1.1" 200 148 "-" "Mozilla/4.0 (compatible; MSIE 6.0; Windows NT 5.1; SV1)"
91.217.90.56 - - [31/Jan/2011:23:35:37 -0800] "GET /index.php/photos/album/1/photo/2.html HTTP/1.1" 200 148 "-" "Mozilla/4.0 (compatible; MSIE 6.0; Windows NT 5.1; SV1)"
91.217.90.56 - - [01/Feb/2011:00:15:59 -0800] "GET /index.php/photos/album/1/photo/2.html HTTP/1.1" 200 148 "-" "Mozilla/4.0 (compatible; MSIE 6.0; Windows NT 5.1; SV1)"
91.217.90.56 - - [01/Feb/2011:00:56:41 -0800] "GET /index.php/photos/album/1/photo/2.html HTTP/1.1" 200 148 "-" "Mozilla/4.0 (compatible; MSIE 6.0; Windows NT 5.1; SV1)"
77.87.32.93 - - [01/Feb/2011:00:58:29 -0800] "GET /index.php HTTP/1.0" 200 148 "http://ferality.net/index.php" "Mozilla/6.0 (compatible; MSIE 7.0a1; Windows NT 5.2; SV1)"
91.217.90.56 - - [01/Feb/2011:01:37:08 -0800] "GET /index.php/photos/album/1/photo/2.html HTTP/1.1" 200 148 "-" "Mozilla/4.0 (compatible; MSIE 6.0; Windows NT 5.1; SV1)"
91.217.90.56 - - [01/Feb/2011:02:17:21 -0800] "GET /index.php/photos/album/1/photo/2.html HTTP/1.1" 200 148 "-" "Mozilla/4.0 (compatible; MSIE 6.0; Windows NT 5.1; SV1)"
91.217.90.56 - - [01/Feb/2011:03:38:17 -0800] "GET /index.php/photos/album/1/photo/2.html HTTP/1.1" 200 148 "-" "Mozilla/4.0 (compatible; MSIE 6.0; Windows NT 5.1; SV1)"
91.217.90.56 - - [01/Feb/2011:04:18:32 -0800] "GET /index.php/photos/album/1/photo/2.html HTTP/1.1" 200 148 "-" "Mozilla/4.0 (compatible; MSIE 6.0; Windows NT 5.1; SV1)"
91.217.90.56 - - [01/Feb/2011:04:59:08 -0800] "GET /index.php/photos/album/1/photo/2.html HTTP/1.1" 200 148 "-" "Mozilla/4.0 (compatible; MSIE 6.0; Windows NT 5.1; SV1)"
91.217.90.56 - - [01/Feb/2011:05:39:36 -0800] "GET /index.php/photos/album/1/photo/2.html HTTP/1.1" 200 148 "-" "Mozilla/4.0 (compatible; MSIE 6.0; Windows NT 5.1; SV1)"
91.217.90.56 - - [01/Feb/2011:06:20:00 -0800] "GET /index.php/photos/album/1/photo/2.html HTTP/1.1" 200 148 "-" "Mozilla/4.0 (compatible; MSIE 6.0; Windows NT 5.1; SV1)"
91.217.90.56 - - [01/Feb/2011:07:00:14 -0800] "GET /index.php/photos/album/1/photo/2.html HTTP/1.1" 200 148 "-" "Mozilla/4.0 (compatible; MSIE 6.0; Windows NT 5.1; SV1)"
123.125.71.110 - - [01/Feb/2011:07:46:33 -0800] "GET / HTTP/1.1" 200 148 "-" "Baiduspider+(+http://www.baidu.com/search/spider.htm)"
220.181.108.187 - - [01/Feb/2011:07:47:18 -0800] "GET / HTTP/1.1" 200 148 "-" "Baiduspider+(+http://www.baidu.com/search/spider.htm)"
123.125.71.103 - - [01/Feb/2011:08:34:53 -0800] "GET / HTTP/1.1" 200 148 "-" "Baiduspider+(+http://www.baidu.com/search/spider.htm)"
220.181.108.169 - - [01/Feb/2011:08:35:23 -0800] "GET / HTTP/1.1" 200 148 "-" "Baiduspider+(+http://www.baidu.com/search/spider.htm)"
188.143.232.31 - - [01/Feb/2011:13:20:48 -0800] "GET /index.php HTTP/1.0" 200 148 "http://ferality.net/index.php" "Mozilla/4.0 (compatible; MSIE 6.0; Windows 98; Win 9x 4.90)"
184.154.7.186 - - [01/Feb/2011:17:25:54 -0800] "GET /robots.txt HTTP/1.0" 302 347 "-" "Mozilla/5.0 (compatible; MJ12bot/v1.3.3; http://www.majestic12.co.uk/bot.php?+)"
184.154.7.186 - - [01/Feb/2011:17:25:57 -0800] "GET / HTTP/1.0" 200 148 "-" "Mozilla/5.0 (compatible; MJ12bot/v1.3.3; http://www.majestic12.co.uk/bot.php?+)"
123.125.71.110 - - [01/Feb/2011:17:35:06 -0800] "GET / HTTP/1.1" 200 148 "-" "Baiduspider+(+http://www.baidu.com/search/spider.htm)"
220.181.108.175 - - [01/Feb/2011:17:35:39 -0800] "GET / HTTP/1.1" 200 148 "-" "Baiduspider+(+http://www.baidu.com/search/spider.htm)"
93.158.148.31 - - [01/Feb/2011:17:49:00 -0800] "GET /robots.txt HTTP/1.1" 302 347 "-" "Mozilla/5.0 (compatible; YandexBot/3.0; +http://yandex.com/bots)"
93.158.148.31 - - [01/Feb/2011:17:49:02 -0800] "GET / HTTP/1.1" 200 148 "-" "Mozilla/5.0 (compatible; YandexBot/3.0; +http://yandex.com/bots)"
207.46.13.51 - - [01/Feb/2011:19:03:17 -0800] "GET /robots.txt HTTP/1.1" 302 347 "-" "Mozilla/5.0 (compatible; bingbot/2.0; +http://www.bing.com/bingbot.htm)"
207.46.13.51 - - [01/Feb/2011:19:03:18 -0800] "GET / HTTP/1.1" 200 148 "-" "Mozilla/5.0 (compatible; bingbot/2.0; +http://www.bing.com/bingbot.htm)"
207.46.13.51 - - [01/Feb/2011:19:04:58 -0800] "GET / HTTP/1.1" 200 148 "-" "Mozilla/5.0 (compatible; bingbot/2.0; +http://www.bing.com/bingbot.htm)"
209.216.189.147 - - [01/Feb/2011:20:18:56 -0800] "GET /~harold HTTP/1.1" 301 380 "-" "Mozilla/5.0 (Windows; U; Windows NT 6.1; en-US; rv:1.9.2.13) Gecko/20101203 Firefox/3.6.13"
209.216.189.147 - - [01/Feb/2011:20:18:56 -0800] "GET /~harold/ HTTP/1.1" 200 36692 "-" "Mozilla/5.0 (Windows; U; Windows NT 6.1; en-US; rv:1.9.2.13) Gecko/20101203 Firefox/3.6.13"
209.216.189.147 - - [01/Feb/2011:20:18:56 -0800] "GET /~harold/red-v.png HTTP/1.1" 200 104 "http://ferality.net/~harold/" "Mozilla/5.0 (Windows; U; Windows NT 6.1; en-US; rv:1.9.2.13) Gecko/20101203 Firefox/3.6.13"
209.216.189.147 - - [01/Feb/2011:20:18:56 -0800] "GET /~harold/green-v.png HTTP/1.1" 200 107 "http://ferality.net/~harold/" "Mozilla/5.0 (Windows; U; Windows NT 6.1; en-US; rv:1.9.2.13) Gecko/20101203 Firefox/3.6.13"
209.216.189.147 - - [01/Feb/2011:20:18:56 -0800] "GET /~harold/yellow-v.png HTTP/1.1" 200 105 "http://ferality.net/~harold/" "Mozilla/5.0 (Windows; U; Windows NT 6.1; en-US; rv:1.9.2.13) Gecko/20101203 Firefox/3.6.13"
209.216.189.147 - - [01/Feb/2011:20:18:56 -0800] "GET /~harold/blue-h.png HTTP/1.1" 200 112 "http://ferality.net/~harold/" "Mozilla/5.0 (Windows; U; Windows NT 6.1; en-US; rv:1.9.2.13) Gecko/20101203 Firefox/3.6.13"
209.216.189.147 - - [01/Feb/2011:20:18:56 -0800] "GET /~harold/yellow-h.png HTTP/1.1" 200 110 "http://ferality.net/~harold/" "Mozilla/5.0 (Windows; U; Windows NT 6.1; en-US; rv:1.9.2.13) Gecko/20101203 Firefox/3.6.13"
209.216.189.147 - - [01/Feb/2011:20:18:56 -0800] "GET /~harold/red-h.png HTTP/1.1" 200 110 "http://ferality.net/~harold/" "Mozilla/5.0 (Windows; U; Windows NT 6.1; en-US; rv:1.9.2.13) Gecko/20101203 Firefox/3.6.13"
209.216.189.147 - - [01/Feb/2011:20:18:56 -0800] "GET /~harold/green-h.png HTTP/1.1" 200 114 "http://ferality.net/~harold/" "Mozilla/5.0 (Windows; U; Windows NT 6.1; en-US; rv:1.9.2.13) Gecko/20101203 Firefox/3.6.13"
209.216.189.147 - - [01/Feb/2011:20:18:56 -0800] "GET /favicon.ico HTTP/1.1" 200 441 "-" "Mozilla/5.0 (Windows; U; Windows NT 6.1; en-US; rv:1.9.2.13) Gecko/20101203 Firefox/3.6.13"
208.80.194.26 - - [01/Feb/2011:21:21:45 -0800] "GET / HTTP/1.0" 200 148 "-" "Mozilla/4.0 (compatible; MSIE 6.0; Windows NT 5.0; T312461; F-6.0SP1-20030218; InfoPath.1; .NET CLR 2.0.50727)"
95.28.40.6 - - [02/Feb/2011:00:45:58 -0800] "GET /index.php/photos/album/1/photo/2.html HTTP/1.0" 200 148 "http://ferality.net/index.php/photos/album/1/photo/2.html" "Mozilla/4.0 (compatible; MSIE 6.0; Windows 98; Win 9x 4.90)"
79.135.143.126 - - [02/Feb/2011:05:14:21 -0800] "GET /index.php HTTP/1.0" 200 148 "http://ferality.net/index.php" "Mozilla/4.0 (compatible; MSIE 6.0; Windows NT 5.1; Maxthon; .NET CLR 1.1.4322)"
123.125.71.105 - - [02/Feb/2011:09:21:51 -0800] "GET / HTTP/1.1" 200 148 "-" "Baiduspider+(+http://www.baidu.com/search/spider.htm)"
69.28.58.25 - - [02/Feb/2011:12:31:22 -0800] "GET /robots.txt HTTP/1.0" 302 347 "-" "Mozilla/4.0 (compatible; MSIE 6.0; Windows NT 5.0) (larbin2.6.3@unspecified.mail)"
69.28.58.25 - - [02/Feb/2011:12:31:22 -0800] "GET / HTTP/1.0" 200 148 "-" "Mozilla/4.0 (compatible; MSIE 6.0; Windows NT 5.0) larbin2.6.3@unspecified.mail"
209.216.160.12 - - [02/Feb/2011:16:05:39 -0800] "GET /~harold HTTP/1.1" 301 380 "-" "Opera/9.80 (Windows NT 5.1; U; en) Presto/2.7.62 Version/11.00"
209.216.160.12 - - [02/Feb/2011:16:05:39 -0800] "GET /~harold/ HTTP/1.1" 200 36661 "-" "Opera/9.80 (Windows NT 5.1; U; en) Presto/2.7.62 Version/11.00"
209.216.160.12 - - [02/Feb/2011:16:05:40 -0800] "GET /~harold/green-h.png HTTP/1.1" 200 114 "http://ferality.net/~harold/" "Opera/9.80 (Windows NT 5.1; U; en) Presto/2.7.62 Version/11.00"
209.216.160.12 - - [02/Feb/2011:16:05:40 -0800] "GET /~harold/green-v.png HTTP/1.1" 200 107 "http://ferality.net/~harold/" "Opera/9.80 (Windows NT 5.1; U; en) Presto/2.7.62 Version/11.00"
209.216.160.12 - - [02/Feb/2011:16:05:40 -0800] "GET /~harold/yellow-v.png HTTP/1.1" 200 105 "http://ferality.net/~harold/" "Opera/9.80 (Windows NT 5.1; U; en) Presto/2.7.62 Version/11.00"
209.216.160.12 - - [02/Feb/2011:16:05:40 -0800] "GET /~harold/blue-h.png HTTP/1.1" 200 112 "http://ferality.net/~harold/" "Opera/9.80 (Windows NT 5.1; U; en) Presto/2.7.62 Version/11.00"
209.216.160.12 - - [02/Feb/2011:16:05:40 -0800] "GET /~harold/yellow-h.png HTTP/1.1" 200 110 "http://ferality.net/~harold/" "Opera/9.80 (Windows NT 5.1; U; en) Presto/2.7.62 Version/11.00"
209.216.160.12 - - [02/Feb/2011:16:05:40 -0800] "GET /~harold/yellow-h.png HTTP/1.1" 200 110 "http://ferality.net/~harold/" "Opera/9.80 (Windows NT 5.1; U; en) Presto/2.7.62 Version/11.00"
209.216.160.12 - - [02/Feb/2011:16:05:40 -0800] "GET /~harold/red-h.png HTTP/1.1" 200 110 "http://ferality.net/~harold/" "Opera/9.80 (Windows NT 5.1; U; en) Presto/2.7.62 Version/11.00"
209.216.160.12 - - [02/Feb/2011:16:05:40 -0800] "GET /favicon.ico HTTP/1.1" 200 441 "http://ferality.net/~harold/" "Opera/9.80 (Windows NT 5.1; U; en) Presto/2.7.62 Version/11.00"
123.125.71.115 - - [02/Feb/2011:17:34:51 -0800] "GET / HTTP/1.1" 200 148 "-" "Baiduspider+(+http://www.baidu.com/search/spider.htm)"
220.181.108.178 - - [02/Feb/2011:17:35:22 -0800] "GET / HTTP/1.1" 200 148 "-" "Baiduspider+(+http://www.baidu.com/search/spider.htm)"
74.111.12.244 - - [02/Feb/2011:18:41:55 -0800] "GET /robots.txt HTTP/1.0" 302 347 "-" "Mozilla/5.0 (compatible; MJ12bot/v1.3.3; http://www.majestic12.co.uk/bot.php?+)"
74.111.12.244 - - [02/Feb/2011:18:41:56 -0800] "GET / HTTP/1.1" 200 148 "-" "Mozilla/5.0 (compatible; MJ12bot/v1.3.3; http://www.majestic12.co.uk/bot.php?+)"
77.87.32.93 - - [03/Feb/2011:04:06:57 -0800] "GET /index.php++++++++++++++++++++++++++++++++++++++++++++++++++++Result:+%F4%EE%F0%F3%EC+%ED%E5+%ED%E0%E9%E4%E5%ED+/+%ED%E5+%F3%E4%E0%EB%EE%F1%FC+%EE%EF%F0%E5%E4%E5%EB%E8%F2%FC+IP HTTP/1.0" 302 347 "http://ferality.net/index.php++++++++++++++++++++++++++++++++++++++++++++++++++++Result:+%F4%EE%F0%F3%EC+%ED%E5+%ED%E0%E9%E4%E5%ED+/+%ED%E5+%F3%E4%E0%EB%EE%F1%FC+%EE%EF%F0%E5%E4%E5%EB%E8%F2%FC+IP" "Mozilla/4.0 (compatible; MSIE 6.0; Windows NT 5.2; Win64; AMD64)"
77.87.32.93 - - [03/Feb/2011:04:06:57 -0800] "GET / HTTP/1.0" 200 148 "http://ferality.net/" "Mozilla/4.0 (compatible; MSIE 6.0; Windows NT 5.2; Win64; AMD64)"
95.108.151.244 - - [03/Feb/2011:05:44:06 -0800] "GET /robots.txt HTTP/1.1" 302 347 "-" "Mozilla/5.0 (compatible; YandexBot/3.0; MirrorDetector; +http://yandex.com/bots)"
95.108.151.244 - - [03/Feb/2011:05:44:06 -0800] "GET /robots.txt HTTP/1.1" 302 351 "-" "Mozilla/5.0 (compatible; YandexBot/3.0; MirrorDetector; +http://yandex.com/bots)"
95.108.151.244 - - [03/Feb/2011:05:44:07 -0800] "GET / HTTP/1.1" 200 148 "-" "Mozilla/5.0 (compatible; YandexBot/3.0; MirrorDetector; +http://yandex.com/bots)"
95.108.151.244 - - [03/Feb/2011:05:44:07 -0800] "GET / HTTP/1.1" 200 148 "-" "Mozilla/5.0 (compatible; YandexBot/3.0; MirrorDetector; +http://yandex.com/bots)"
95.108.151.244 - - [03/Feb/2011:05:44:08 -0800] "GET / HTTP/1.1" 200 148 "-" "Mozilla/5.0 (compatible; YandexBot/3.0; MirrorDetector; +http://yandex.com/bots)"
95.108.151.244 - - [03/Feb/2011:05:44:08 -0800] "GET / HTTP/1.1" 200 148 "-" "Mozilla/5.0 (compatible; YandexBot/3.0; MirrorDetector; +http://yandex.com/bots)"
193.47.80.42 - - [03/Feb/2011:06:32:35 -0800] "GET /robots.txt HTTP/1.1" 302 347 "-" "Mozilla/5.0 (compatible; Exabot/3.0; +http://www.exabot.com/go/robot)"
193.47.80.42 - - [03/Feb/2011:06:32:35 -0800] "GET / HTTP/1.1" 200 148 "-" "Mozilla/5.0 (compatible; Exabot/3.0; +http://www.exabot.com/go/robot)"
193.47.80.42 - - [03/Feb/2011:06:32:36 -0800] "GET / HTTP/1.1" 200 148 "-" "Mozilla/5.0 (compatible; Exabot/3.0; +http://www.exabot.com/go/robot)"
85.17.26.68 - - [03/Feb/2011:08:13:13 -0800] "GET /index.php HTTP/1.1" 200 148 "-" "Mozilla/4.0 (compatible; MSIE 6.0; Windows NT 5.1; SV1)"
85.17.26.68 - - [03/Feb/2011:08:13:13 -0800] "GET /index.php/Phoo/Reply/id/27/albumid/1 HTTP/1.1" 200 148 "-" "Mozilla/4.0 (compatible; MSIE 6.0; Windows NT 5.1; SV1)"
208.80.194.26 - - [03/Feb/2011:09:33:51 -0800] "GET / HTTP/1.0" 200 148 "-" "Mozilla/4.0 (compatible; MSIE 6.0; Windows NT 5.0; Whirlpool BD2; H010818)"
123.125.71.117 - - [03/Feb/2011:10:43:57 -0800] "GET / HTTP/1.1" 200 148 "-" "Baiduspider+(+http://www.baidu.com/search/spider.htm)"
213.5.71.163 - - [03/Feb/2011:12:23:40 -0800] "GET /index.php HTTP/1.0" 200 148 "http://ferality.net/index.php" "Mozilla/4.0 (compatible; MSIE 6.0; Windows NT 5.1)"
123.125.71.113 - - [03/Feb/2011:16:33:05 -0800] "GET / HTTP/1.1" 200 148 "-" "Baiduspider+(+http://www.baidu.com/search/spider.htm)"
220.181.108.183 - - [03/Feb/2011:16:33:33 -0800] "GET / HTTP/1.1" 200 148 "-" "Baiduspider+(+http://www.baidu.com/search/spider.htm)"
123.125.71.96 - - [03/Feb/2011:17:33:57 -0800] "GET / HTTP/1.1" 200 148 "-" "Baiduspider+(+http://www.baidu.com/search/spider.htm)"
220.181.108.177 - - [03/Feb/2011:17:34:24 -0800] "GET / HTTP/1.1" 200 148 "-" "Baiduspider+(+http://www.baidu.com/search/spider.htm)"
85.178.74.174 - - [03/Feb/2011:19:40:36 -0800] "GET /robots.txt HTTP/1.0" 302 347 "-" "Mozilla/5.0 (compatible; MJ12bot/v1.3.3; http://www.majestic12.co.uk/bot.php?+)"
85.178.74.174 - - [03/Feb/2011:19:41:07 -0800] "GET / HTTP/1.1" 200 148 "-" "Mozilla/5.0 (compatible; MJ12bot/v1.3.3; http://www.majestic12.co.uk/bot.php?+)"
123.125.71.94 - - [04/Feb/2011:01:33:45 -0800] "GET / HTTP/1.1" 200 148 "-" "Baiduspider+(+http://www.baidu.com/search/spider.htm)"
220.181.108.182 - - [04/Feb/2011:01:34:13 -0800] "GET / HTTP/1.1" 200 148 "-" "Baiduspider+(+http://www.baidu.com/search/spider.htm)"
93.158.148.31 - - [04/Feb/2011:02:25:10 -0800] "GET /robots.txt HTTP/1.1" 302 351 "-" "Mozilla/5.0 (compatible; YandexBot/3.0; +http://yandex.com/bots)"
123.125.71.103 - - [04/Feb/2011:02:33:18 -0800] "GET / HTTP/1.1" 200 148 "-" "Baiduspider+(+http://www.baidu.com/search/spider.htm)"
220.181.108.187 - - [04/Feb/2011:02:33:49 -0800] "GET / HTTP/1.1" 200 148 "-" "Baiduspider+(+http://www.baidu.com/search/spider.htm)"
89.149.209.142 - - [04/Feb/2011:07:13:16 -0800] "GET /index.php/photos/album/1/photo/2.html HTTP/1.1" 200 148 "-" "Mozilla/4.0 (compatible; MSIE 6.0; Windows NT 5.1; SV1)"
123.125.71.95 - - [04/Feb/2011:08:35:47 -0800] "GET / HTTP/1.1" 200 148 "-" "Baiduspider+(+http://www.baidu.com/search/spider.htm)"
220.181.108.166 - - [04/Feb/2011:08:36:11 -0800] "GET / HTTP/1.1" 200 148 "-" "Baiduspider+(+http://www.baidu.com/search/spider.htm)"
178.171.57.193 - - [04/Feb/2011:09:18:43 -0800] "GET /index.php HTTP/1.0" 200 148 "http://ferality.net/index.php" "Mozilla/4.0 (compatible; MSIE 6.0; Windows NT 5.0; T312461)"
216.145.17.190 - - [04/Feb/2011:15:08:07 -0800] "GET /robots.txt HTTP/1.0" 302 351 "-" "Mozilla/5.0 (Windows; U; Windows NT 5.1; en; rv:1.9.0.13) Gecko/2009073022 Firefox/3.5.2 (.NET CLR 3.5.30729) SurveyBot/2.3 (DomainTools)"
216.145.17.190 - - [04/Feb/2011:15:08:07 -0800] "GET / HTTP/1.1" 200 148 "http://whois.domaintools.com/ferality.net" "Mozilla/5.0 (Windows; U; Windows NT 5.1; en; rv:1.9.0.13) Gecko/2009073022 Firefox/3.5.2 (.NET CLR 3.5.30729) SurveyBot/2.3 (DomainTools)"
66.249.67.69 - - [04/Feb/2011:16:02:42 -0800] "GET /robots.txt HTTP/1.1" 302 347 "-" "DoCoMo/2.0 N905i(c100;TB;W24H16) (compatible; Googlebot-Mobile/2.1; +http://www.google.com/bot.html)"
66.249.67.69 - - [04/Feb/2011:16:02:42 -0800] "GET / HTTP/1.1" 200 148 "-" "DoCoMo/2.0 N905i(c100;TB;W24H16) (compatible; Googlebot-Mobile/2.1; +http://www.google.com/bot.html)"
66.249.67.69 - - [04/Feb/2011:16:02:42 -0800] "GET / HTTP/1.1" 200 148 "-" "DoCoMo/2.0 N905i(c100;TB;W24H16) (compatible; Googlebot-Mobile/2.1; +http://www.google.com/bot.html)"
93.158.148.31 - - [04/Feb/2011:16:31:13 -0800] "GET / HTTP/1.1" 200 148 "-" "Mozilla/5.0 (compatible; YandexBot/3.0; +http://yandex.com/bots)"
209.216.189.147 - - [04/Feb/2011:17:19:16 -0800] "GET / HTTP/1.1" 200 148 "-" "Mozilla/5.0 (Windows; U; Windows NT 6.1; en-US; rv:1.9.2.13) Gecko/20101203 Firefox/3.6.13"
209.216.189.147 - - [04/Feb/2011:17:19:16 -0800] "GET /favicon.ico HTTP/1.1" 200 441 "-" "Mozilla/5.0 (Windows; U; Windows NT 6.1; en-US; rv:1.9.2.13) Gecko/20101203 Firefox/3.6.13"
209.216.189.147 - - [04/Feb/2011:17:19:23 -0800] "GET /~harold HTTP/1.1" 301 380 "-" "Mozilla/5.0 (Windows; U; Windows NT 6.1; en-US; rv:1.9.2.13) Gecko/20101203 Firefox/3.6.13"
209.216.189.147 - - [04/Feb/2011:17:19:23 -0800] "GET /~harold/ HTTP/1.1" 200 39738 "-" "Mozilla/5.0 (Windows; U; Windows NT 6.1; en-US; rv:1.9.2.13) Gecko/20101203 Firefox/3.6.13"
209.216.189.147 - - [04/Feb/2011:17:19:23 -0800] "GET /~harold/yellow-v.png HTTP/1.1" 200 105 "http://ferality.net/~harold/" "Mozilla/5.0 (Windows; U; Windows NT 6.1; en-US; rv:1.9.2.13) Gecko/20101203 Firefox/3.6.13"
209.216.189.147 - - [04/Feb/2011:17:19:23 -0800] "GET /~harold/green-h.png HTTP/1.1" 200 114 "http://ferality.net/~harold/" "Mozilla/5.0 (Windows; U; Windows NT 6.1; en-US; rv:1.9.2.13) Gecko/20101203 Firefox/3.6.13"
209.216.189.147 - - [04/Feb/2011:17:19:23 -0800] "GET /~harold/blue-v.png HTTP/1.1" 200 106 "http://ferality.net/~harold/" "Mozilla/5.0 (Windows; U; Windows NT 6.1; en-US; rv:1.9.2.13) Gecko/20101203 Firefox/3.6.13"
209.216.189.147 - - [04/Feb/2011:17:19:23 -0800] "GET /~harold/blue-h.png HTTP/1.1" 200 112 "http://ferality.net/~harold/" "Mozilla/5.0 (Windows; U; Windows NT 6.1; en-US; rv:1.9.2.13) Gecko/20101203 Firefox/3.6.13"
209.216.189.147 - - [04/Feb/2011:17:19:23 -0800] "GET /~harold/yellow-h.png HTTP/1.1" 200 110 "http://ferality.net/~harold/" "Mozilla/5.0 (Windows; U; Windows NT 6.1; en-US; rv:1.9.2.13) Gecko/20101203 Firefox/3.6.13"
209.216.189.147 - - [04/Feb/2011:17:19:23 -0800] "GET /~harold/red-h.png HTTP/1.1" 200 110 "http://ferality.net/~harold/" "Mozilla/5.0 (Windows; U; Windows NT 6.1; en-US; rv:1.9.2.13) Gecko/20101203 Firefox/3.6.13"
209.216.189.147 - - [04/Feb/2011:17:19:23 -0800] "GET /~harold/green-v.png HTTP/1.1" 200 107 "http://ferality.net/~harold/" "Mozilla/5.0 (Windows; U; Windows NT 6.1; en-US; rv:1.9.2.13) Gecko/20101203 Firefox/3.6.13"
67.195.37.89 - - [04/Feb/2011:17:59:02 -0800] "GET /robots.txt HTTP/1.0" 302 351 "-" "Mozilla/5.0 (compatible; Yahoo! Slurp; http://help.yahoo.com/help/us/ysearch/slurp)"
67.195.37.89 - - [04/Feb/2011:17:59:03 -0800] "GET / HTTP/1.0" 200 148 "-" "Mozilla/5.0 (compatible; Yahoo! Slurp; http://help.yahoo.com/help/us/ysearch/slurp)"
67.195.37.89 - - [04/Feb/2011:17:59:03 -0800] "GET / HTTP/1.0" 200 148 "-" "Mozilla/5.0 (compatible; Yahoo! Slurp; http://help.yahoo.com/help/us/ysearch/slurp)"
184.154.7.186 - - [04/Feb/2011:20:26:24 -0800] "GET /robots.txt HTTP/1.0" 302 347 "-" "Mozilla/5.0 (compatible; MJ12bot/v1.3.3; http://www.majestic12.co.uk/bot.php?+)"
184.154.7.186 - - [04/Feb/2011:20:26:27 -0800] "GET / HTTP/1.0" 200 148 "-" "Mozilla/5.0 (compatible; MJ12bot/v1.3.3; http://www.majestic12.co.uk/bot.php?+)"
69.60.242.51 - - [04/Feb/2011:20:32:28 -0800] "GET /~harold HTTP/1.1" 301 380 "-" "Mozilla/5.0 (Windows; U; Windows NT 6.1; en-US; rv:1.9.2.13) Gecko/20101203 Firefox/3.6.13"
69.60.242.51 - - [04/Feb/2011:20:32:28 -0800] "GET /~harold/ HTTP/1.1" 200 42976 "-" "Mozilla/5.0 (Windows; U; Windows NT 6.1; en-US; rv:1.9.2.13) Gecko/20101203 Firefox/3.6.13"
69.60.242.51 - - [04/Feb/2011:20:32:29 -0800] "GET /~harold/blue-v.png HTTP/1.1" 200 106 "http://ferality.net/~harold/" "Mozilla/5.0 (Windows; U; Windows NT 6.1; en-US; rv:1.9.2.13) Gecko/20101203 Firefox/3.6.13"
69.60.242.51 - - [04/Feb/2011:20:32:29 -0800] "GET /~harold/yellow-h.png HTTP/1.1" 200 110 "http://ferality.net/~harold/" "Mozilla/5.0 (Windows; U; Windows NT 6.1; en-US; rv:1.9.2.13) Gecko/20101203 Firefox/3.6.13"
69.60.242.51 - - [04/Feb/2011:20:32:29 -0800] "GET /~harold/blue-h.png HTTP/1.1" 200 112 "http://ferality.net/~harold/" "Mozilla/5.0 (Windows; U; Windows NT 6.1; en-US; rv:1.9.2.13) Gecko/20101203 Firefox/3.6.13"
69.60.242.51 - - [04/Feb/2011:20:32:29 -0800] "GET /~harold/green-h.png HTTP/1.1" 200 114 "http://ferality.net/~harold/" "Mozilla/5.0 (Windows; U; Windows NT 6.1; en-US; rv:1.9.2.13) Gecko/20101203 Firefox/3.6.13"
69.60.242.51 - - [04/Feb/2011:20:32:29 -0800] "GET /~harold/red-v.png HTTP/1.1" 200 104 "http://ferality.net/~harold/" "Mozilla/5.0 (Windows; U; Windows NT 6.1; en-US; rv:1.9.2.13) Gecko/20101203 Firefox/3.6.13"
69.60.242.51 - - [04/Feb/2011:20:32:29 -0800] "GET /~harold/red-h.png HTTP/1.1" 200 110 "http://ferality.net/~harold/" "Mozilla/5.0 (Windows; U; Windows NT 6.1; en-US; rv:1.9.2.13) Gecko/20101203 Firefox/3.6.13"
69.60.242.51 - - [04/Feb/2011:20:32:32 -0800] "GET /~harold/green-v.png HTTP/1.1" 200 107 "http://ferality.net/~harold/" "Mozilla/5.0 (Windows; U; Windows NT 6.1; en-US; rv:1.9.2.13) Gecko/20101203 Firefox/3.6.13"
69.60.242.51 - - [04/Feb/2011:20:32:38 -0800] "GET /~harold/yellow-v.png HTTP/1.1" 200 105 "http://ferality.net/~harold/" "Mozilla/5.0 (Windows; U; Windows NT 6.1; en-US; rv:1.9.2.13) Gecko/20101203 Firefox/3.6.13"
69.60.242.51 - - [04/Feb/2011:20:32:39 -0800] "GET /favicon.ico HTTP/1.1" 200 441 "-" "Mozilla/5.0 (Windows; U; Windows NT 6.1; en-US; rv:1.9.2.13) Gecko/20101203 Firefox/3.6.13"
89.149.209.142 - - [04/Feb/2011:21:14:45 -0800] "GET /index.php/photos/album/1/photo/2.html HTTP/1.1" 200 148 "-" "Mozilla/4.0 (compatible; MSIE 6.0; Windows NT 5.1; SV1)"
208.80.194.33 - - [04/Feb/2011:21:48:09 -0800] "GET / HTTP/1.0" 200 148 "-" "Mozilla/4.0 (compatible; MSIE 6.0; Windows 98; Win 9x 4.90; HbTools 4.8.4)"
66.249.67.69 - - [04/Feb/2011:22:56:19 -0800] "GET /robots.txt HTTP/1.1" 302 347 "-" "SAMSUNG-SGH-E250/1.0 Profile/MIDP-2.0 Configuration/CLDC-1.1 UP.Browser/6.2.3.3.c.1.101 (GUI) MMP/2.0 (compatible; Googlebot-Mobile/2.1; +http://www.google.com/bot.html)"
66.249.67.69 - - [04/Feb/2011:22:56:19 -0800] "GET / HTTP/1.1" 200 148 "-" "SAMSUNG-SGH-E250/1.0 Profile/MIDP-2.0 Configuration/CLDC-1.1 UP.Browser/6.2.3.3.c.1.101 (GUI) MMP/2.0 (compatible; Googlebot-Mobile/2.1; +http://www.google.com/bot.html)"
66.249.67.69 - - [04/Feb/2011:22:56:19 -0800] "GET / HTTP/1.1" 200 148 "-" "SAMSUNG-SGH-E250/1.0 Profile/MIDP-2.0 Configuration/CLDC-1.1 UP.Browser/6.2.3.3.c.1.101 (GUI) MMP/2.0 (compatible; Googlebot-Mobile/2.1; +http://www.google.com/bot.html)"
123.125.71.113 - - [05/Feb/2011:00:34:35 -0800] "GET / HTTP/1.1" 200 148 "-" "Baiduspider+(+http://www.baidu.com/search/spider.htm)"
220.181.108.172 - - [05/Feb/2011:00:35:07 -0800] "GET / HTTP/1.1" 200 148 "-" "Baiduspider+(+http://www.baidu.com/search/spider.htm)"
67.195.111.228 - - [05/Feb/2011:04:42:28 -0800] "GET /robots.txt HTTP/1.0" 302 347 "-" "Mozilla/5.0 (compatible; Yahoo! Slurp; http://help.yahoo.com/help/us/ysearch/slurp)"
67.195.111.228 - - [05/Feb/2011:04:42:28 -0800] "GET / HTTP/1.0" 200 148 "-" "Mozilla/5.0 (compatible; Yahoo! Slurp; http://help.yahoo.com/help/us/ysearch/slurp)"
