174.129.117.237 - - [15/Feb/2011:16:01:37 -0800] "HEAD / HTTP/1.1" 200 - "-" "Mozilla/5.0 (Windows; U; Windows NT 5.1; en-US) AppleWebKit/525.13 (KHTML, like Gecko) Chrome/0.A.B.C Safari/525.13"
64.246.178.34 - - [15/Feb/2011:16:50:37 -0800] "GET /robots.txt HTTP/1.0" 302 351 "-" "Mozilla/5.0 (Windows; U; Windows NT 5.1; en; rv:1.9.0.13) Gecko/2009073022 Firefox/3.5.2 (.NET CLR 3.5.30729) SurveyBot/2.3 (DomainTools)"
64.246.178.34 - - [15/Feb/2011:16:50:37 -0800] "GET / HTTP/1.1" 200 148 "http://whois.domaintools.com/ferality.net" "Mozilla/5.0 (Windows; U; Windows NT 5.1; en; rv:1.9.0.13) Gecko/2009073022 Firefox/3.5.2 (.NET CLR 3.5.30729) SurveyBot/2.3 (DomainTools)"
123.125.71.107 - - [15/Feb/2011:17:38:15 -0800] "GET / HTTP/1.1" 200 148 "-" "Baiduspider+(+http://www.baidu.com/search/spider.htm)"
220.181.108.184 - - [15/Feb/2011:17:38:47 -0800] "GET / HTTP/1.1" 200 148 "-" "Baiduspider+(+http://www.baidu.com/search/spider.htm)"
87.155.57.209 - - [15/Feb/2011:23:24:03 -0800] "GET /index.php/photos/album/1/photo/2.html HTTP/1.0" 200 148 "http://electroniccigarette0.com" "Mozilla/4.0 (compatible; MSIE 5.5; Windows NT 4.0)"
87.155.57.209 - - [15/Feb/2011:23:24:04 -0800] "GET / HTTP/1.0" 200 148 "http://ferality.net/" "Mozilla/4.0 (compatible; MSIE 5.5; Windows NT 4.0)"
91.217.90.56 - - [16/Feb/2011:03:18:49 -0800] "GET /index.php/photos/album/1/photo/2.html HTTP/1.1" 200 148 "-" "Mozilla/4.0 (compatible; MSIE 6.0; Windows NT 5.1; SV1)"
91.217.90.56 - - [16/Feb/2011:03:49:37 -0800] "GET /index.php/photos/album/1/photo/2.html HTTP/1.1" 200 148 "-" "Mozilla/4.0 (compatible; MSIE 6.0; Windows NT 5.1; SV1)"
91.217.90.56 - - [16/Feb/2011:04:20:22 -0800] "GET /index.php/photos/album/1/photo/2.html HTTP/1.1" 200 148 "-" "Mozilla/4.0 (compatible; MSIE 6.0; Windows NT 5.1; SV1)"
91.217.90.56 - - [16/Feb/2011:04:50:41 -0800] "GET /index.php/photos/album/1/photo/2.html HTTP/1.1" 200 148 "-" "Mozilla/4.0 (compatible; MSIE 6.0; Windows NT 5.1; SV1)"
91.217.90.56 - - [16/Feb/2011:05:21:19 -0800] "GET /index.php/photos/album/1/photo/2.html HTTP/1.1" 200 148 "-" "Mozilla/4.0 (compatible; MSIE 6.0; Windows NT 5.1; SV1)"
184.154.7.186 - - [16/Feb/2011:06:53:53 -0800] "GET /robots.txt HTTP/1.0" 302 347 "-" "Mozilla/5.0 (compatible; MJ12bot/v1.3.3; http://www.majestic12.co.uk/bot.php?+)"
184.154.7.186 - - [16/Feb/2011:06:53:53 -0800] "GET / HTTP/1.0" 200 148 "-" "Mozilla/5.0 (compatible; MJ12bot/v1.3.3; http://www.majestic12.co.uk/bot.php?+)"
91.217.90.56 - - [16/Feb/2011:07:24:04 -0800] "GET /index.php/photos/album/1/photo/2.html HTTP/1.1" 200 148 "-" "Mozilla/4.0 (compatible; MSIE 6.0; Windows NT 5.1; SV1)"
77.79.11.227 - - [16/Feb/2011:07:33:09 -0800] "GET /index.php HTTP/1.0" 200 148 "https://sites.google.com/site/tehnogame" "Mozilla/4.0 (compatible; MSIE 6.0; Windows NT 5.1; SV1; .NET CLR 1.1.4322) NS8/0.9.6"
91.217.90.56 - - [16/Feb/2011:07:54:22 -0800] "GET /index.php/photos/album/1/photo/2.html HTTP/1.1" 200 148 "-" "Mozilla/4.0 (compatible; MSIE 6.0; Windows NT 5.1; SV1)"
91.217.90.56 - - [16/Feb/2011:08:25:01 -0800] "GET /index.php/photos/album/1/photo/2.html HTTP/1.1" 200 148 "-" "Mozilla/4.0 (compatible; MSIE 6.0; Windows NT 5.1; SV1)"
91.217.90.56 - - [16/Feb/2011:08:55:36 -0800] "GET /index.php/photos/album/1/photo/2.html HTTP/1.1" 200 148 "-" "Mozilla/4.0 (compatible; MSIE 6.0; Windows NT 5.1; SV1)"
91.217.90.56 - - [16/Feb/2011:09:56:55 -0800] "GET /index.php/photos/album/1/photo/2.html HTTP/1.1" 200 148 "-" "Mozilla/4.0 (compatible; MSIE 6.0; Windows NT 5.1; SV1)"
91.217.90.56 - - [16/Feb/2011:10:27:09 -0800] "GET /index.php/photos/album/1/photo/2.html HTTP/1.1" 200 148 "-" "Mozilla/4.0 (compatible; MSIE 6.0; Windows NT 5.1; SV1)"
91.217.90.56 - - [16/Feb/2011:10:57:30 -0800] "GET /index.php/photos/album/1/photo/2.html HTTP/1.1" 200 148 "-" "Mozilla/4.0 (compatible; MSIE 6.0; Windows NT 5.1; SV1)"
71.227.179.224 - - [16/Feb/2011:11:03:11 -0800] "GET /~harold/ HTTP/1.1" 200 26188 "-" "Mozilla/5.0 (Windows; U; Windows NT 6.1; en-US) AppleWebKit/534.13 (KHTML, like Gecko) Chrome/9.0.597.98 Safari/534.13"
71.227.179.224 - - [16/Feb/2011:11:03:11 -0800] "GET /~harold/green-v.png HTTP/1.1" 200 107 "http://ferality.net/~harold/" "Mozilla/5.0 (Windows; U; Windows NT 6.1; en-US) AppleWebKit/534.13 (KHTML, like Gecko) Chrome/9.0.597.98 Safari/534.13"
71.227.179.224 - - [16/Feb/2011:11:03:11 -0800] "GET /~harold/blue-h.png HTTP/1.1" 200 112 "http://ferality.net/~harold/" "Mozilla/5.0 (Windows; U; Windows NT 6.1; en-US) AppleWebKit/534.13 (KHTML, like Gecko) Chrome/9.0.597.98 Safari/534.13"
71.227.179.224 - - [16/Feb/2011:11:03:11 -0800] "GET /~harold/yellow-h.png HTTP/1.1" 200 110 "http://ferality.net/~harold/" "Mozilla/5.0 (Windows; U; Windows NT 6.1; en-US) AppleWebKit/534.13 (KHTML, like Gecko) Chrome/9.0.597.98 Safari/534.13"
71.227.179.224 - - [16/Feb/2011:11:03:11 -0800] "GET /~harold/red-h.png HTTP/1.1" 200 110 "http://ferality.net/~harold/" "Mozilla/5.0 (Windows; U; Windows NT 6.1; en-US) AppleWebKit/534.13 (KHTML, like Gecko) Chrome/9.0.597.98 Safari/534.13"
71.227.179.224 - - [16/Feb/2011:11:03:11 -0800] "GET /~harold/green-h.png HTTP/1.1" 200 114 "http://ferality.net/~harold/" "Mozilla/5.0 (Windows; U; Windows NT 6.1; en-US) AppleWebKit/534.13 (KHTML, like Gecko) Chrome/9.0.597.98 Safari/534.13"
91.217.90.56 - - [16/Feb/2011:11:27:51 -0800] "GET /index.php/photos/album/1/photo/2.html HTTP/1.1" 200 148 "-" "Mozilla/4.0 (compatible; MSIE 6.0; Windows NT 5.1; SV1)"
123.125.71.105 - - [16/Feb/2011:11:41:41 -0800] "GET / HTTP/1.1" 200 148 "-" "Baiduspider+(+http://www.baidu.com/search/spider.htm)"
91.217.90.56 - - [16/Feb/2011:11:58:19 -0800] "GET /index.php/photos/album/1/photo/2.html HTTP/1.1" 200 148 "-" "Mozilla/4.0 (compatible; MSIE 6.0; Windows NT 5.1; SV1)"
91.217.90.56 - - [16/Feb/2011:12:28:45 -0800] "GET /index.php/photos/album/1/photo/2.html HTTP/1.1" 200 148 "-" "Mozilla/4.0 (compatible; MSIE 6.0; Windows NT 5.1; SV1)"
201.18.239.171 - - [16/Feb/2011:12:36:33 -0800] "GET /index.php/photos/album/1/photo/2.html HTTP/1.0" 200 148 "-" "Mozilla/4.0 (compatible; MSIE 6.0; Windows NT 5.1; SV1)"
91.217.90.56 - - [16/Feb/2011:12:59:06 -0800] "GET /index.php/photos/album/1/photo/2.html HTTP/1.1" 200 148 "-" "Mozilla/4.0 (compatible; MSIE 6.0; Windows NT 5.1; SV1)"
91.217.90.56 - - [16/Feb/2011:13:29:16 -0800] "GET /index.php/photos/album/1/photo/2.html HTTP/1.1" 200 148 "-" "Mozilla/4.0 (compatible; MSIE 6.0; Windows NT 5.1; SV1)"
173.193.221.28 - - [16/Feb/2011:13:52:35 -0800] "GET /index.php/photos/album/1/photo/2.html HTTP/1.1" 200 148 "-" "Mozilla/4.0 (compatible; MSIE 6.0; Windows NT 5.1; SV1)"
91.217.90.56 - - [16/Feb/2011:13:59:38 -0800] "GET /index.php/photos/album/1/photo/2.html HTTP/1.1" 200 148 "-" "Mozilla/4.0 (compatible; MSIE 6.0; Windows NT 5.1; SV1)"
91.217.90.56 - - [16/Feb/2011:14:29:54 -0800] "GET /index.php/photos/album/1/photo/2.html HTTP/1.1" 200 148 "-" "Mozilla/4.0 (compatible; MSIE 6.0; Windows NT 5.1; SV1)"
91.217.90.56 - - [16/Feb/2011:15:00:06 -0800] "GET /index.php/photos/album/1/photo/2.html HTTP/1.1" 200 148 "-" "Mozilla/4.0 (compatible; MSIE 6.0; Windows NT 5.1; SV1)"
119.145.139.242 - - [16/Feb/2011:15:08:25 -0800] "GET /index.php/photos/album/1/photo/2.html HTTP/1.0" 200 148 "-" "Mozilla/4.0 (compatible; MSIE 6.0; Windows NT 5.1; SV1)"
91.217.90.56 - - [16/Feb/2011:15:30:35 -0800] "GET /index.php/photos/album/1/photo/2.html HTTP/1.1" 200 148 "-" "Mozilla/4.0 (compatible; MSIE 6.0; Windows NT 5.1; SV1)"
91.201.66.171 - - [16/Feb/2011:15:40:11 -0800] "GET /index.php HTTP/1.0" 200 148 "http://ferality.net/index.php" "Mozilla/0.6 Beta (Windows)"
93.158.148.31 - - [16/Feb/2011:15:58:49 -0800] "GET /robots.txt HTTP/1.1" 302 351 "-" "Mozilla/5.0 (compatible; YandexBot/3.0; +http://yandex.com/bots)"
112.133.203.163 - - [16/Feb/2011:16:23:05 -0800] "GET /index.php/photos/album/1/photo/2.html HTTP/1.1" 200 148 "-" "Mozilla/4.0 (compatible; MSIE 6.0; Windows NT 5.1; SV1)"
123.125.71.98 - - [16/Feb/2011:16:36:38 -0800] "GET / HTTP/1.1" 200 148 "-" "Baiduspider+(+http://www.baidu.com/search/spider.htm)"
220.181.108.170 - - [16/Feb/2011:16:37:07 -0800] "GET / HTTP/1.1" 200 148 "-" "Baiduspider+(+http://www.baidu.com/search/spider.htm)"
91.217.90.56 - - [16/Feb/2011:17:01:35 -0800] "GET /index.php/photos/album/1/photo/2.html HTTP/1.1" 200 148 "-" "Mozilla/4.0 (compatible; MSIE 6.0; Windows NT 5.1; SV1)"
93.158.148.31 - - [16/Feb/2011:17:20:58 -0800] "GET / HTTP/1.1" 200 148 "-" "Mozilla/5.0 (compatible; YandexBot/3.0; +http://yandex.com/bots)"
91.217.90.56 - - [16/Feb/2011:17:32:09 -0800] "GET /index.php/photos/album/1/photo/2.html HTTP/1.1" 200 148 "-" "Mozilla/4.0 (compatible; MSIE 6.0; Windows NT 5.1; SV1)"
91.217.90.56 - - [16/Feb/2011:18:02:42 -0800] "GET /index.php/photos/album/1/photo/2.html HTTP/1.1" 200 148 "-" "Mozilla/4.0 (compatible; MSIE 6.0; Windows NT 5.1; SV1)"
91.217.90.56 - - [16/Feb/2011:18:33:05 -0800] "GET /index.php/photos/album/1/photo/2.html HTTP/1.1" 200 148 "-" "Mozilla/4.0 (compatible; MSIE 6.0; Windows NT 5.1; SV1)"
220.181.108.146 - - [16/Feb/2011:18:56:19 -0800] "GET /robots.txt HTTP/1.1" 302 347 "-" "Baiduspider+(+http://www.baidu.com/search/spider.htm)"
91.217.90.56 - - [16/Feb/2011:19:03:27 -0800] "GET /index.php/photos/album/1/photo/2.html HTTP/1.1" 200 148 "-" "Mozilla/4.0 (compatible; MSIE 6.0; Windows NT 5.1; SV1)"
91.217.90.56 - - [16/Feb/2011:19:33:36 -0800] "GET /index.php/photos/album/1/photo/2.html HTTP/1.1" 200 148 "-" "Mozilla/4.0 (compatible; MSIE 6.0; Windows NT 5.1; SV1)"
91.217.90.56 - - [16/Feb/2011:20:04:13 -0800] "GET /index.php/photos/album/1/photo/2.html HTTP/1.1" 200 148 "-" "Mozilla/4.0 (compatible; MSIE 6.0; Windows NT 5.1; SV1)"
91.217.90.56 - - [16/Feb/2011:20:34:21 -0800] "GET /index.php/photos/album/1/photo/2.html HTTP/1.1" 200 148 "-" "Mozilla/4.0 (compatible; MSIE 6.0; Windows NT 5.1; SV1)"
71.227.179.224 - - [16/Feb/2011:20:41:05 -0800] "GET /~harold/green-v.png HTTP/1.1" 304 - "http://ferality.net/~harold/" "Mozilla/5.0 (Windows; U; Windows NT 6.1; en-US) AppleWebKit/534.13 (KHTML, like Gecko) Chrome/9.0.597.98 Safari/534.13"
71.227.179.224 - - [16/Feb/2011:20:41:05 -0800] "GET /~harold/red-v.png HTTP/1.1" 200 104 "http://ferality.net/~harold/" "Mozilla/5.0 (Windows; U; Windows NT 6.1; en-US) AppleWebKit/534.13 (KHTML, like Gecko) Chrome/9.0.597.98 Safari/534.13"
71.227.179.224 - - [16/Feb/2011:20:41:05 -0800] "GET /~harold/red-v.png HTTP/1.1" 200 104 "http://ferality.net/~harold/" "Mozilla/5.0 (Windows; U; Windows NT 6.1; en-US) AppleWebKit/534.13 (KHTML, like Gecko) Chrome/9.0.597.98 Safari/534.13"
71.227.179.224 - - [16/Feb/2011:20:41:05 -0800] "GET /~harold/yellow-v.png HTTP/1.1" 200 105 "http://ferality.net/~harold/" "Mozilla/5.0 (Windows; U; Windows NT 6.1; en-US) AppleWebKit/534.13 (KHTML, like Gecko) Chrome/9.0.597.98 Safari/534.13"
71.227.179.224 - - [16/Feb/2011:20:41:05 -0800] "GET /~harold/yellow-v.png HTTP/1.1" 200 105 "http://ferality.net/~harold/" "Mozilla/5.0 (Windows; U; Windows NT 6.1; en-US) AppleWebKit/534.13 (KHTML, like Gecko) Chrome/9.0.597.98 Safari/534.13"
71.227.179.224 - - [16/Feb/2011:20:41:05 -0800] "GET /~harold/ HTTP/1.1" 200 37082 "-" "Mozilla/5.0 (Windows; U; Windows NT 6.1; en-US) AppleWebKit/534.13 (KHTML, like Gecko) Chrome/9.0.597.98 Safari/534.13"
71.227.179.224 - - [16/Feb/2011:20:41:05 -0800] "GET /~harold/blue-h.png HTTP/1.1" 304 - "http://ferality.net/~harold/" "Mozilla/5.0 (Windows; U; Windows NT 6.1; en-US) AppleWebKit/534.13 (KHTML, like Gecko) Chrome/9.0.597.98 Safari/534.13"
71.227.179.224 - - [16/Feb/2011:20:41:05 -0800] "GET /~harold/yellow-h.png HTTP/1.1" 304 - "http://ferality.net/~harold/" "Mozilla/5.0 (Windows; U; Windows NT 6.1; en-US) AppleWebKit/534.13 (KHTML, like Gecko) Chrome/9.0.597.98 Safari/534.13"
71.227.179.224 - - [16/Feb/2011:20:41:05 -0800] "GET /~harold/green-h.png HTTP/1.1" 304 - "http://ferality.net/~harold/" "Mozilla/5.0 (Windows; U; Windows NT 6.1; en-US) AppleWebKit/534.13 (KHTML, like Gecko) Chrome/9.0.597.98 Safari/534.13"
71.227.179.224 - - [16/Feb/2011:20:41:05 -0800] "GET /~harold/red-h.png HTTP/1.1" 304 - "http://ferality.net/~harold/" "Mozilla/5.0 (Windows; U; Windows NT 6.1; en-US) AppleWebKit/534.13 (KHTML, like Gecko) Chrome/9.0.597.98 Safari/534.13"
91.217.90.56 - - [16/Feb/2011:21:04:35 -0800] "GET /index.php/photos/album/1/photo/2.html HTTP/1.1" 200 148 "-" "Mozilla/4.0 (compatible; MSIE 6.0; Windows NT 5.1; SV1)"
91.217.90.56 - - [16/Feb/2011:21:35:00 -0800] "GET /index.php/photos/album/1/photo/2.html HTTP/1.1" 200 148 "-" "Mozilla/4.0 (compatible; MSIE 6.0; Windows NT 5.1; SV1)"
208.80.194.33 - - [16/Feb/2011:21:59:22 -0800] "GET / HTTP/1.0" 200 148 "-" "Mozilla/4.0 (compatible; MSIE 7.0; Windows NT 5.1; YPC 3.2.0; SpamBlockerUtility 4.8.4; yplus 5.1.04b)"
91.217.90.56 - - [16/Feb/2011:22:05:36 -0800] "GET /index.php/photos/album/1/photo/2.html HTTP/1.1" 200 148 "-" "Mozilla/4.0 (compatible; MSIE 6.0; Windows NT 5.1; SV1)"
91.217.90.56 - - [16/Feb/2011:22:36:09 -0800] "GET /index.php/photos/album/1/photo/2.html HTTP/1.1" 200 148 "-" "Mozilla/4.0 (compatible; MSIE 6.0; Windows NT 5.1; SV1)"
125.75.204.22 - - [16/Feb/2011:23:01:16 -0800] "GET /index.php/photos/album/1/photo/2.html HTTP/1.1" 200 148 "-" "Mozilla/4.0 (compatible; MSIE 6.0; Windows NT 5.1; SV1)"
91.217.90.56 - - [16/Feb/2011:23:07:04 -0800] "GET /index.php/photos/album/1/photo/2.html HTTP/1.1" 200 148 "-" "Mozilla/4.0 (compatible; MSIE 6.0; Windows NT 5.1; SV1)"
66.249.67.69 - - [16/Feb/2011:23:58:32 -0800] "GET /robots.txt HTTP/1.1" 302 347 "-" "Mozilla/5.0 (compatible; Googlebot/2.1; +http://www.google.com/bot.html)"
66.249.67.69 - - [16/Feb/2011:23:58:32 -0800] "GET / HTTP/1.1" 200 148 "-" "Mozilla/5.0 (compatible; Googlebot/2.1; +http://www.google.com/bot.html)"
66.249.67.69 - - [16/Feb/2011:23:58:32 -0800] "GET / HTTP/1.1" 200 148 "-" "Mozilla/5.0 (compatible; Googlebot/2.1; +http://www.google.com/bot.html)"
91.217.90.56 - - [17/Feb/2011:00:08:09 -0800] "GET /index.php/photos/album/1/photo/2.html HTTP/1.1" 200 148 "-" "Mozilla/4.0 (compatible; MSIE 6.0; Windows NT 5.1; SV1)"
94.137.162.52 - - [17/Feb/2011:00:19:27 -0800] "GET /index.php/photos/album/1/photo/2.html HTTP/1.1" 200 148 "-" "Mozilla/4.0 (compatible; MSIE 6.0; Windows NT 5.1; SV1)"
91.217.90.56 - - [17/Feb/2011:00:38:44 -0800] "GET /index.php/photos/album/1/photo/2.html HTTP/1.1" 200 148 "-" "Mozilla/4.0 (compatible; MSIE 6.0; Windows NT 5.1; SV1)"
91.217.90.56 - - [17/Feb/2011:01:09:13 -0800] "GET /index.php/photos/album/1/photo/2.html HTTP/1.1" 200 148 "-" "Mozilla/4.0 (compatible; MSIE 6.0; Windows NT 5.1; SV1)"
91.143.58.1 - - [17/Feb/2011:01:35:25 -0800] "GET /index.php/photos/album/1/photo/2.html HTTP/1.0" 200 148 "-" "Mozilla/4.0 (compatible; MSIE 6.0; Windows NT 5.1; SV1)"
91.217.90.56 - - [17/Feb/2011:01:39:55 -0800] "GET /index.php/photos/album/1/photo/2.html HTTP/1.1" 200 148 "-" "Mozilla/4.0 (compatible; MSIE 6.0; Windows NT 5.1; SV1)"
91.217.90.56 - - [17/Feb/2011:02:10:24 -0800] "GET /index.php/photos/album/1/photo/2.html HTTP/1.1" 200 148 "-" "Mozilla/4.0 (compatible; MSIE 6.0; Windows NT 5.1; SV1)"
91.217.90.56 - - [17/Feb/2011:02:40:55 -0800] "GET /index.php/photos/album/1/photo/2.html HTTP/1.1" 200 148 "-" "Mozilla/4.0 (compatible; MSIE 6.0; Windows NT 5.1; SV1)"
123.242.153.113 - - [17/Feb/2011:02:50:19 -0800] "GET /index.php/photos/album/1/photo/2.html HTTP/1.1" 200 148 "-" "Mozilla/4.0 (compatible; MSIE 6.0; Windows NT 5.1; SV1)"
91.217.90.56 - - [17/Feb/2011:03:11:25 -0800] "GET /index.php/photos/album/1/photo/2.html HTTP/1.1" 200 148 "-" "Mozilla/4.0 (compatible; MSIE 6.0; Windows NT 5.1; SV1)"
91.217.90.56 - - [17/Feb/2011:03:42:07 -0800] "GET /index.php/photos/album/1/photo/2.html HTTP/1.1" 200 148 "-" "Mozilla/4.0 (compatible; MSIE 6.0; Windows NT 5.1; SV1)"
119.145.139.242 - - [17/Feb/2011:04:09:15 -0800] "GET /index.php/photos/album/1/photo/2.html HTTP/1.0" 200 148 "-" "Mozilla/4.0 (compatible; MSIE 6.0; Windows NT 5.1; SV1)"
91.217.90.56 - - [17/Feb/2011:04:12:39 -0800] "GET /index.php/photos/album/1/photo/2.html HTTP/1.1" 200 148 "-" "Mozilla/4.0 (compatible; MSIE 6.0; Windows NT 5.1; SV1)"
91.217.90.56 - - [17/Feb/2011:04:43:18 -0800] "GET /index.php/photos/album/1/photo/2.html HTTP/1.1" 200 148 "-" "Mozilla/4.0 (compatible; MSIE 6.0; Windows NT 5.1; SV1)"
91.217.90.56 - - [17/Feb/2011:05:13:52 -0800] "GET /index.php/photos/album/1/photo/2.html HTTP/1.1" 200 148 "-" "Mozilla/4.0 (compatible; MSIE 6.0; Windows NT 5.1; SV1)"
58.215.78.157 - - [17/Feb/2011:05:29:00 -0800] "GET /index.php/photos/album/1/photo/2.html HTTP/1.1" 200 148 "-" "Mozilla/4.0 (compatible; MSIE 6.0; Windows NT 5.1; SV1)"
91.217.90.56 - - [17/Feb/2011:05:44:22 -0800] "GET /index.php/photos/album/1/photo/2.html HTTP/1.1" 200 148 "-" "Mozilla/4.0 (compatible; MSIE 6.0; Windows NT 5.1; SV1)"
91.217.90.56 - - [17/Feb/2011:06:45:49 -0800] "GET /index.php/photos/album/1/photo/2.html HTTP/1.1" 200 148 "-" "Mozilla/4.0 (compatible; MSIE 6.0; Windows NT 5.1; SV1)"
60.247.25.2 - - [17/Feb/2011:06:47:11 -0800] "GET /index.php/photos/album/1/photo/2.html HTTP/1.1" 200 148 "-" "Mozilla/4.0 (compatible; MSIE 6.0; Windows NT 5.1; SV1)"
91.217.90.56 - - [17/Feb/2011:07:16:26 -0800] "GET /index.php/photos/album/1/photo/2.html HTTP/1.1" 200 148 "-" "Mozilla/4.0 (compatible; MSIE 6.0; Windows NT 5.1; SV1)"
91.217.90.56 - - [17/Feb/2011:07:47:08 -0800] "GET /index.php/photos/album/1/photo/2.html HTTP/1.1" 200 148 "-" "Mozilla/4.0 (compatible; MSIE 6.0; Windows NT 5.1; SV1)"
202.28.66.115 - - [17/Feb/2011:08:03:13 -0800] "GET /index.php/photos/album/1/photo/2.html HTTP/1.1" 200 148 "-" "Mozilla/4.0 (compatible; MSIE 6.0; Windows NT 5.1; SV1)"
94.181.13.174 - - [17/Feb/2011:08:12:21 -0800] "GET /index.php/photos/album/1/photo/2.html HTTP/1.0" 200 148 "http://ferality.net/index.php/photos/album/1/photo/2.html" "Mozilla/4.0 (compatible; MSIE 5.5; Windows NT 5.0; .NET CLR 1.1.4322)"
94.181.13.174 - - [17/Feb/2011:08:12:21 -0800] "GET / HTTP/1.0" 200 148 "http://ferality.net/" "Mozilla/4.0 (compatible; MSIE 5.5; Windows NT 5.0; .NET CLR 1.1.4322)"
91.217.90.56 - - [17/Feb/2011:08:17:44 -0800] "GET /index.php/photos/album/1/photo/2.html HTTP/1.1" 200 148 "-" "Mozilla/4.0 (compatible; MSIE 6.0; Windows NT 5.1; SV1)"
69.115.241.123 - - [17/Feb/2011:08:19:48 -0800] "GET /robots.txt HTTP/1.0" 302 347 "-" "Mozilla/5.0 (compatible; MJ12bot/v1.3.3; http://www.majestic12.co.uk/bot.php?+)"
69.115.241.123 - - [17/Feb/2011:08:19:51 -0800] "GET / HTTP/1.1" 200 148 "-" "Mozilla/5.0 (compatible; MJ12bot/v1.3.3; http://www.majestic12.co.uk/bot.php?+)"
91.217.90.56 - - [17/Feb/2011:08:48:22 -0800] "GET /index.php/photos/album/1/photo/2.html HTTP/1.1" 200 148 "-" "Mozilla/4.0 (compatible; MSIE 6.0; Windows NT 5.1; SV1)"
201.18.239.171 - - [17/Feb/2011:09:18:39 -0800] "GET /index.php/photos/album/1/photo/2.html HTTP/1.0" 200 148 "-" "Mozilla/4.0 (compatible; MSIE 6.0; Windows NT 5.1; SV1)"
91.217.90.56 - - [17/Feb/2011:09:55:00 -0800] "GET /index.php/photos/album/1/photo/2.html HTTP/1.1" 200 148 "-" "Mozilla/4.0 (compatible; MSIE 6.0; Windows NT 5.1; SV1)"
91.217.90.56 - - [17/Feb/2011:10:25:10 -0800] "GET /index.php/photos/album/1/photo/2.html HTTP/1.1" 200 148 "-" "Mozilla/4.0 (compatible; MSIE 6.0; Windows NT 5.1; SV1)"
202.100.77.199 - - [17/Feb/2011:10:32:08 -0800] "GET /index.php/photos/album/1/photo/2.html HTTP/1.1" 200 148 "-" "Mozilla/4.0 (compatible; MSIE 6.0; Windows NT 5.1; SV1)"
91.217.90.56 - - [17/Feb/2011:10:55:36 -0800] "GET /index.php/photos/album/1/photo/2.html HTTP/1.1" 200 148 "-" "Mozilla/4.0 (compatible; MSIE 6.0; Windows NT 5.1; SV1)"
91.217.90.56 - - [17/Feb/2011:11:26:02 -0800] "GET /index.php/photos/album/1/photo/2.html HTTP/1.1" 200 148 "-" "Mozilla/4.0 (compatible; MSIE 6.0; Windows NT 5.1; SV1)"
91.217.90.56 - - [17/Feb/2011:11:56:13 -0800] "GET /index.php/photos/album/1/photo/2.html HTTP/1.1" 200 148 "-" "Mozilla/4.0 (compatible; MSIE 6.0; Windows NT 5.1; SV1)"
91.217.90.56 - - [17/Feb/2011:12:26:31 -0800] "GET /index.php/photos/album/1/photo/2.html HTTP/1.1" 200 148 "-" "Mozilla/4.0 (compatible; MSIE 6.0; Windows NT 5.1; SV1)"
91.217.90.56 - - [17/Feb/2011:13:27:16 -0800] "GET /index.php/photos/album/1/photo/2.html HTTP/1.1" 200 148 "-" "Mozilla/4.0 (compatible; MSIE 6.0; Windows NT 5.1; SV1)"
91.217.90.56 - - [17/Feb/2011:13:57:20 -0800] "GET /index.php/photos/album/1/photo/2.html HTTP/1.1" 200 148 "-" "Mozilla/4.0 (compatible; MSIE 6.0; Windows NT 5.1; SV1)"
91.217.90.56 - - [17/Feb/2011:14:27:49 -0800] "GET /index.php/photos/album/1/photo/2.html HTTP/1.1" 200 148 "-" "Mozilla/4.0 (compatible; MSIE 6.0; Windows NT 5.1; SV1)"
63.223.80.52 - - [17/Feb/2011:14:31:23 -0800] "GET / HTTP/1.0" 200 148 "-" "Mozilla/5.0 (Windows; U; Windows NT 5.1; en-US; rv:1.9.2.13) Gecko/20101203 Firefox/3.6.13 ( .NET CLR 3.5.30729)"
63.223.80.52 - - [17/Feb/2011:14:31:24 -0800] "GET /favicon.ico HTTP/1.0" 200 441 "-" "Mozilla/5.0 (Windows; U; Windows NT 5.1; en-US; rv:1.9.2.13) Gecko/20101203 Firefox/3.6.13 ( .NET CLR 3.5.30729)"
91.217.90.56 - - [17/Feb/2011:14:57:52 -0800] "GET /index.php/photos/album/1/photo/2.html HTTP/1.1" 200 148 "-" "Mozilla/4.0 (compatible; MSIE 6.0; Windows NT 5.1; SV1)"
91.217.90.56 - - [17/Feb/2011:15:28:05 -0800] "GET /index.php/photos/album/1/photo/2.html HTTP/1.1" 200 148 "-" "Mozilla/4.0 (compatible; MSIE 6.0; Windows NT 5.1; SV1)"
91.217.90.56 - - [17/Feb/2011:16:28:31 -0800] "GET /index.php/photos/album/1/photo/2.html HTTP/1.1" 200 148 "-" "Mozilla/4.0 (compatible; MSIE 6.0; Windows NT 5.1; SV1)"
91.217.90.56 - - [17/Feb/2011:16:59:01 -0800] "GET /index.php/photos/album/1/photo/2.html HTTP/1.1" 200 148 "-" "Mozilla/4.0 (compatible; MSIE 6.0; Windows NT 5.1; SV1)"
91.217.90.56 - - [17/Feb/2011:17:29:29 -0800] "GET /index.php/photos/album/1/photo/2.html HTTP/1.1" 200 148 "-" "Mozilla/4.0 (compatible; MSIE 6.0; Windows NT 5.1; SV1)"
91.217.90.56 - - [17/Feb/2011:18:30:06 -0800] "GET /index.php/photos/album/1/photo/2.html HTTP/1.1" 200 148 "-" "Mozilla/4.0 (compatible; MSIE 6.0; Windows NT 5.1; SV1)"
91.217.90.56 - - [17/Feb/2011:19:30:49 -0800] "GET /index.php/photos/album/1/photo/2.html HTTP/1.1" 200 148 "-" "Mozilla/4.0 (compatible; MSIE 6.0; Windows NT 5.1; SV1)"
95.79.213.42 - - [17/Feb/2011:20:13:22 -0800] "GET /index.php HTTP/1.0" 200 148 "http://ferality.net/index.php" "Mozilla/4.0 (compatible; Powermarks/3.5; Windows 95/98/2000/NT)"
91.217.90.56 - - [17/Feb/2011:20:31:42 -0800] "GET /index.php/photos/album/1/photo/2.html HTTP/1.1" 200 148 "-" "Mozilla/4.0 (compatible; MSIE 6.0; Windows NT 5.1; SV1)"
91.217.90.56 - - [17/Feb/2011:21:02:03 -0800] "GET /index.php/photos/album/1/photo/2.html HTTP/1.1" 200 148 "-" "Mozilla/4.0 (compatible; MSIE 6.0; Windows NT 5.1; SV1)"
91.217.90.56 - - [17/Feb/2011:21:32:41 -0800] "GET /index.php/photos/album/1/photo/2.html HTTP/1.1" 200 148 "-" "Mozilla/4.0 (compatible; MSIE 6.0; Windows NT 5.1; SV1)"
91.217.90.56 - - [17/Feb/2011:22:02:57 -0800] "GET /index.php/photos/album/1/photo/2.html HTTP/1.1" 200 148 "-" "Mozilla/4.0 (compatible; MSIE 6.0; Windows NT 5.1; SV1)"
91.217.90.56 - - [17/Feb/2011:22:33:35 -0800] "GET /index.php/photos/album/1/photo/2.html HTTP/1.1" 200 148 "-" "Mozilla/4.0 (compatible; MSIE 6.0; Windows NT 5.1; SV1)"
91.217.90.56 - - [17/Feb/2011:23:04:04 -0800] "GET /index.php/photos/album/1/photo/2.html HTTP/1.1" 200 148 "-" "Mozilla/4.0 (compatible; MSIE 6.0; Windows NT 5.1; SV1)"
91.217.90.56 - - [17/Feb/2011:23:34:54 -0800] "GET /index.php/photos/album/1/photo/2.html HTTP/1.1" 200 148 "-" "Mozilla/4.0 (compatible; MSIE 6.0; Windows NT 5.1; SV1)"
91.217.90.56 - - [18/Feb/2011:00:04:58 -0800] "GET /index.php/photos/album/1/photo/2.html HTTP/1.1" 200 148 "-" "Mozilla/4.0 (compatible; MSIE 6.0; Windows NT 5.1; SV1)"
91.217.90.56 - - [18/Feb/2011:00:35:24 -0800] "GET /index.php/photos/album/1/photo/2.html HTTP/1.1" 200 148 "-" "Mozilla/4.0 (compatible; MSIE 6.0; Windows NT 5.1; SV1)"
123.125.71.107 - - [18/Feb/2011:00:37:00 -0800] "GET / HTTP/1.1" 200 148 "-" "Baiduspider+(+http://www.baidu.com/search/spider.htm)"
220.181.108.176 - - [18/Feb/2011:00:37:31 -0800] "GET / HTTP/1.1" 200 148 "-" "Baiduspider+(+http://www.baidu.com/search/spider.htm)"
91.217.90.56 - - [18/Feb/2011:01:05:46 -0800] "GET /index.php/photos/album/1/photo/2.html HTTP/1.1" 200 148 "-" "Mozilla/4.0 (compatible; MSIE 6.0; Windows NT 5.1; SV1)"
94.100.25.52 - - [18/Feb/2011:01:26:27 -0800] "GET /index.php/Phoo/Reply/id/27/albumid/1 HTTP/1.1" 200 148 "-" "Mozilla/4.0 (compatible; MSIE 6.0; Windows NT 5.1; SV1)"
91.217.90.56 - - [18/Feb/2011:01:35:57 -0800] "GET /index.php/photos/album/1/photo/2.html HTTP/1.1" 200 148 "-" "Mozilla/4.0 (compatible; MSIE 6.0; Windows NT 5.1; SV1)"
91.217.90.56 - - [18/Feb/2011:02:06:25 -0800] "GET /index.php/photos/album/1/photo/2.html HTTP/1.1" 200 148 "-" "Mozilla/4.0 (compatible; MSIE 6.0; Windows NT 5.1; SV1)"
91.217.90.56 - - [18/Feb/2011:02:36:57 -0800] "GET /index.php/photos/album/1/photo/2.html HTTP/1.1" 200 148 "-" "Mozilla/4.0 (compatible; MSIE 6.0; Windows NT 5.1; SV1)"
91.217.90.56 - - [18/Feb/2011:03:07:35 -0800] "GET /index.php/photos/album/1/photo/2.html HTTP/1.1" 200 148 "-" "Mozilla/4.0 (compatible; MSIE 6.0; Windows NT 5.1; SV1)"
91.217.90.56 - - [18/Feb/2011:03:38:08 -0800] "GET /index.php/photos/album/1/photo/2.html HTTP/1.1" 200 148 "-" "Mozilla/4.0 (compatible; MSIE 6.0; Windows NT 5.1; SV1)"
174.121.25.52 - - [18/Feb/2011:04:07:53 -0800] "POST /%22Log HTTP/1.1" 302 347 "-" "Mozilla/5.0 (Windows; U; Windows NT 5.1; en-US; rv:1.9.2) Gecko/20100115 Firefox/3.6"
91.217.90.56 - - [18/Feb/2011:04:08:33 -0800] "GET /index.php/photos/album/1/photo/2.html HTTP/1.1" 200 148 "-" "Mozilla/4.0 (compatible; MSIE 6.0; Windows NT 5.1; SV1)"
174.121.25.52 - - [18/Feb/2011:04:08:46 -0800] "POST /%22Log HTTP/1.1" 302 347 "-" "Mozilla/5.0 (Windows; U; Windows NT 5.1; en-US; rv:1.9.2) Gecko/20100115 Firefox/3.6"
91.217.90.56 - - [18/Feb/2011:04:39:01 -0800] "GET /index.php/photos/album/1/photo/2.html HTTP/1.1" 200 148 "-" "Mozilla/4.0 (compatible; MSIE 6.0; Windows NT 5.1; SV1)"
91.217.90.56 - - [18/Feb/2011:05:09:32 -0800] "GET /index.php/photos/album/1/photo/2.html HTTP/1.1" 200 148 "-" "Mozilla/4.0 (compatible; MSIE 6.0; Windows NT 5.1; SV1)"
66.249.67.69 - - [18/Feb/2011:05:25:50 -0800] "GET /robots.txt HTTP/1.1" 302 347 "-" "DoCoMo/2.0 N905i(c100;TB;W24H16) (compatible; Googlebot-Mobile/2.1; +http://www.google.com/bot.html)"
66.249.67.69 - - [18/Feb/2011:05:25:50 -0800] "GET / HTTP/1.1" 200 148 "-" "DoCoMo/2.0 N905i(c100;TB;W24H16) (compatible; Googlebot-Mobile/2.1; +http://www.google.com/bot.html)"
66.249.67.69 - - [18/Feb/2011:05:25:50 -0800] "GET / HTTP/1.1" 200 148 "-" "DoCoMo/2.0 N905i(c100;TB;W24H16) (compatible; Googlebot-Mobile/2.1; +http://www.google.com/bot.html)"
123.125.71.103 - - [18/Feb/2011:05:26:23 -0800] "GET / HTTP/1.1" 200 148 "-" "Baiduspider+(+http://www.baidu.com/search/spider.htm)"
91.217.90.56 - - [18/Feb/2011:05:40:30 -0800] "GET /index.php/photos/album/1/photo/2.html HTTP/1.1" 200 148 "-" "Mozilla/4.0 (compatible; MSIE 6.0; Windows NT 5.1; SV1)"
64.202.161.41 - - [18/Feb/2011:06:10:19 -0800] "GET / HTTP/1.1" 200 148 "-" "Mozilla/5.0 (Windows; U; Windows NT 5.1; en-US; rv:1.9.1.8) Gecko/20100202 Firefox/3.5.8 ( .NET CLR 3.5.30729)"
64.202.161.41 - - [18/Feb/2011:06:10:26 -0800] "GET / HTTP/1.1" 200 148 "-" "Mozilla/5.0 (Windows; U; Windows NT 5.1; en-US; rv:1.9.1.8) Gecko/20100202 Firefox/3.5.8 ( .NET CLR 3.5.30729)"
208.77.41.74 - - [18/Feb/2011:08:52:42 -0800] "GET /robots.txt HTTP/1.0" 302 347 "-" "Mozilla/5.0 (compatible; MJ12bot/v1.3.3; http://www.majestic12.co.uk/bot.php?+)"
208.77.41.74 - - [18/Feb/2011:08:52:42 -0800] "GET / HTTP/1.0" 200 148 "-" "Mozilla/5.0 (compatible; MJ12bot/v1.3.3; http://www.majestic12.co.uk/bot.php?+)"
208.80.194.27 - - [18/Feb/2011:09:19:00 -0800] "GET / HTTP/1.0" 200 148 "-" "Mozilla/4.0 (compatible; MSIE 6.0; Windows NT 5.1; {32244DFA-EAAC-3685-7D5A-3282095F2778}; .NET CLR 1.1.4322)"
193.47.80.42 - - [18/Feb/2011:09:22:43 -0800] "GET /robots.txt HTTP/1.1" 302 347 "-" "Mozilla/5.0 (compatible; Exabot/3.0; +http://www.exabot.com/go/robot)"
193.47.80.42 - - [18/Feb/2011:09:22:43 -0800] "GET / HTTP/1.1" 200 148 "-" "Mozilla/5.0 (compatible; Exabot/3.0; +http://www.exabot.com/go/robot)"
193.47.80.42 - - [18/Feb/2011:09:22:43 -0800] "GET / HTTP/1.1" 200 148 "-" "Mozilla/5.0 (compatible; Exabot/3.0; +http://www.exabot.com/go/robot)"
67.195.111.228 - - [18/Feb/2011:10:13:24 -0800] "GET /robots.txt HTTP/1.0" 302 347 "-" "Mozilla/5.0 (compatible; Yahoo! Slurp; http://help.yahoo.com/help/us/ysearch/slurp)"
67.195.111.228 - - [18/Feb/2011:10:13:24 -0800] "GET / HTTP/1.0" 200 148 "-" "Mozilla/5.0 (compatible; Yahoo! Slurp; http://help.yahoo.com/help/us/ysearch/slurp)"
67.195.111.228 - - [18/Feb/2011:10:13:25 -0800] "GET / HTTP/1.0" 200 148 "-" "Mozilla/5.0 (compatible; Yahoo! Slurp; http://help.yahoo.com/help/us/ysearch/slurp)"
220.181.7.30 - - [18/Feb/2011:15:38:59 -0800] "GET /robots.txt HTTP/1.1" 302 347 "-" "Baiduspider+(+http://www.baidu.com/search/spider.htm)"
66.249.67.69 - - [18/Feb/2011:18:26:19 -0800] "GET / HTTP/1.1" 200 148 "-" "SAMSUNG-SGH-E250/1.0 Profile/MIDP-2.0 Configuration/CLDC-1.1 UP.Browser/6.2.3.3.c.1.101 (GUI) MMP/2.0 (compatible; Googlebot-Mobile/2.1; +http://www.google.com/bot.html)"
66.249.67.69 - - [18/Feb/2011:18:47:24 -0800] "GET / HTTP/1.1" 200 148 "-" "Mozilla/5.0 (compatible; Googlebot/2.1; +http://www.google.com/bot.html)"
174.129.117.237 - - [18/Feb/2011:21:20:16 -0800] "HEAD / HTTP/1.1" 200 - "-" "Mozilla/5.0 (Windows; U; Windows NT 5.1; en-US) AppleWebKit/525.13 (KHTML, like Gecko) Chrome/0.A.B.C Safari/525.13"
71.227.179.224 - - [18/Feb/2011:23:10:38 -0800] "GET /~dug/ HTTP/1.1" 200 86 "-" "Mozilla/5.0 (Macintosh; U; Intel Mac OS X 10_6_2; en-US) AppleWebKit/534.20 (KHTML, like Gecko) Chrome/11.0.672.2 Safari/534.20"
71.227.179.224 - - [18/Feb/2011:23:10:39 -0800] "GET /favicon.ico HTTP/1.1" 200 441 "-" "Mozilla/5.0 (Macintosh; U; Intel Mac OS X 10_6_2; en-US) AppleWebKit/534.20 (KHTML, like Gecko) Chrome/11.0.672.2 Safari/534.20"
71.227.179.224 - - [18/Feb/2011:23:11:41 -0800] "GET /~dug/graydude.JPG HTTP/1.1" 200 152317 "-" "Mozilla/5.0 (Macintosh; U; Intel Mac OS X 10_6_2; en-US) AppleWebKit/534.20 (KHTML, like Gecko) Chrome/11.0.672.2 Safari/534.20"
66.249.67.161 - - [19/Feb/2011:01:30:49 -0800] "GET /robots.txt HTTP/1.1" 302 351 "-" "Mozilla/5.0 (compatible; Googlebot/2.1; +http://www.google.com/bot.html)"
66.249.67.161 - - [19/Feb/2011:01:30:49 -0800] "GET / HTTP/1.1" 200 148 "-" "Mozilla/5.0 (compatible; Googlebot/2.1; +http://www.google.com/bot.html)"
123.125.71.101 - - [19/Feb/2011:04:09:48 -0800] "GET / HTTP/1.1" 200 148 "-" "Baiduspider+(+http://www.baidu.com/search/spider.htm)"
95.27.67.54 - - [19/Feb/2011:05:32:19 -0800] "GET / HTTP/1.1" 200 148 "http://yandex.ru/yandsearch?text=Fatal+Error+SegSt" "Opera/9.80 (Windows NT 5.1; U; ru) Presto/2.6.30 Version/10.63"
203.29.157.36 - - [19/Feb/2011:06:10:46 -0800] "GET /index.php/photos/album/1/photo/2.html HTTP/1.1" 200 148 "-" "Mozilla/4.0 (compatible; MSIE 6.0; Windows NT 5.1; SV1)"
213.230.23.101 - - [19/Feb/2011:07:41:48 -0800] "GET /index.php/photos/album/1/photo/2.html HTTP/1.1" 200 148 "-" "Mozilla/4.0 (compatible; MSIE 6.0; Windows NT 5.1; SV1)"
123.125.71.112 - - [19/Feb/2011:07:51:49 -0800] "GET / HTTP/1.1" 200 148 "-" "Baiduspider+(+http://www.baidu.com/search/spider.htm)"
220.181.108.166 - - [19/Feb/2011:07:52:37 -0800] "GET / HTTP/1.1" 200 148 "-" "Baiduspider+(+http://www.baidu.com/search/spider.htm)"
66.249.67.161 - - [19/Feb/2011:09:09:22 -0800] "GET /robots.txt HTTP/1.1" 302 351 "-" "Mozilla/5.0 (compatible; Googlebot/2.1; +http://www.google.com/bot.html)"
66.249.67.161 - - [19/Feb/2011:09:09:22 -0800] "GET / HTTP/1.1" 200 148 "-" "Mozilla/5.0 (compatible; Googlebot/2.1; +http://www.google.com/bot.html)"
123.242.153.97 - - [19/Feb/2011:09:11:20 -0800] "GET /index.php/photos/album/1/photo/2.html HTTP/1.1" 200 148 "-" "Mozilla/4.0 (compatible; MSIE 6.0; Windows NT 5.1; SV1)"
74.111.12.244 - - [19/Feb/2011:10:05:07 -0800] "GET /robots.txt HTTP/1.0" 302 347 "-" "Mozilla/5.0 (compatible; MJ12bot/v1.3.3; http://www.majestic12.co.uk/bot.php?+)"
74.111.12.244 - - [19/Feb/2011:10:05:09 -0800] "GET / HTTP/1.1" 200 148 "-" "Mozilla/5.0 (compatible; MJ12bot/v1.3.3; http://www.majestic12.co.uk/bot.php?+)"
112.133.203.163 - - [19/Feb/2011:10:38:42 -0800] "GET /index.php/photos/album/1/photo/2.html HTTP/1.1" 200 148 "-" "Mozilla/4.0 (compatible; MSIE 6.0; Windows NT 5.1; SV1)"
91.121.106.202 - - [19/Feb/2011:12:23:34 -0800] "GET /index.php/photos/album/1/photo/2.html HTTP/1.1" 200 148 "-" "Mozilla/4.0 (compatible; MSIE 6.0; Windows NT 5.1; SV1)"
112.65.244.93 - - [19/Feb/2011:14:04:04 -0800] "GET /index.php/photos/album/1/photo/2.html HTTP/1.1" 200 148 "-" "Mozilla/4.0 (compatible; MSIE 6.0; Windows NT 5.1; SV1)"
219.135.215.36 - - [19/Feb/2011:15:37:10 -0800] "GET /index.php/photos/album/1/photo/2.html HTTP/1.1" 200 148 "-" "Mozilla/4.0 (compatible; MSIE 6.0; Windows NT 5.1; SV1)"
200.0.28.2 - - [19/Feb/2011:17:12:09 -0800] "GET /index.php/photos/album/1/photo/2.html HTTP/1.0" 200 148 "-" "Mozilla/4.0 (compatible; MSIE 6.0; Windows NT 5.1; SV1)"
188.92.240.246 - - [19/Feb/2011:18:49:46 -0800] "GET /index.php/photos/album/1/photo/2.html HTTP/1.0" 200 148 "-" "Mozilla/4.0 (compatible; MSIE 6.0; Windows NT 5.1; SV1)"
220.181.108.144 - - [19/Feb/2011:19:29:44 -0800] "GET /robots.txt HTTP/1.1" 302 347 "-" "Baiduspider+(+http://www.baidu.com/search/spider.htm)"
208.80.194.33 - - [19/Feb/2011:20:15:47 -0800] "GET / HTTP/1.0" 200 148 "-" "Mozilla/4.0 (compatible; MSIE 6.0; Windows NT 5.1; {39905275-0DF9-BC2F-BA66-0C877F7F967D})"
193.47.80.42 - - [19/Feb/2011:20:21:11 -0800] "GET /robots.txt HTTP/1.1" 302 347 "-" "Mozilla/5.0 (compatible; Exabot/3.0; +http://www.exabot.com/go/robot)"
193.47.80.42 - - [19/Feb/2011:20:21:12 -0800] "GET / HTTP/1.1" 200 148 "-" "Mozilla/5.0 (compatible; Exabot/3.0; +http://www.exabot.com/go/robot)"
193.47.80.42 - - [19/Feb/2011:20:21:12 -0800] "GET / HTTP/1.1" 200 148 "-" "Mozilla/5.0 (compatible; Exabot/3.0; +http://www.exabot.com/go/robot)"
200.27.160.19 - - [19/Feb/2011:20:27:15 -0800] "GET /index.php/photos/album/1/photo/2.html HTTP/1.1" 200 148 "-" "Mozilla/4.0 (compatible; MSIE 6.0; Windows NT 5.1; SV1)"
210.64.59.131 - - [19/Feb/2011:22:01:01 -0800] "GET /index.php/photos/album/1/photo/2.html HTTP/1.1" 200 148 "-" "Mozilla/4.0 (compatible; MSIE 6.0; Windows NT 5.1; SV1)"
221.213.50.115 - - [19/Feb/2011:23:38:31 -0800] "GET /index.php/photos/album/1/photo/2.html HTTP/1.0" 200 148 "-" "Mozilla/4.0 (compatible; MSIE 6.0; Windows NT 5.1; SV1)"
62.215.5.66 - - [20/Feb/2011:01:13:35 -0800] "GET /index.php/photos/album/1/photo/2.html HTTP/1.1" 200 148 "-" "Mozilla/4.0 (compatible; MSIE 6.0; Windows NT 5.1; SV1)"
123.125.71.97 - - [20/Feb/2011:02:37:12 -0800] "GET / HTTP/1.1" 200 148 "-" "Baiduspider+(+http://www.baidu.com/search/spider.htm)"
220.181.108.181 - - [20/Feb/2011:02:37:43 -0800] "GET / HTTP/1.1" 200 148 "-" "Baiduspider+(+http://www.baidu.com/search/spider.htm)"
123.242.153.98 - - [20/Feb/2011:02:44:38 -0800] "GET /index.php/photos/album/1/photo/2.html HTTP/1.1" 200 148 "-" "Mozilla/4.0 (compatible; MSIE 6.0; Windows NT 5.1; SV1)"
221.0.79.70 - - [20/Feb/2011:04:25:33 -0800] "GET /index.php/photos/album/1/photo/2.html HTTP/1.1" 200 148 "-" "Mozilla/4.0 (compatible; MSIE 6.0; Windows NT 5.1; SV1)"
112.133.203.163 - - [20/Feb/2011:06:26:54 -0800] "GET /index.php/photos/album/1/photo/2.html HTTP/1.1" 200 148 "-" "Mozilla/4.0 (compatible; MSIE 6.0; Windows NT 5.1; SV1)"
213.180.89.165 - - [20/Feb/2011:08:10:05 -0800] "GET /index.php/photos/album/1/photo/2.html HTTP/1.1" 200 148 "-" "Mozilla/4.0 (compatible; MSIE 6.0; Windows NT 5.1; SV1)"
123.125.71.103 - - [20/Feb/2011:09:35:05 -0800] "GET / HTTP/1.1" 200 148 "-" "Baiduspider+(+http://www.baidu.com/search/spider.htm)"
118.182.246.56 - - [20/Feb/2011:10:22:29 -0800] "GET /index.php/photos/album/1/photo/2.html HTTP/1.1" 200 148 "-" "Mozilla/4.0 (compatible; MSIE 6.0; Windows NT 5.1; SV1)"
208.77.41.74 - - [20/Feb/2011:10:56:14 -0800] "GET /robots.txt HTTP/1.0" 302 347 "-" "Mozilla/5.0 (compatible; MJ12bot/v1.3.3; http://www.majestic12.co.uk/bot.php?+)"
208.77.41.74 - - [20/Feb/2011:10:56:15 -0800] "GET / HTTP/1.0" 200 148 "-" "Mozilla/5.0 (compatible; MJ12bot/v1.3.3; http://www.majestic12.co.uk/bot.php?+)"
93.158.148.31 - - [20/Feb/2011:11:21:28 -0800] "GET /robots.txt HTTP/1.1" 302 351 "-" "Mozilla/5.0 (compatible; YandexBot/3.0; +http://yandex.com/bots)"
212.92.245.228 - - [20/Feb/2011:11:48:59 -0800] "GET /index.php/photos/album/1/photo/2.html HTTP/1.1" 200 148 "-" "Opera/9.64 (Windows NT 5.1; U; ru) Presto/2.1.1"
113.53.230.242 - - [20/Feb/2011:12:11:32 -0800] "GET /index.php/photos/album/1/photo/2.html HTTP/1.0" 200 148 "-" "Mozilla/4.0 (compatible; MSIE 6.0; Windows NT 5.1; SV1)"
93.158.148.31 - - [20/Feb/2011:13:05:35 -0800] "GET / HTTP/1.1" 200 148 "-" "Mozilla/5.0 (compatible; YandexBot/3.0; +http://yandex.com/bots)"
210.101.131.231 - - [20/Feb/2011:14:01:51 -0800] "GET /index.php/photos/album/1/photo/2.html HTTP/1.0" 200 148 "-" "Mozilla/4.0 (compatible; MSIE 6.0; Windows NT 5.1; SV1)"
221.122.60.237 - - [20/Feb/2011:15:31:50 -0800] "GET /index.php/photos/album/1/photo/2.html HTTP/1.1" 200 148 "-" "Mozilla/4.0 (compatible; MSIE 6.0; Windows NT 5.1; SV1)"
123.125.71.106 - - [20/Feb/2011:15:38:17 -0800] "GET / HTTP/1.1" 200 148 "-" "Baiduspider+(+http://www.baidu.com/search/spider.htm)"
220.181.108.79 - - [20/Feb/2011:15:38:39 -0800] "GET / HTTP/1.1" 200 148 "-" "Baiduspider+(+http://www.baidu.com/search/spider.htm)"
85.17.170.109 - - [20/Feb/2011:16:36:03 -0800] "GET /index.php/photos/album/1/photo/2.html HTTP/1.0" 200 148 "http://ferality.net/index.php/photos/album/1/photo/2.html" "Mozilla/4.0 (compatible; MSIE 6.0; Windows NT 5.1; SV1; Media Center PC"
85.17.170.109 - - [20/Feb/2011:16:36:03 -0800] "GET / HTTP/1.0" 200 148 "http://ferality.net/" "Mozilla/4.0 (compatible; MSIE 6.0; Windows NT 5.1; SV1; Media Center PC"
173.14.5.140 - - [20/Feb/2011:17:08:32 -0800] "GET /index.php/photos/album/1/photo/2.html HTTP/1.1" 200 148 "-" "Mozilla/4.0 (compatible; MSIE 6.0; Windows NT 5.1; SV1)"
220.181.108.144 - - [20/Feb/2011:17:33:23 -0800] "GET /robots.txt HTTP/1.1" 302 347 "-" "Baiduspider+(+http://www.baidu.com/search/spider.htm)"
110.75.120.247 - - [20/Feb/2011:18:52:43 -0800] "GET /index.php/photos/album/1/photo/2.html HTTP/1.1" 200 148 "-" "Mozilla/4.0 (compatible; MSIE 6.0; Windows NT 5.1; SV1)"
222.122.227.211 - - [20/Feb/2011:20:30:16 -0800] "GET /index.php/photos/album/1/photo/2.html HTTP/1.1" 200 148 "-" "Mozilla/4.0 (compatible; MSIE 6.0; Windows NT 5.1; SV1)"
129.228.15.142 - - [20/Feb/2011:22:03:58 -0800] "GET /index.php/photos/album/1/photo/2.html HTTP/1.1" 200 148 "-" "Mozilla/4.0 (compatible; MSIE 6.0; Windows NT 5.1; SV1)"
123.125.71.103 - - [21/Feb/2011:00:37:35 -0800] "GET / HTTP/1.1" 200 148 "-" "Baiduspider+(+http://www.baidu.com/search/spider.htm)"
220.181.108.171 - - [21/Feb/2011:00:38:05 -0800] "GET / HTTP/1.1" 200 148 "-" "Baiduspider+(+http://www.baidu.com/search/spider.htm)"
123.125.71.101 - - [21/Feb/2011:01:36:27 -0800] "GET / HTTP/1.1" 200 148 "-" "Baiduspider+(+http://www.baidu.com/search/spider.htm)"
220.181.108.175 - - [21/Feb/2011:01:36:57 -0800] "GET / HTTP/1.1" 200 148 "-" "Baiduspider+(+http://www.baidu.com/search/spider.htm)"
91.217.90.56 - - [21/Feb/2011:06:39:24 -0800] "GET /index.php/photos/album/1/photo/2.html HTTP/1.1" 200 148 "-" "Mozilla/4.0 (compatible; MSIE 6.0; Windows NT 5.1; SV1)"
91.217.90.56 - - [21/Feb/2011:07:11:58 -0800] "GET /index.php/photos/album/1/photo/2.html HTTP/1.1" 200 148 "-" "Mozilla/4.0 (compatible; MSIE 6.0; Windows NT 5.1; SV1)"
208.80.194.36 - - [21/Feb/2011:07:25:03 -0800] "GET / HTTP/1.0" 200 148 "-" "Mozilla/4.0 (compatible; MSIE 7.0; Windows NT 5.1; Maxthon; .NET CLR 1.1.4322; .NET CLR 2.0.50727; Maxthon 2.0)"
91.217.90.56 - - [21/Feb/2011:07:44:43 -0800] "GET /index.php/photos/album/1/photo/2.html HTTP/1.1" 200 148 "-" "Mozilla/4.0 (compatible; MSIE 6.0; Windows NT 5.1; SV1)"
91.217.90.56 - - [21/Feb/2011:08:17:25 -0800] "GET /index.php/photos/album/1/photo/2.html HTTP/1.1" 200 148 "-" "Mozilla/4.0 (compatible; MSIE 6.0; Windows NT 5.1; SV1)"
91.217.90.56 - - [21/Feb/2011:08:50:25 -0800] "GET /index.php/photos/album/1/photo/2.html HTTP/1.1" 200 148 "-" "Mozilla/4.0 (compatible; MSIE 6.0; Windows NT 5.1; SV1)"
123.125.71.104 - - [21/Feb/2011:09:07:20 -0800] "GET / HTTP/1.1" 200 148 "-" "Baiduspider+(+http://www.baidu.com/search/spider.htm)"
91.217.90.56 - - [21/Feb/2011:10:28:48 -0800] "GET /index.php/photos/album/1/photo/2.html HTTP/1.1" 200 148 "-" "Mozilla/4.0 (compatible; MSIE 6.0; Windows NT 5.1; SV1)"
91.217.90.56 - - [21/Feb/2011:11:01:21 -0800] "GET /index.php/photos/album/1/photo/2.html HTTP/1.1" 200 148 "-" "Mozilla/4.0 (compatible; MSIE 6.0; Windows NT 5.1; SV1)"
91.217.90.56 - - [21/Feb/2011:11:34:15 -0800] "GET /index.php/photos/album/1/photo/2.html HTTP/1.1" 200 148 "-" "Mozilla/4.0 (compatible; MSIE 6.0; Windows NT 5.1; SV1)"
69.163.184.160 - - [21/Feb/2011:12:05:19 -0800] "GET /robots.txt HTTP/1.0" 302 347 "-" "Mozilla/5.0 (compatible; MJ12bot/v1.3.3; http://www.majestic12.co.uk/bot.php?+)"
69.163.184.160 - - [21/Feb/2011:12:05:22 -0800] "GET / HTTP/1.0" 200 148 "-" "Mozilla/5.0 (compatible; MJ12bot/v1.3.3; http://www.majestic12.co.uk/bot.php?+)"
91.217.90.56 - - [21/Feb/2011:12:06:46 -0800] "GET /index.php/photos/album/1/photo/2.html HTTP/1.1" 200 148 "-" "Mozilla/4.0 (compatible; MSIE 6.0; Windows NT 5.1; SV1)"
91.217.90.56 - - [21/Feb/2011:12:39:12 -0800] "GET /index.php/photos/album/1/photo/2.html HTTP/1.1" 200 148 "-" "Mozilla/4.0 (compatible; MSIE 6.0; Windows NT 5.1; SV1)"
91.217.90.56 - - [21/Feb/2011:13:11:53 -0800] "GET /index.php/photos/album/1/photo/2.html HTTP/1.1" 200 148 "-" "Mozilla/4.0 (compatible; MSIE 6.0; Windows NT 5.1; SV1)"
91.217.90.56 - - [21/Feb/2011:13:44:46 -0800] "GET /index.php/photos/album/1/photo/2.html HTTP/1.1" 200 148 "-" "Mozilla/4.0 (compatible; MSIE 6.0; Windows NT 5.1; SV1)"
91.217.90.56 - - [21/Feb/2011:14:17:10 -0800] "GET /index.php/photos/album/1/photo/2.html HTTP/1.1" 200 148 "-" "Mozilla/4.0 (compatible; MSIE 6.0; Windows NT 5.1; SV1)"
91.217.90.56 - - [21/Feb/2011:14:49:38 -0800] "GET /index.php/photos/album/1/photo/2.html HTTP/1.1" 200 148 "-" "Mozilla/4.0 (compatible; MSIE 6.0; Windows NT 5.1; SV1)"
220.181.108.145 - - [21/Feb/2011:15:33:30 -0800] "GET /robots.txt HTTP/1.1" 302 347 "-" "Baiduspider+(+http://www.baidu.com/search/spider.htm)"
123.125.71.107 - - [21/Feb/2011:15:37:19 -0800] "GET / HTTP/1.1" 200 148 "-" "Baiduspider+(+http://www.baidu.com/search/spider.htm)"
220.181.108.166 - - [21/Feb/2011:15:37:50 -0800] "GET / HTTP/1.1" 200 148 "-" "Baiduspider+(+http://www.baidu.com/search/spider.htm)"
91.217.90.56 - - [21/Feb/2011:15:54:50 -0800] "GET /index.php/photos/album/1/photo/2.html HTTP/1.1" 200 148 "-" "Mozilla/4.0 (compatible; MSIE 6.0; Windows NT 5.1; SV1)"
93.158.148.31 - - [21/Feb/2011:15:59:20 -0800] "GET /robots.txt HTTP/1.1" 302 351 "-" "Mozilla/5.0 (compatible; YandexBot/3.0; +http://yandex.com/bots)"
93.158.148.31 - - [21/Feb/2011:15:59:22 -0800] "GET / HTTP/1.1" 200 148 "-" "Mozilla/5.0 (compatible; YandexBot/3.0; +http://yandex.com/bots)"
91.217.90.56 - - [21/Feb/2011:16:27:20 -0800] "GET /index.php/photos/album/1/photo/2.html HTTP/1.1" 200 148 "-" "Mozilla/4.0 (compatible; MSIE 6.0; Windows NT 5.1; SV1)"
91.217.90.56 - - [21/Feb/2011:16:59:58 -0800] "GET /index.php/photos/album/1/photo/2.html HTTP/1.1" 200 148 "-" "Mozilla/4.0 (compatible; MSIE 6.0; Windows NT 5.1; SV1)"
91.217.90.56 - - [21/Feb/2011:17:32:33 -0800] "GET /index.php/photos/album/1/photo/2.html HTTP/1.1" 200 148 "-" "Mozilla/4.0 (compatible; MSIE 6.0; Windows NT 5.1; SV1)"
91.217.90.56 - - [21/Feb/2011:18:05:11 -0800] "GET /index.php/photos/album/1/photo/2.html HTTP/1.1" 200 148 "-" "Mozilla/4.0 (compatible; MSIE 6.0; Windows NT 5.1; SV1)"
91.217.90.56 - - [21/Feb/2011:18:37:43 -0800] "GET /index.php/photos/album/1/photo/2.html HTTP/1.1" 200 148 "-" "Mozilla/4.0 (compatible; MSIE 6.0; Windows NT 5.1; SV1)"
91.217.90.56 - - [21/Feb/2011:19:10:34 -0800] "GET /index.php/photos/album/1/photo/2.html HTTP/1.1" 200 148 "-" "Mozilla/4.0 (compatible; MSIE 6.0; Windows NT 5.1; SV1)"
91.217.90.56 - - [21/Feb/2011:19:42:55 -0800] "GET /index.php/photos/album/1/photo/2.html HTTP/1.1" 200 148 "-" "Mozilla/4.0 (compatible; MSIE 6.0; Windows NT 5.1; SV1)"
91.217.90.56 - - [21/Feb/2011:20:15:47 -0800] "GET /index.php/photos/album/1/photo/2.html HTTP/1.1" 200 148 "-" "Mozilla/4.0 (compatible; MSIE 6.0; Windows NT 5.1; SV1)"
91.217.90.56 - - [21/Feb/2011:20:48:15 -0800] "GET /index.php/photos/album/1/photo/2.html HTTP/1.1" 200 148 "-" "Mozilla/4.0 (compatible; MSIE 6.0; Windows NT 5.1; SV1)"
91.217.90.56 - - [21/Feb/2011:21:53:54 -0800] "GET /index.php/photos/album/1/photo/2.html HTTP/1.1" 200 148 "-" "Mozilla/4.0 (compatible; MSIE 6.0; Windows NT 5.1; SV1)"
91.217.90.56 - - [21/Feb/2011:22:26:18 -0800] "GET /index.php/photos/album/1/photo/2.html HTTP/1.1" 200 148 "-" "Mozilla/4.0 (compatible; MSIE 6.0; Windows NT 5.1; SV1)"
91.217.90.56 - - [21/Feb/2011:22:58:57 -0800] "GET /index.php/photos/album/1/photo/2.html HTTP/1.1" 200 148 "-" "Mozilla/4.0 (compatible; MSIE 6.0; Windows NT 5.1; SV1)"
91.217.90.56 - - [21/Feb/2011:23:31:41 -0800] "GET /index.php/photos/album/1/photo/2.html HTTP/1.1" 200 148 "-" "Mozilla/4.0 (compatible; MSIE 6.0; Windows NT 5.1; SV1)"
91.217.90.56 - - [22/Feb/2011:00:04:05 -0800] "GET /index.php/photos/album/1/photo/2.html HTTP/1.1" 200 148 "-" "Mozilla/4.0 (compatible; MSIE 6.0; Windows NT 5.1; SV1)"
91.217.90.56 - - [22/Feb/2011:00:36:35 -0800] "GET /index.php/photos/album/1/photo/2.html HTTP/1.1" 200 148 "-" "Mozilla/4.0 (compatible; MSIE 6.0; Windows NT 5.1; SV1)"
123.125.71.115 - - [22/Feb/2011:00:37:24 -0800] "GET / HTTP/1.1" 200 148 "-" "Baiduspider+(+http://www.baidu.com/search/spider.htm)"
220.181.108.173 - - [22/Feb/2011:00:37:57 -0800] "GET / HTTP/1.1" 200 148 "-" "Baiduspider+(+http://www.baidu.com/search/spider.htm)"
123.125.71.95 - - [22/Feb/2011:01:36:16 -0800] "GET / HTTP/1.1" 200 148 "-" "Baiduspider+(+http://www.baidu.com/search/spider.htm)"
220.181.108.168 - - [22/Feb/2011:01:36:46 -0800] "GET / HTTP/1.1" 200 148 "-" "Baiduspider+(+http://www.baidu.com/search/spider.htm)"
91.217.90.56 - - [22/Feb/2011:02:14:40 -0800] "GET /index.php/photos/album/1/photo/2.html HTTP/1.1" 200 148 "-" "Mozilla/4.0 (compatible; MSIE 6.0; Windows NT 5.1; SV1)"
174.129.117.237 - - [22/Feb/2011:02:20:41 -0800] "HEAD / HTTP/1.1" 200 - "-" "Mozilla/5.0 (Windows; U; Windows NT 5.1; en-US) AppleWebKit/525.13 (KHTML, like Gecko) Chrome/0.A.B.C Safari/525.13"
91.217.90.56 - - [22/Feb/2011:02:47:14 -0800] "GET /index.php/photos/album/1/photo/2.html HTTP/1.1" 200 148 "-" "Mozilla/4.0 (compatible; MSIE 6.0; Windows NT 5.1; SV1)"
91.217.90.56 - - [22/Feb/2011:03:20:05 -0800] "GET /index.php/photos/album/1/photo/2.html HTTP/1.1" 200 148 "-" "Mozilla/4.0 (compatible; MSIE 6.0; Windows NT 5.1; SV1)"
91.217.90.56 - - [22/Feb/2011:03:53:05 -0800] "GET /index.php/photos/album/1/photo/2.html HTTP/1.1" 200 148 "-" "Mozilla/4.0 (compatible; MSIE 6.0; Windows NT 5.1; SV1)"
91.217.90.56 - - [22/Feb/2011:04:25:50 -0800] "GET /index.php/photos/album/1/photo/2.html HTTP/1.1" 200 148 "-" "Mozilla/4.0 (compatible; MSIE 6.0; Windows NT 5.1; SV1)"
91.217.90.56 - - [22/Feb/2011:04:58:19 -0800] "GET /index.php/photos/album/1/photo/2.html HTTP/1.1" 200 148 "-" "Mozilla/4.0 (compatible; MSIE 6.0; Windows NT 5.1; SV1)"
123.125.71.101 - - [22/Feb/2011:05:19:19 -0800] "GET / HTTP/1.1" 200 148 "-" "Baiduspider+(+http://www.baidu.com/search/spider.htm)"
91.217.90.56 - - [22/Feb/2011:05:31:11 -0800] "GET /index.php/photos/album/1/photo/2.html HTTP/1.1" 200 148 "-" "Mozilla/4.0 (compatible; MSIE 6.0; Windows NT 5.1; SV1)"
91.217.90.56 - - [22/Feb/2011:06:04:13 -0800] "GET /index.php/photos/album/1/photo/2.html HTTP/1.1" 200 148 "-" "Mozilla/4.0 (compatible; MSIE 6.0; Windows NT 5.1; SV1)"
66.249.67.69 - - [22/Feb/2011:06:31:32 -0800] "GET /robots.txt HTTP/1.1" 302 347 "-" "DoCoMo/2.0 N905i(c100;TB;W24H16) (compatible; Googlebot-Mobile/2.1; +http://www.google.com/bot.html)"
66.249.67.69 - - [22/Feb/2011:06:31:32 -0800] "GET / HTTP/1.1" 200 148 "-" "DoCoMo/2.0 N905i(c100;TB;W24H16) (compatible; Googlebot-Mobile/2.1; +http://www.google.com/bot.html)"
66.249.67.69 - - [22/Feb/2011:06:31:32 -0800] "GET / HTTP/1.1" 200 148 "-" "DoCoMo/2.0 N905i(c100;TB;W24H16) (compatible; Googlebot-Mobile/2.1; +http://www.google.com/bot.html)"
91.217.90.56 - - [22/Feb/2011:06:36:58 -0800] "GET /index.php/photos/album/1/photo/2.html HTTP/1.1" 200 148 "-" "Mozilla/4.0 (compatible; MSIE 6.0; Windows NT 5.1; SV1)"
91.217.90.56 - - [22/Feb/2011:07:09:55 -0800] "GET /index.php/photos/album/1/photo/2.html HTTP/1.1" 200 148 "-" "Mozilla/4.0 (compatible; MSIE 6.0; Windows NT 5.1; SV1)"
91.217.90.56 - - [22/Feb/2011:07:42:30 -0800] "GET /index.php/photos/album/1/photo/2.html HTTP/1.1" 200 148 "-" "Mozilla/4.0 (compatible; MSIE 6.0; Windows NT 5.1; SV1)"
91.217.90.56 - - [22/Feb/2011:08:48:20 -0800] "GET /index.php/photos/album/1/photo/2.html HTTP/1.1" 200 148 "-" "Mozilla/4.0 (compatible; MSIE 6.0; Windows NT 5.1; SV1)"
91.217.90.56 - - [22/Feb/2011:09:20:59 -0800] "GET /index.php/photos/album/1/photo/2.html HTTP/1.1" 200 148 "-" "Mozilla/4.0 (compatible; MSIE 6.0; Windows NT 5.1; SV1)"
91.217.90.56 - - [22/Feb/2011:09:53:48 -0800] "GET /index.php/photos/album/1/photo/2.html HTTP/1.1" 200 148 "-" "Mozilla/4.0 (compatible; MSIE 6.0; Windows NT 5.1; SV1)"
91.217.90.56 - - [22/Feb/2011:10:26:12 -0800] "GET /index.php/photos/album/1/photo/2.html HTTP/1.1" 200 148 "-" "Mozilla/4.0 (compatible; MSIE 6.0; Windows NT 5.1; SV1)"
91.217.90.56 - - [22/Feb/2011:10:58:40 -0800] "GET /index.php/photos/album/1/photo/2.html HTTP/1.1" 200 148 "-" "Mozilla/4.0 (compatible; MSIE 6.0; Windows NT 5.1; SV1)"
