220.181.108.185 - - [12/Dec/2010:03:29:39 -0800] "GET / HTTP/1.1" 200 148 "-" "Baiduspider+(+http://www.baidu.com/search/spider.htm)"
220.181.18.18 - - [12/Dec/2010:05:12:34 -0800] "GET / HTTP/1.1" 200 148 "http://www.baidu.com/s?wd=QQ" "Mozilla/5.0 (X11; U; Linux x86_64; en-US; rv:1.9) Gecko Minefield/3.0"
123.125.71.70 - - [12/Dec/2010:08:17:55 -0800] "GET / HTTP/1.1" 200 148 "-" "Baiduspider+(+http://www.baidu.com/search/spider.htm)"
69.28.58.16 - - [12/Dec/2010:12:54:11 -0800] "GET /robots.txt HTTP/1.0" 302 347 "http://ferality.net/robots.txt" "Mozilla/4.0 (compatible; MSIE 8.0; Windows NT 5.1; SV1; .NET CLR 2.0.50727)"
69.28.58.16 - - [12/Dec/2010:12:54:20 -0800] "GET / HTTP/1.0" 200 148 "http://ferality.net/" "Mozilla/4.0 (compatible; MSIE 8.0; Windows NT 5.1; SV1; .NET CLR 2.0.50727)"
208.80.194.29 - - [12/Dec/2010:13:46:59 -0800] "GET / HTTP/1.0" 200 148 "-" "Mozilla/4.0 (compatible; MSIE 7.0; Windows NT 5.1; Versatel.de ISDN 0404; (R1 1.5))"
207.46.13.42 - - [12/Dec/2010:14:38:23 -0800] "GET /robots.txt HTTP/1.1" 302 347 "-" "Mozilla/5.0 (compatible; bingbot/2.0; +http://www.bing.com/bingbot.htm)"
207.46.13.42 - - [12/Dec/2010:14:38:24 -0800] "GET / HTTP/1.1" 200 148 "-" "Mozilla/5.0 (compatible; bingbot/2.0; +http://www.bing.com/bingbot.htm)"
207.46.13.42 - - [12/Dec/2010:14:48:08 -0800] "GET / HTTP/1.1" 200 148 "-" "Mozilla/5.0 (compatible; bingbot/2.0; +http://www.bing.com/bingbot.htm)"
220.181.108.143 - - [12/Dec/2010:16:41:09 -0800] "GET /robots.txt HTTP/1.1" 302 347 "-" "Baiduspider+(+http://www.baidu.com/search/spider.htm)"
220.181.108.147 - - [12/Dec/2010:16:41:09 -0800] "GET / HTTP/1.1" 200 148 "-" "Baiduspider+(+http://www.baidu.com/search/spider.htm)"
184.72.93.224 - - [12/Dec/2010:17:58:09 -0800] "GET /robots.txt HTTP/1.0" 302 347 "-" "Mozilla/5.0 (compatible; heritrix/3.0.0 +http://dataclip.com/crawler.html)"
184.72.93.224 - - [12/Dec/2010:17:58:10 -0800] "GET / HTTP/1.0" 200 148 "-" "Mozilla/5.0 (compatible; heritrix/3.0.0 +http://dataclip.com/crawler.html)"
95.108.150.235 - - [12/Dec/2010:18:54:57 -0800] "GET /robots.txt HTTP/1.1" 302 347 "-" "Mozilla/5.0 (compatible; YandexBot/3.0; MirrorDetector; +http://yandex.com/bots)"
95.108.150.235 - - [12/Dec/2010:18:54:57 -0800] "GET /robots.txt HTTP/1.1" 302 351 "-" "Mozilla/5.0 (compatible; YandexBot/3.0; MirrorDetector; +http://yandex.com/bots)"
95.108.150.235 - - [12/Dec/2010:18:54:58 -0800] "GET / HTTP/1.1" 200 148 "-" "-"
95.108.150.235 - - [12/Dec/2010:18:54:58 -0800] "GET / HTTP/1.1" 200 148 "-" "-"
95.108.150.235 - - [12/Dec/2010:18:54:59 -0800] "GET / HTTP/1.1" 200 148 "-" "-"
95.108.150.235 - - [12/Dec/2010:18:54:59 -0800] "GET / HTTP/1.1" 200 148 "-" "-"
38.101.148.124 - - [12/Dec/2010:21:07:57 -0800] "GET /robots.txt HTTP/1.1" 302 347 "-" "Mozilla/5.0 (compatible; discobot/1.1; +http://discoveryengine.com/discobot.html"
38.101.148.124 - - [12/Dec/2010:21:08:08 -0800] "GET / HTTP/1.1" 200 148 "-" "Mozilla/5.0 (compatible; discobot/1.1; +http://discoveryengine.com/discobot.html"
88.131.106.6 - - [12/Dec/2010:22:10:59 -0800] "GET /robots.txt HTTP/1.0" 302 347 "-" "Mozilla/5.0 (Windows; U; Windows NT 5.1; en-US) Speedy Spider (http://www.entireweb.com/about/search_tech/speedy_spider/)"
88.131.106.4 - - [12/Dec/2010:22:10:59 -0800] "GET / HTTP/1.0" 200 148 "-" "Mozilla/5.0 (Windows; U; Windows NT 5.1; en-US) Speedy Spider (http://www.entireweb.com/about/search_tech/speedy_spider/)"
220.181.108.175 - - [13/Dec/2010:06:29:42 -0800] "GET / HTTP/1.1" 200 148 "-" "Baiduspider+(+http://www.baidu.com/search/spider.htm)"
123.125.71.106 - - [13/Dec/2010:07:40:34 -0800] "GET / HTTP/1.1" 200 148 "-" "Baiduspider+(+http://www.baidu.com/search/spider.htm)"
220.181.108.179 - - [13/Dec/2010:07:41:15 -0800] "GET / HTTP/1.1" 200 148 "-" "Baiduspider+(+http://www.baidu.com/search/spider.htm)"
79.142.64.19 - - [13/Dec/2010:10:55:14 -0800] "GET /index.php/photos/album/1/photo/2.html HTTP/1.1" 200 148 "-" "Mozilla/4.0 (compatible; MSIE 6.0; Windows NT 5.1; SV1)"
123.125.71.111 - - [13/Dec/2010:11:28:35 -0800] "GET / HTTP/1.1" 200 148 "-" "Baiduspider+(+http://www.baidu.com/search/spider.htm)"
220.181.108.176 - - [13/Dec/2010:11:29:12 -0800] "GET / HTTP/1.1" 200 148 "-" "Baiduspider+(+http://www.baidu.com/search/spider.htm)"
209.216.189.146 - - [13/Dec/2010:14:08:22 -0800] "GET /~harold HTTP/1.1" 301 380 "-" "Mozilla/5.0 (Windows; U; Windows NT 5.1; en-US; rv:1.9.2.13) Gecko/20101203 Firefox/3.6.13 ( .NET CLR 3.5.30729)"
209.216.189.146 - - [13/Dec/2010:14:08:22 -0800] "GET /~harold/ HTTP/1.1" 200 31642 "-" "Mozilla/5.0 (Windows; U; Windows NT 5.1; en-US; rv:1.9.2.13) Gecko/20101203 Firefox/3.6.13 ( .NET CLR 3.5.30729)"
209.216.189.146 - - [13/Dec/2010:14:08:23 -0800] "GET /~harold/blue-v.png HTTP/1.1" 200 106 "http://ferality.net/~harold/" "Mozilla/5.0 (Windows; U; Windows NT 5.1; en-US; rv:1.9.2.13) Gecko/20101203 Firefox/3.6.13 ( .NET CLR 3.5.30729)"
209.216.189.146 - - [13/Dec/2010:14:08:23 -0800] "GET /~harold/green-v.png HTTP/1.1" 200 107 "http://ferality.net/~harold/" "Mozilla/5.0 (Windows; U; Windows NT 5.1; en-US; rv:1.9.2.13) Gecko/20101203 Firefox/3.6.13 ( .NET CLR 3.5.30729)"
209.216.189.146 - - [13/Dec/2010:14:08:23 -0800] "GET /~harold/yellow-v.png HTTP/1.1" 200 105 "http://ferality.net/~harold/" "Mozilla/5.0 (Windows; U; Windows NT 5.1; en-US; rv:1.9.2.13) Gecko/20101203 Firefox/3.6.13 ( .NET CLR 3.5.30729)"
209.216.189.146 - - [13/Dec/2010:14:08:23 -0800] "GET /~harold/blue-h.png HTTP/1.1" 200 112 "http://ferality.net/~harold/" "Mozilla/5.0 (Windows; U; Windows NT 5.1; en-US; rv:1.9.2.13) Gecko/20101203 Firefox/3.6.13 ( .NET CLR 3.5.30729)"
209.216.189.146 - - [13/Dec/2010:14:08:23 -0800] "GET /~harold/green-h.png HTTP/1.1" 200 114 "http://ferality.net/~harold/" "Mozilla/5.0 (Windows; U; Windows NT 5.1; en-US; rv:1.9.2.13) Gecko/20101203 Firefox/3.6.13 ( .NET CLR 3.5.30729)"
209.216.189.146 - - [13/Dec/2010:14:08:23 -0800] "GET /~harold/yellow-h.png HTTP/1.1" 200 110 "http://ferality.net/~harold/" "Mozilla/5.0 (Windows; U; Windows NT 5.1; en-US; rv:1.9.2.13) Gecko/20101203 Firefox/3.6.13 ( .NET CLR 3.5.30729)"
209.216.189.146 - - [13/Dec/2010:14:08:24 -0800] "GET /~harold/red-h.png HTTP/1.1" 200 110 "http://ferality.net/~harold/" "Mozilla/5.0 (Windows; U; Windows NT 5.1; en-US; rv:1.9.2.13) Gecko/20101203 Firefox/3.6.13 ( .NET CLR 3.5.30729)"
209.216.189.146 - - [13/Dec/2010:14:08:26 -0800] "GET /favicon.ico HTTP/1.1" 200 441 "-" "Mozilla/5.0 (Windows; U; Windows NT 5.1; en-US; rv:1.9.2.13) Gecko/20101203 Firefox/3.6.13 ( .NET CLR 3.5.30729)"
72.1.183.250 - - [13/Dec/2010:14:08:53 -0800] "GET /~harold/ HTTP/1.1" 200 31642 "-" "Mozilla/5.0 (Windows; U; Windows NT 5.1; en-US; rv:1.9.0.5) Gecko/2008122203 Firefox/3.0.5 (.NET CLR 3.5.30729)"
72.1.183.250 - - [13/Dec/2010:14:08:53 -0800] "GET /~harold/blue-v.png HTTP/1.1" 200 106 "http://ferality.net/~harold/" "Mozilla/5.0 (Windows; U; Windows NT 5.1; en-US; rv:1.9.0.5) Gecko/2008122203 Firefox/3.0.5 (.NET CLR 3.5.30729)"
72.1.183.250 - - [13/Dec/2010:14:08:53 -0800] "GET /~harold/green-v.png HTTP/1.1" 200 107 "http://ferality.net/~harold/" "Mozilla/5.0 (Windows; U; Windows NT 5.1; en-US; rv:1.9.0.5) Gecko/2008122203 Firefox/3.0.5 (.NET CLR 3.5.30729)"
72.1.183.250 - - [13/Dec/2010:14:08:53 -0800] "GET /~harold/green-h.png HTTP/1.1" 200 114 "http://ferality.net/~harold/" "Mozilla/5.0 (Windows; U; Windows NT 5.1; en-US; rv:1.9.0.5) Gecko/2008122203 Firefox/3.0.5 (.NET CLR 3.5.30729)"
72.1.183.250 - - [13/Dec/2010:14:08:53 -0800] "GET /~harold/blue-h.png HTTP/1.1" 200 112 "http://ferality.net/~harold/" "Mozilla/5.0 (Windows; U; Windows NT 5.1; en-US; rv:1.9.0.5) Gecko/2008122203 Firefox/3.0.5 (.NET CLR 3.5.30729)"
72.1.183.250 - - [13/Dec/2010:14:08:53 -0800] "GET /~harold/yellow-v.png HTTP/1.1" 200 105 "http://ferality.net/~harold/" "Mozilla/5.0 (Windows; U; Windows NT 5.1; en-US; rv:1.9.0.5) Gecko/2008122203 Firefox/3.0.5 (.NET CLR 3.5.30729)"
72.1.183.250 - - [13/Dec/2010:14:08:53 -0800] "GET /~harold/yellow-h.png HTTP/1.1" 200 110 "http://ferality.net/~harold/" "Mozilla/5.0 (Windows; U; Windows NT 5.1; en-US; rv:1.9.0.5) Gecko/2008122203 Firefox/3.0.5 (.NET CLR 3.5.30729)"
72.1.183.250 - - [13/Dec/2010:14:08:53 -0800] "GET /~harold/red-h.png HTTP/1.1" 200 110 "http://ferality.net/~harold/" "Mozilla/5.0 (Windows; U; Windows NT 5.1; en-US; rv:1.9.0.5) Gecko/2008122203 Firefox/3.0.5 (.NET CLR 3.5.30729)"
72.1.183.250 - - [13/Dec/2010:14:08:54 -0800] "GET /favicon.ico HTTP/1.1" 200 441 "-" "Mozilla/5.0 (Windows; U; Windows NT 5.1; en-US; rv:1.9.0.5) Gecko/2008122203 Firefox/3.0.5 (.NET CLR 3.5.30729)"
72.1.183.250 - - [13/Dec/2010:14:14:31 -0800] "GET / HTTP/1.1" 200 148 "-" "Mozilla/5.0 (Windows; U; Windows NT 5.1; en-US; rv:1.9.0.5) Gecko/2008122203 Firefox/3.0.5 (.NET CLR 3.5.30729)"
123.125.71.112 - - [13/Dec/2010:14:28:32 -0800] "GET / HTTP/1.1" 200 148 "-" "Baiduspider+(+http://www.baidu.com/search/spider.htm)"
220.181.108.79 - - [13/Dec/2010:14:28:58 -0800] "GET / HTTP/1.1" 200 148 "-" "Baiduspider+(+http://www.baidu.com/search/spider.htm)"
220.181.108.141 - - [13/Dec/2010:19:29:30 -0800] "GET /robots.txt HTTP/1.1" 302 347 "-" "Baiduspider+(+http://www.baidu.com/search/spider.htm)"
38.127.197.106 - - [13/Dec/2010:21:38:51 -0800] "GET / HTTP/1.1" 200 148 "-" "Mozilla/4.0 (compatible; MSIE 7.0; Windows NT 5.2)"
123.125.71.91 - - [14/Dec/2010:10:59:57 -0800] "GET / HTTP/1.1" 200 148 "-" "Baiduspider+(+http://www.baidu.com/search/spider.htm)"
213.5.64.179 - - [14/Dec/2010:12:10:42 -0800] "GET /index.php HTTP/1.0" 200 148 "http://ferality.net/index.php" "Opera/9.01 (Windows NT 5.1; U; en)"
220.181.108.184 - - [14/Dec/2010:12:31:00 -0800] "GET / HTTP/1.1" 200 148 "-" "Baiduspider+(+http://www.baidu.com/search/spider.htm)"
123.125.71.100 - - [14/Dec/2010:19:28:40 -0800] "GET / HTTP/1.1" 200 148 "-" "Baiduspider+(+http://www.baidu.com/search/spider.htm)"
220.181.108.183 - - [14/Dec/2010:19:29:02 -0800] "GET / HTTP/1.1" 200 148 "-" "Baiduspider+(+http://www.baidu.com/search/spider.htm)"
79.142.64.19 - - [14/Dec/2010:20:24:41 -0800] "GET /index.php/photos/album/1/photo/2.html HTTP/1.1" 200 148 "-" "Mozilla/4.0 (compatible; MSIE 6.0; Windows NT 5.1; SV1)"
95.108.150.235 - - [14/Dec/2010:20:27:05 -0800] "GET /robots.txt HTTP/1.1" 302 351 "-" "Mozilla/5.0 (compatible; YandexBot/3.0; MirrorDetector; +http://yandex.com/bots)"
95.108.150.235 - - [14/Dec/2010:20:27:06 -0800] "GET / HTTP/1.1" 200 148 "-" "-"
95.108.150.235 - - [14/Dec/2010:20:27:07 -0800] "GET / HTTP/1.1" 200 148 "-" "-"
95.108.150.235 - - [14/Dec/2010:20:27:08 -0800] "GET /robots.txt HTTP/1.1" 302 347 "-" "Mozilla/5.0 (compatible; YandexBot/3.0; MirrorDetector; +http://yandex.com/bots)"
95.108.150.235 - - [14/Dec/2010:20:27:08 -0800] "GET / HTTP/1.1" 200 148 "-" "-"
95.108.150.235 - - [14/Dec/2010:20:27:09 -0800] "GET / HTTP/1.1" 200 148 "-" "-"
220.181.108.180 - - [14/Dec/2010:21:30:03 -0800] "GET / HTTP/1.1" 200 148 "-" "Baiduspider+(+http://www.baidu.com/search/spider.htm)"
188.143.232.26 - - [15/Dec/2010:00:07:20 -0800] "GET /fckeditor/editor/images/anchor.gif HTTP/1.1" 302 347 "" "Mozilla/5.0 (Windows; U; Windows NT 6.0; en; rv:1.9.0.8) Gecko/2009032609 Firefox/3.0.8 (.NET CLR 3.5.30729)"
188.143.232.26 - - [15/Dec/2010:00:07:21 -0800] "GET / HTTP/1.1" 200 148 "" "Mozilla/5.0 (Windows; U; Windows NT 6.0; en; rv:1.9.0.8) Gecko/2009032609 Firefox/3.0.8 (.NET CLR 3.5.30729)"
66.249.17.121 - - [15/Dec/2010:00:40:04 -0800] "GET / HTTP/1.1" 200 148 "-" "Mozilla/4.0 (compatible; MSIE 7.0; Windows NT 5.2; GTB5; .NET CLR 1.1.4322)"
79.142.64.19 - - [15/Dec/2010:00:52:30 -0800] "GET /index.php/photos/album/1/photo/2.html HTTP/1.1" 200 148 "-" "Mozilla/4.0 (compatible; MSIE 6.0; Windows NT 5.1; SV1)"
79.142.64.19 - - [15/Dec/2010:05:20:33 -0800] "GET /index.php/photos/album/1/photo/2.html HTTP/1.1" 200 148 "-" "Mozilla/4.0 (compatible; MSIE 6.0; Windows NT 5.1; SV1)"
38.101.148.124 - - [15/Dec/2010:08:08:36 -0800] "GET /robots.txt HTTP/1.1" 302 347 "-" "Mozilla/5.0 (compatible; discobot/1.1; +http://discoveryengine.com/discobot.html"
38.101.148.124 - - [15/Dec/2010:08:08:40 -0800] "GET /robots.txt HTTP/1.1" 302 347 "-" "Mozilla/5.0 (compatible; discobot/1.1; +http://discoveryengine.com/discobot.html"
79.142.64.19 - - [15/Dec/2010:09:48:19 -0800] "GET /index.php/photos/album/1/photo/2.html HTTP/1.1" 200 148 "-" "Mozilla/4.0 (compatible; MSIE 6.0; Windows NT 5.1; SV1)"
220.181.18.18 - - [15/Dec/2010:10:19:36 -0800] "GET / HTTP/1.1" 200 148 "http://www.baidu.com/s?wd=QQ" "Mozilla/5.0 (X11; U; Linux x86_64; en-US; rv:1.9) Gecko Minefield/3.0"
123.125.71.99 - - [15/Dec/2010:10:31:54 -0800] "GET / HTTP/1.1" 200 148 "-" "Baiduspider+(+http://www.baidu.com/search/spider.htm)"
220.181.108.186 - - [15/Dec/2010:10:32:23 -0800] "GET / HTTP/1.1" 200 148 "-" "Baiduspider+(+http://www.baidu.com/search/spider.htm)"
184.154.7.186 - - [15/Dec/2010:11:22:37 -0800] "GET /robots.txt HTTP/1.0" 302 347 "-" "Mozilla/5.0 (compatible; MJ12bot/v1.3.3; http://www.majestic12.co.uk/bot.php?+)"
184.154.7.186 - - [15/Dec/2010:11:22:38 -0800] "GET / HTTP/1.0" 200 148 "-" "Mozilla/5.0 (compatible; MJ12bot/v1.3.3; http://www.majestic12.co.uk/bot.php?+)"
92.241.191.30 - - [15/Dec/2010:12:40:34 -0800] "GET /index.php/Phoo/Reply/id/27/albumid/1 HTTP/1.1" 200 148 "-" "Mozilla/4.0 (compatible; MSIE 6.0; Windows NT 5.1; SV1)"
93.158.148.31 - - [15/Dec/2010:13:57:30 -0800] "GET /robots.txt HTTP/1.1" 302 351 "-" "Mozilla/5.0 (compatible; YandexBot/3.0; +http://yandex.com/bots)"
79.142.64.19 - - [15/Dec/2010:14:18:39 -0800] "GET /index.php/photos/album/1/photo/2.html HTTP/1.1" 200 148 "-" "Mozilla/4.0 (compatible; MSIE 6.0; Windows NT 5.1; SV1)"
208.80.194.26 - - [15/Dec/2010:15:16:30 -0800] "GET / HTTP/1.0" 200 148 "-" "Mozilla/4.0 (compatible; MSIE 6.0; Windows NT 5.1; SV1; Avant Browser; .NET CLR 1.1.4322; .NET CLR 2.0.50727; SiteKiosk 6.5 Build 150)"
93.158.148.31 - - [15/Dec/2010:15:25:00 -0800] "GET / HTTP/1.1" 200 148 "-" "Mozilla/5.0 (compatible; YandexBot/3.0; +http://yandex.com/bots)"
123.125.71.107 - - [15/Dec/2010:17:28:33 -0800] "GET / HTTP/1.1" 200 148 "-" "Baiduspider+(+http://www.baidu.com/search/spider.htm)"
220.181.108.79 - - [15/Dec/2010:17:28:59 -0800] "GET / HTTP/1.1" 200 148 "-" "Baiduspider+(+http://www.baidu.com/search/spider.htm)"
79.142.64.19 - - [15/Dec/2010:18:47:47 -0800] "GET /index.php/photos/album/1/photo/2.html HTTP/1.1" 200 148 "-" "Mozilla/4.0 (compatible; MSIE 6.0; Windows NT 5.1; SV1)"
66.249.16.212 - - [15/Dec/2010:21:08:52 -0800] "GET / HTTP/1.1" 200 148 "http://whois.domaintools.com/ferality.net" "Mozilla/5.0 (compatible; Googlebot/2.1; +http://www.google.com/bot.html)"
66.219.58.44 - - [15/Dec/2010:22:35:10 -0800] "GET /robots.txt HTTP/1.1" 302 347 "-" "MLBot (www.metadatalabs.com/mlbot)"
66.219.58.44 - - [15/Dec/2010:22:35:11 -0800] "GET / HTTP/1.1" 200 148 "-" "MLBot (www.metadatalabs.com/mlbot)"
66.219.58.44 - - [15/Dec/2010:22:35:11 -0800] "GET / HTTP/1.1" 200 148 "-" "MLBot (www.metadatalabs.com/mlbot)"
193.47.80.42 - - [15/Dec/2010:23:09:26 -0800] "GET /robots.txt HTTP/1.1" 302 347 "-" "Mozilla/5.0 (compatible; Exabot/3.0; +http://www.exabot.com/go/robot)"
193.47.80.42 - - [15/Dec/2010:23:09:27 -0800] "GET / HTTP/1.1" 200 148 "-" "Mozilla/5.0 (compatible; Exabot/3.0; +http://www.exabot.com/go/robot)"
193.47.80.42 - - [15/Dec/2010:23:09:27 -0800] "GET / HTTP/1.1" 200 148 "-" "Mozilla/5.0 (compatible; Exabot/3.0; +http://www.exabot.com/go/robot)"
79.142.64.19 - - [15/Dec/2010:23:17:38 -0800] "GET /index.php/photos/album/1/photo/2.html HTTP/1.1" 200 148 "-" "Mozilla/4.0 (compatible; MSIE 6.0; Windows NT 5.1; SV1)"
74.117.176.30 - - [16/Dec/2010:00:09:04 -0800] "GET / HTTP/1.1" 200 148 "http://www.google.com" "Mozilla/5.0 (compatible; Googlebot/2.1; +http://www.google.com/bot.html)"
38.101.148.124 - - [16/Dec/2010:01:27:55 -0800] "GET /robots.txt HTTP/1.1" 302 347 "-" "Mozilla/5.0 (compatible; discobot/1.1; +http://discoveryengine.com/discobot.html"
38.101.148.124 - - [16/Dec/2010:01:27:57 -0800] "GET /robots.txt HTTP/1.1" 302 347 "-" "Mozilla/5.0 (compatible; discobot/1.1; +http://discoveryengine.com/discobot.html"
79.142.64.19 - - [16/Dec/2010:03:45:06 -0800] "GET /index.php/photos/album/1/photo/2.html HTTP/1.1" 200 148 "-" "Mozilla/4.0 (compatible; MSIE 6.0; Windows NT 5.1; SV1)"
79.142.64.19 - - [16/Dec/2010:09:57:03 -0800] "GET /index.php/photos/album/1/photo/2.html HTTP/1.1" 200 148 "-" "Mozilla/4.0 (compatible; MSIE 6.0; Windows NT 5.1; SV1)"
91.217.90.56 - - [16/Dec/2010:10:14:36 -0800] "GET /index.php/photos/album/1/photo/2.html HTTP/1.1" 200 148 "-" "Mozilla/4.0 (compatible; MSIE 6.0; Windows NT 5.1; SV1)"
209.221.181.17 - - [16/Dec/2010:10:20:37 -0800] "GET /~harold/ HTTP/1.1" 200 28666 "-" "Mozilla/5.0 (Windows; U; Windows NT 5.1; en-US; rv:1.9.2.3) Gecko/20100401 Firefox/3.6.3"
209.221.181.17 - - [16/Dec/2010:10:20:37 -0800] "GET /~harold/blue-v.png HTTP/1.1" 200 106 "http://ferality.net/~harold/" "Mozilla/5.0 (Windows; U; Windows NT 5.1; en-US; rv:1.9.2.3) Gecko/20100401 Firefox/3.6.3"
209.221.181.17 - - [16/Dec/2010:10:20:37 -0800] "GET /~harold/green-v.png HTTP/1.1" 200 107 "http://ferality.net/~harold/" "Mozilla/5.0 (Windows; U; Windows NT 5.1; en-US; rv:1.9.2.3) Gecko/20100401 Firefox/3.6.3"
209.221.181.17 - - [16/Dec/2010:10:20:37 -0800] "GET /~harold/green-h.png HTTP/1.1" 200 114 "http://ferality.net/~harold/" "Mozilla/5.0 (Windows; U; Windows NT 5.1; en-US; rv:1.9.2.3) Gecko/20100401 Firefox/3.6.3"
209.221.181.17 - - [16/Dec/2010:10:20:37 -0800] "GET /~harold/blue-h.png HTTP/1.1" 200 112 "http://ferality.net/~harold/" "Mozilla/5.0 (Windows; U; Windows NT 5.1; en-US; rv:1.9.2.3) Gecko/20100401 Firefox/3.6.3"
209.221.181.17 - - [16/Dec/2010:10:20:37 -0800] "GET /~harold/yellow-h.png HTTP/1.1" 200 110 "http://ferality.net/~harold/" "Mozilla/5.0 (Windows; U; Windows NT 5.1; en-US; rv:1.9.2.3) Gecko/20100401 Firefox/3.6.3"
209.221.181.17 - - [16/Dec/2010:10:20:37 -0800] "GET /~harold/red-h.png HTTP/1.1" 200 110 "http://ferality.net/~harold/" "Mozilla/5.0 (Windows; U; Windows NT 5.1; en-US; rv:1.9.2.3) Gecko/20100401 Firefox/3.6.3"
209.221.181.17 - - [16/Dec/2010:10:20:37 -0800] "GET /favicon.ico HTTP/1.1" 200 441 "-" "Mozilla/5.0 (Windows; U; Windows NT 5.1; en-US; rv:1.9.2.3) Gecko/20100401 Firefox/3.6.3"
91.217.90.56 - - [16/Dec/2010:11:15:48 -0800] "GET /index.php/photos/album/1/photo/2.html HTTP/1.1" 200 148 "-" "Mozilla/4.0 (compatible; MSIE 6.0; Windows NT 5.1; SV1)"
91.217.90.56 - - [16/Dec/2010:13:15:13 -0800] "GET /index.php/photos/album/1/photo/2.html HTTP/1.1" 200 148 "-" "Mozilla/4.0 (compatible; MSIE 6.0; Windows NT 5.1; SV1)"
123.125.71.75 - - [16/Dec/2010:14:07:24 -0800] "GET / HTTP/1.1" 200 148 "-" "Baiduspider+(+http://www.baidu.com/search/spider.htm)"
91.217.90.56 - - [16/Dec/2010:14:15:49 -0800] "GET /index.php/photos/album/1/photo/2.html HTTP/1.1" 200 148 "-" "Mozilla/4.0 (compatible; MSIE 6.0; Windows NT 5.1; SV1)"
79.142.64.19 - - [16/Dec/2010:14:22:51 -0800] "GET /index.php/photos/album/1/photo/2.html HTTP/1.1" 200 148 "-" "Mozilla/4.0 (compatible; MSIE 6.0; Windows NT 5.1; SV1)"
91.217.90.56 - - [16/Dec/2010:15:16:37 -0800] "GET /index.php/photos/album/1/photo/2.html HTTP/1.1" 200 148 "-" "Mozilla/4.0 (compatible; MSIE 6.0; Windows NT 5.1; SV1)"
91.217.90.56 - - [16/Dec/2010:16:17:12 -0800] "GET /index.php/photos/album/1/photo/2.html HTTP/1.1" 200 148 "-" "Mozilla/4.0 (compatible; MSIE 6.0; Windows NT 5.1; SV1)"
220.181.108.155 - - [16/Dec/2010:16:28:48 -0800] "GET /robots.txt HTTP/1.1" 302 347 "-" "Baiduspider+(+http://www.baidu.com/search/spider.htm)"
220.181.108.147 - - [16/Dec/2010:16:28:48 -0800] "GET / HTTP/1.1" 200 148 "-" "Baiduspider+(+http://www.baidu.com/search/spider.htm)"
91.217.90.56 - - [16/Dec/2010:17:18:43 -0800] "GET /index.php/photos/album/1/photo/2.html HTTP/1.1" 200 148 "-" "Mozilla/4.0 (compatible; MSIE 6.0; Windows NT 5.1; SV1)"
91.217.90.56 - - [16/Dec/2010:18:19:30 -0800] "GET /index.php/photos/album/1/photo/2.html HTTP/1.1" 200 148 "-" "Mozilla/4.0 (compatible; MSIE 6.0; Windows NT 5.1; SV1)"
79.142.64.19 - - [16/Dec/2010:18:54:34 -0800] "GET /index.php/photos/album/1/photo/2.html HTTP/1.1" 200 148 "-" "Mozilla/4.0 (compatible; MSIE 6.0; Windows NT 5.1; SV1)"
91.217.90.56 - - [16/Dec/2010:22:27:03 -0800] "GET /index.php/photos/album/1/photo/2.html HTTP/1.1" 200 148 "-" "Mozilla/4.0 (compatible; MSIE 6.0; Windows NT 5.1; SV1)"
123.125.71.95 - - [16/Dec/2010:22:30:56 -0800] "GET / HTTP/1.1" 200 148 "-" "Baiduspider+(+http://www.baidu.com/search/spider.htm)"
220.181.108.178 - - [16/Dec/2010:22:31:26 -0800] "GET / HTTP/1.1" 200 148 "-" "Baiduspider+(+http://www.baidu.com/search/spider.htm)"
79.142.64.19 - - [16/Dec/2010:23:23:09 -0800] "GET /index.php/photos/album/1/photo/2.html HTTP/1.1" 200 148 "-" "Mozilla/4.0 (compatible; MSIE 6.0; Windows NT 5.1; SV1)"
91.217.90.56 - - [16/Dec/2010:23:27:50 -0800] "GET /index.php/photos/album/1/photo/2.html HTTP/1.1" 200 148 "-" "Mozilla/4.0 (compatible; MSIE 6.0; Windows NT 5.1; SV1)"
91.217.90.56 - - [17/Dec/2010:02:31:06 -0800] "GET /index.php/photos/album/1/photo/2.html HTTP/1.1" 200 148 "-" "Mozilla/4.0 (compatible; MSIE 6.0; Windows NT 5.1; SV1)"
38.101.148.124 - - [17/Dec/2010:03:02:27 -0800] "GET /robots.txt HTTP/1.1" 302 347 "-" "Mozilla/5.0 (compatible; discobot/1.1; +http://discoveryengine.com/discobot.html"
38.101.148.124 - - [17/Dec/2010:03:02:32 -0800] "GET /robots.txt HTTP/1.1" 302 347 "-" "Mozilla/5.0 (compatible; discobot/1.1; +http://discoveryengine.com/discobot.html"
91.217.90.56 - - [17/Dec/2010:03:31:23 -0800] "GET /index.php/photos/album/1/photo/2.html HTTP/1.1" 200 148 "-" "Mozilla/4.0 (compatible; MSIE 6.0; Windows NT 5.1; SV1)"
79.142.64.19 - - [17/Dec/2010:03:53:15 -0800] "GET /index.php/photos/album/1/photo/2.html HTTP/1.1" 200 148 "-" "Mozilla/4.0 (compatible; MSIE 6.0; Windows NT 5.1; SV1)"
208.80.194.32 - - [17/Dec/2010:03:55:19 -0800] "GET / HTTP/1.0" 200 148 "-" "Mozilla/4.0 (compatible; MSIE 7.0; Windows NT 5.1; byond_3.5; .NET CLR 1.1.4322; .NET CLR 2.0.50727)"
91.217.90.56 - - [17/Dec/2010:04:31:43 -0800] "GET /index.php/photos/album/1/photo/2.html HTTP/1.1" 200 148 "-" "Mozilla/4.0 (compatible; MSIE 6.0; Windows NT 5.1; SV1)"
91.217.90.56 - - [17/Dec/2010:06:33:03 -0800] "GET /index.php/photos/album/1/photo/2.html HTTP/1.1" 200 148 "-" "Mozilla/4.0 (compatible; MSIE 6.0; Windows NT 5.1; SV1)"
79.142.64.19 - - [17/Dec/2010:08:17:17 -0800] "GET /index.php/photos/album/1/photo/2.html HTTP/1.1" 200 148 "-" "Mozilla/4.0 (compatible; MSIE 6.0; Windows NT 5.1; SV1)"
184.72.14.204 - - [17/Dec/2010:08:52:26 -0800] "GET / HTTP/1.0" 200 148 "-" "Mozilla/5.0 (Macintosh; U; Intel Mac OS X 10.7; en-US; rv:13.37) Gecko/20121221 Firefox/4.7"
66.249.71.49 - - [17/Dec/2010:11:21:37 -0800] "GET /robots.txt HTTP/1.1" 302 347 "-" "SAMSUNG-SGH-E250/1.0 Profile/MIDP-2.0 Configuration/CLDC-1.1 UP.Browser/6.2.3.3.c.1.101 (GUI) MMP/2.0 (compatible; Googlebot-Mobile/2.1; +http://www.google.com/bot.html)"
66.249.71.49 - - [17/Dec/2010:11:21:37 -0800] "GET / HTTP/1.1" 200 148 "-" "SAMSUNG-SGH-E250/1.0 Profile/MIDP-2.0 Configuration/CLDC-1.1 UP.Browser/6.2.3.3.c.1.101 (GUI) MMP/2.0 (compatible; Googlebot-Mobile/2.1; +http://www.google.com/bot.html)"
66.249.71.49 - - [17/Dec/2010:11:21:37 -0800] "GET / HTTP/1.1" 200 148 "-" "SAMSUNG-SGH-E250/1.0 Profile/MIDP-2.0 Configuration/CLDC-1.1 UP.Browser/6.2.3.3.c.1.101 (GUI) MMP/2.0 (compatible; Googlebot-Mobile/2.1; +http://www.google.com/bot.html)"
91.217.90.56 - - [17/Dec/2010:12:31:27 -0800] "GET /index.php/photos/album/1/photo/2.html HTTP/1.1" 200 148 "-" "Mozilla/4.0 (compatible; MSIE 6.0; Windows NT 5.1; SV1)"
79.142.64.19 - - [17/Dec/2010:12:40:22 -0800] "GET /index.php/photos/album/1/photo/2.html HTTP/1.1" 200 148 "-" "Mozilla/4.0 (compatible; MSIE 6.0; Windows NT 5.1; SV1)"
91.217.90.56 - - [17/Dec/2010:13:34:14 -0800] "GET /index.php/photos/album/1/photo/2.html HTTP/1.1" 200 148 "-" "Mozilla/4.0 (compatible; MSIE 6.0; Windows NT 5.1; SV1)"
91.217.90.56 - - [17/Dec/2010:14:34:19 -0800] "GET /index.php/photos/album/1/photo/2.html HTTP/1.1" 200 148 "-" "Mozilla/4.0 (compatible; MSIE 6.0; Windows NT 5.1; SV1)"
91.217.90.56 - - [17/Dec/2010:15:33:55 -0800] "GET /index.php/photos/album/1/photo/2.html HTTP/1.1" 200 148 "-" "Mozilla/4.0 (compatible; MSIE 6.0; Windows NT 5.1; SV1)"
220.181.108.158 - - [17/Dec/2010:15:54:25 -0800] "GET /robots.txt HTTP/1.1" 302 347 "-" "Baiduspider+(+http://www.baidu.com/search/spider.htm)"
220.181.108.148 - - [17/Dec/2010:15:54:26 -0800] "GET / HTTP/1.1" 200 148 "-" "Baiduspider+(+http://www.baidu.com/search/spider.htm)"
91.217.90.56 - - [17/Dec/2010:16:33:41 -0800] "GET /index.php/photos/album/1/photo/2.html HTTP/1.1" 200 148 "-" "Mozilla/4.0 (compatible; MSIE 6.0; Windows NT 5.1; SV1)"
79.142.64.19 - - [17/Dec/2010:17:03:26 -0800] "GET /index.php/photos/album/1/photo/2.html HTTP/1.1" 200 148 "-" "Mozilla/4.0 (compatible; MSIE 6.0; Windows NT 5.1; SV1)"
91.217.90.56 - - [17/Dec/2010:17:33:34 -0800] "GET /index.php/photos/album/1/photo/2.html HTTP/1.1" 200 148 "-" "Mozilla/4.0 (compatible; MSIE 6.0; Windows NT 5.1; SV1)"
178.173.135.95 - - [17/Dec/2010:18:09:41 -0800] "GET / HTTP/1.1" 200 148 "-" "Mozilla/4.0 (compatible; MSIE 8.0; Windows NT 6.1; Trident/4.0; SLCC2; .NET CLR 2.0.50727; .NET CLR 3.5.30729; .NET CLR 3.0.30729; Media Center PC 6.0)"
178.173.135.95 - - [17/Dec/2010:18:09:59 -0800] "GET / HTTP/1.1" 200 148 "-" "Mozilla/4.0 (compatible; MSIE 8.0; Windows NT 6.1; Trident/4.0; SLCC2; .NET CLR 2.0.50727; .NET CLR 3.5.30729; .NET CLR 3.0.30729; Media Center PC 6.0)"
91.217.90.56 - - [17/Dec/2010:18:33:43 -0800] "GET /index.php/photos/album/1/photo/2.html HTTP/1.1" 200 148 "-" "Mozilla/4.0 (compatible; MSIE 6.0; Windows NT 5.1; SV1)"
66.249.71.161 - - [17/Dec/2010:19:10:32 -0800] "GET /robots.txt HTTP/1.1" 302 351 "-" "Mozilla/5.0 (compatible; Googlebot/2.1; +http://www.google.com/bot.html)"
66.249.71.161 - - [17/Dec/2010:19:10:33 -0800] "GET / HTTP/1.1" 200 148 "-" "Mozilla/5.0 (compatible; Googlebot/2.1; +http://www.google.com/bot.html)"
91.217.90.56 - - [17/Dec/2010:19:33:12 -0800] "GET /index.php/photos/album/1/photo/2.html HTTP/1.1" 200 148 "-" "Mozilla/4.0 (compatible; MSIE 6.0; Windows NT 5.1; SV1)"
123.125.71.112 - - [17/Dec/2010:20:31:17 -0800] "GET / HTTP/1.1" 200 148 "-" "Baiduspider+(+http://www.baidu.com/search/spider.htm)"
220.181.108.172 - - [17/Dec/2010:20:31:46 -0800] "GET / HTTP/1.1" 200 148 "-" "Baiduspider+(+http://www.baidu.com/search/spider.htm)"
79.142.64.19 - - [17/Dec/2010:21:29:10 -0800] "GET /index.php/photos/album/1/photo/2.html HTTP/1.1" 200 148 "-" "Mozilla/4.0 (compatible; MSIE 6.0; Windows NT 5.1; SV1)"
109.120.144.140 - - [17/Dec/2010:22:13:33 -0800] "GET / HTTP/1.0" 200 148 "http://FERALITY.NET/" "Mozilla/4.0 (compatible; MSIE 6.0; Windows 98; Win 9x 4.90)"
193.47.80.42 - - [17/Dec/2010:22:19:50 -0800] "GET /robots.txt HTTP/1.1" 302 347 "-" "Mozilla/5.0 (compatible; Exabot/3.0; +http://www.exabot.com/go/robot)"
193.47.80.42 - - [17/Dec/2010:22:19:50 -0800] "GET / HTTP/1.1" 200 148 "-" "Mozilla/5.0 (compatible; Exabot/3.0; +http://www.exabot.com/go/robot)"
193.47.80.42 - - [17/Dec/2010:22:19:50 -0800] "GET / HTTP/1.1" 200 148 "-" "Mozilla/5.0 (compatible; Exabot/3.0; +http://www.exabot.com/go/robot)"
79.142.64.19 - - [18/Dec/2010:01:51:53 -0800] "GET /index.php/photos/album/1/photo/2.html HTTP/1.1" 200 148 "-" "Mozilla/4.0 (compatible; MSIE 6.0; Windows NT 5.1; SV1)"
91.217.90.56 - - [18/Dec/2010:02:01:27 -0800] "GET /index.php/photos/album/1/photo/2.html HTTP/1.1" 200 148 "-" "Mozilla/4.0 (compatible; MSIE 6.0; Windows NT 5.1; SV1)"
94.142.128.140 - - [18/Dec/2010:02:40:04 -0800] "GET /index.php/photos/album/1/photo/2.html HTTP/1.0" 200 148 "http://ferality.net/index.php/photos/album/1/photo/2.html" "Mozilla/1.22 (compatible; MSIE 2.0d; Windows NT)"
94.142.128.140 - - [18/Dec/2010:02:40:05 -0800] "GET / HTTP/1.0" 200 148 "http://ferality.net/" "Mozilla/1.22 (compatible; MSIE 2.0d; Windows NT)"
91.217.90.56 - - [18/Dec/2010:03:04:14 -0800] "GET /index.php/photos/album/1/photo/2.html HTTP/1.1" 200 148 "-" "Mozilla/4.0 (compatible; MSIE 6.0; Windows NT 5.1; SV1)"
123.125.71.112 - - [18/Dec/2010:03:31:46 -0800] "GET / HTTP/1.1" 200 148 "-" "Baiduspider+(+http://www.baidu.com/search/spider.htm)"
220.181.108.185 - - [18/Dec/2010:03:32:14 -0800] "GET / HTTP/1.1" 200 148 "-" "Baiduspider+(+http://www.baidu.com/search/spider.htm)"
91.217.90.56 - - [18/Dec/2010:04:06:12 -0800] "GET /index.php/photos/album/1/photo/2.html HTTP/1.1" 200 148 "-" "Mozilla/4.0 (compatible; MSIE 6.0; Windows NT 5.1; SV1)"
91.212.226.246 - - [18/Dec/2010:05:04:58 -0800] "GET /index.php HTTP/1.0" 200 148 "http://ferality.net/index.php" "Mozilla/4.0 (compatible; MSIE 7.0; Windows NT 5.1; SV1; .NET CLR 2.0.50727)"
91.217.90.56 - - [18/Dec/2010:05:06:10 -0800] "GET /index.php/photos/album/1/photo/2.html HTTP/1.1" 200 148 "-" "Mozilla/4.0 (compatible; MSIE 6.0; Windows NT 5.1; SV1)"
123.125.71.86 - - [18/Dec/2010:05:13:39 -0800] "GET / HTTP/1.1" 200 148 "-" "Baiduspider+(+http://www.baidu.com/search/spider.htm)"
123.125.71.102 - - [18/Dec/2010:05:31:26 -0800] "GET / HTTP/1.1" 200 148 "-" "Baiduspider+(+http://www.baidu.com/search/spider.htm)"
220.181.108.182 - - [18/Dec/2010:05:31:53 -0800] "GET / HTTP/1.1" 200 148 "-" "Baiduspider+(+http://www.baidu.com/search/spider.htm)"
64.202.161.41 - - [18/Dec/2010:06:03:10 -0800] "GET / HTTP/1.1" 200 148 "-" "Mozilla/5.0 (Windows; U; Windows NT 5.1; en-US; rv:1.9.1.8) Gecko/20100202 Firefox/3.5.8 ( .NET CLR 3.5.30729)"
64.202.161.41 - - [18/Dec/2010:06:03:14 -0800] "GET / HTTP/1.1" 200 148 "-" "Mozilla/5.0 (Windows; U; Windows NT 5.1; en-US; rv:1.9.1.8) Gecko/20100202 Firefox/3.5.8 ( .NET CLR 3.5.30729)"
91.217.90.56 - - [18/Dec/2010:06:06:16 -0800] "GET /index.php/photos/album/1/photo/2.html HTTP/1.1" 200 148 "-" "Mozilla/4.0 (compatible; MSIE 6.0; Windows NT 5.1; SV1)"
79.142.64.19 - - [18/Dec/2010:06:11:32 -0800] "GET /index.php/photos/album/1/photo/2.html HTTP/1.1" 200 148 "-" "Mozilla/4.0 (compatible; MSIE 6.0; Windows NT 5.1; SV1)"
91.217.90.56 - - [18/Dec/2010:07:06:33 -0800] "GET /index.php/photos/album/1/photo/2.html HTTP/1.1" 200 148 "-" "Mozilla/4.0 (compatible; MSIE 6.0; Windows NT 5.1; SV1)"
91.217.90.56 - - [18/Dec/2010:09:06:51 -0800] "GET /index.php/photos/album/1/photo/2.html HTTP/1.1" 200 148 "-" "Mozilla/4.0 (compatible; MSIE 6.0; Windows NT 5.1; SV1)"
91.217.90.56 - - [18/Dec/2010:10:06:23 -0800] "GET /index.php/photos/album/1/photo/2.html HTTP/1.1" 200 148 "-" "Mozilla/4.0 (compatible; MSIE 6.0; Windows NT 5.1; SV1)"
66.249.72.246 - - [18/Dec/2010:10:28:05 -0800] "GET /robots.txt HTTP/1.1" 302 351 "-" "Mozilla/5.0 (compatible; Googlebot/2.1; +http://www.google.com/bot.html)"
66.249.72.246 - - [18/Dec/2010:10:28:05 -0800] "GET / HTTP/1.1" 200 148 "-" "Mozilla/5.0 (compatible; Googlebot/2.1; +http://www.google.com/bot.html)"
79.142.64.19 - - [18/Dec/2010:10:32:30 -0800] "GET /index.php/photos/album/1/photo/2.html HTTP/1.1" 200 148 "-" "Mozilla/4.0 (compatible; MSIE 6.0; Windows NT 5.1; SV1)"
91.217.90.56 - - [18/Dec/2010:11:06:22 -0800] "GET /index.php/photos/album/1/photo/2.html HTTP/1.1" 200 148 "-" "Mozilla/4.0 (compatible; MSIE 6.0; Windows NT 5.1; SV1)"
123.125.71.112 - - [18/Dec/2010:11:30:59 -0800] "GET / HTTP/1.1" 200 148 "-" "Baiduspider+(+http://www.baidu.com/search/spider.htm)"
220.181.108.186 - - [18/Dec/2010:11:31:38 -0800] "GET / HTTP/1.1" 200 148 "-" "Baiduspider+(+http://www.baidu.com/search/spider.htm)"
208.80.194.26 - - [18/Dec/2010:11:50:50 -0800] "GET / HTTP/1.0" 200 148 "-" "Mozilla/4.0 (compatible; MSIE 7.0; Windows NT 5.1; FunWebProducts; .NET CLR 1.1.4322; eMusic DLM/4)"
91.217.90.56 - - [18/Dec/2010:12:06:14 -0800] "GET /index.php/photos/album/1/photo/2.html HTTP/1.1" 200 148 "-" "Mozilla/4.0 (compatible; MSIE 6.0; Windows NT 5.1; SV1)"
66.220.147.246 - - [18/Dec/2010:12:31:08 -0800] "GET /~hockney/sc81.jpg HTTP/1.1" 206 40961 "-" "facebookexternalhit/1.1 (+http://www.facebook.com/externalhit_uatext.php)"
41.84.89.91 - - [18/Dec/2010:12:31:09 -0800] "GET /~hockney/sc81.jpg HTTP/1.1" 200 76656 "http://www.facebook.com/l.php?u=http%3A%2F%2Fferality.net%2F~hockney%2Fsc81.jpg&h=3720e" "Mozilla/5.0 (X11; U; Linux i686; en-US; rv:1.9.2.13) Gecko/20101206 Ubuntu/10.10 (maverick) Firefox/3.6.13"
67.42.93.86 - - [18/Dec/2010:12:31:48 -0800] "GET /~hockney/sc81.jpg HTTP/1.1" 200 76656 "http://www.facebook.com/l.php?u=http%3A%2F%2Fferality.net%2F~hockney%2Fsc81.jpg&h=ed79b" "Mozilla/5.0 (Windows; U; Windows NT 6.0; en-US) AppleWebKit/534.10 (KHTML, like Gecko) Chrome/8.0.552.224 Safari/534.10"
67.42.93.86 - - [18/Dec/2010:12:31:49 -0800] "GET /favicon.ico HTTP/1.1" 200 441 "-" "Mozilla/5.0 (Windows; U; Windows NT 6.0; en-US) AppleWebKit/534.10 (KHTML, like Gecko) Chrome/8.0.552.224 Safari/534.10"
91.217.90.56 - - [18/Dec/2010:13:06:11 -0800] "GET /index.php/photos/album/1/photo/2.html HTTP/1.1" 200 148 "-" "Mozilla/4.0 (compatible; MSIE 6.0; Windows NT 5.1; SV1)"
41.214.64.19 - - [18/Dec/2010:14:03:18 -0800] "GET / HTTP/1.1" 200 148 "-" "Mozilla/4.0 (compatible; MSIE 5.0; Windows NT; DigExt; DTS Agent"
91.217.90.56 - - [18/Dec/2010:14:05:47 -0800] "GET /index.php/photos/album/1/photo/2.html HTTP/1.1" 200 148 "-" "Mozilla/4.0 (compatible; MSIE 6.0; Windows NT 5.1; SV1)"
79.142.64.19 - - [18/Dec/2010:14:55:10 -0800] "GET /index.php/photos/album/1/photo/2.html HTTP/1.1" 200 148 "-" "Mozilla/4.0 (compatible; MSIE 6.0; Windows NT 5.1; SV1)"
91.217.90.56 - - [18/Dec/2010:15:05:35 -0800] "GET /index.php/photos/album/1/photo/2.html HTTP/1.1" 200 148 "-" "Mozilla/4.0 (compatible; MSIE 6.0; Windows NT 5.1; SV1)"
91.217.90.56 - - [18/Dec/2010:16:05:58 -0800] "GET /index.php/photos/album/1/photo/2.html HTTP/1.1" 200 148 "-" "Mozilla/4.0 (compatible; MSIE 6.0; Windows NT 5.1; SV1)"
91.217.90.56 - - [18/Dec/2010:17:05:35 -0800] "GET /index.php/photos/album/1/photo/2.html HTTP/1.1" 200 148 "-" "Mozilla/4.0 (compatible; MSIE 6.0; Windows NT 5.1; SV1)"
91.217.90.56 - - [18/Dec/2010:19:06:00 -0800] "GET /index.php/photos/album/1/photo/2.html HTTP/1.1" 200 148 "-" "Mozilla/4.0 (compatible; MSIE 6.0; Windows NT 5.1; SV1)"
79.142.64.19 - - [18/Dec/2010:19:19:27 -0800] "GET /index.php/photos/album/1/photo/2.html HTTP/1.1" 200 148 "-" "Mozilla/4.0 (compatible; MSIE 6.0; Windows NT 5.1; SV1)"
220.181.108.149 - - [18/Dec/2010:19:59:23 -0800] "GET /robots.txt HTTP/1.1" 302 347 "-" "Baiduspider+(+http://www.baidu.com/search/spider.htm)"
220.181.108.156 - - [18/Dec/2010:19:59:24 -0800] "GET / HTTP/1.1" 200 148 "-" "Baiduspider+(+http://www.baidu.com/search/spider.htm)"
123.125.71.114 - - [18/Dec/2010:20:30:57 -0800] "GET / HTTP/1.1" 200 148 "-" "Baiduspider+(+http://www.baidu.com/search/spider.htm)"
220.181.108.168 - - [18/Dec/2010:20:31:25 -0800] "GET / HTTP/1.1" 200 148 "-" "Baiduspider+(+http://www.baidu.com/search/spider.htm)"
91.217.90.56 - - [18/Dec/2010:22:06:51 -0800] "GET /index.php/photos/album/1/photo/2.html HTTP/1.1" 200 148 "-" "Mozilla/4.0 (compatible; MSIE 6.0; Windows NT 5.1; SV1)"
79.142.64.19 - - [18/Dec/2010:23:42:58 -0800] "GET /index.php/photos/album/1/photo/2.html HTTP/1.1" 200 148 "-" "Mozilla/4.0 (compatible; MSIE 6.0; Windows NT 5.1; SV1)"
174.129.46.156 - - [18/Dec/2010:23:59:18 -0800] "HEAD / HTTP/1.1" 200 - "-" "curl/7.18.2 (i486-pc-linux-gnu) libcurl/7.18.2 OpenSSL/0.9.8g zlib/1.2.3.3 libidn/1.8"
174.129.46.156 - - [18/Dec/2010:23:59:19 -0800] "GET / HTTP/1.1" 200 148 "-" "curl/7.18.2 (i486-pc-linux-gnu) libcurl/7.18.2 OpenSSL/0.9.8g zlib/1.2.3.3 libidn/1.8"
91.217.90.56 - - [19/Dec/2010:00:07:10 -0800] "GET /index.php/photos/album/1/photo/2.html HTTP/1.1" 200 148 "-" "Mozilla/4.0 (compatible; MSIE 6.0; Windows NT 5.1; SV1)"
91.217.90.56 - - [19/Dec/2010:01:07:40 -0800] "GET /index.php/photos/album/1/photo/2.html HTTP/1.1" 200 148 "-" "Mozilla/4.0 (compatible; MSIE 6.0; Windows NT 5.1; SV1)"
123.125.71.113 - - [19/Dec/2010:01:30:23 -0800] "GET / HTTP/1.1" 200 148 "-" "Baiduspider+(+http://www.baidu.com/search/spider.htm)"
220.181.108.166 - - [19/Dec/2010:01:30:52 -0800] "GET / HTTP/1.1" 200 148 "-" "Baiduspider+(+http://www.baidu.com/search/spider.htm)"
91.217.90.56 - - [19/Dec/2010:02:07:31 -0800] "GET /index.php/photos/album/1/photo/2.html HTTP/1.1" 200 148 "-" "Mozilla/4.0 (compatible; MSIE 6.0; Windows NT 5.1; SV1)"
91.217.90.56 - - [19/Dec/2010:03:07:53 -0800] "GET /index.php/photos/album/1/photo/2.html HTTP/1.1" 200 148 "-" "Mozilla/4.0 (compatible; MSIE 6.0; Windows NT 5.1; SV1)"
79.142.64.19 - - [19/Dec/2010:04:05:15 -0800] "GET /index.php/photos/album/1/photo/2.html HTTP/1.1" 200 148 "-" "Mozilla/4.0 (compatible; MSIE 6.0; Windows NT 5.1; SV1)"
91.217.90.56 - - [19/Dec/2010:04:08:09 -0800] "GET /index.php/photos/album/1/photo/2.html HTTP/1.1" 200 148 "-" "Mozilla/4.0 (compatible; MSIE 6.0; Windows NT 5.1; SV1)"
91.217.90.56 - - [19/Dec/2010:06:33:01 -0800] "GET /index.php/photos/album/1/photo/2.html HTTP/1.1" 200 148 "-" "Mozilla/4.0 (compatible; MSIE 6.0; Windows NT 5.1; SV1)"
93.158.148.31 - - [19/Dec/2010:06:57:06 -0800] "GET /robots.txt HTTP/1.1" 302 347 "-" "Mozilla/5.0 (compatible; YandexBot/3.0; +http://yandex.com/bots)"
93.158.148.31 - - [19/Dec/2010:06:57:08 -0800] "GET / HTTP/1.1" 200 148 "-" "Mozilla/5.0 (compatible; YandexBot/3.0; +http://yandex.com/bots)"
220.181.37.88 - - [19/Dec/2010:08:32:10 -0800] "GET / HTTP/1.1" 200 148 "-" "Baiduspider+(+http://www.baidu.com/search/spider.htm)"
91.217.90.56 - - [19/Dec/2010:08:33:34 -0800] "GET /index.php/photos/album/1/photo/2.html HTTP/1.1" 200 148 "-" "Mozilla/4.0 (compatible; MSIE 6.0; Windows NT 5.1; SV1)"
109.120.144.148 - - [19/Dec/2010:08:57:36 -0800] "HEAD /FCKeditor/editor/images/anchor.gif HTTP/1.1" 302 - "http://FERALITY.NET" "Mozilla/5.0 (Windows; U; Windows NT 6.0; en; rv:1.9.0.8) Gecko/2009032609 Firefox/3.0.8 (.NET CLR 3.5.30729)"
91.217.90.56 - - [19/Dec/2010:09:34:03 -0800] "GET /index.php/photos/album/1/photo/2.html HTTP/1.1" 200 148 "-" "Mozilla/4.0 (compatible; MSIE 6.0; Windows NT 5.1; SV1)"
79.142.64.19 - - [19/Dec/2010:09:48:09 -0800] "GET /index.php/photos/album/1/photo/2.html HTTP/1.1" 200 148 "-" "Mozilla/4.0 (compatible; MSIE 6.0; Windows NT 5.1; SV1)"
66.249.72.139 - - [19/Dec/2010:11:19:53 -0800] "GET /robots.txt HTTP/1.1" 302 347 "-" "Mozilla/5.0 (compatible; Googlebot/2.1; +http://www.google.com/bot.html)"
66.249.72.139 - - [19/Dec/2010:11:19:54 -0800] "GET / HTTP/1.1" 200 148 "-" "Mozilla/5.0 (compatible; Googlebot/2.1; +http://www.google.com/bot.html)"
66.249.72.139 - - [19/Dec/2010:11:19:54 -0800] "GET / HTTP/1.1" 200 148 "-" "Mozilla/5.0 (compatible; Googlebot/2.1; +http://www.google.com/bot.html)"
91.217.90.56 - - [19/Dec/2010:11:34:54 -0800] "GET /index.php/photos/album/1/photo/2.html HTTP/1.1" 200 148 "-" "Mozilla/4.0 (compatible; MSIE 6.0; Windows NT 5.1; SV1)"
93.158.148.31 - - [19/Dec/2010:12:29:09 -0800] "GET /robots.txt HTTP/1.1" 302 351 "-" "Mozilla/5.0 (compatible; YandexBot/3.0; +http://yandex.com/bots)"
91.217.90.56 - - [19/Dec/2010:12:34:49 -0800] "GET /index.php/photos/album/1/photo/2.html HTTP/1.1" 200 148 "-" "Mozilla/4.0 (compatible; MSIE 6.0; Windows NT 5.1; SV1)"
79.142.64.19 - - [19/Dec/2010:14:12:59 -0800] "GET /index.php/photos/album/1/photo/2.html HTTP/1.1" 200 148 "-" "Mozilla/4.0 (compatible; MSIE 6.0; Windows NT 5.1; SV1)"
91.217.90.56 - - [19/Dec/2010:14:34:30 -0800] "GET /index.php/photos/album/1/photo/2.html HTTP/1.1" 200 148 "-" "Mozilla/4.0 (compatible; MSIE 6.0; Windows NT 5.1; SV1)"
91.217.90.56 - - [19/Dec/2010:17:34:36 -0800] "GET /index.php/photos/album/1/photo/2.html HTTP/1.1" 200 148 "-" "Mozilla/4.0 (compatible; MSIE 6.0; Windows NT 5.1; SV1)"
91.217.90.56 - - [19/Dec/2010:18:34:48 -0800] "GET /index.php/photos/album/1/photo/2.html HTTP/1.1" 200 148 "-" "Mozilla/4.0 (compatible; MSIE 6.0; Windows NT 5.1; SV1)"
79.142.64.19 - - [19/Dec/2010:18:37:09 -0800] "GET /index.php/photos/album/1/photo/2.html HTTP/1.1" 200 148 "-" "Mozilla/4.0 (compatible; MSIE 6.0; Windows NT 5.1; SV1)"
93.158.148.31 - - [19/Dec/2010:18:44:31 -0800] "GET / HTTP/1.1" 200 148 "-" "Mozilla/5.0 (compatible; YandexBot/3.0; +http://yandex.com/bots)"
91.217.90.56 - - [19/Dec/2010:19:34:21 -0800] "GET /index.php/photos/album/1/photo/2.html HTTP/1.1" 200 148 "-" "Mozilla/4.0 (compatible; MSIE 6.0; Windows NT 5.1; SV1)"
91.217.90.56 - - [19/Dec/2010:20:34:07 -0800] "GET /index.php/photos/album/1/photo/2.html HTTP/1.1" 200 148 "-" "Mozilla/4.0 (compatible; MSIE 6.0; Windows NT 5.1; SV1)"
91.217.90.56 - - [19/Dec/2010:21:33:48 -0800] "GET /index.php/photos/album/1/photo/2.html HTTP/1.1" 200 148 "-" "Mozilla/4.0 (compatible; MSIE 6.0; Windows NT 5.1; SV1)"
79.142.64.19 - - [19/Dec/2010:22:59:41 -0800] "GET /index.php/photos/album/1/photo/2.html HTTP/1.1" 200 148 "-" "Mozilla/4.0 (compatible; MSIE 6.0; Windows NT 5.1; SV1)"
123.125.71.113 - - [19/Dec/2010:23:30:30 -0800] "GET / HTTP/1.1" 200 148 "-" "Baiduspider+(+http://www.baidu.com/search/spider.htm)"
220.181.108.178 - - [19/Dec/2010:23:30:57 -0800] "GET / HTTP/1.1" 200 148 "-" "Baiduspider+(+http://www.baidu.com/search/spider.htm)"
91.217.90.56 - - [19/Dec/2010:23:33:21 -0800] "GET /index.php/photos/album/1/photo/2.html HTTP/1.1" 200 148 "-" "Mozilla/4.0 (compatible; MSIE 6.0; Windows NT 5.1; SV1)"
93.158.148.31 - - [20/Dec/2010:01:36:55 -0800] "GET / HTTP/1.1" 200 148 "-" "Mozilla/5.0 (compatible; YandexBot/3.0; +http://yandex.com/bots)"
79.142.64.19 - - [20/Dec/2010:03:23:44 -0800] "GET /index.php/photos/album/1/photo/2.html HTTP/1.1" 200 148 "-" "Mozilla/4.0 (compatible; MSIE 6.0; Windows NT 5.1; SV1)"
91.217.90.56 - - [20/Dec/2010:03:32:39 -0800] "GET /index.php/photos/album/1/photo/2.html HTTP/1.1" 200 148 "-" "Mozilla/4.0 (compatible; MSIE 6.0; Windows NT 5.1; SV1)"
91.217.90.56 - - [20/Dec/2010:04:32:32 -0800] "GET /index.php/photos/album/1/photo/2.html HTTP/1.1" 200 148 "-" "Mozilla/4.0 (compatible; MSIE 6.0; Windows NT 5.1; SV1)"
91.201.66.132 - - [20/Dec/2010:05:25:54 -0800] "GET /index.php HTTP/1.0" 200 148 "http://ferality.net/index.php" "Mozilla/4.0 (compatible; MSIE 6.0; Windows NT 5.1; SV1; Crazy Browser 2.0.0 Beta 1; .NET CLR 1.0.3705; .NET CLR 1.1.4322)"
91.217.90.56 - - [20/Dec/2010:05:32:36 -0800] "GET /index.php/photos/album/1/photo/2.html HTTP/1.1" 200 148 "-" "Mozilla/4.0 (compatible; MSIE 6.0; Windows NT 5.1; SV1)"
123.125.71.108 - - [20/Dec/2010:07:42:58 -0800] "GET / HTTP/1.1" 200 148 "-" "Baiduspider+(+http://www.baidu.com/search/spider.htm)"
79.142.64.19 - - [20/Dec/2010:07:43:40 -0800] "GET /index.php/photos/album/1/photo/2.html HTTP/1.1" 200 148 "-" "Mozilla/4.0 (compatible; MSIE 6.0; Windows NT 5.1; SV1)"
220.181.108.181 - - [20/Dec/2010:07:43:42 -0800] "GET / HTTP/1.1" 200 148 "-" "Baiduspider+(+http://www.baidu.com/search/spider.htm)"
91.217.90.56 - - [20/Dec/2010:08:32:31 -0800] "GET /index.php/photos/album/1/photo/2.html HTTP/1.1" 200 148 "-" "Mozilla/4.0 (compatible; MSIE 6.0; Windows NT 5.1; SV1)"
91.217.90.56 - - [20/Dec/2010:09:32:40 -0800] "GET /index.php/photos/album/1/photo/2.html HTTP/1.1" 200 148 "-" "Mozilla/4.0 (compatible; MSIE 6.0; Windows NT 5.1; SV1)"
81.176.230.39 - - [20/Dec/2010:10:10:28 -0800] "GET / HTTP/1.1" 200 148 "-" "Mozilla/5.0"
91.217.90.56 - - [20/Dec/2010:10:32:08 -0800] "GET /index.php/photos/album/1/photo/2.html HTTP/1.1" 200 148 "-" "Mozilla/4.0 (compatible; MSIE 6.0; Windows NT 5.1; SV1)"
79.142.64.19 - - [20/Dec/2010:12:01:04 -0800] "GET /index.php/photos/album/1/photo/2.html HTTP/1.1" 200 148 "-" "Mozilla/4.0 (compatible; MSIE 6.0; Windows NT 5.1; SV1)"
91.217.90.56 - - [20/Dec/2010:12:32:40 -0800] "GET /index.php/photos/album/1/photo/2.html HTTP/1.1" 200 148 "-" "Mozilla/4.0 (compatible; MSIE 6.0; Windows NT 5.1; SV1)"
208.80.194.26 - - [20/Dec/2010:13:01:52 -0800] "GET / HTTP/1.0" 200 148 "-" "Mozilla/4.0 (compatible; MSIE 6.0; AOL 9.0; Windows NT 5.1; SV1; .NET CLR 1.1.4322; .NET CLR 2.0.50727; Zune 2.0)"
91.217.90.56 - - [20/Dec/2010:14:32:00 -0800] "GET /index.php/photos/album/1/photo/2.html HTTP/1.1" 200 148 "-" "Mozilla/4.0 (compatible; MSIE 6.0; Windows NT 5.1; SV1)"
91.217.90.56 - - [20/Dec/2010:15:31:42 -0800] "GET /index.php/photos/album/1/photo/2.html HTTP/1.1" 200 148 "-" "Mozilla/4.0 (compatible; MSIE 6.0; Windows NT 5.1; SV1)"
79.142.64.19 - - [20/Dec/2010:16:19:52 -0800] "GET /index.php/photos/album/1/photo/2.html HTTP/1.1" 200 148 "-" "Mozilla/4.0 (compatible; MSIE 6.0; Windows NT 5.1; SV1)"
123.125.71.75 - - [20/Dec/2010:16:34:24 -0800] "GET / HTTP/1.1" 200 148 "-" "Baiduspider+(+http://www.baidu.com/search/spider.htm)"
91.217.90.56 - - [20/Dec/2010:17:31:48 -0800] "GET /index.php/photos/album/1/photo/2.html HTTP/1.1" 200 148 "-" "Mozilla/4.0 (compatible; MSIE 6.0; Windows NT 5.1; SV1)"
91.217.90.56 - - [20/Dec/2010:18:31:40 -0800] "GET /index.php/photos/album/1/photo/2.html HTTP/1.1" 200 148 "-" "Mozilla/4.0 (compatible; MSIE 6.0; Windows NT 5.1; SV1)"
86.134.109.31 - - [20/Dec/2010:19:56:54 -0800] "GET / HTTP/1.1" 200 148 "-" "WinWebBot/1.0; (Balaena Ltd, UK); http://www.balaena.com/winwebbot.html; winwebbot@balaena.com;)"
220.181.108.156 - - [20/Dec/2010:20:27:57 -0800] "GET /robots.txt HTTP/1.1" 302 347 "-" "Baiduspider+(+http://www.baidu.com/search/spider.htm)"
220.181.108.157 - - [20/Dec/2010:20:27:58 -0800] "GET / HTTP/1.1" 200 148 "-" "Baiduspider+(+http://www.baidu.com/search/spider.htm)"
91.217.90.56 - - [20/Dec/2010:20:31:39 -0800] "GET /index.php/photos/album/1/photo/2.html HTTP/1.1" 200 148 "-" "Mozilla/4.0 (compatible; MSIE 6.0; Windows NT 5.1; SV1)"
79.142.64.19 - - [20/Dec/2010:20:40:12 -0800] "GET /index.php/photos/album/1/photo/2.html HTTP/1.1" 200 148 "-" "Mozilla/4.0 (compatible; MSIE 6.0; Windows NT 5.1; SV1)"
123.125.71.100 - - [20/Dec/2010:21:31:17 -0800] "GET / HTTP/1.1" 200 148 "-" "Baiduspider+(+http://www.baidu.com/search/spider.htm)"
220.181.108.186 - - [20/Dec/2010:21:31:43 -0800] "GET / HTTP/1.1" 200 148 "-" "Baiduspider+(+http://www.baidu.com/search/spider.htm)"
91.217.90.56 - - [20/Dec/2010:21:31:53 -0800] "GET /index.php/photos/album/1/photo/2.html HTTP/1.1" 200 148 "-" "Mozilla/4.0 (compatible; MSIE 6.0; Windows NT 5.1; SV1)"
123.125.71.117 - - [20/Dec/2010:23:31:35 -0800] "GET / HTTP/1.1" 200 148 "-" "Baiduspider+(+http://www.baidu.com/search/spider.htm)"
91.217.90.56 - - [20/Dec/2010:23:31:37 -0800] "GET /index.php/photos/album/1/photo/2.html HTTP/1.1" 200 148 "-" "Mozilla/4.0 (compatible; MSIE 6.0; Windows NT 5.1; SV1)"
220.181.108.169 - - [20/Dec/2010:23:33:06 -0800] "GET / HTTP/1.1" 200 148 "-" "Baiduspider+(+http://www.baidu.com/search/spider.htm)"
91.217.90.56 - - [21/Dec/2010:00:31:27 -0800] "GET /index.php/photos/album/1/photo/2.html HTTP/1.1" 200 148 "-" "Mozilla/4.0 (compatible; MSIE 6.0; Windows NT 5.1; SV1)"
79.142.64.19 - - [21/Dec/2010:01:00:28 -0800] "GET /index.php/photos/album/1/photo/2.html HTTP/1.1" 200 148 "-" "Mozilla/4.0 (compatible; MSIE 6.0; Windows NT 5.1; SV1)"
91.217.90.56 - - [21/Dec/2010:01:31:39 -0800] "GET /index.php/photos/album/1/photo/2.html HTTP/1.1" 200 148 "-" "Mozilla/4.0 (compatible; MSIE 6.0; Windows NT 5.1; SV1)"
89.149.254.75 - - [21/Dec/2010:03:19:30 -0800] "GET /index.php HTTP/1.0" 200 148 "http://ferality.net/index.php" "Mozilla/4.0 (compatible; MSIE 6.0; Windows NT 5.0; .NET CLR 1.0.3705; .NET CLR 1.1.4322)"
91.217.90.56 - - [21/Dec/2010:03:33:03 -0800] "GET /index.php/photos/album/1/photo/2.html HTTP/1.1" 200 148 "-" "Mozilla/4.0 (compatible; MSIE 6.0; Windows NT 5.1; SV1)"
79.142.64.19 - - [21/Dec/2010:05:21:38 -0800] "GET /index.php/photos/album/1/photo/2.html HTTP/1.1" 200 148 "-" "Mozilla/4.0 (compatible; MSIE 6.0; Windows NT 5.1; SV1)"
91.217.90.56 - - [21/Dec/2010:05:34:05 -0800] "GET /index.php/photos/album/1/photo/2.html HTTP/1.1" 200 148 "-" "Mozilla/4.0 (compatible; MSIE 6.0; Windows NT 5.1; SV1)"
91.217.90.56 - - [21/Dec/2010:06:34:36 -0800] "GET /index.php/photos/album/1/photo/2.html HTTP/1.1" 200 148 "-" "Mozilla/4.0 (compatible; MSIE 6.0; Windows NT 5.1; SV1)"
91.217.90.56 - - [21/Dec/2010:07:35:26 -0800] "GET /index.php/photos/album/1/photo/2.html HTTP/1.1" 200 148 "-" "Mozilla/4.0 (compatible; MSIE 6.0; Windows NT 5.1; SV1)"
91.217.90.56 - - [21/Dec/2010:09:36:46 -0800] "GET /index.php/photos/album/1/photo/2.html HTTP/1.1" 200 148 "-" "Mozilla/4.0 (compatible; MSIE 6.0; Windows NT 5.1; SV1)"
79.142.64.19 - - [21/Dec/2010:09:44:46 -0800] "GET /index.php/photos/album/1/photo/2.html HTTP/1.1" 200 148 "-" "Mozilla/4.0 (compatible; MSIE 6.0; Windows NT 5.1; SV1)"
91.217.90.56 - - [21/Dec/2010:10:37:41 -0800] "GET /index.php/photos/album/1/photo/2.html HTTP/1.1" 200 148 "-" "Mozilla/4.0 (compatible; MSIE 6.0; Windows NT 5.1; SV1)"
209.216.189.146 - - [21/Dec/2010:11:44:31 -0800] "GET /~harold HTTP/1.1" 301 380 "-" "Mozilla/5.0 (Windows; U; Windows NT 5.1; en-US; rv:1.9.2.13) Gecko/20101203 Firefox/3.6.13 ( .NET CLR 3.5.30729)"
209.216.189.146 - - [21/Dec/2010:11:44:31 -0800] "GET /~harold/ HTTP/1.1" 200 24867 "-" "Mozilla/5.0 (Windows; U; Windows NT 5.1; en-US; rv:1.9.2.13) Gecko/20101203 Firefox/3.6.13 ( .NET CLR 3.5.30729)"
209.216.189.146 - - [21/Dec/2010:11:44:32 -0800] "GET /~harold/blue-v.png HTTP/1.1" 200 106 "http://ferality.net/~harold/" "Mozilla/5.0 (Windows; U; Windows NT 5.1; en-US; rv:1.9.2.13) Gecko/20101203 Firefox/3.6.13 ( .NET CLR 3.5.30729)"
209.216.189.146 - - [21/Dec/2010:11:44:32 -0800] "GET /~harold/green-v.png HTTP/1.1" 200 107 "http://ferality.net/~harold/" "Mozilla/5.0 (Windows; U; Windows NT 5.1; en-US; rv:1.9.2.13) Gecko/20101203 Firefox/3.6.13 ( .NET CLR 3.5.30729)"
209.216.189.146 - - [21/Dec/2010:11:44:32 -0800] "GET /~harold/blue-h.png HTTP/1.1" 200 112 "http://ferality.net/~harold/" "Mozilla/5.0 (Windows; U; Windows NT 5.1; en-US; rv:1.9.2.13) Gecko/20101203 Firefox/3.6.13 ( .NET CLR 3.5.30729)"
209.216.189.146 - - [21/Dec/2010:11:44:32 -0800] "GET /~harold/green-h.png HTTP/1.1" 200 114 "http://ferality.net/~harold/" "Mozilla/5.0 (Windows; U; Windows NT 5.1; en-US; rv:1.9.2.13) Gecko/20101203 Firefox/3.6.13 ( .NET CLR 3.5.30729)"
