206.29.197.150 - - [03/Mar/2010:02:04:01 -0800] "GET /~dug/tatum/4chan/Epic_Boobs.jpg HTTP/1.1" 200 37257 "http://ferality.net/~dug/tatum/4chan/" "Mozilla/5.0 (Windows; U; Windows NT 5.1; en-US; rv:1.9.2) Gecko/20100115 Firefox/3.6 (.NET CLR 3.5.30729)"
206.29.197.150 - - [03/Mar/2010:02:04:10 -0800] "GET /~dug/tatum/4chan/Epic_tits_on_the_beach.jpg HTTP/1.1" 200 92116 "http://ferality.net/~dug/tatum/4chan/" "Mozilla/5.0 (Windows; U; Windows NT 5.1; en-US; rv:1.9.2) Gecko/20100115 Firefox/3.6 (.NET CLR 3.5.30729)"
206.29.197.150 - - [03/Mar/2010:02:04:15 -0800] "GET /~dug/tatum/4chan/Euro_countrys_pro_con.png HTTP/1.1" 200 831173 "http://ferality.net/~dug/tatum/4chan/" "Mozilla/5.0 (Windows; U; Windows NT 5.1; en-US; rv:1.9.2) Gecko/20100115 Firefox/3.6 (.NET CLR 3.5.30729)"
206.29.197.150 - - [03/Mar/2010:02:04:23 -0800] "GET /~dug/tatum/4chan/Explanation_I_Demand.jpg HTTP/1.1" 200 50362 "http://ferality.net/~dug/tatum/4chan/" "Mozilla/5.0 (Windows; U; Windows NT 5.1; en-US; rv:1.9.2) Gecko/20100115 Firefox/3.6 (.NET CLR 3.5.30729)"
206.29.197.150 - - [03/Mar/2010:02:04:30 -0800] "GET /~dug/tatum/4chan/Fap_Fap_Agent_Smith.gif HTTP/1.1" 200 95828 "http://ferality.net/~dug/tatum/4chan/" "Mozilla/5.0 (Windows; U; Windows NT 5.1; en-US; rv:1.9.2) Gecko/20100115 Firefox/3.6 (.NET CLR 3.5.30729)"
206.29.197.150 - - [03/Mar/2010:02:04:38 -0800] "GET /~dug/tatum/4chan/Feast_Facerape.gif HTTP/1.1" 200 2080492 "http://ferality.net/~dug/tatum/4chan/" "Mozilla/5.0 (Windows; U; Windows NT 5.1; en-US; rv:1.9.2) Gecko/20100115 Firefox/3.6 (.NET CLR 3.5.30729)"
206.29.197.150 - - [03/Mar/2010:02:04:47 -0800] "GET /~dug/tatum/4chan/Female_Gamers.jpg HTTP/1.1" 200 135727 "http://ferality.net/~dug/tatum/4chan/" "Mozilla/5.0 (Windows; U; Windows NT 5.1; en-US; rv:1.9.2) Gecko/20100115 Firefox/3.6 (.NET CLR 3.5.30729)"
206.29.197.150 - - [03/Mar/2010:02:05:05 -0800] "GET /~dug/tatum/4chan/Finland_Winland.jpg HTTP/1.1" 200 106459 "http://ferality.net/~dug/tatum/4chan/" "Mozilla/5.0 (Windows; U; Windows NT 5.1; en-US; rv:1.9.2) Gecko/20100115 Firefox/3.6 (.NET CLR 3.5.30729)"
206.29.197.150 - - [03/Mar/2010:02:05:10 -0800] "GET /~dug/tatum/4chan/Fuggin_good_clothth.png HTTP/1.1" 200 55189 "http://ferality.net/~dug/tatum/4chan/" "Mozilla/5.0 (Windows; U; Windows NT 5.1; en-US; rv:1.9.2) Gecko/20100115 Firefox/3.6 (.NET CLR 3.5.30729)"
206.29.197.150 - - [03/Mar/2010:02:05:21 -0800] "GET /~dug/tatum/4chan/GTFO_Techno_Viking.jpg HTTP/1.1" 200 19185 "http://ferality.net/~dug/tatum/4chan/" "Mozilla/5.0 (Windows; U; Windows NT 5.1; en-US; rv:1.9.2) Gecko/20100115 Firefox/3.6 (.NET CLR 3.5.30729)"
206.29.197.150 - - [03/Mar/2010:02:05:28 -0800] "GET /~dug/tatum/4chan/Germany_Worst.jpg HTTP/1.1" 200 235144 "http://ferality.net/~dug/tatum/4chan/" "Mozilla/5.0 (Windows; U; Windows NT 5.1; en-US; rv:1.9.2) Gecko/20100115 Firefox/3.6 (.NET CLR 3.5.30729)"
206.29.197.150 - - [03/Mar/2010:02:05:44 -0800] "GET /~dug/tatum/4chan/Go_Be_Fat_Somewhere_Else.jpg HTTP/1.1" 200 69556 "http://ferality.net/~dug/tatum/4chan/" "Mozilla/5.0 (Windows; U; Windows NT 5.1; en-US; rv:1.9.2) Gecko/20100115 Firefox/3.6 (.NET CLR 3.5.30729)"
206.29.197.150 - - [03/Mar/2010:02:05:51 -0800] "GET /~dug/tatum/4chan/God_Called.jpg HTTP/1.1" 200 75306 "http://ferality.net/~dug/tatum/4chan/" "Mozilla/5.0 (Windows; U; Windows NT 5.1; en-US; rv:1.9.2) Gecko/20100115 Firefox/3.6 (.NET CLR 3.5.30729)"
206.29.197.150 - - [03/Mar/2010:02:05:58 -0800] "GET /~dug/tatum/4chan/Gramma_Middle_Finger.jpg HTTP/1.1" 200 25682 "http://ferality.net/~dug/tatum/4chan/" "Mozilla/5.0 (Windows; U; Windows NT 5.1; en-US; rv:1.9.2) Gecko/20100115 Firefox/3.6 (.NET CLR 3.5.30729)"
206.29.197.150 - - [03/Mar/2010:02:06:03 -0800] "GET /~dug/tatum/4chan/Groundbreaking_idea.jpg HTTP/1.1" 200 55495 "http://ferality.net/~dug/tatum/4chan/" "Mozilla/5.0 (Windows; U; Windows NT 5.1; en-US; rv:1.9.2) Gecko/20100115 Firefox/3.6 (.NET CLR 3.5.30729)"
206.29.197.150 - - [03/Mar/2010:02:06:12 -0800] "GET /~dug/tatum/4chan/Grow_up_Be_white.jpg HTTP/1.1" 200 92401 "http://ferality.net/~dug/tatum/4chan/" "Mozilla/5.0 (Windows; U; Windows NT 5.1; en-US; rv:1.9.2) Gecko/20100115 Firefox/3.6 (.NET CLR 3.5.30729)"
206.29.197.150 - - [03/Mar/2010:02:06:20 -0800] "GET /~dug/tatum/4chan/Gym_Teacher.jpg HTTP/1.1" 200 92120 "http://ferality.net/~dug/tatum/4chan/" "Mozilla/5.0 (Windows; U; Windows NT 5.1; en-US; rv:1.9.2) Gecko/20100115 Firefox/3.6 (.NET CLR 3.5.30729)"
206.29.197.150 - - [03/Mar/2010:02:06:28 -0800] "GET /~dug/tatum/4chan/Headache_ORLY.gif HTTP/1.1" 200 2089090 "http://ferality.net/~dug/tatum/4chan/" "Mozilla/5.0 (Windows; U; Windows NT 5.1; en-US; rv:1.9.2) Gecko/20100115 Firefox/3.6 (.NET CLR 3.5.30729)"
206.29.197.150 - - [03/Mar/2010:02:06:47 -0800] "GET /~dug/tatum/4chan/Hermione.jpg HTTP/1.1" 200 18033 "http://ferality.net/~dug/tatum/4chan/" "Mozilla/5.0 (Windows; U; Windows NT 5.1; en-US; rv:1.9.2) Gecko/20100115 Firefox/3.6 (.NET CLR 3.5.30729)"
206.29.197.150 - - [03/Mar/2010:02:06:51 -0800] "GET /~dug/tatum/4chan/Hesus.gif HTTP/1.1" 200 1015468 "http://ferality.net/~dug/tatum/4chan/" "Mozilla/5.0 (Windows; U; Windows NT 5.1; en-US; rv:1.9.2) Gecko/20100115 Firefox/3.6 (.NET CLR 3.5.30729)"
86.96.226.20 - - [03/Mar/2010:02:06:56 -0800] "GET /index.php/photos/album/1/photo/2.html HTTP/1.1" 200 148 "-" "Mozilla/4.0 (compatible;)"
206.29.197.150 - - [03/Mar/2010:02:06:56 -0800] "GET /~dug/tatum/4chan/Hitler_still_alive.jpg HTTP/1.1" 200 78492 "http://ferality.net/~dug/tatum/4chan/" "Mozilla/5.0 (Windows; U; Windows NT 5.1; en-US; rv:1.9.2) Gecko/20100115 Firefox/3.6 (.NET CLR 3.5.30729)"
206.29.197.150 - - [03/Mar/2010:02:07:02 -0800] "GET /~dug/tatum/4chan/Hobart_the_Cat.jpg HTTP/1.1" 200 43012 "http://ferality.net/~dug/tatum/4chan/" "Mozilla/5.0 (Windows; U; Windows NT 5.1; en-US; rv:1.9.2) Gecko/20100115 Firefox/3.6 (.NET CLR 3.5.30729)"
206.29.197.150 - - [03/Mar/2010:02:07:14 -0800] "GET /~dug/tatum/4chan/Horror_Wedding.jpg HTTP/1.1" 200 30883 "http://ferality.net/~dug/tatum/4chan/" "Mozilla/5.0 (Windows; U; Windows NT 5.1; en-US; rv:1.9.2) Gecko/20100115 Firefox/3.6 (.NET CLR 3.5.30729)"
206.29.197.150 - - [03/Mar/2010:02:07:19 -0800] "GET /~dug/tatum/4chan/Inevitable.png HTTP/1.1" 200 367425 "http://ferality.net/~dug/tatum/4chan/" "Mozilla/5.0 (Windows; U; Windows NT 5.1; en-US; rv:1.9.2) Gecko/20100115 Firefox/3.6 (.NET CLR 3.5.30729)"
206.29.197.150 - - [03/Mar/2010:02:07:24 -0800] "GET /~dug/tatum/4chan/Jerk_Store_Called.jpg HTTP/1.1" 200 51266 "http://ferality.net/~dug/tatum/4chan/" "Mozilla/5.0 (Windows; U; Windows NT 5.1; en-US; rv:1.9.2) Gecko/20100115 Firefox/3.6 (.NET CLR 3.5.30729)"
206.29.197.150 - - [03/Mar/2010:02:07:31 -0800] "GET /~dug/tatum/4chan/Job_Interview_HIRED.jpg HTTP/1.1" 200 26664 "http://ferality.net/~dug/tatum/4chan/" "Mozilla/5.0 (Windows; U; Windows NT 5.1; en-US; rv:1.9.2) Gecko/20100115 Firefox/3.6 (.NET CLR 3.5.30729)"
206.29.197.150 - - [03/Mar/2010:02:07:36 -0800] "GET /~dug/tatum/4chan/Josh_Run.jpg HTTP/1.1" 200 73774 "http://ferality.net/~dug/tatum/4chan/" "Mozilla/5.0 (Windows; U; Windows NT 5.1; en-US; rv:1.9.2) Gecko/20100115 Firefox/3.6 (.NET CLR 3.5.30729)"
206.29.197.150 - - [03/Mar/2010:02:07:45 -0800] "GET /~dug/tatum/4chan/Judgement_day.jpg HTTP/1.1" 200 42697 "http://ferality.net/~dug/tatum/4chan/" "Mozilla/5.0 (Windows; U; Windows NT 5.1; en-US; rv:1.9.2) Gecko/20100115 Firefox/3.6 (.NET CLR 3.5.30729)"
206.29.197.150 - - [03/Mar/2010:02:07:51 -0800] "GET /~dug/tatum/4chan/Kids_Exchange.jpg HTTP/1.1" 200 33265 "http://ferality.net/~dug/tatum/4chan/" "Mozilla/5.0 (Windows; U; Windows NT 5.1; en-US; rv:1.9.2) Gecko/20100115 Firefox/3.6 (.NET CLR 3.5.30729)"
195.229.241.178 - - [03/Mar/2010:02:07:55 -0800] "GET /index.php/photos/album/1/photo/2.html HTTP/1.1" 200 148 "-" "Mozilla/4.0 (compatible;)"
206.29.197.150 - - [03/Mar/2010:02:08:00 -0800] "GET /~dug/tatum/4chan/Kthxbai.jpg HTTP/1.1" 200 21105 "http://ferality.net/~dug/tatum/4chan/" "Mozilla/5.0 (Windows; U; Windows NT 5.1; en-US; rv:1.9.2) Gecko/20100115 Firefox/3.6 (.NET CLR 3.5.30729)"
206.29.197.150 - - [03/Mar/2010:02:08:05 -0800] "GET /~dug/tatum/4chan/Lazors_charged.jpg HTTP/1.1" 200 70931 "http://ferality.net/~dug/tatum/4chan/" "Mozilla/5.0 (Windows; U; Windows NT 5.1; en-US; rv:1.9.2) Gecko/20100115 Firefox/3.6 (.NET CLR 3.5.30729)"
206.29.197.150 - - [03/Mar/2010:02:08:12 -0800] "GET /~dug/tatum/4chan/Leonidas_You_re_awesome.gif HTTP/1.1" 200 412278 "http://ferality.net/~dug/tatum/4chan/" "Mozilla/5.0 (Windows; U; Windows NT 5.1; en-US; rv:1.9.2) Gecko/20100115 Firefox/3.6 (.NET CLR 3.5.30729)"
198.176.188.201 - - [03/Mar/2010:02:08:53 -0800] "GET /~dug/tatum/4chan/Back_to_the_Kitchen_Bitch.png HTTP/1.1" 200 303605 "-" "Mozilla/4.0 (compatible; MSIE 6.0; Windows NT 5.1; Q312461; SV1; .NET CLR 1.1.4322; .NET CLR 2.0.50727; .NET CLR 3.0.04506.30; .NET CLR 3.0.04506.648; .NET CLR 3.5.21022; .NET CLR 3.0.4506.2152; .NET CLR 3.5.30729; MS-RTC LM 8)"
198.176.188.201 - - [03/Mar/2010:02:09:12 -0800] "GET /~dug/tatum/4chan/About_to_make_mistake.jpg HTTP/1.1" 200 22450 "-" "Mozilla/4.0 (compatible; MSIE 6.0; Windows NT 5.1; Q312461; SV1; .NET CLR 1.1.4322; .NET CLR 2.0.50727; .NET CLR 3.0.04506.30; .NET CLR 3.0.04506.648; .NET CLR 3.5.21022; .NET CLR 3.0.4506.2152; .NET CLR 3.5.30729; MS-RTC LM 8)"
8.21.4.254 - - [03/Mar/2010:02:17:29 -0800] "GET /~dug/tatum/4chan HTTP/1.1" 301 389 "-" "Mozilla/4.0 (compatible; MSIE 7.0; Windows NT 5.1; InfoPath.1; .NET CLR 2.0.50727; .NET CLR 1.1.4322; MS-RTC LM 8; .NET CLR 3.0.4506.2152; .NET CLR 3.5.30729)"
8.21.4.254 - - [03/Mar/2010:02:17:29 -0800] "GET /~dug/tatum/4chan/ HTTP/1.1" 200 25717 "-" "Mozilla/4.0 (compatible; MSIE 7.0; Windows NT 5.1; InfoPath.1; .NET CLR 2.0.50727; .NET CLR 1.1.4322; MS-RTC LM 8; .NET CLR 3.0.4506.2152; .NET CLR 3.5.30729)"
198.176.188.201 - - [03/Mar/2010:02:17:30 -0800] "GET /~dug/tatum/4chan/ HTTP/1.1" 200 25717 "http://ferality.net/~dug/tatum/" "Mozilla/4.0 (compatible; MSIE 6.0; Windows NT 5.1; Q312461; SV1; .NET CLR 1.1.4322; .NET CLR 2.0.50727; .NET CLR 3.0.04506.30; .NET CLR 3.0.04506.648; .NET CLR 3.5.21022; .NET CLR 3.0.4506.2152; .NET CLR 3.5.30729; MS-RTC LM 8)"
198.176.188.201 - - [03/Mar/2010:02:17:30 -0800] "GET /icons/back.gif HTTP/1.1" 200 216 "http://ferality.net/~dug/tatum/4chan/" "Mozilla/4.0 (compatible; MSIE 6.0; Windows NT 5.1; Q312461; SV1; .NET CLR 1.1.4322; .NET CLR 2.0.50727; .NET CLR 3.0.04506.30; .NET CLR 3.0.04506.648; .NET CLR 3.5.21022; .NET CLR 3.0.4506.2152; .NET CLR 3.5.30729; MS-RTC LM 8)"
198.176.188.201 - - [03/Mar/2010:02:17:34 -0800] "GET /~dug/tatum/95.jpg HTTP/1.1" 200 59447 "http://ferality.net/~dug/tatum/" "Mozilla/4.0 (compatible; MSIE 6.0; Windows NT 5.1; Q312461; SV1; .NET CLR 1.1.4322; .NET CLR 2.0.50727; .NET CLR 3.0.04506.30; .NET CLR 3.0.04506.648; .NET CLR 3.5.21022; .NET CLR 3.0.4506.2152; .NET CLR 3.5.30729; MS-RTC LM 8)"
206.29.197.150 - - [03/Mar/2010:02:17:39 -0800] "GET /~dug/tatum/4chan/Leonidas_futbol.jpg HTTP/1.1" 200 131053 "http://ferality.net/~dug/tatum/4chan/" "Mozilla/5.0 (Windows; U; Windows NT 5.1; en-US; rv:1.9.2) Gecko/20100115 Firefox/3.6 (.NET CLR 3.5.30729)"
206.29.197.150 - - [03/Mar/2010:02:17:44 -0800] "GET /~dug/tatum/4chan/MOAR_Dragonball_1.jpg HTTP/1.1" 200 39333 "http://ferality.net/~dug/tatum/4chan/" "Mozilla/5.0 (Windows; U; Windows NT 5.1; en-US; rv:1.9.2) Gecko/20100115 Firefox/3.6 (.NET CLR 3.5.30729)"
206.29.197.150 - - [03/Mar/2010:02:17:46 -0800] "GET /~dug/tatum/4chan/Mail_never_Fail.jpg HTTP/1.1" 200 87805 "http://ferality.net/~dug/tatum/4chan/" "Mozilla/5.0 (Windows; U; Windows NT 5.1; en-US; rv:1.9.2) Gecko/20100115 Firefox/3.6 (.NET CLR 3.5.30729)"
198.176.188.201 - - [03/Mar/2010:02:17:48 -0800] "GET /~dug/tatum/1244008723078.gif HTTP/1.1" 200 185788 "http://ferality.net/~dug/tatum/" "Mozilla/4.0 (compatible; MSIE 6.0; Windows NT 5.1; Q312461; SV1; .NET CLR 1.1.4322; .NET CLR 2.0.50727; .NET CLR 3.0.04506.30; .NET CLR 3.0.04506.648; .NET CLR 3.5.21022; .NET CLR 3.0.4506.2152; .NET CLR 3.5.30729; MS-RTC LM 8)"
198.176.188.201 - - [03/Mar/2010:02:17:54 -0800] "GET /~dug/tatum/ACrab.jpg HTTP/1.1" 200 61539 "http://ferality.net/~dug/tatum/" "Mozilla/4.0 (compatible; MSIE 6.0; Windows NT 5.1; Q312461; SV1; .NET CLR 1.1.4322; .NET CLR 2.0.50727; .NET CLR 3.0.04506.30; .NET CLR 3.0.04506.648; .NET CLR 3.5.21022; .NET CLR 3.0.4506.2152; .NET CLR 3.5.30729; MS-RTC LM 8)"
206.29.197.150 - - [03/Mar/2010:02:17:53 -0800] "GET /~dug/tatum/4chan/McRijuana.jpg HTTP/1.1" 200 55340 "http://ferality.net/~dug/tatum/4chan/" "Mozilla/5.0 (Windows; U; Windows NT 5.1; en-US; rv:1.9.2) Gecko/20100115 Firefox/3.6 (.NET CLR 3.5.30729)"
206.29.197.150 - - [03/Mar/2010:02:17:58 -0800] "GET /~dug/tatum/4chan/MessengerPigeon.png HTTP/1.1" 200 79708 "http://ferality.net/~dug/tatum/4chan/" "Mozilla/5.0 (Windows; U; Windows NT 5.1; en-US; rv:1.9.2) Gecko/20100115 Firefox/3.6 (.NET CLR 3.5.30729)"
198.176.188.201 - - [03/Mar/2010:02:18:01 -0800] "GET /~dug/tatum/AdvancedFaggotry.jpg HTTP/1.1" 200 23594 "http://ferality.net/~dug/tatum/" "Mozilla/4.0 (compatible; MSIE 6.0; Windows NT 5.1; Q312461; SV1; .NET CLR 1.1.4322; .NET CLR 2.0.50727; .NET CLR 3.0.04506.30; .NET CLR 3.0.04506.648; .NET CLR 3.5.21022; .NET CLR 3.0.4506.2152; .NET CLR 3.5.30729; MS-RTC LM 8)"
206.29.197.150 - - [03/Mar/2010:02:18:08 -0800] "GET /~dug/tatum/4chan/Michael_Jackson_Zombie.jpg HTTP/1.1" 200 25248 "http://ferality.net/~dug/tatum/4chan/" "Mozilla/5.0 (Windows; U; Windows NT 5.1; en-US; rv:1.9.2) Gecko/20100115 Firefox/3.6 (.NET CLR 3.5.30729)"
198.176.188.201 - - [03/Mar/2010:02:18:04 -0800] "GET /~dug/tatum/Alignments.png HTTP/1.1" 200 608292 "http://ferality.net/~dug/tatum/" "Mozilla/4.0 (compatible; MSIE 6.0; Windows NT 5.1; Q312461; SV1; .NET CLR 1.1.4322; .NET CLR 2.0.50727; .NET CLR 3.0.04506.30; .NET CLR 3.0.04506.648; .NET CLR 3.5.21022; .NET CLR 3.0.4506.2152; .NET CLR 3.5.30729; MS-RTC LM 8)"
198.176.188.201 - - [03/Mar/2010:02:18:11 -0800] "GET /~dug/tatum/Arigato.jpg HTTP/1.1" 200 19055 "http://ferality.net/~dug/tatum/" "Mozilla/4.0 (compatible; MSIE 6.0; Windows NT 5.1; Q312461; SV1; .NET CLR 1.1.4322; .NET CLR 2.0.50727; .NET CLR 3.0.04506.30; .NET CLR 3.0.04506.648; .NET CLR 3.5.21022; .NET CLR 3.0.4506.2152; .NET CLR 3.5.30729; MS-RTC LM 8)"
206.29.197.150 - - [03/Mar/2010:02:18:16 -0800] "GET /~dug/tatum/4chan/Mislim_drivers.jpg HTTP/1.1" 200 47554 "http://ferality.net/~dug/tatum/4chan/" "Mozilla/5.0 (Windows; U; Windows NT 5.1; en-US; rv:1.9.2) Gecko/20100115 Firefox/3.6 (.NET CLR 3.5.30729)"
198.176.188.201 - - [03/Mar/2010:02:18:16 -0800] "GET /~dug/tatum/Atheism1.jpg HTTP/1.1" 200 59772 "http://ferality.net/~dug/tatum/" "Mozilla/4.0 (compatible; MSIE 6.0; Windows NT 5.1; Q312461; SV1; .NET CLR 1.1.4322; .NET CLR 2.0.50727; .NET CLR 3.0.04506.30; .NET CLR 3.0.04506.648; .NET CLR 3.5.21022; .NET CLR 3.0.4506.2152; .NET CLR 3.5.30729; MS-RTC LM 8)"
198.176.188.201 - - [03/Mar/2010:02:18:22 -0800] "GET /~dug/tatum/Athena_vs_Aphrodite_vs_Glooi.jpg HTTP/1.1" 200 995103 "http://ferality.net/~dug/tatum/" "Mozilla/4.0 (compatible; MSIE 6.0; Windows NT 5.1; Q312461; SV1; .NET CLR 1.1.4322; .NET CLR 2.0.50727; .NET CLR 3.0.04506.30; .NET CLR 3.0.04506.648; .NET CLR 3.5.21022; .NET CLR 3.0.4506.2152; .NET CLR 3.5.30729; MS-RTC LM 8)"
198.176.188.201 - - [03/Mar/2010:02:18:41 -0800] "GET /~dug/tatum/Aunt_Nyura_from_Prostodyrovo.jpg HTTP/1.1" 200 21919 "http://ferality.net/~dug/tatum/" "Mozilla/4.0 (compatible; MSIE 6.0; Windows NT 5.1; Q312461; SV1; .NET CLR 1.1.4322; .NET CLR 2.0.50727; .NET CLR 3.0.04506.30; .NET CLR 3.0.04506.648; .NET CLR 3.5.21022; .NET CLR 3.0.4506.2152; .NET CLR 3.5.30729; MS-RTC LM 8)"
198.176.188.201 - - [03/Mar/2010:02:18:45 -0800] "GET /~dug/tatum/B52.jpg HTTP/1.1" 200 38902 "http://ferality.net/~dug/tatum/" "Mozilla/4.0 (compatible; MSIE 6.0; Windows NT 5.1; Q312461; SV1; .NET CLR 1.1.4322; .NET CLR 2.0.50727; .NET CLR 3.0.04506.30; .NET CLR 3.0.04506.648; .NET CLR 3.5.21022; .NET CLR 3.0.4506.2152; .NET CLR 3.5.30729; MS-RTC LM 8)"
198.176.188.201 - - [03/Mar/2010:02:18:50 -0800] "GET /~dug/tatum/Ban.jpg HTTP/1.1" 200 71379 "http://ferality.net/~dug/tatum/" "Mozilla/4.0 (compatible; MSIE 6.0; Windows NT 5.1; Q312461; SV1; .NET CLR 1.1.4322; .NET CLR 2.0.50727; .NET CLR 3.0.04506.30; .NET CLR 3.0.04506.648; .NET CLR 3.5.21022; .NET CLR 3.0.4506.2152; .NET CLR 3.5.30729; MS-RTC LM 8)"
198.176.188.201 - - [03/Mar/2010:02:18:55 -0800] "GET /~dug/tatum/Batwoman_Robin.jpg HTTP/1.1" 200 125268 "http://ferality.net/~dug/tatum/" "Mozilla/4.0 (compatible; MSIE 6.0; Windows NT 5.1; Q312461; SV1; .NET CLR 1.1.4322; .NET CLR 2.0.50727; .NET CLR 3.0.04506.30; .NET CLR 3.0.04506.648; .NET CLR 3.5.21022; .NET CLR 3.0.4506.2152; .NET CLR 3.5.30729; MS-RTC LM 8)"
86.96.226.20 - - [03/Mar/2010:02:18:58 -0800] "GET /index.php/photos/album/1/photo/2.html HTTP/1.1" 200 148 "-" "Mozilla/4.0 (compatible;)"
198.176.188.201 - - [03/Mar/2010:02:19:03 -0800] "GET /~dug/tatum/BlackMetalBeavisButthead.jpg HTTP/1.1" 200 32564 "http://ferality.net/~dug/tatum/" "Mozilla/4.0 (compatible; MSIE 6.0; Windows NT 5.1; Q312461; SV1; .NET CLR 1.1.4322; .NET CLR 2.0.50727; .NET CLR 3.0.04506.30; .NET CLR 3.0.04506.648; .NET CLR 3.5.21022; .NET CLR 3.0.4506.2152; .NET CLR 3.5.30729; MS-RTC LM 8)"
198.176.188.201 - - [03/Mar/2010:02:19:06 -0800] "GET /~dug/tatum/Bruce_Lee.jpg HTTP/1.1" 200 57440 "http://ferality.net/~dug/tatum/" "Mozilla/4.0 (compatible; MSIE 6.0; Windows NT 5.1; Q312461; SV1; .NET CLR 1.1.4322; .NET CLR 2.0.50727; .NET CLR 3.0.04506.30; .NET CLR 3.0.04506.648; .NET CLR 3.5.21022; .NET CLR 3.0.4506.2152; .NET CLR 3.5.30729; MS-RTC LM 8)"
198.176.188.201 - - [03/Mar/2010:02:19:16 -0800] "GET /~dug/tatum/BushDick.jpg HTTP/1.1" 200 94836 "http://ferality.net/~dug/tatum/" "Mozilla/4.0 (compatible; MSIE 6.0; Windows NT 5.1; Q312461; SV1; .NET CLR 1.1.4322; .NET CLR 2.0.50727; .NET CLR 3.0.04506.30; .NET CLR 3.0.04506.648; .NET CLR 3.5.21022; .NET CLR 3.0.4506.2152; .NET CLR 3.5.30729; MS-RTC LM 8)"
198.176.188.201 - - [03/Mar/2010:02:19:18 -0800] "GET /~dug/tatum/ HTTP/1.1" 304 - "-" "Mozilla/4.0 (compatible;)"
198.176.188.201 - - [03/Mar/2010:02:19:20 -0800] "GET /~dug/tatum/CCCP_Perfokarti.jpg HTTP/1.1" 200 122761 "http://ferality.net/~dug/tatum/" "Mozilla/4.0 (compatible; MSIE 6.0; Windows NT 5.1; Q312461; SV1; .NET CLR 1.1.4322; .NET CLR 2.0.50727; .NET CLR 3.0.04506.30; .NET CLR 3.0.04506.648; .NET CLR 3.5.21022; .NET CLR 3.0.4506.2152; .NET CLR 3.5.30729; MS-RTC LM 8)"
206.29.197.150 - - [03/Mar/2010:02:19:25 -0800] "GET /~dug/tatum/4chan/Motivational_Posters.jpg HTTP/1.1" 200 78791 "http://ferality.net/~dug/tatum/4chan/" "Mozilla/5.0 (Windows; U; Windows NT 5.1; en-US; rv:1.9.2) Gecko/20100115 Firefox/3.6 (.NET CLR 3.5.30729)"
198.176.188.201 - - [03/Mar/2010:02:19:11 -0800] "GET /~dug/tatum/BurningShot.gif HTTP/1.1" 200 1995186 "http://ferality.net/~dug/tatum/" "Mozilla/4.0 (compatible; MSIE 6.0; Windows NT 5.1; Q312461; SV1; .NET CLR 1.1.4322; .NET CLR 2.0.50727; .NET CLR 3.0.04506.30; .NET CLR 3.0.04506.648; .NET CLR 3.5.21022; .NET CLR 3.0.4506.2152; .NET CLR 3.5.30729; MS-RTC LM 8)"
206.29.197.150 - - [03/Mar/2010:02:19:37 -0800] "GET /~dug/tatum/4chan/Msg_from_Batman.jpg HTTP/1.1" 200 89753 "http://ferality.net/~dug/tatum/4chan/" "Mozilla/5.0 (Windows; U; Windows NT 5.1; en-US; rv:1.9.2) Gecko/20100115 Firefox/3.6 (.NET CLR 3.5.30729)"
206.29.197.150 - - [03/Mar/2010:02:19:47 -0800] "GET /~dug/tatum/4chan/Nazi_Britney.jpg HTTP/1.1" 200 50943 "http://ferality.net/~dug/tatum/4chan/" "Mozilla/5.0 (Windows; U; Windows NT 5.1; en-US; rv:1.9.2) Gecko/20100115 Firefox/3.6 (.NET CLR 3.5.30729)"
206.29.197.150 - - [03/Mar/2010:02:19:53 -0800] "GET /~dug/tatum/4chan/Not_Madness.jpg HTTP/1.1" 200 22186 "http://ferality.net/~dug/tatum/4chan/" "Mozilla/5.0 (Windows; U; Windows NT 5.1; en-US; rv:1.9.2) Gecko/20100115 Firefox/3.6 (.NET CLR 3.5.30729)"
206.29.197.150 - - [03/Mar/2010:02:19:57 -0800] "GET /~dug/tatum/4chan/Not_a_tobacco.png HTTP/1.1" 200 330891 "http://ferality.net/~dug/tatum/4chan/" "Mozilla/5.0 (Windows; U; Windows NT 5.1; en-US; rv:1.9.2) Gecko/20100115 Firefox/3.6 (.NET CLR 3.5.30729)"
206.29.197.150 - - [03/Mar/2010:02:20:03 -0800] "GET /~dug/tatum/4chan/OReilly_Acid.jpg HTTP/1.1" 200 77560 "http://ferality.net/~dug/tatum/4chan/" "Mozilla/5.0 (Windows; U; Windows NT 5.1; en-US; rv:1.9.2) Gecko/20100115 Firefox/3.6 (.NET CLR 3.5.30729)"
206.29.197.150 - - [03/Mar/2010:02:20:08 -0800] "GET /~dug/tatum/4chan/O_BLAARGGAG.jpg HTTP/1.1" 200 23731 "http://ferality.net/~dug/tatum/4chan/" "Mozilla/5.0 (Windows; U; Windows NT 5.1; en-US; rv:1.9.2) Gecko/20100115 Firefox/3.6 (.NET CLR 3.5.30729)"
206.29.197.150 - - [03/Mar/2010:02:20:12 -0800] "GET /~dug/tatum/4chan/Oh_Shit_Not_Again.jpg HTTP/1.1" 200 35486 "http://ferality.net/~dug/tatum/4chan/" "Mozilla/5.0 (Windows; U; Windows NT 5.1; en-US; rv:1.9.2) Gecko/20100115 Firefox/3.6 (.NET CLR 3.5.30729)"
206.29.197.150 - - [03/Mar/2010:02:20:16 -0800] "GET /~dug/tatum/4chan/Owens.jpg HTTP/1.1" 200 76332 "http://ferality.net/~dug/tatum/4chan/" "Mozilla/5.0 (Windows; U; Windows NT 5.1; en-US; rv:1.9.2) Gecko/20100115 Firefox/3.6 (.NET CLR 3.5.30729)"
206.29.197.150 - - [03/Mar/2010:02:20:22 -0800] "GET /~dug/tatum/4chan/Particle_Physics_Hadron.jpg HTTP/1.1" 200 28689 "http://ferality.net/~dug/tatum/4chan/" "Mozilla/5.0 (Windows; U; Windows NT 5.1; en-US; rv:1.9.2) Gecko/20100115 Firefox/3.6 (.NET CLR 3.5.30729)"
206.29.197.150 - - [03/Mar/2010:02:20:37 -0800] "GET /~dug/tatum/4chan/Philosoraptor_man_woman_wrong.jpg HTTP/1.1" 200 134913 "http://ferality.net/~dug/tatum/4chan/" "Mozilla/5.0 (Windows; U; Windows NT 5.1; en-US; rv:1.9.2) Gecko/20100115 Firefox/3.6 (.NET CLR 3.5.30729)"
198.176.188.201 - - [03/Mar/2010:02:20:40 -0800] "GET /~dug/tatum/Candy_Bar.png HTTP/1.1" 200 64028 "http://ferality.net/~dug/tatum/" "Mozilla/4.0 (compatible; MSIE 6.0; Windows NT 5.1; Q312461; SV1; .NET CLR 1.1.4322; .NET CLR 2.0.50727; .NET CLR 3.0.04506.30; .NET CLR 3.0.04506.648; .NET CLR 3.5.21022; .NET CLR 3.0.4506.2152; .NET CLR 3.5.30729; MS-RTC LM 8)"
198.176.188.201 - - [03/Mar/2010:02:20:54 -0800] "GET /~dug/tatum/CantHaveNiceThings.jpg HTTP/1.1" 200 7985 "http://ferality.net/~dug/tatum/" "Mozilla/4.0 (compatible; MSIE 6.0; Windows NT 5.1; Q312461; SV1; .NET CLR 1.1.4322; .NET CLR 2.0.50727; .NET CLR 3.0.04506.30; .NET CLR 3.0.04506.648; .NET CLR 3.5.21022; .NET CLR 3.0.4506.2152; .NET CLR 3.5.30729; MS-RTC LM 8)"
206.29.197.150 - - [03/Mar/2010:02:20:56 -0800] "GET /~dug/tatum/4chan/Racoon_city_Silent_Hill.jpg HTTP/1.1" 200 58980 "http://ferality.net/~dug/tatum/4chan/" "Mozilla/5.0 (Windows; U; Windows NT 5.1; en-US; rv:1.9.2) Gecko/20100115 Firefox/3.6 (.NET CLR 3.5.30729)"
198.176.188.201 - - [03/Mar/2010:02:20:58 -0800] "GET /~dug/tatum/Cant_Stop_Here_Spartaaa.jpg HTTP/1.1" 200 22598 "http://ferality.net/~dug/tatum/" "Mozilla/4.0 (compatible; MSIE 6.0; Windows NT 5.1; Q312461; SV1; .NET CLR 1.1.4322; .NET CLR 2.0.50727; .NET CLR 3.0.04506.30; .NET CLR 3.0.04506.648; .NET CLR 3.5.21022; .NET CLR 3.0.4506.2152; .NET CLR 3.5.30729; MS-RTC LM 8)"
198.176.188.201 - - [03/Mar/2010:02:21:02 -0800] "GET /~dug/tatum/CaptainObvious_have_this_rock.jpg HTTP/1.1" 200 23952 "http://ferality.net/~dug/tatum/" "Mozilla/4.0 (compatible; MSIE 6.0; Windows NT 5.1; Q312461; SV1; .NET CLR 1.1.4322; .NET CLR 2.0.50727; .NET CLR 3.0.04506.30; .NET CLR 3.0.04506.648; .NET CLR 3.5.21022; .NET CLR 3.0.4506.2152; .NET CLR 3.5.30729; MS-RTC LM 8)"
206.29.197.150 - - [03/Mar/2010:02:21:02 -0800] "GET /~dug/tatum/4chan/Rape_40lbs.jpg HTTP/1.1" 200 22173 "http://ferality.net/~dug/tatum/4chan/" "Mozilla/5.0 (Windows; U; Windows NT 5.1; en-US; rv:1.9.2) Gecko/20100115 Firefox/3.6 (.NET CLR 3.5.30729)"
206.29.197.150 - - [03/Mar/2010:02:21:06 -0800] "GET /~dug/tatum/4chan/Reality_worst_game_ever.jpg HTTP/1.1" 200 70534 "http://ferality.net/~dug/tatum/4chan/" "Mozilla/5.0 (Windows; U; Windows NT 5.1; en-US; rv:1.9.2) Gecko/20100115 Firefox/3.6 (.NET CLR 3.5.30729)"
198.176.188.201 - - [03/Mar/2010:02:21:07 -0800] "GET /~dug/tatum/Care-o-meter.jpg HTTP/1.1" 200 36548 "http://ferality.net/~dug/tatum/" "Mozilla/4.0 (compatible; MSIE 6.0; Windows NT 5.1; Q312461; SV1; .NET CLR 1.1.4322; .NET CLR 2.0.50727; .NET CLR 3.0.04506.30; .NET CLR 3.0.04506.648; .NET CLR 3.5.21022; .NET CLR 3.0.4506.2152; .NET CLR 3.5.30729; MS-RTC LM 8)"
206.29.197.150 - - [03/Mar/2010:02:21:12 -0800] "GET /~dug/tatum/4chan/Sad_Girl.jpg HTTP/1.1" 200 42583 "http://ferality.net/~dug/tatum/4chan/" "Mozilla/5.0 (Windows; U; Windows NT 5.1; en-US; rv:1.9.2) Gecko/20100115 Firefox/3.6 (.NET CLR 3.5.30729)"
206.29.197.150 - - [03/Mar/2010:02:21:17 -0800] "GET /~dug/tatum/4chan/Sarcasm.jpg HTTP/1.1" 200 35265 "http://ferality.net/~dug/tatum/4chan/" "Mozilla/5.0 (Windows; U; Windows NT 5.1; en-US; rv:1.9.2) Gecko/20100115 Firefox/3.6 (.NET CLR 3.5.30729)"
198.176.188.201 - - [03/Mar/2010:02:21:19 -0800] "GET /~dug/tatum/Chopsticks.jpg HTTP/1.1" 200 71103 "http://ferality.net/~dug/tatum/" "Mozilla/4.0 (compatible; MSIE 6.0; Windows NT 5.1; Q312461; SV1; .NET CLR 1.1.4322; .NET CLR 2.0.50727; .NET CLR 3.0.04506.30; .NET CLR 3.0.04506.648; .NET CLR 3.5.21022; .NET CLR 3.0.4506.2152; .NET CLR 3.5.30729; MS-RTC LM 8)"
206.29.197.150 - - [03/Mar/2010:02:21:21 -0800] "GET /~dug/tatum/4chan/Shortcat.jpg HTTP/1.1" 200 22769 "http://ferality.net/~dug/tatum/4chan/" "Mozilla/5.0 (Windows; U; Windows NT 5.1; en-US; rv:1.9.2) Gecko/20100115 Firefox/3.6 (.NET CLR 3.5.30729)"
206.29.197.150 - - [03/Mar/2010:02:21:27 -0800] "GET /~dug/tatum/4chan/Skateboard_Vengeance.gif HTTP/1.1" 200 2776380 "http://ferality.net/~dug/tatum/4chan/" "Mozilla/5.0 (Windows; U; Windows NT 5.1; en-US; rv:1.9.2) Gecko/20100115 Firefox/3.6 (.NET CLR 3.5.30729)"
206.29.197.150 - - [03/Mar/2010:02:21:32 -0800] "GET /~dug/tatum/4chan/Slow_children.jpg HTTP/1.1" 200 6494 "http://ferality.net/~dug/tatum/4chan/" "Mozilla/5.0 (Windows; U; Windows NT 5.1; en-US; rv:1.9.2) Gecko/20100115 Firefox/3.6 (.NET CLR 3.5.30729)"
198.176.188.201 - - [03/Mar/2010:02:21:32 -0800] "GET /~dug/tatum/Coochie_Coochie.jpg HTTP/1.1" 200 77468 "http://ferality.net/~dug/tatum/" "Mozilla/4.0 (compatible; MSIE 6.0; Windows NT 5.1; Q312461; SV1; .NET CLR 1.1.4322; .NET CLR 2.0.50727; .NET CLR 3.0.04506.30; .NET CLR 3.0.04506.648; .NET CLR 3.5.21022; .NET CLR 3.0.4506.2152; .NET CLR 3.5.30729; MS-RTC LM 8)"
206.29.197.150 - - [03/Mar/2010:02:21:38 -0800] "GET /~dug/tatum/4chan/Snake_names_files/yotsuba.css HTTP/1.1" 200 5692 "http://ferality.net/~dug/tatum/4chan/Snake_names.html" "Mozilla/5.0 (Windows; U; Windows NT 5.1; en-US; rv:1.9.2) Gecko/20100115 Firefox/3.6 (.NET CLR 3.5.30729)"
206.29.197.150 - - [03/Mar/2010:02:21:38 -0800] "GET /~dug/tatum/4chan/Snake_names_files/script.js HTTP/1.1" 200 3386 "http://ferality.net/~dug/tatum/4chan/Snake_names.html" "Mozilla/5.0 (Windows; U; Windows NT 5.1; en-US; rv:1.9.2) Gecko/20100115 Firefox/3.6 (.NET CLR 3.5.30729)"
198.176.188.201 - - [03/Mar/2010:02:21:13 -0800] "GET /~dug/tatum/Cho_cho_cho.gif HTTP/1.1" 200 1842794 "http://ferality.net/~dug/tatum/" "Mozilla/4.0 (compatible; MSIE 6.0; Windows NT 5.1; Q312461; SV1; .NET CLR 1.1.4322; .NET CLR 2.0.50727; .NET CLR 3.0.04506.30; .NET CLR 3.0.04506.648; .NET CLR 3.5.21022; .NET CLR 3.0.4506.2152; .NET CLR 3.5.30729; MS-RTC LM 8)"
206.29.197.150 - - [03/Mar/2010:02:21:38 -0800] "GET /~dug/tatum/4chan/Snake_names_files/futaba.css HTTP/1.1" 200 4246 "http://ferality.net/~dug/tatum/4chan/Snake_names.html" "Mozilla/5.0 (Windows; U; Windows NT 5.1; en-US; rv:1.9.2) Gecko/20100115 Firefox/3.6 (.NET CLR 3.5.30729)"
206.29.197.150 - - [03/Mar/2010:02:21:39 -0800] "GET /~dug/tatum/4chan/Snake_names_files/yotsublue.css HTTP/1.1" 200 5672 "http://ferality.net/~dug/tatum/4chan/Snake_names.html" "Mozilla/5.0 (Windows; U; Windows NT 5.1; en-US; rv:1.9.2) Gecko/20100115 Firefox/3.6 (.NET CLR 3.5.30729)"
206.29.197.150 - - [03/Mar/2010:02:21:39 -0800] "GET /~dug/tatum/4chan/Snake_names_files/jpn-flag.jpg HTTP/1.1" 200 721 "http://ferality.net/~dug/tatum/4chan/Snake_names.html" "Mozilla/5.0 (Windows; U; Windows NT 5.1; en-US; rv:1.9.2) Gecko/20100115 Firefox/3.6 (.NET CLR 3.5.30729)"
206.29.197.150 - - [03/Mar/2010:02:21:39 -0800] "GET /~dug/tatum/4chan/Snake_names_files/thumbs300x100.gif HTTP/1.1" 200 10924 "http://ferality.net/~dug/tatum/4chan/Snake_names.html" "Mozilla/5.0 (Windows; U; Windows NT 5.1; en-US; rv:1.9.2) Gecko/20100115 Firefox/3.6 (.NET CLR 3.5.30729)"
206.29.197.150 - - [03/Mar/2010:02:21:39 -0800] "GET /~dug/tatum/4chan/Snake_names_files/burichan.css HTTP/1.1" 200 4289 "http://ferality.net/~dug/tatum/4chan/Snake_names.html" "Mozilla/5.0 (Windows; U; Windows NT 5.1; en-US; rv:1.9.2) Gecko/20100115 Firefox/3.6 (.NET CLR 3.5.30729)"
206.29.197.150 - - [03/Mar/2010:02:21:39 -0800] "GET /~dug/tatum/4chan/Snake_names_files/ulust-468x60.gif HTTP/1.1" 200 22503 "http://ferality.net/~dug/tatum/4chan/Snake_names.html" "Mozilla/5.0 (Windows; U; Windows NT 5.1; en-US; rv:1.9.2) Gecko/20100115 Firefox/3.6 (.NET CLR 3.5.30729)"
206.29.197.150 - - [03/Mar/2010:02:21:38 -0800] "GET /~dug/tatum/4chan/Snake_names_files/bannedcelebs-728x90.jpg HTTP/1.1" 200 49043 "http://ferality.net/~dug/tatum/4chan/Snake_names.html" "Mozilla/5.0 (Windows; U; Windows NT 5.1; en-US; rv:1.9.2) Gecko/20100115 Firefox/3.6 (.NET CLR 3.5.30729)"
206.29.197.150 - - [03/Mar/2010:02:21:40 -0800] "GET /~dug/tatum/4chan/Snake_names_files/1232916124532s.jpg HTTP/1.1" 200 7634 "http://ferality.net/~dug/tatum/4chan/Snake_names.html" "Mozilla/5.0 (Windows; U; Windows NT 5.1; en-US; rv:1.9.2) Gecko/20100115 Firefox/3.6 (.NET CLR 3.5.30729)"
206.29.197.150 - - [03/Mar/2010:02:21:37 -0800] "GET /~dug/tatum/4chan/Snake_names.html HTTP/1.1" 200 85763 "http://ferality.net/~dug/tatum/4chan/" "Mozilla/5.0 (Windows; U; Windows NT 5.1; en-US; rv:1.9.2) Gecko/20100115 Firefox/3.6 (.NET CLR 3.5.30729)"
206.29.197.150 - - [03/Mar/2010:02:21:40 -0800] "GET /~dug/tatum/4chan/Snake_names_files/fade.png HTTP/1.1" 302 347 "http://ferality.net/~dug/tatum/4chan/Snake_names_files/yotsuba.css" "Mozilla/5.0 (Windows; U; Windows NT 5.1; en-US; rv:1.9.2) Gecko/20100115 Firefox/3.6 (.NET CLR 3.5.30729)"
206.29.197.150 - - [03/Mar/2010:02:21:41 -0800] "GET / HTTP/1.1" 200 148 "http://ferality.net/~dug/tatum/4chan/Snake_names_files/yotsuba.css" "Mozilla/5.0 (Windows; U; Windows NT 5.1; en-US; rv:1.9.2) Gecko/20100115 Firefox/3.6 (.NET CLR 3.5.30729)"
206.29.197.150 - - [03/Mar/2010:02:21:41 -0800] "GET /~dug/tatum/4chan/Snake_names_files/quant.js HTTP/1.1" 200 2951 "http://ferality.net/~dug/tatum/4chan/Snake_names.html" "Mozilla/5.0 (Windows; U; Windows NT 5.1; en-US; rv:1.9.2) Gecko/20100115 Firefox/3.6 (.NET CLR 3.5.30729)"
206.29.197.150 - - [03/Mar/2010:02:21:41 -0800] "GET /~dug/tatum/4chan/Snake_names_files/asianxxxmag-728x90.jpg HTTP/1.1" 200 39366 "http://ferality.net/~dug/tatum/4chan/Snake_names.html" "Mozilla/5.0 (Windows; U; Windows NT 5.1; en-US; rv:1.9.2) Gecko/20100115 Firefox/3.6 (.NET CLR 3.5.30729)"
206.29.197.150 - - [03/Mar/2010:02:21:41 -0800] "GET /~dug/tatum/4chan/Snake_names_files/ga.js HTTP/1.1" 200 22759 "http://ferality.net/~dug/tatum/4chan/Snake_names.html" "Mozilla/5.0 (Windows; U; Windows NT 5.1; en-US; rv:1.9.2) Gecko/20100115 Firefox/3.6 (.NET CLR 3.5.30729)"
198.176.188.201 - - [03/Mar/2010:02:21:42 -0800] "GET /~dug/tatum/ComputersHomo.jpg HTTP/1.1" 200 181007 "http://ferality.net/~dug/tatum/" "Mozilla/4.0 (compatible; MSIE 6.0; Windows NT 5.1; Q312461; SV1; .NET CLR 1.1.4322; .NET CLR 2.0.50727; .NET CLR 3.0.04506.30; .NET CLR 3.0.04506.648; .NET CLR 3.5.21022; .NET CLR 3.0.4506.2152; .NET CLR 3.5.30729; MS-RTC LM 8)"
206.29.197.150 - - [03/Mar/2010:02:21:47 -0800] "GET /~dug/tatum/4chan/Snake_names_files/ HTTP/1.1" 200 3443 "http://ferality.net/~dug/tatum/4chan/" "Mozilla/5.0 (Windows; U; Windows NT 5.1; en-US; rv:1.9.2) Gecko/20100115 Firefox/3.6 (.NET CLR 3.5.30729)"
206.29.197.150 - - [03/Mar/2010:02:21:50 -0800] "GET /~dug/tatum/4chan/Sons_of_Southern_Parkness.gif HTTP/1.1" 200 1087916 "http://ferality.net/~dug/tatum/4chan/" "Mozilla/5.0 (Windows; U; Windows NT 5.1; en-US; rv:1.9.2) Gecko/20100115 Firefox/3.6 (.NET CLR 3.5.30729)"
206.29.197.150 - - [03/Mar/2010:02:22:04 -0800] "GET /~dug/tatum/4chan/Sparta_Chess.jpg HTTP/1.1" 200 93101 "http://ferality.net/~dug/tatum/4chan/" "Mozilla/5.0 (Windows; U; Windows NT 5.1; en-US; rv:1.9.2) Gecko/20100115 Firefox/3.6 (.NET CLR 3.5.30729)"
198.176.188.201 - - [03/Mar/2010:02:22:09 -0800] "GET /~dug/tatum/Crest.jpg HTTP/1.1" 200 3911 "http://ferality.net/~dug/tatum/" "Mozilla/4.0 (compatible; MSIE 6.0; Windows NT 5.1; Q312461; SV1; .NET CLR 1.1.4322; .NET CLR 2.0.50727; .NET CLR 3.0.04506.30; .NET CLR 3.0.04506.648; .NET CLR 3.5.21022; .NET CLR 3.0.4506.2152; .NET CLR 3.5.30729; MS-RTC LM 8)"
198.176.188.201 - - [03/Mar/2010:02:22:14 -0800] "GET /~dug/tatum/Domo-kun-fashion.jpg HTTP/1.1" 200 58132 "http://ferality.net/~dug/tatum/" "Mozilla/4.0 (compatible; MSIE 6.0; Windows NT 5.1; Q312461; SV1; .NET CLR 1.1.4322; .NET CLR 2.0.50727; .NET CLR 3.0.04506.30; .NET CLR 3.0.04506.648; .NET CLR 3.5.21022; .NET CLR 3.0.4506.2152; .NET CLR 3.5.30729; MS-RTC LM 8)"
206.29.197.150 - - [03/Mar/2010:02:22:14 -0800] "GET /~dug/tatum/4chan/Spiders_.jpg HTTP/1.1" 200 69804 "http://ferality.net/~dug/tatum/4chan/" "Mozilla/5.0 (Windows; U; Windows NT 5.1; en-US; rv:1.9.2) Gecko/20100115 Firefox/3.6 (.NET CLR 3.5.30729)"
198.176.188.201 - - [03/Mar/2010:02:22:25 -0800] "GET /~dug/tatum/DumbPeople.jpg HTTP/1.1" 200 39597 "http://ferality.net/~dug/tatum/" "Mozilla/4.0 (compatible; MSIE 6.0; Windows NT 5.1; Q312461; SV1; .NET CLR 1.1.4322; .NET CLR 2.0.50727; .NET CLR 3.0.04506.30; .NET CLR 3.0.04506.648; .NET CLR 3.5.21022; .NET CLR 3.0.4506.2152; .NET CLR 3.5.30729; MS-RTC LM 8)"
206.29.197.150 - - [03/Mar/2010:02:22:29 -0800] "GET /~dug/tatum/4chan/Super_Cock_Robot.jpg HTTP/1.1" 200 104014 "http://ferality.net/~dug/tatum/4chan/" "Mozilla/5.0 (Windows; U; Windows NT 5.1; en-US; rv:1.9.2) Gecko/20100115 Firefox/3.6 (.NET CLR 3.5.30729)"
198.176.188.201 - - [03/Mar/2010:02:22:39 -0800] "GET /~dug/tatum/EdgarAllanPwned.jpg HTTP/1.1" 200 41706 "http://ferality.net/~dug/tatum/" "Mozilla/4.0 (compatible; MSIE 6.0; Windows NT 5.1; Q312461; SV1; .NET CLR 1.1.4322; .NET CLR 2.0.50727; .NET CLR 3.0.04506.30; .NET CLR 3.0.04506.648; .NET CLR 3.5.21022; .NET CLR 3.0.4506.2152; .NET CLR 3.5.30729; MS-RTC LM 8)"
198.176.188.201 - - [03/Mar/2010:02:22:33 -0800] "GET /~dug/tatum/Ear_trick.gif HTTP/1.1" 200 260985 "http://ferality.net/~dug/tatum/" "Mozilla/4.0 (compatible; MSIE 6.0; Windows NT 5.1; Q312461; SV1; .NET CLR 1.1.4322; .NET CLR 2.0.50727; .NET CLR 3.0.04506.30; .NET CLR 3.0.04506.648; .NET CLR 3.5.21022; .NET CLR 3.0.4506.2152; .NET CLR 3.5.30729; MS-RTC LM 8)"
206.29.197.150 - - [03/Mar/2010:02:22:41 -0800] "GET /~dug/tatum/4chan/Tacocat.jpg HTTP/1.1" 200 66214 "http://ferality.net/~dug/tatum/4chan/" "Mozilla/5.0 (Windows; U; Windows NT 5.1; en-US; rv:1.9.2) Gecko/20100115 Firefox/3.6 (.NET CLR 3.5.30729)"
198.176.188.201 - - [03/Mar/2010:02:22:45 -0800] "GET /~dug/tatum/Elektrik_sverlu_beton.jpg HTTP/1.1" 200 31509 "http://ferality.net/~dug/tatum/" "Mozilla/4.0 (compatible; MSIE 6.0; Windows NT 5.1; Q312461; SV1; .NET CLR 1.1.4322; .NET CLR 2.0.50727; .NET CLR 3.0.04506.30; .NET CLR 3.0.04506.648; .NET CLR 3.5.21022; .NET CLR 3.0.4506.2152; .NET CLR 3.5.30729; MS-RTC LM 8)"
198.176.188.201 - - [03/Mar/2010:02:22:49 -0800] "GET /~dug/tatum/F3_books_heads.doc HTTP/1.1" 200 101376 "http://ferality.net/~dug/tatum/" "Mozilla/4.0 (compatible; MSIE 6.0; Windows NT 5.1; Q312461; SV1; .NET CLR 1.1.4322; .NET CLR 2.0.50727; .NET CLR 3.0.04506.30; .NET CLR 3.0.04506.648; .NET CLR 3.5.21022; .NET CLR 3.0.4506.2152; .NET CLR 3.5.30729; MS-RTC LM 8)"
206.29.197.150 - - [03/Mar/2010:02:22:50 -0800] "GET /~dug/tatum/4chan/Teamkillers.jpg HTTP/1.1" 200 85288 "http://ferality.net/~dug/tatum/4chan/" "Mozilla/5.0 (Windows; U; Windows NT 5.1; en-US; rv:1.9.2) Gecko/20100115 Firefox/3.6 (.NET CLR 3.5.30729)"
198.176.188.201 - - [03/Mar/2010:02:21:55 -0800] "GET /~dug/tatum/Cute_toad.gif HTTP/1.1" 200 1892361 "http://ferality.net/~dug/tatum/" "Mozilla/4.0 (compatible; MSIE 6.0; Windows NT 5.1; Q312461; SV1; .NET CLR 1.1.4322; .NET CLR 2.0.50727; .NET CLR 3.0.04506.30; .NET CLR 3.0.04506.648; .NET CLR 3.5.21022; .NET CLR 3.0.4506.2152; .NET CLR 3.5.30729; MS-RTC LM 8)"
198.176.188.201 - - [03/Mar/2010:02:21:49 -0800] "GET /~dug/tatum/Danzig.swf HTTP/1.1" 200 2319368 "http://ferality.net/~dug/tatum/" "Mozilla/4.0 (compatible; MSIE 6.0; Windows NT 5.1; Q312461; SV1; .NET CLR 1.1.4322; .NET CLR 2.0.50727; .NET CLR 3.0.04506.30; .NET CLR 3.0.04506.648; .NET CLR 3.5.21022; .NET CLR 3.0.4506.2152; .NET CLR 3.5.30729; MS-RTC LM 8)"
198.176.188.201 - - [03/Mar/2010:02:22:57 -0800] "GET /~dug/tatum/Fail_at_Failing.jpg HTTP/1.1" 200 102853 "http://ferality.net/~dug/tatum/" "Mozilla/4.0 (compatible; MSIE 6.0; Windows NT 5.1; Q312461; SV1; .NET CLR 1.1.4322; .NET CLR 2.0.50727; .NET CLR 3.0.04506.30; .NET CLR 3.0.04506.648; .NET CLR 3.5.21022; .NET CLR 3.0.4506.2152; .NET CLR 3.5.30729; MS-RTC LM 8)"
206.29.197.150 - - [03/Mar/2010:02:22:57 -0800] "GET /~dug/tatum/4chan/The_day_B_cried.jpg HTTP/1.1" 200 173667 "http://ferality.net/~dug/tatum/4chan/" "Mozilla/5.0 (Windows; U; Windows NT 5.1; en-US; rv:1.9.2) Gecko/20100115 Firefox/3.6 (.NET CLR 3.5.30729)"
206.29.197.150 - - [03/Mar/2010:02:23:04 -0800] "GET /~dug/tatum/4chan/The_longer_you_stare.jpg HTTP/1.1" 200 53100 "http://ferality.net/~dug/tatum/4chan/" "Mozilla/5.0 (Windows; U; Windows NT 5.1; en-US; rv:1.9.2) Gecko/20100115 Firefox/3.6 (.NET CLR 3.5.30729)"
198.176.188.201 - - [03/Mar/2010:02:22:19 -0800] "GET /~dug/tatum/Dramatic_Look_Kitteh.gif HTTP/1.1" 200 1315494 "http://ferality.net/~dug/tatum/" "Mozilla/4.0 (compatible; MSIE 6.0; Windows NT 5.1; Q312461; SV1; .NET CLR 1.1.4322; .NET CLR 2.0.50727; .NET CLR 3.0.04506.30; .NET CLR 3.0.04506.648; .NET CLR 3.5.21022; .NET CLR 3.0.4506.2152; .NET CLR 3.5.30729; MS-RTC LM 8)"
198.176.188.201 - - [03/Mar/2010:02:23:10 -0800] "GET /~dug/tatum/FapFapFap.jpg HTTP/1.1" 200 111684 "http://ferality.net/~dug/tatum/" "Mozilla/4.0 (compatible; MSIE 6.0; Windows NT 5.1; Q312461; SV1; .NET CLR 1.1.4322; .NET CLR 2.0.50727; .NET CLR 3.0.04506.30; .NET CLR 3.0.04506.648; .NET CLR 3.5.21022; .NET CLR 3.0.4506.2152; .NET CLR 3.5.30729; MS-RTC LM 8)"
206.29.197.150 - - [03/Mar/2010:02:23:11 -0800] "GET /~dug/tatum/4chan/This_is_Patrick.jpg HTTP/1.1" 200 60579 "http://ferality.net/~dug/tatum/4chan/" "Mozilla/5.0 (Windows; U; Windows NT 5.1; en-US; rv:1.9.2) Gecko/20100115 Firefox/3.6 (.NET CLR 3.5.30729)"
198.176.188.201 - - [03/Mar/2010:02:23:16 -0800] "GET /~dug/tatum/FearLoathingTotoro.jpg HTTP/1.1" 200 185138 "http://ferality.net/~dug/tatum/" "Mozilla/4.0 (compatible; MSIE 6.0; Windows NT 5.1; Q312461; SV1; .NET CLR 1.1.4322; .NET CLR 2.0.50727; .NET CLR 3.0.04506.30; .NET CLR 3.0.04506.648; .NET CLR 3.5.21022; .NET CLR 3.0.4506.2152; .NET CLR 3.5.30729; MS-RTC LM 8)"
206.29.197.150 - - [03/Mar/2010:02:23:16 -0800] "GET /~dug/tatum/4chan/Thorsday.jpg HTTP/1.1" 200 96023 "http://ferality.net/~dug/tatum/4chan/" "Mozilla/5.0 (Windows; U; Windows NT 5.1; en-US; rv:1.9.2) Gecko/20100115 Firefox/3.6 (.NET CLR 3.5.30729)"
206.29.197.150 - - [03/Mar/2010:02:23:25 -0800] "GET /~dug/tatum/4chan/TooMuchTime.jpg HTTP/1.1" 200 64462 "http://ferality.net/~dug/tatum/4chan/" "Mozilla/5.0 (Windows; U; Windows NT 5.1; en-US; rv:1.9.2) Gecko/20100115 Firefox/3.6 (.NET CLR 3.5.30729)"
206.29.197.150 - - [03/Mar/2010:02:23:33 -0800] "GET /~dug/tatum/4chan/Trolls_Planning_Something.jpg HTTP/1.1" 200 33014 "http://ferality.net/~dug/tatum/4chan/" "Mozilla/5.0 (Windows; U; Windows NT 5.1; en-US; rv:1.9.2) Gecko/20100115 Firefox/3.6 (.NET CLR 3.5.30729)"
198.176.188.201 - - [03/Mar/2010:02:23:34 -0800] "GET /~dug/tatum/Gus.jpg HTTP/1.1" 200 217562 "http://ferality.net/~dug/tatum/" "Mozilla/4.0 (compatible; MSIE 6.0; Windows NT 5.1; Q312461; SV1; .NET CLR 1.1.4322; .NET CLR 2.0.50727; .NET CLR 3.0.04506.30; .NET CLR 3.0.04506.648; .NET CLR 3.5.21022; .NET CLR 3.0.4506.2152; .NET CLR 3.5.30729; MS-RTC LM 8)"
198.176.188.201 - - [03/Mar/2010:02:23:43 -0800] "GET /~dug/tatum/Girl_who_loved_swastika.jpg HTTP/1.1" 200 70494 "http://ferality.net/~dug/tatum/" "Mozilla/4.0 (compatible; MSIE 6.0; Windows NT 5.1; Q312461; SV1; .NET CLR 1.1.4322; .NET CLR 2.0.50727; .NET CLR 3.0.04506.30; .NET CLR 3.0.04506.648; .NET CLR 3.5.21022; .NET CLR 3.0.4506.2152; .NET CLR 3.5.30729; MS-RTC LM 8)"
198.176.188.201 - - [03/Mar/2010:02:23:46 -0800] "GET /~dug/tatum/Flying_kitty.jpg HTTP/1.1" 200 73101 "http://ferality.net/~dug/tatum/" "Mozilla/4.0 (compatible; MSIE 6.0; Windows NT 5.1; Q312461; SV1; .NET CLR 1.1.4322; .NET CLR 2.0.50727; .NET CLR 3.0.04506.30; .NET CLR 3.0.04506.648; .NET CLR 3.5.21022; .NET CLR 3.0.4506.2152; .NET CLR 3.5.30729; MS-RTC LM 8)"
206.29.197.150 - - [03/Mar/2010:02:23:46 -0800] "GET /~dug/tatum/4chan/Umbrella_Wallpapaer.jpg HTTP/1.1" 200 319440 "http://ferality.net/~dug/tatum/4chan/" "Mozilla/5.0 (Windows; U; Windows NT 5.1; en-US; rv:1.9.2) Gecko/20100115 Firefox/3.6 (.NET CLR 3.5.30729)"
198.176.188.201 - - [03/Mar/2010:02:23:52 -0800] "GET /~dug/tatum/Hahaha_Chimp.gif HTTP/1.1" 200 71063 "http://ferality.net/~dug/tatum/" "Mozilla/4.0 (compatible; MSIE 6.0; Windows NT 5.1; Q312461; SV1; .NET CLR 1.1.4322; .NET CLR 2.0.50727; .NET CLR 3.0.04506.30; .NET CLR 3.0.04506.648; .NET CLR 3.5.21022; .NET CLR 3.0.4506.2152; .NET CLR 3.5.30729; MS-RTC LM 8)"
198.176.188.201 - - [03/Mar/2010:02:23:55 -0800] "GET /~dug/tatum/HardGay.jpg HTTP/1.1" 200 26936 "http://ferality.net/~dug/tatum/" "Mozilla/4.0 (compatible; MSIE 6.0; Windows NT 5.1; Q312461; SV1; .NET CLR 1.1.4322; .NET CLR 2.0.50727; .NET CLR 3.0.04506.30; .NET CLR 3.0.04506.648; .NET CLR 3.5.21022; .NET CLR 3.0.4506.2152; .NET CLR 3.5.30729; MS-RTC LM 8)"
206.29.197.150 - - [03/Mar/2010:02:23:56 -0800] "GET /~dug/tatum/4chan/Uninterested_Cat.jpg HTTP/1.1" 200 52387 "http://ferality.net/~dug/tatum/4chan/" "Mozilla/5.0 (Windows; U; Windows NT 5.1; en-US; rv:1.9.2) Gecko/20100115 Firefox/3.6 (.NET CLR 3.5.30729)"
198.176.188.201 - - [03/Mar/2010:02:23:59 -0800] "GET /~dug/tatum/HardDisk.jpg HTTP/1.1" 200 59142 "http://ferality.net/~dug/tatum/" "Mozilla/4.0 (compatible; MSIE 6.0; Windows NT 5.1; Q312461; SV1; .NET CLR 1.1.4322; .NET CLR 2.0.50727; .NET CLR 3.0.04506.30; .NET CLR 3.0.04506.648; .NET CLR 3.5.21022; .NET CLR 3.0.4506.2152; .NET CLR 3.5.30729; MS-RTC LM 8)"
198.176.188.201 - - [03/Mar/2010:02:24:02 -0800] "GET /~dug/tatum/Happy_Birthday_Fingers.jpg HTTP/1.1" 200 13430 "http://ferality.net/~dug/tatum/" "Mozilla/4.0 (compatible; MSIE 6.0; Windows NT 5.1; Q312461; SV1; .NET CLR 1.1.4322; .NET CLR 2.0.50727; .NET CLR 3.0.04506.30; .NET CLR 3.0.04506.648; .NET CLR 3.5.21022; .NET CLR 3.0.4506.2152; .NET CLR 3.5.30729; MS-RTC LM 8)"
206.29.197.150 - - [03/Mar/2010:02:24:05 -0800] "GET /~dug/tatum/4chan/Unix_Dude.jpg HTTP/1.1" 200 53694 "http://ferality.net/~dug/tatum/4chan/" "Mozilla/5.0 (Windows; U; Windows NT 5.1; en-US; rv:1.9.2) Gecko/20100115 Firefox/3.6 (.NET CLR 3.5.30729)"
198.176.188.201 - - [03/Mar/2010:02:24:08 -0800] "GET /~dug/tatum/HaloThar.jpg HTTP/1.1" 200 61303 "http://ferality.net/~dug/tatum/" "Mozilla/4.0 (compatible; MSIE 6.0; Windows NT 5.1; Q312461; SV1; .NET CLR 1.1.4322; .NET CLR 2.0.50727; .NET CLR 3.0.04506.30; .NET CLR 3.0.04506.648; .NET CLR 3.5.21022; .NET CLR 3.0.4506.2152; .NET CLR 3.5.30729; MS-RTC LM 8)"
198.176.188.201 - - [03/Mar/2010:02:24:19 -0800] "GET /~dug/tatum/Hawking_Lego.jpg HTTP/1.1" 200 98517 "http://ferality.net/~dug/tatum/" "Mozilla/4.0 (compatible; MSIE 6.0; Windows NT 5.1; Q312461; SV1; .NET CLR 1.1.4322; .NET CLR 2.0.50727; .NET CLR 3.0.04506.30; .NET CLR 3.0.04506.648; .NET CLR 3.5.21022; .NET CLR 3.0.4506.2152; .NET CLR 3.5.30729; MS-RTC LM 8)"
198.176.188.201 - - [03/Mar/2010:02:24:24 -0800] "GET /~dug/tatum/Gothopotamus.jpg HTTP/1.1" 200 51661 "http://ferality.net/~dug/tatum/" "Mozilla/4.0 (compatible; MSIE 6.0; Windows NT 5.1; Q312461; SV1; .NET CLR 1.1.4322; .NET CLR 2.0.50727; .NET CLR 3.0.04506.30; .NET CLR 3.0.04506.648; .NET CLR 3.5.21022; .NET CLR 3.0.4506.2152; .NET CLR 3.5.30729; MS-RTC LM 8)"
198.176.188.201 - - [03/Mar/2010:02:24:32 -0800] "GET /~dug/tatum/Gratz_You_Beat_2_Trees.jpg HTTP/1.1" 200 122153 "http://ferality.net/~dug/tatum/" "Mozilla/4.0 (compatible; MSIE 6.0; Windows NT 5.1; Q312461; SV1; .NET CLR 1.1.4322; .NET CLR 2.0.50727; .NET CLR 3.0.04506.30; .NET CLR 3.0.04506.648; .NET CLR 3.5.21022; .NET CLR 3.0.4506.2152; .NET CLR 3.5.30729; MS-RTC LM 8)"
198.176.188.201 - - [03/Mar/2010:02:24:41 -0800] "GET /~dug/tatum/Hermione.jpg HTTP/1.1" 200 18033 "http://ferality.net/~dug/tatum/" "Mozilla/4.0 (compatible; MSIE 6.0; Windows NT 5.1; Q312461; SV1; .NET CLR 1.1.4322; .NET CLR 2.0.50727; .NET CLR 3.0.04506.30; .NET CLR 3.0.04506.648; .NET CLR 3.5.21022; .NET CLR 3.0.4506.2152; .NET CLR 3.5.30729; MS-RTC LM 8)"
198.176.188.201 - - [03/Mar/2010:02:24:47 -0800] "GET /~dug/tatum/Hermione_resize_original.jpg HTTP/1.1" 200 26536 "http://ferality.net/~dug/tatum/" "Mozilla/4.0 (compatible; MSIE 6.0; Windows NT 5.1; Q312461; SV1; .NET CLR 1.1.4322; .NET CLR 2.0.50727; .NET CLR 3.0.04506.30; .NET CLR 3.0.04506.648; .NET CLR 3.5.21022; .NET CLR 3.0.4506.2152; .NET CLR 3.5.30729; MS-RTC LM 8)"
198.176.188.201 - - [03/Mar/2010:02:24:45 -0800] "GET /~dug/tatum/Hermione_kissing.gif HTTP/1.1" 200 625988 "http://ferality.net/~dug/tatum/" "Mozilla/4.0 (compatible; MSIE 6.0; Windows NT 5.1; Q312461; SV1; .NET CLR 1.1.4322; .NET CLR 2.0.50727; .NET CLR 3.0.04506.30; .NET CLR 3.0.04506.648; .NET CLR 3.5.21022; .NET CLR 3.0.4506.2152; .NET CLR 3.5.30729; MS-RTC LM 8)"
198.176.188.201 - - [03/Mar/2010:02:24:54 -0800] "GET /~dug/tatum/High_owls.jpg HTTP/1.1" 200 78155 "http://ferality.net/~dug/tatum/" "Mozilla/4.0 (compatible; MSIE 6.0; Windows NT 5.1; Q312461; SV1; .NET CLR 1.1.4322; .NET CLR 2.0.50727; .NET CLR 3.0.04506.30; .NET CLR 3.0.04506.648; .NET CLR 3.5.21022; .NET CLR 3.0.4506.2152; .NET CLR 3.5.30729; MS-RTC LM 8)"
198.176.188.201 - - [03/Mar/2010:02:24:57 -0800] "GET /~dug/tatum/Hitler1.jpg HTTP/1.1" 200 33190 "http://ferality.net/~dug/tatum/" "Mozilla/4.0 (compatible; MSIE 6.0; Windows NT 5.1; Q312461; SV1; .NET CLR 1.1.4322; .NET CLR 2.0.50727; .NET CLR 3.0.04506.30; .NET CLR 3.0.04506.648; .NET CLR 3.5.21022; .NET CLR 3.0.4506.2152; .NET CLR 3.5.30729; MS-RTC LM 8)"
198.176.188.201 - - [03/Mar/2010:02:24:59 -0800] "GET /~dug/tatum/Hitler2.jpg HTTP/1.1" 200 46824 "http://ferality.net/~dug/tatum/" "Mozilla/4.0 (compatible; MSIE 6.0; Windows NT 5.1; Q312461; SV1; .NET CLR 1.1.4322; .NET CLR 2.0.50727; .NET CLR 3.0.04506.30; .NET CLR 3.0.04506.648; .NET CLR 3.5.21022; .NET CLR 3.0.4506.2152; .NET CLR 3.5.30729; MS-RTC LM 8)"
198.176.188.201 - - [03/Mar/2010:02:25:01 -0800] "GET /~dug/tatum/Hope_Pope_Dope.jpg HTTP/1.1" 200 24372 "http://ferality.net/~dug/tatum/" "Mozilla/4.0 (compatible; MSIE 6.0; Windows NT 5.1; Q312461; SV1; .NET CLR 1.1.4322; .NET CLR 2.0.50727; .NET CLR 3.0.04506.30; .NET CLR 3.0.04506.648; .NET CLR 3.5.21022; .NET CLR 3.0.4506.2152; .NET CLR 3.5.30729; MS-RTC LM 8)"
198.176.188.201 - - [03/Mar/2010:02:25:04 -0800] "GET /~dug/tatum/Horoshiy_Plohoy.jpg HTTP/1.1" 200 83817 "http://ferality.net/~dug/tatum/" "Mozilla/4.0 (compatible; MSIE 6.0; Windows NT 5.1; Q312461; SV1; .NET CLR 1.1.4322; .NET CLR 2.0.50727; .NET CLR 3.0.04506.30; .NET CLR 3.0.04506.648; .NET CLR 3.5.21022; .NET CLR 3.0.4506.2152; .NET CLR 3.5.30729; MS-RTC LM 8)"
198.176.188.201 - - [03/Mar/2010:02:25:15 -0800] "GET /~dug/tatum/How-to-improve-productivity.png HTTP/1.1" 200 101677 "http://ferality.net/~dug/tatum/" "Mozilla/4.0 (compatible; MSIE 6.0; Windows NT 5.1; Q312461; SV1; .NET CLR 1.1.4322; .NET CLR 2.0.50727; .NET CLR 3.0.04506.30; .NET CLR 3.0.04506.648; .NET CLR 3.5.21022; .NET CLR 3.0.4506.2152; .NET CLR 3.5.30729; MS-RTC LM 8)"
198.176.188.201 - - [03/Mar/2010:02:25:37 -0800] "GET /~dug/tatum/IE_7_Team.jpg HTTP/1.1" 200 47294 "http://ferality.net/~dug/tatum/" "Mozilla/4.0 (compatible; MSIE 6.0; Windows NT 5.1; Q312461; SV1; .NET CLR 1.1.4322; .NET CLR 2.0.50727; .NET CLR 3.0.04506.30; .NET CLR 3.0.04506.648; .NET CLR 3.5.21022; .NET CLR 3.0.4506.2152; .NET CLR 3.5.30729; MS-RTC LM 8)"
198.176.188.201 - - [03/Mar/2010:02:25:45 -0800] "GET /~dug/tatum/I_Hate_Everything.jpg HTTP/1.1" 200 25813 "http://ferality.net/~dug/tatum/" "Mozilla/4.0 (compatible; MSIE 6.0; Windows NT 5.1; Q312461; SV1; .NET CLR 1.1.4322; .NET CLR 2.0.50727; .NET CLR 3.0.04506.30; .NET CLR 3.0.04506.648; .NET CLR 3.5.21022; .NET CLR 3.0.4506.2152; .NET CLR 3.5.30729; MS-RTC LM 8)"
198.176.188.201 - - [03/Mar/2010:02:25:51 -0800] "GET /~dug/tatum/I_did_nothing_today.jpg HTTP/1.1" 200 53754 "http://ferality.net/~dug/tatum/" "Mozilla/4.0 (compatible; MSIE 6.0; Windows NT 5.1; Q312461; SV1; .NET CLR 1.1.4322; .NET CLR 2.0.50727; .NET CLR 3.0.04506.30; .NET CLR 3.0.04506.648; .NET CLR 3.5.21022; .NET CLR 3.0.4506.2152; .NET CLR 3.5.30729; MS-RTC LM 8)"
198.176.188.201 - - [03/Mar/2010:02:25:56 -0800] "GET /~dug/tatum/Identify_Wood.jpg HTTP/1.1" 200 45691 "http://ferality.net/~dug/tatum/" "Mozilla/4.0 (compatible; MSIE 6.0; Windows NT 5.1; Q312461; SV1; .NET CLR 1.1.4322; .NET CLR 2.0.50727; .NET CLR 3.0.04506.30; .NET CLR 3.0.04506.648; .NET CLR 3.5.21022; .NET CLR 3.0.4506.2152; .NET CLR 3.5.30729; MS-RTC LM 8)"
198.176.188.201 - - [03/Mar/2010:02:25:58 -0800] "GET /~dug/tatum/Induk.jpg HTTP/1.1" 200 94476 "http://ferality.net/~dug/tatum/" "Mozilla/4.0 (compatible; MSIE 6.0; Windows NT 5.1; Q312461; SV1; .NET CLR 1.1.4322; .NET CLR 2.0.50727; .NET CLR 3.0.04506.30; .NET CLR 3.0.04506.648; .NET CLR 3.5.21022; .NET CLR 3.0.4506.2152; .NET CLR 3.5.30729; MS-RTC LM 8)"
