72.14.199.142 - - [30/Jul/2010:19:16:19 -0700] "GET / HTTP/1.1" 304 - "-" "Feedfetcher-Google; (+http://www.google.com/feedfetcher.html; 1 subscribers; feed-id=10831477631497958243)"
72.14.199.142 - - [30/Jul/2010:22:16:29 -0700] "GET /feed/ HTTP/1.1" 302 355 "-" "Feedfetcher-Google; (+http://www.google.com/feedfetcher.html; 1 subscribers; feed-id=10831477631497958243)"
72.14.199.142 - - [30/Jul/2010:22:16:29 -0700] "GET / HTTP/1.1" 304 - "-" "Feedfetcher-Google; (+http://www.google.com/feedfetcher.html; 1 subscribers; feed-id=10831477631497958243)"
72.14.199.142 - - [31/Jul/2010:01:16:38 -0700] "GET /feed/ HTTP/1.1" 302 355 "-" "Feedfetcher-Google; (+http://www.google.com/feedfetcher.html; 1 subscribers; feed-id=10831477631497958243)"
72.14.199.142 - - [31/Jul/2010:01:16:39 -0700] "GET / HTTP/1.1" 304 - "-" "Feedfetcher-Google; (+http://www.google.com/feedfetcher.html; 1 subscribers; feed-id=10831477631497958243)"
119.63.198.11 - - [31/Jul/2010:02:21:23 -0700] "GET /robots.txt HTTP/1.1" 302 355 "-" "Baiduspider+(+http://www.baidu.com/search/spider.htm)"
119.63.198.28 - - [31/Jul/2010:02:21:23 -0700] "GET / HTTP/1.1" 200 163 "-" "Baiduspider+(+http://www.baidu.com/search/spider.htm)"
67.210.218.102 - - [31/Jul/2010:03:01:40 -0700] "GET /feed HTTP/1.1" 302 355 "-" "Rome Client (http://tinyurl.com/64t5n) Ver: 0.9"
67.210.218.102 - - [31/Jul/2010:03:01:40 -0700] "GET / HTTP/1.1" 200 163 "-" "Rome Client (http://tinyurl.com/64t5n) Ver: 0.9"
72.14.199.142 - - [31/Jul/2010:04:16:48 -0700] "GET /feed/ HTTP/1.1" 302 355 "-" "Feedfetcher-Google; (+http://www.google.com/feedfetcher.html; 1 subscribers; feed-id=10831477631497958243)"
72.14.199.142 - - [31/Jul/2010:04:16:49 -0700] "GET / HTTP/1.1" 304 - "-" "Feedfetcher-Google; (+http://www.google.com/feedfetcher.html; 1 subscribers; feed-id=10831477631497958243)"
64.78.155.100 - - [31/Jul/2010:05:09:47 -0700] "GET /feed/ HTTP/1.1" 302 355 "-" "NewsGatorOnline/2.0 (http://www.newsgator.com; 2 subscribers)"
64.78.155.100 - - [31/Jul/2010:05:09:47 -0700] "GET / HTTP/1.1" 304 - "-" "NewsGatorOnline/2.0 (http://www.newsgator.com; 2 subscribers)"
72.14.199.142 - - [31/Jul/2010:07:16:58 -0700] "GET /feed/ HTTP/1.1" 302 355 "-" "Feedfetcher-Google; (+http://www.google.com/feedfetcher.html; 1 subscribers; feed-id=10831477631497958243)"
72.14.199.142 - - [31/Jul/2010:07:16:59 -0700] "GET / HTTP/1.1" 304 - "-" "Feedfetcher-Google; (+http://www.google.com/feedfetcher.html; 1 subscribers; feed-id=10831477631497958243)"
123.125.66.55 - - [31/Jul/2010:09:26:32 -0700] "GET /robots.txt HTTP/1.1" 302 355 "-" "Baiduspider+(+http://www.baidu.com/search/spider.htm)"
123.125.66.33 - - [31/Jul/2010:09:26:33 -0700] "GET / HTTP/1.1" 200 163 "-" "Baiduspider+(+http://www.baidu.com/search/spider.htm)"
72.14.199.142 - - [31/Jul/2010:10:17:09 -0700] "GET /feed/ HTTP/1.1" 302 355 "-" "Feedfetcher-Google; (+http://www.google.com/feedfetcher.html; 1 subscribers; feed-id=10831477631497958243)"
72.14.199.142 - - [31/Jul/2010:10:17:09 -0700] "GET / HTTP/1.1" 304 - "-" "Feedfetcher-Google; (+http://www.google.com/feedfetcher.html; 1 subscribers; feed-id=10831477631497958243)"
38.107.191.105 - - [31/Jul/2010:10:47:56 -0700] "GET /robots.txt HTTP/1.1" 302 355 "-" "CCBot/1.0 (+http://www.commoncrawl.org/bot.html)"
38.107.191.105 - - [31/Jul/2010:10:47:56 -0700] "GET / HTTP/1.1" 200 163 "-" "CCBot/1.0 (+http://www.commoncrawl.org/bot.html)"
38.107.191.106 - - [31/Jul/2010:10:47:57 -0700] "GET /category/php/ HTTP/1.1" 302 355 "-" "CCBot/1.0 (+http://www.commoncrawl.org/bot.html)"
38.107.191.107 - - [31/Jul/2010:10:48:01 -0700] "GET /tag/internet-explorer/ HTTP/1.1" 302 355 "-" "CCBot/1.0 (+http://www.commoncrawl.org/bot.html)"
38.107.191.108 - - [31/Jul/2010:10:48:07 -0700] "GET /category/music/ HTTP/1.1" 302 355 "-" "CCBot/1.0 (+http://www.commoncrawl.org/bot.html)"
38.107.191.109 - - [31/Jul/2010:10:48:11 -0700] "GET /category/movie-reviews/ HTTP/1.1" 302 355 "-" "CCBot/1.0 (+http://www.commoncrawl.org/bot.html)"
38.107.191.105 - - [31/Jul/2010:10:48:19 -0700] "GET /category/computer-programming/ HTTP/1.1" 302 355 "-" "CCBot/1.0 (+http://www.commoncrawl.org/bot.html)"
38.107.191.106 - - [31/Jul/2010:10:48:23 -0700] "GET /2008/10/ipod-touch/ HTTP/1.1" 302 355 "-" "CCBot/1.0 (+http://www.commoncrawl.org/bot.html)"
38.107.191.107 - - [31/Jul/2010:10:48:27 -0700] "GET /category/apple/ HTTP/1.1" 302 355 "-" "CCBot/1.0 (+http://www.commoncrawl.org/bot.html)"
38.107.191.108 - - [31/Jul/2010:10:48:31 -0700] "GET /tag/iphone/ HTTP/1.1" 302 355 "-" "CCBot/1.0 (+http://www.commoncrawl.org/bot.html)"
38.107.191.109 - - [31/Jul/2010:10:48:35 -0700] "GET /2008/12/snow-leopard/ HTTP/1.1" 302 355 "-" "CCBot/1.0 (+http://www.commoncrawl.org/bot.html)"
38.107.191.105 - - [31/Jul/2010:10:48:39 -0700] "GET /category/iphone-development/ HTTP/1.1" 302 355 "-" "CCBot/1.0 (+http://www.commoncrawl.org/bot.html)"
38.107.191.106 - - [31/Jul/2010:10:48:43 -0700] "GET /2008/09/whats-up/ HTTP/1.1" 302 355 "-" "CCBot/1.0 (+http://www.commoncrawl.org/bot.html)"
38.107.191.107 - - [31/Jul/2010:10:48:47 -0700] "GET /2008/06/ HTTP/1.1" 302 355 "-" "CCBot/1.0 (+http://www.commoncrawl.org/bot.html)"
38.107.191.108 - - [31/Jul/2010:10:48:51 -0700] "GET /category/podcasts/ HTTP/1.1" 302 355 "-" "CCBot/1.0 (+http://www.commoncrawl.org/bot.html)"
38.107.191.109 - - [31/Jul/2010:10:48:55 -0700] "GET /2008/12/ugh/ HTTP/1.1" 302 355 "-" "CCBot/1.0 (+http://www.commoncrawl.org/bot.html)"
38.107.191.105 - - [31/Jul/2010:10:49:00 -0700] "GET /category/mybb/ HTTP/1.1" 302 355 "-" "CCBot/1.0 (+http://www.commoncrawl.org/bot.html)"
38.107.191.106 - - [31/Jul/2010:10:49:04 -0700] "GET /2006/08/ HTTP/1.1" 302 355 "-" "CCBot/1.0 (+http://www.commoncrawl.org/bot.html)"
38.107.191.107 - - [31/Jul/2010:10:49:08 -0700] "GET /category/news/ HTTP/1.1" 302 355 "-" "CCBot/1.0 (+http://www.commoncrawl.org/bot.html)"
38.107.191.108 - - [31/Jul/2010:10:49:12 -0700] "GET /2006/06/ HTTP/1.1" 302 355 "-" "CCBot/1.0 (+http://www.commoncrawl.org/bot.html)"
38.107.191.109 - - [31/Jul/2010:10:49:16 -0700] "GET /2007/09/ HTTP/1.1" 302 355 "-" "CCBot/1.0 (+http://www.commoncrawl.org/bot.html)"
38.107.191.105 - - [31/Jul/2010:10:49:20 -0700] "GET /wp-login.php?action=register HTTP/1.1" 302 355 "-" "CCBot/1.0 (+http://www.commoncrawl.org/bot.html)"
38.107.191.106 - - [31/Jul/2010:10:49:25 -0700] "GET /category/eyeos/ HTTP/1.1" 302 355 "-" "CCBot/1.0 (+http://www.commoncrawl.org/bot.html)"
38.107.191.107 - - [31/Jul/2010:10:49:31 -0700] "GET /category/star-trek/ HTTP/1.1" 302 355 "-" "CCBot/1.0 (+http://www.commoncrawl.org/bot.html)"
38.107.191.108 - - [31/Jul/2010:10:49:39 -0700] "GET /2009/01/happy-new-year/ HTTP/1.1" 302 355 "-" "CCBot/1.0 (+http://www.commoncrawl.org/bot.html)"
38.107.191.109 - - [31/Jul/2010:10:49:44 -0700] "GET /2008/12/ HTTP/1.1" 302 355 "-" "CCBot/1.0 (+http://www.commoncrawl.org/bot.html)"
38.107.191.105 - - [31/Jul/2010:10:49:52 -0700] "GET /wp-login.php HTTP/1.1" 302 355 "-" "CCBot/1.0 (+http://www.commoncrawl.org/bot.html)"
38.107.191.106 - - [31/Jul/2010:10:49:58 -0700] "GET /xmlrpc.php HTTP/1.1" 302 355 "-" "CCBot/1.0 (+http://www.commoncrawl.org/bot.html)"
38.107.191.107 - - [31/Jul/2010:10:50:02 -0700] "GET /category/summer-project/ HTTP/1.1" 302 355 "-" "CCBot/1.0 (+http://www.commoncrawl.org/bot.html)"
38.107.191.108 - - [31/Jul/2010:10:50:06 -0700] "GET /2006/12/ HTTP/1.1" 302 355 "-" "CCBot/1.0 (+http://www.commoncrawl.org/bot.html)"
38.107.191.109 - - [31/Jul/2010:10:50:10 -0700] "GET /feed/ HTTP/1.1" 302 355 "-" "CCBot/1.0 (+http://www.commoncrawl.org/bot.html)"
38.107.191.105 - - [31/Jul/2010:10:50:14 -0700] "GET /category/life/ HTTP/1.1" 302 355 "-" "CCBot/1.0 (+http://www.commoncrawl.org/bot.html)"
38.107.191.106 - - [31/Jul/2010:10:50:18 -0700] "GET /2006/09/ HTTP/1.1" 302 355 "-" "CCBot/1.0 (+http://www.commoncrawl.org/bot.html)"
38.107.191.107 - - [31/Jul/2010:10:50:22 -0700] "GET /2006/07/ HTTP/1.1" 302 355 "-" "CCBot/1.0 (+http://www.commoncrawl.org/bot.html)"
38.107.191.108 - - [31/Jul/2010:10:50:26 -0700] "GET /2007/01/ HTTP/1.1" 302 355 "-" "CCBot/1.0 (+http://www.commoncrawl.org/bot.html)"
38.107.191.109 - - [31/Jul/2010:10:50:32 -0700] "GET /2007/06/ HTTP/1.1" 302 355 "-" "CCBot/1.0 (+http://www.commoncrawl.org/bot.html)"
38.107.191.105 - - [31/Jul/2010:10:50:36 -0700] "GET /2007/08/ HTTP/1.1" 302 355 "-" "CCBot/1.0 (+http://www.commoncrawl.org/bot.html)"
38.107.191.106 - - [31/Jul/2010:10:57:56 -0700] "GET /2009/02/windows-7-beta/ HTTP/1.1" 302 355 "-" "CCBot/1.0 (+http://www.commoncrawl.org/bot.html)"
38.107.191.107 - - [31/Jul/2010:10:58:01 -0700] "GET /category/myos/ HTTP/1.1" 302 355 "-" "CCBot/1.0 (+http://www.commoncrawl.org/bot.html)"
38.107.191.108 - - [31/Jul/2010:10:58:06 -0700] "GET /category/mac-os-x/ HTTP/1.1" 302 355 "-" "CCBot/1.0 (+http://www.commoncrawl.org/bot.html)"
38.107.191.109 - - [31/Jul/2010:10:58:11 -0700] "GET /category/mac-applications/ HTTP/1.1" 302 355 "-" "CCBot/1.0 (+http://www.commoncrawl.org/bot.html)"
38.107.191.105 - - [31/Jul/2010:10:58:15 -0700] "GET /category/brickfilmerscom/ HTTP/1.1" 302 355 "-" "CCBot/1.0 (+http://www.commoncrawl.org/bot.html)"
38.107.191.106 - - [31/Jul/2010:10:58:19 -0700] "GET /2009/01/ HTTP/1.1" 302 355 "-" "CCBot/1.0 (+http://www.commoncrawl.org/bot.html)"
38.107.191.107 - - [31/Jul/2010:10:58:23 -0700] "GET /2008/07/ HTTP/1.1" 302 355 "-" "CCBot/1.0 (+http://www.commoncrawl.org/bot.html)"
38.107.191.108 - - [31/Jul/2010:10:58:27 -0700] "GET /2008/09/ HTTP/1.1" 302 355 "-" "CCBot/1.0 (+http://www.commoncrawl.org/bot.html)"
38.107.191.109 - - [31/Jul/2010:10:58:31 -0700] "GET /category/eyemac/ HTTP/1.1" 302 355 "-" "CCBot/1.0 (+http://www.commoncrawl.org/bot.html)"
38.107.191.105 - - [31/Jul/2010:10:58:35 -0700] "GET /page/2/ HTTP/1.1" 302 355 "-" "CCBot/1.0 (+http://www.commoncrawl.org/bot.html)"
38.107.191.106 - - [31/Jul/2010:10:58:39 -0700] "GET /2009/02/ HTTP/1.1" 302 355 "-" "CCBot/1.0 (+http://www.commoncrawl.org/bot.html)"
38.107.191.107 - - [31/Jul/2010:10:58:43 -0700] "GET /2008/04/ HTTP/1.1" 302 355 "-" "CCBot/1.0 (+http://www.commoncrawl.org/bot.html)"
38.107.191.108 - - [31/Jul/2010:10:58:48 -0700] "GET /category/brickfilmscom/ HTTP/1.1" 302 355 "-" "CCBot/1.0 (+http://www.commoncrawl.org/bot.html)"
38.107.191.109 - - [31/Jul/2010:10:58:52 -0700] "GET / HTTP/1.1" 200 163 "-" "CCBot/1.0 (+http://www.commoncrawl.org/bot.html)"
38.107.191.105 - - [31/Jul/2010:10:58:56 -0700] "GET /category/netos/ HTTP/1.1" 302 355 "-" "CCBot/1.0 (+http://www.commoncrawl.org/bot.html)"
38.107.191.106 - - [31/Jul/2010:10:59:00 -0700] "GET /tag/development/ HTTP/1.1" 302 355 "-" "CCBot/1.0 (+http://www.commoncrawl.org/bot.html)"
38.107.191.107 - - [31/Jul/2010:10:59:04 -0700] "GET /2007/02/ HTTP/1.1" 302 355 "-" "CCBot/1.0 (+http://www.commoncrawl.org/bot.html)"
38.107.191.108 - - [31/Jul/2010:10:59:08 -0700] "GET /2008/09/iphone-development/ HTTP/1.1" 302 355 "-" "CCBot/1.0 (+http://www.commoncrawl.org/bot.html)"
38.107.191.109 - - [31/Jul/2010:10:59:12 -0700] "GET /2008/12/yay-ie-7/ HTTP/1.1" 302 355 "-" "CCBot/1.0 (+http://www.commoncrawl.org/bot.html)"
38.107.191.105 - - [31/Jul/2010:10:59:16 -0700] "GET /category/eyecoder/ HTTP/1.1" 302 355 "-" "CCBot/1.0 (+http://www.commoncrawl.org/bot.html)"
38.107.191.106 - - [31/Jul/2010:10:59:22 -0700] "GET /2006/05/ HTTP/1.1" 302 355 "-" "CCBot/1.0 (+http://www.commoncrawl.org/bot.html)"
38.107.191.107 - - [31/Jul/2010:10:59:26 -0700] "GET /2007/04/ HTTP/1.1" 302 355 "-" "CCBot/1.0 (+http://www.commoncrawl.org/bot.html)"
38.107.191.108 - - [31/Jul/2010:10:59:30 -0700] "GET /2008/10/sleet/ HTTP/1.1" 302 355 "-" "CCBot/1.0 (+http://www.commoncrawl.org/bot.html)"
38.107.191.109 - - [31/Jul/2010:10:59:34 -0700] "GET /category/eyemanage/ HTTP/1.1" 302 355 "-" "CCBot/1.0 (+http://www.commoncrawl.org/bot.html)"
38.107.191.105 - - [31/Jul/2010:10:59:38 -0700] "GET /category/the-brickfilmers-guide/ HTTP/1.1" 302 355 "-" "CCBot/1.0 (+http://www.commoncrawl.org/bot.html)"
38.107.191.106 - - [31/Jul/2010:10:59:42 -0700] "GET /category/star-trek-orion/ HTTP/1.1" 302 355 "-" "CCBot/1.0 (+http://www.commoncrawl.org/bot.html)"
38.107.191.107 - - [31/Jul/2010:10:59:46 -0700] "GET /category/seminar/ HTTP/1.1" 302 355 "-" "CCBot/1.0 (+http://www.commoncrawl.org/bot.html)"
38.107.191.108 - - [31/Jul/2010:10:59:51 -0700] "GET /2008/02/ HTTP/1.1" 302 355 "-" "CCBot/1.0 (+http://www.commoncrawl.org/bot.html)"
38.107.191.109 - - [31/Jul/2010:10:59:54 -0700] "GET /2008/05/ HTTP/1.1" 302 355 "-" "CCBot/1.0 (+http://www.commoncrawl.org/bot.html)"
38.107.191.105 - - [31/Jul/2010:10:59:58 -0700] "GET /category/uncategorized/ HTTP/1.1" 302 355 "-" "CCBot/1.0 (+http://www.commoncrawl.org/bot.html)"
38.107.191.106 - - [31/Jul/2010:11:00:03 -0700] "GET /wp-includes/wlwmanifest.xml HTTP/1.1" 302 355 "-" "CCBot/1.0 (+http://www.commoncrawl.org/bot.html)"
38.107.191.107 - - [31/Jul/2010:11:00:07 -0700] "GET /2008/10/ipod-touch-is-here/ HTTP/1.1" 302 355 "-" "CCBot/1.0 (+http://www.commoncrawl.org/bot.html)"
38.107.191.108 - - [31/Jul/2010:11:00:11 -0700] "GET /2008/10/ HTTP/1.1" 302 355 "-" "CCBot/1.0 (+http://www.commoncrawl.org/bot.html)"
38.107.191.109 - - [31/Jul/2010:11:00:15 -0700] "GET /~harold/ HTTP/1.1" 200 12675 "-" "CCBot/1.0 (+http://www.commoncrawl.org/bot.html)"
38.107.191.105 - - [31/Jul/2010:11:00:19 -0700] "GET /comments/feed/ HTTP/1.1" 302 355 "-" "CCBot/1.0 (+http://www.commoncrawl.org/bot.html)"
38.107.191.106 - - [31/Jul/2010:11:00:24 -0700] "GET /category/iblog/ HTTP/1.1" 302 355 "-" "CCBot/1.0 (+http://www.commoncrawl.org/bot.html)"
74.96.175.144 - - [31/Jul/2010:12:09:44 -0700] "GET / HTTP/1.1" 200 163 "http://community.mybb.com/user-6391.html" "Mozilla/5.0 (Macintosh; U; Intel Mac OS X 10.6; en-US; rv:1.9.2.8) Gecko/20100722 Firefox/3.6.8"
74.96.175.144 - - [31/Jul/2010:12:09:44 -0700] "GET /favicon.ico HTTP/1.1" 302 355 "-" "Mozilla/5.0 (Macintosh; U; Intel Mac OS X 10.6; en-US; rv:1.9.2.8) Gecko/20100722 Firefox/3.6.8"
74.96.175.144 - - [31/Jul/2010:12:09:47 -0700] "GET /favicon.ico HTTP/1.1" 302 355 "-" "Mozilla/5.0 (Macintosh; U; Intel Mac OS X 10.6; en-US; rv:1.9.2.8) Gecko/20100722 Firefox/3.6.8"
66.249.16.212 - - [31/Jul/2010:12:32:49 -0700] "GET / HTTP/1.1" 200 163 "http://whois.domaintools.com/jasoncmartin.com" "Mozilla/5.0 (Macintosh; U; Intel Mac OS X 10.6; en-US; rv:1.9.2.8) Gecko/20100722 Firefox/3.6.8"
93.158.148.31 - - [31/Jul/2010:12:39:11 -0700] "GET /robots.txt HTTP/1.1" 302 359 "-" "Mozilla/5.0 (compatible; YandexBot/3.0; +http://yandex.com/bots)"
72.14.199.142 - - [31/Jul/2010:13:17:18 -0700] "GET /feed/ HTTP/1.1" 302 355 "-" "Feedfetcher-Google; (+http://www.google.com/feedfetcher.html; 1 subscribers; feed-id=10831477631497958243)"
72.14.199.142 - - [31/Jul/2010:13:17:19 -0700] "GET / HTTP/1.1" 304 - "-" "Feedfetcher-Google; (+http://www.google.com/feedfetcher.html; 1 subscribers; feed-id=10831477631497958243)"
93.158.148.31 - - [31/Jul/2010:14:23:03 -0700] "GET /robots.txt HTTP/1.1" 302 355 "-" "Mozilla/5.0 (compatible; YandexBot/3.0; +http://yandex.com/bots)"
193.47.80.37 - - [31/Jul/2010:14:23:41 -0700] "GET /robots.txt HTTP/1.1" 302 355 "-" "Mozilla/5.0 (compatible; Exabot/3.0; +http://www.exabot.com/go/robot)"
193.47.80.37 - - [31/Jul/2010:14:23:41 -0700] "GET / HTTP/1.1" 200 163 "-" "Mozilla/5.0 (compatible; Exabot/3.0; +http://www.exabot.com/go/robot)"
193.47.80.37 - - [31/Jul/2010:14:23:42 -0700] "GET / HTTP/1.1" 304 - "-" "Mozilla/5.0 (compatible; Exabot/3.0; +http://www.exabot.com/go/robot)"
72.14.199.142 - - [31/Jul/2010:16:17:30 -0700] "GET /feed/ HTTP/1.1" 302 355 "-" "Feedfetcher-Google; (+http://www.google.com/feedfetcher.html; 1 subscribers; feed-id=10831477631497958243)"
72.14.199.142 - - [31/Jul/2010:16:17:31 -0700] "GET / HTTP/1.1" 304 - "-" "Feedfetcher-Google; (+http://www.google.com/feedfetcher.html; 1 subscribers; feed-id=10831477631497958243)"
72.14.199.142 - - [31/Jul/2010:19:17:38 -0700] "GET /feed/ HTTP/1.1" 302 355 "-" "Feedfetcher-Google; (+http://www.google.com/feedfetcher.html; 1 subscribers; feed-id=10831477631497958243)"
72.14.199.142 - - [31/Jul/2010:19:17:39 -0700] "GET / HTTP/1.1" 304 - "-" "Feedfetcher-Google; (+http://www.google.com/feedfetcher.html; 1 subscribers; feed-id=10831477631497958243)"
93.158.148.31 - - [31/Jul/2010:20:24:56 -0700] "GET / HTTP/1.1" 200 163 "-" "Mozilla/5.0 (compatible; YandexBot/3.0; +http://yandex.com/bots)"
123.125.66.46 - - [31/Jul/2010:22:05:18 -0700] "GET /robots.txt HTTP/1.1" 302 355 "-" "Baiduspider+(+http://www.baidu.com/search/spider.htm)"
123.125.66.24 - - [31/Jul/2010:22:05:18 -0700] "GET / HTTP/1.1" 200 163 "-" "Baiduspider+(+http://www.baidu.com/search/spider.htm)"
72.14.199.142 - - [31/Jul/2010:22:17:48 -0700] "GET /feed/ HTTP/1.1" 302 355 "-" "Feedfetcher-Google; (+http://www.google.com/feedfetcher.html; 1 subscribers; feed-id=10831477631497958243)"
72.14.199.142 - - [31/Jul/2010:22:17:49 -0700] "GET / HTTP/1.1" 304 - "-" "Feedfetcher-Google; (+http://www.google.com/feedfetcher.html; 1 subscribers; feed-id=10831477631497958243)"
67.210.218.102 - - [01/Aug/2010:01:03:26 -0700] "GET /feed HTTP/1.1" 302 355 "-" "Rome Client (http://tinyurl.com/64t5n) Ver: 0.9"
67.210.218.102 - - [01/Aug/2010:01:03:26 -0700] "GET / HTTP/1.1" 200 163 "-" "Rome Client (http://tinyurl.com/64t5n) Ver: 0.9"
64.78.155.100 - - [01/Aug/2010:01:09:54 -0700] "GET /feed/ HTTP/1.1" 302 355 "-" "NewsGatorOnline/2.0 (http://www.newsgator.com; 2 subscribers)"
64.78.155.100 - - [01/Aug/2010:01:09:54 -0700] "GET / HTTP/1.1" 304 - "-" "NewsGatorOnline/2.0 (http://www.newsgator.com; 2 subscribers)"
72.14.199.142 - - [01/Aug/2010:01:17:58 -0700] "GET /feed/ HTTP/1.1" 302 355 "-" "Feedfetcher-Google; (+http://www.google.com/feedfetcher.html; 1 subscribers; feed-id=10831477631497958243)"
72.14.199.142 - - [01/Aug/2010:01:17:59 -0700] "GET / HTTP/1.1" 304 - "-" "Feedfetcher-Google; (+http://www.google.com/feedfetcher.html; 1 subscribers; feed-id=10831477631497958243)"
119.63.198.32 - - [01/Aug/2010:02:20:48 -0700] "GET /robots.txt HTTP/1.1" 302 355 "-" "Baiduspider+(+http://www.baidu.com/search/spider.htm)"
119.63.198.24 - - [01/Aug/2010:02:20:49 -0700] "GET / HTTP/1.1" 200 163 "-" "Baiduspider+(+http://www.baidu.com/search/spider.htm)"
72.14.199.142 - - [01/Aug/2010:04:18:08 -0700] "GET /feed/ HTTP/1.1" 302 355 "-" "Feedfetcher-Google; (+http://www.google.com/feedfetcher.html; 1 subscribers; feed-id=10831477631497958243)"
72.14.199.142 - - [01/Aug/2010:04:18:09 -0700] "GET / HTTP/1.1" 304 - "-" "Feedfetcher-Google; (+http://www.google.com/feedfetcher.html; 1 subscribers; feed-id=10831477631497958243)"
72.14.199.142 - - [01/Aug/2010:07:19:27 -0700] "GET /feed/ HTTP/1.1" 302 355 "-" "Feedfetcher-Google; (+http://www.google.com/feedfetcher.html; 1 subscribers; feed-id=10831477631497958243)"
72.14.199.142 - - [01/Aug/2010:07:19:28 -0700] "GET / HTTP/1.1" 304 - "-" "Feedfetcher-Google; (+http://www.google.com/feedfetcher.html; 1 subscribers; feed-id=10831477631497958243)"
72.14.199.142 - - [01/Aug/2010:10:19:37 -0700] "GET /feed/ HTTP/1.1" 302 355 "-" "Feedfetcher-Google; (+http://www.google.com/feedfetcher.html; 1 subscribers; feed-id=10831477631497958243)"
72.14.199.142 - - [01/Aug/2010:10:19:38 -0700] "GET / HTTP/1.1" 304 - "-" "Feedfetcher-Google; (+http://www.google.com/feedfetcher.html; 1 subscribers; feed-id=10831477631497958243)"
72.14.199.142 - - [01/Aug/2010:13:19:43 -0700] "GET /feed/ HTTP/1.1" 302 355 "-" "Feedfetcher-Google; (+http://www.google.com/feedfetcher.html; 1 subscribers; feed-id=10831477631497958243)"
72.14.199.142 - - [01/Aug/2010:13:19:44 -0700] "GET / HTTP/1.1" 200 163 "-" "Feedfetcher-Google; (+http://www.google.com/feedfetcher.html; 1 subscribers; feed-id=10831477631497958243)"
207.46.204.240 - - [01/Aug/2010:14:22:32 -0700] "GET /robots.txt HTTP/1.1" 302 355 "-" "msnbot/2.0b (+http://search.msn.com/msnbot.htm)"
207.46.204.240 - - [01/Aug/2010:14:22:32 -0700] "GET / HTTP/1.1" 200 163 "-" "msnbot/2.0b (+http://search.msn.com/msnbot.htm)"
207.46.204.240 - - [01/Aug/2010:14:42:55 -0700] "GET /category/the-brickfilmers-guide/ HTTP/1.1" 302 355 "-" "msnbot/2.0b (+http://search.msn.com/msnbot.htm)"
70.36.103.59 - - [01/Aug/2010:16:49:56 -0700] "GET /robots.txt HTTP/1.0" 302 355 "http://jasoncmartin.com/robots.txt" "Mozilla/4.0 (compatible; MSIE 8.0; Windows NT 5.1; SV1; .NET CLR 2.0.50727)"
70.36.103.59 - - [01/Aug/2010:16:50:03 -0700] "GET / HTTP/1.0" 200 163 "http://jasoncmartin.com/" "Mozilla/4.0 (compatible; MSIE 8.0; Windows NT 5.1; SV1; .NET CLR 2.0.50727)"
193.252.149.14 - - [01/Aug/2010:16:50:07 -0700] "GET /robots.txt HTTP/1.1" 302 355 "-" "Mozilla/5.0 (Windows; U; Windows NT 5.1; fr; rv:1.8.1) VoilaBot BETA 1.2 (support.voilabot@orange-ftgroup.com)"
193.252.149.14 - - [01/Aug/2010:16:50:13 -0700] "GET / HTTP/1.1" 200 163 "-" "Mozilla/5.0 (Windows; U; Windows NT 5.1; fr; rv:1.8.1) VoilaBot BETA 1.2 (support.voilabot@orange-ftgroup.com)"
72.14.199.142 - - [01/Aug/2010:19:23:33 -0700] "GET /feed/ HTTP/1.1" 302 355 "-" "Feedfetcher-Google; (+http://www.google.com/feedfetcher.html; 1 subscribers; feed-id=10831477631497958243)"
72.14.199.142 - - [01/Aug/2010:19:23:33 -0700] "GET / HTTP/1.1" 304 - "-" "Feedfetcher-Google; (+http://www.google.com/feedfetcher.html; 1 subscribers; feed-id=10831477631497958243)"
64.78.155.100 - - [01/Aug/2010:21:12:21 -0700] "GET /feed/ HTTP/1.1" 302 355 "-" "NewsGatorOnline/2.0 (http://www.newsgator.com; 2 subscribers)"
64.78.155.100 - - [01/Aug/2010:21:12:21 -0700] "GET / HTTP/1.1" 304 - "-" "NewsGatorOnline/2.0 (http://www.newsgator.com; 2 subscribers)"
72.14.199.142 - - [01/Aug/2010:22:24:48 -0700] "GET /feed/ HTTP/1.1" 302 355 "-" "Feedfetcher-Google; (+http://www.google.com/feedfetcher.html; 1 subscribers; feed-id=10831477631497958243)"
72.14.199.142 - - [01/Aug/2010:22:24:49 -0700] "GET / HTTP/1.1" 304 - "-" "Feedfetcher-Google; (+http://www.google.com/feedfetcher.html; 1 subscribers; feed-id=10831477631497958243)"
207.46.13.54 - - [02/Aug/2010:00:14:49 -0700] "GET /robots.txt HTTP/1.1" 302 355 "-" "msnbot/2.0b (+http://search.msn.com/msnbot.htm)"
207.46.13.54 - - [02/Aug/2010:00:14:50 -0700] "GET / HTTP/1.1" 200 163 "-" "msnbot/2.0b (+http://search.msn.com/msnbot.htm)"
207.46.204.239 - - [02/Aug/2010:00:30:27 -0700] "GET / HTTP/1.1" 304 - "-" "msnbot/2.0b (+http://search.msn.com/msnbot.htm)"
207.46.13.54 - - [02/Aug/2010:00:31:51 -0700] "GET /category/apple/ HTTP/1.1" 302 355 "-" "msnbot/2.0b (+http://search.msn.com/msnbot.htm)"
72.14.199.142 - - [02/Aug/2010:01:26:11 -0700] "GET /feed/ HTTP/1.1" 302 355 "-" "Feedfetcher-Google; (+http://www.google.com/feedfetcher.html; 1 subscribers; feed-id=10831477631497958243)"
72.14.199.142 - - [02/Aug/2010:01:26:11 -0700] "GET / HTTP/1.1" 304 - "-" "Feedfetcher-Google; (+http://www.google.com/feedfetcher.html; 1 subscribers; feed-id=10831477631497958243)"
123.125.66.104 - - [02/Aug/2010:01:43:57 -0700] "GET /robots.txt HTTP/1.1" 302 355 "-" "Baiduspider+(+http://www.baidu.com/search/spider.htm)"
123.125.66.24 - - [02/Aug/2010:01:43:57 -0700] "GET / HTTP/1.1" 200 163 "-" "Baiduspider+(+http://www.baidu.com/search/spider.htm)"
64.56.66.178 - - [02/Aug/2010:01:49:13 -0700] "GET / HTTP/1.1" 200 163 "-" "Wget/1.9+cvs-stable (Red Hat modified)"
119.63.198.56 - - [02/Aug/2010:02:23:11 -0700] "GET /robots.txt HTTP/1.1" 302 355 "-" "Baiduspider+(+http://www.baidu.com/search/spider.htm)"
119.63.198.46 - - [02/Aug/2010:02:23:11 -0700] "GET / HTTP/1.1" 200 163 "-" "Baiduspider+(+http://www.baidu.com/search/spider.htm)"
72.14.199.142 - - [02/Aug/2010:04:26:18 -0700] "GET /feed/ HTTP/1.1" 302 355 "-" "Feedfetcher-Google; (+http://www.google.com/feedfetcher.html; 1 subscribers; feed-id=10831477631497958243)"
72.14.199.142 - - [02/Aug/2010:04:26:19 -0700] "GET / HTTP/1.1" 304 - "-" "Feedfetcher-Google; (+http://www.google.com/feedfetcher.html; 1 subscribers; feed-id=10831477631497958243)"
66.249.65.184 - - [02/Aug/2010:04:50:48 -0700] "GET /robots.txt HTTP/1.1" 302 359 "-" "Mozilla/5.0 (compatible; Googlebot/2.1; +http://www.google.com/bot.html)"
66.249.65.184 - - [02/Aug/2010:04:50:48 -0700] "GET / HTTP/1.1" 304 - "-" "Mozilla/5.0 (compatible; Googlebot/2.1; +http://www.google.com/bot.html)"
209.85.238.247 - - [02/Aug/2010:07:27:37 -0700] "GET /feed/ HTTP/1.1" 302 355 "-" "Feedfetcher-Google; (+http://www.google.com/feedfetcher.html; 1 subscribers; feed-id=10831477631497958243)"
209.85.238.247 - - [02/Aug/2010:07:27:38 -0700] "GET / HTTP/1.1" 200 163 "-" "Feedfetcher-Google; (+http://www.google.com/feedfetcher.html; 1 subscribers; feed-id=10831477631497958243)"
209.85.238.247 - - [02/Aug/2010:10:27:39 -0700] "GET /feed/ HTTP/1.1" 302 355 "-" "Feedfetcher-Google; (+http://www.google.com/feedfetcher.html; 1 subscribers; feed-id=10831477631497958243)"
209.85.238.247 - - [02/Aug/2010:10:27:40 -0700] "GET / HTTP/1.1" 304 - "-" "Feedfetcher-Google; (+http://www.google.com/feedfetcher.html; 1 subscribers; feed-id=10831477631497958243)"
93.158.148.31 - - [02/Aug/2010:11:45:06 -0700] "GET /robots.txt HTTP/1.1" 302 355 "-" "Mozilla/5.0 (compatible; YandexBot/3.0; +http://yandex.com/bots)"
209.85.238.247 - - [02/Aug/2010:13:27:49 -0700] "GET /feed/ HTTP/1.1" 302 355 "-" "Feedfetcher-Google; (+http://www.google.com/feedfetcher.html; 1 subscribers; feed-id=10831477631497958243)"
209.85.238.247 - - [02/Aug/2010:13:27:49 -0700] "GET / HTTP/1.1" 304 - "-" "Feedfetcher-Google; (+http://www.google.com/feedfetcher.html; 1 subscribers; feed-id=10831477631497958243)"
216.241.182.150 - - [02/Aug/2010:17:12:24 -0700] "GET /feed/ HTTP/1.1" 302 355 "-" "NewsGatorOnline/2.0 (http://www.newsgator.com; 2 subscribers)"
216.241.182.150 - - [02/Aug/2010:17:12:25 -0700] "GET / HTTP/1.1" 304 - "-" "NewsGatorOnline/2.0 (http://www.newsgator.com; 2 subscribers)"
209.85.238.247 - - [02/Aug/2010:18:35:15 -0700] "GET /feed/ HTTP/1.1" 302 355 "-" "Feedfetcher-Google; (+http://www.google.com/feedfetcher.html; 1 subscribers; feed-id=10831477631497958243)"
209.85.238.247 - - [02/Aug/2010:18:35:16 -0700] "GET / HTTP/1.1" 304 - "-" "Feedfetcher-Google; (+http://www.google.com/feedfetcher.html; 1 subscribers; feed-id=10831477631497958243)"
68.38.73.2 - - [02/Aug/2010:20:04:02 -0700] "GET /feed/ HTTP/1.1" 302 355 "-" "Mozilla/5.0 (Windows; U; Windows NT 6.0; en-US; rv:1.9.1.11) Gecko/20100701 Firefox/3.5.11 ( .NET CLR 3.5.30729)"
68.38.73.2 - - [02/Aug/2010:20:04:03 -0700] "GET / HTTP/1.1" 200 163 "-" "Mozilla/5.0 (Windows; U; Windows NT 6.0; en-US; rv:1.9.1.11) Gecko/20100701 Firefox/3.5.11 ( .NET CLR 3.5.30729)"
209.85.238.247 - - [02/Aug/2010:21:35:21 -0700] "GET /feed/ HTTP/1.1" 302 355 "-" "Feedfetcher-Google; (+http://www.google.com/feedfetcher.html; 1 subscribers; feed-id=10831477631497958243)"
209.85.238.247 - - [02/Aug/2010:21:35:22 -0700] "GET / HTTP/1.1" 304 - "-" "Feedfetcher-Google; (+http://www.google.com/feedfetcher.html; 1 subscribers; feed-id=10831477631497958243)"
67.210.218.102 - - [02/Aug/2010:23:09:22 -0700] "GET /feed HTTP/1.1" 302 355 "-" "Rome Client (http://tinyurl.com/64t5n) Ver: 0.9"
67.210.218.102 - - [02/Aug/2010:23:09:23 -0700] "GET / HTTP/1.1" 200 163 "-" "Rome Client (http://tinyurl.com/64t5n) Ver: 0.9"
88.131.106.22 - - [02/Aug/2010:23:25:36 -0700] "GET /robots.txt HTTP/1.0" 302 355 "-" "Mozilla/5.0 (Windows; U; Windows NT 5.1; en-US) Speedy Spider (http://www.entireweb.com/about/search_tech/speedy_spider/)"
88.131.106.22 - - [02/Aug/2010:23:25:50 -0700] "GET / HTTP/1.0" 200 163 "-" "Mozilla/5.0 (Windows; U; Windows NT 5.1; en-US) Speedy Spider (http://www.entireweb.com/about/search_tech/speedy_spider/)"
209.85.238.247 - - [03/Aug/2010:00:35:35 -0700] "GET /feed/ HTTP/1.1" 302 355 "-" "Feedfetcher-Google; (+http://www.google.com/feedfetcher.html; 1 subscribers; feed-id=10831477631497958243)"
209.85.238.247 - - [03/Aug/2010:00:35:36 -0700] "GET / HTTP/1.1" 304 - "-" "Feedfetcher-Google; (+http://www.google.com/feedfetcher.html; 1 subscribers; feed-id=10831477631497958243)"
119.63.198.36 - - [03/Aug/2010:02:25:13 -0700] "GET /robots.txt HTTP/1.1" 302 355 "-" "Baiduspider+(+http://www.baidu.com/search/spider.htm)"
119.63.198.16 - - [03/Aug/2010:02:25:13 -0700] "GET / HTTP/1.1" 200 163 "-" "Baiduspider+(+http://www.baidu.com/search/spider.htm)"
209.85.238.247 - - [03/Aug/2010:03:35:42 -0700] "GET /feed/ HTTP/1.1" 302 355 "-" "Feedfetcher-Google; (+http://www.google.com/feedfetcher.html; 1 subscribers; feed-id=10831477631497958243)"
209.85.238.247 - - [03/Aug/2010:03:35:42 -0700] "GET / HTTP/1.1" 304 - "-" "Feedfetcher-Google; (+http://www.google.com/feedfetcher.html; 1 subscribers; feed-id=10831477631497958243)"
93.158.148.31 - - [03/Aug/2010:04:02:23 -0700] "GET / HTTP/1.1" 200 163 "-" "Mozilla/5.0 (compatible; YandexBot/3.0; +http://yandex.com/bots)"
123.125.66.46 - - [03/Aug/2010:05:15:57 -0700] "GET /robots.txt HTTP/1.1" 302 355 "-" "Baiduspider+(+http://www.baidu.com/search/spider.htm)"
123.125.66.38 - - [03/Aug/2010:05:15:58 -0700] "GET / HTTP/1.1" 200 163 "-" "Baiduspider+(+http://www.baidu.com/search/spider.htm)"
64.56.64.57 - - [03/Aug/2010:05:25:32 -0700] "GET / HTTP/1.1" 200 163 "-" "Wget/1.9+cvs-stable (Red Hat modified)"
209.85.238.247 - - [03/Aug/2010:06:35:51 -0700] "GET /feed/ HTTP/1.1" 302 355 "-" "Feedfetcher-Google; (+http://www.google.com/feedfetcher.html; 1 subscribers; feed-id=10831477631497958243)"
209.85.238.247 - - [03/Aug/2010:06:35:52 -0700] "GET / HTTP/1.1" 304 - "-" "Feedfetcher-Google; (+http://www.google.com/feedfetcher.html; 1 subscribers; feed-id=10831477631497958243)"
209.85.238.247 - - [03/Aug/2010:09:36:01 -0700] "GET /feed/ HTTP/1.1" 302 355 "-" "Feedfetcher-Google; (+http://www.google.com/feedfetcher.html; 1 subscribers; feed-id=10831477631497958243)"
209.85.238.247 - - [03/Aug/2010:09:36:02 -0700] "GET / HTTP/1.1" 304 - "-" "Feedfetcher-Google; (+http://www.google.com/feedfetcher.html; 1 subscribers; feed-id=10831477631497958243)"
88.131.106.22 - - [03/Aug/2010:12:02:37 -0700] "GET /robots.txt HTTP/1.0" 302 355 "-" "Mozilla/5.0 (Windows; U; Windows NT 5.1; en-US) Speedy Spider (http://www.entireweb.com/about/search_tech/speedy_spider/)"
88.131.106.22 - - [03/Aug/2010:12:02:41 -0700] "GET / HTTP/1.0" 200 163 "-" "Mozilla/5.0 (Windows; U; Windows NT 5.1; en-US) Speedy Spider (http://www.entireweb.com/about/search_tech/speedy_spider/)"
209.85.238.247 - - [03/Aug/2010:12:36:11 -0700] "GET /feed/ HTTP/1.1" 302 355 "-" "Feedfetcher-Google; (+http://www.google.com/feedfetcher.html; 1 subscribers; feed-id=10831477631497958243)"
209.85.238.247 - - [03/Aug/2010:12:36:12 -0700] "GET / HTTP/1.1" 200 163 "-" "Feedfetcher-Google; (+http://www.google.com/feedfetcher.html; 1 subscribers; feed-id=10831477631497958243)"
216.241.182.150 - - [03/Aug/2010:13:12:32 -0700] "GET /feed/ HTTP/1.1" 302 355 "-" "NewsGatorOnline/2.0 (http://www.newsgator.com; 2 subscribers)"
216.241.182.150 - - [03/Aug/2010:13:12:33 -0700] "GET / HTTP/1.1" 304 - "-" "NewsGatorOnline/2.0 (http://www.newsgator.com; 2 subscribers)"
93.158.148.31 - - [03/Aug/2010:14:15:59 -0700] "GET /robots.txt HTTP/1.1" 302 359 "-" "Mozilla/5.0 (compatible; YandexBot/3.0; +http://yandex.com/bots)"
88.131.106.22 - - [03/Aug/2010:14:55:30 -0700] "GET /robots.txt HTTP/1.0" 302 355 "-" "Mozilla/5.0 (Windows; U; Windows NT 5.1; en-US) Speedy Spider (http://www.entireweb.com/about/search_tech/speedy_spider/)"
88.131.106.22 - - [03/Aug/2010:14:55:33 -0700] "GET / HTTP/1.0" 200 163 "-" "Mozilla/5.0 (Windows; U; Windows NT 5.1; en-US) Speedy Spider (http://www.entireweb.com/about/search_tech/speedy_spider/)"
209.85.238.241 - - [03/Aug/2010:15:36:21 -0700] "GET /feed/ HTTP/1.1" 302 355 "-" "Feedfetcher-Google; (+http://www.google.com/feedfetcher.html; 1 subscribers; feed-id=10831477631497958243)"
209.85.238.241 - - [03/Aug/2010:15:36:22 -0700] "GET / HTTP/1.1" 304 - "-" "Feedfetcher-Google; (+http://www.google.com/feedfetcher.html; 1 subscribers; feed-id=10831477631497958243)"
209.85.238.241 - - [03/Aug/2010:18:36:31 -0700] "GET /feed/ HTTP/1.1" 302 355 "-" "Feedfetcher-Google; (+http://www.google.com/feedfetcher.html; 1 subscribers; feed-id=10831477631497958243)"
209.85.238.241 - - [03/Aug/2010:18:36:32 -0700] "GET / HTTP/1.1" 304 - "-" "Feedfetcher-Google; (+http://www.google.com/feedfetcher.html; 1 subscribers; feed-id=10831477631497958243)"
209.85.238.241 - - [03/Aug/2010:21:36:41 -0700] "GET /feed/ HTTP/1.1" 302 355 "-" "Feedfetcher-Google; (+http://www.google.com/feedfetcher.html; 1 subscribers; feed-id=10831477631497958243)"
209.85.238.241 - - [03/Aug/2010:21:36:42 -0700] "GET / HTTP/1.1" 304 - "-" "Feedfetcher-Google; (+http://www.google.com/feedfetcher.html; 1 subscribers; feed-id=10831477631497958243)"
67.210.218.102 - - [03/Aug/2010:23:36:27 -0700] "GET /feed HTTP/1.1" 302 355 "-" "Rome Client (http://tinyurl.com/64t5n) Ver: 0.9"
67.210.218.102 - - [03/Aug/2010:23:36:27 -0700] "GET / HTTP/1.1" 200 163 "-" "Rome Client (http://tinyurl.com/64t5n) Ver: 0.9"
209.85.238.241 - - [04/Aug/2010:00:36:51 -0700] "GET /feed/ HTTP/1.1" 302 355 "-" "Feedfetcher-Google; (+http://www.google.com/feedfetcher.html; 1 subscribers; feed-id=10831477631497958243)"
209.85.238.241 - - [04/Aug/2010:00:36:52 -0700] "GET / HTTP/1.1" 304 - "-" "Feedfetcher-Google; (+http://www.google.com/feedfetcher.html; 1 subscribers; feed-id=10831477631497958243)"
209.85.238.241 - - [04/Aug/2010:03:37:01 -0700] "GET /feed/ HTTP/1.1" 302 355 "-" "Feedfetcher-Google; (+http://www.google.com/feedfetcher.html; 1 subscribers; feed-id=10831477631497958243)"
209.85.238.241 - - [04/Aug/2010:03:37:02 -0700] "GET / HTTP/1.1" 304 - "-" "Feedfetcher-Google; (+http://www.google.com/feedfetcher.html; 1 subscribers; feed-id=10831477631497958243)"
209.85.238.241 - - [04/Aug/2010:06:37:19 -0700] "GET /feed/ HTTP/1.1" 302 355 "-" "Feedfetcher-Google; (+http://www.google.com/feedfetcher.html; 1 subscribers; feed-id=10831477631497958243)"
209.85.238.241 - - [04/Aug/2010:06:37:27 -0700] "GET / HTTP/1.1" 304 - "-" "Feedfetcher-Google; (+http://www.google.com/feedfetcher.html; 1 subscribers; feed-id=10831477631497958243)"
123.125.66.34 - - [04/Aug/2010:06:50:25 -0700] "GET /robots.txt HTTP/1.1" 302 355 "-" "Baiduspider+(+http://www.baidu.com/search/spider.htm)"
123.125.66.29 - - [04/Aug/2010:06:50:26 -0700] "GET / HTTP/1.1" 200 163 "-" "Baiduspider+(+http://www.baidu.com/search/spider.htm)"
209.85.238.241 - - [04/Aug/2010:11:05:09 -0700] "GET /feed/ HTTP/1.1" 302 355 "-" "Feedfetcher-Google; (+http://www.google.com/feedfetcher.html; 1 subscribers; feed-id=10831477631497958243)"
209.85.238.241 - - [04/Aug/2010:11:07:39 -0700] "GET / HTTP/1.1" 304 - "-" "Feedfetcher-Google; (+http://www.google.com/feedfetcher.html; 1 subscribers; feed-id=10831477631497958243)"
209.85.238.241 - - [04/Aug/2010:14:07:41 -0700] "GET /feed/ HTTP/1.1" 302 355 "-" "Feedfetcher-Google; (+http://www.google.com/feedfetcher.html; 1 subscribers; feed-id=10831477631497958243)"
209.85.238.241 - - [04/Aug/2010:14:07:42 -0700] "GET / HTTP/1.1" 200 163 "-" "Feedfetcher-Google; (+http://www.google.com/feedfetcher.html; 1 subscribers; feed-id=10831477631497958243)"
193.252.149.14 - - [04/Aug/2010:15:48:18 -0700] "GET / HTTP/1.1" 200 163 "-" "Mozilla/5.0 (Windows; U; Windows NT 5.1; fr; rv:1.8.1) VoilaBot BETA 1.2 (support.voilabot@orange-ftgroup.com)"
209.85.238.241 - - [04/Aug/2010:17:07:51 -0700] "GET /feed/ HTTP/1.1" 302 355 "-" "Feedfetcher-Google; (+http://www.google.com/feedfetcher.html; 1 subscribers; feed-id=10831477631497958243)"
209.85.238.241 - - [04/Aug/2010:17:07:52 -0700] "GET / HTTP/1.1" 304 - "-" "Feedfetcher-Google; (+http://www.google.com/feedfetcher.html; 1 subscribers; feed-id=10831477631497958243)"
209.85.238.241 - - [04/Aug/2010:17:55:03 -0700] "GET /feed/ HTTP/1.1" 302 355 "-" "Feedfetcher-Google; (+http://www.google.com/feedfetcher.html; 1 subscribers; feed-id=10831477631497958243)"
209.85.238.241 - - [04/Aug/2010:17:55:04 -0700] "GET / HTTP/1.1" 304 - "-" "Feedfetcher-Google; (+http://www.google.com/feedfetcher.html; 1 subscribers; feed-id=10831477631497958243)"
67.195.110.169 - - [04/Aug/2010:19:16:19 -0700] "GET /robots.txt HTTP/1.0" 302 359 "-" "Mozilla/5.0 (compatible; Yahoo! Slurp; http://help.yahoo.com/help/us/ysearch/slurp)"
67.195.110.169 - - [04/Aug/2010:19:16:20 -0700] "GET / HTTP/1.0" 200 163 "-" "Mozilla/5.0 (compatible; Yahoo! Slurp; http://help.yahoo.com/help/us/ysearch/slurp)"
67.195.110.169 - - [04/Aug/2010:19:16:21 -0700] "GET / HTTP/1.0" 200 163 "-" "Mozilla/5.0 (compatible; Yahoo! Slurp/3.0; http://help.yahoo.com/help/us/ysearch/slurp)"
207.46.204.185 - - [04/Aug/2010:20:32:06 -0700] "GET /robots.txt HTTP/1.1" 302 355 "-" "msnbot/2.0b (+http://search.msn.com/msnbot.htm)"
207.46.204.185 - - [04/Aug/2010:20:32:06 -0700] "GET / HTTP/1.1" 200 163 "-" "msnbot/2.0b (+http://search.msn.com/msnbot.htm)"
207.46.204.185 - - [04/Aug/2010:20:34:03 -0700] "GET /2007/06/ HTTP/1.1" 302 355 "-" "msnbot/2.0b (+http://search.msn.com/msnbot.htm)"
209.85.238.241 - - [04/Aug/2010:20:55:12 -0700] "GET /feed/ HTTP/1.1" 302 355 "-" "Feedfetcher-Google; (+http://www.google.com/feedfetcher.html; 1 subscribers; feed-id=10831477631497958243)"
209.85.238.241 - - [04/Aug/2010:20:55:13 -0700] "GET / HTTP/1.1" 304 - "-" "Feedfetcher-Google; (+http://www.google.com/feedfetcher.html; 1 subscribers; feed-id=10831477631497958243)"
67.166.240.194 - - [04/Aug/2010:21:30:04 -0700] "GET / HTTP/1.1" 200 163 "http://www.google.com/search?sourceid=chrome&ie=UTF-8&q=Jason+C.+Martin" "Mozilla/5.0 (Windows; U; Windows NT 6.1; en-US) AppleWebKit/533.4 (KHTML, like Gecko) Chrome/5.0.375.125 Safari/533.4"
67.166.240.194 - - [04/Aug/2010:21:30:04 -0700] "GET /favicon.ico HTTP/1.1" 302 355 "-" "Mozilla/5.0 (Windows; U; Windows NT 6.1; en-US) AppleWebKit/533.4 (KHTML, like Gecko) Chrome/5.0.375.125 Safari/533.4"
67.210.218.102 - - [04/Aug/2010:22:42:32 -0700] "GET /feed HTTP/1.1" 302 355 "-" "Rome Client (http://tinyurl.com/64t5n) Ver: 0.9"
67.210.218.102 - - [04/Aug/2010:22:42:33 -0700] "GET / HTTP/1.1" 200 163 "-" "Rome Client (http://tinyurl.com/64t5n) Ver: 0.9"
207.46.204.242 - - [04/Aug/2010:23:02:07 -0700] "GET /robots.txt HTTP/1.1" 302 355 "-" "msnbot/2.0b (+http://search.msn.com/msnbot.htm)"
207.46.204.242 - - [04/Aug/2010:23:02:07 -0700] "GET / HTTP/1.1" 200 163 "-" "msnbot/2.0b (+http://search.msn.com/msnbot.htm)"
209.85.238.241 - - [04/Aug/2010:23:05:49 -0700] "GET /feed/ HTTP/1.1" 302 355 "-" "Feedfetcher-Google; (+http://www.google.com/feedfetcher.html; 1 subscribers; feed-id=10831477631497958243)"
209.85.238.241 - - [04/Aug/2010:23:05:50 -0700] "GET / HTTP/1.1" 304 - "-" "Feedfetcher-Google; (+http://www.google.com/feedfetcher.html; 1 subscribers; feed-id=10831477631497958243)"
207.46.204.242 - - [04/Aug/2010:23:08:33 -0700] "GET /2009/02/windows-7-beta/ HTTP/1.1" 302 355 "-" "msnbot/2.0b (+http://search.msn.com/msnbot.htm)"
209.85.238.241 - - [04/Aug/2010:23:55:22 -0700] "GET /feed/ HTTP/1.1" 302 355 "-" "Feedfetcher-Google; (+http://www.google.com/feedfetcher.html; 1 subscribers; feed-id=10831477631497958243)"
209.85.238.241 - - [04/Aug/2010:23:55:23 -0700] "GET / HTTP/1.1" 304 - "-" "Feedfetcher-Google; (+http://www.google.com/feedfetcher.html; 1 subscribers; feed-id=10831477631497958243)"
209.85.238.241 - - [05/Aug/2010:02:05:58 -0700] "GET /feed/ HTTP/1.1" 302 355 "-" "Feedfetcher-Google; (+http://www.google.com/feedfetcher.html; 1 subscribers; feed-id=10831477631497958243)"
209.85.238.241 - - [05/Aug/2010:02:05:59 -0700] "GET / HTTP/1.1" 304 - "-" "Feedfetcher-Google; (+http://www.google.com/feedfetcher.html; 1 subscribers; feed-id=10831477631497958243)"
122.163.191.169 - - [05/Aug/2010:02:29:54 -0700] "GET / HTTP/1.1" 200 163 "-" "-"
119.63.198.22 - - [05/Aug/2010:02:47:01 -0700] "GET /robots.txt HTTP/1.1" 302 355 "-" "Baiduspider+(+http://www.baidu.com/search/spider.htm)"
119.63.198.40 - - [05/Aug/2010:02:47:01 -0700] "GET / HTTP/1.1" 200 163 "-" "Baiduspider+(+http://www.baidu.com/search/spider.htm)"
209.85.238.241 - - [05/Aug/2010:02:55:32 -0700] "GET /feed/ HTTP/1.1" 302 355 "-" "Feedfetcher-Google; (+http://www.google.com/feedfetcher.html; 1 subscribers; feed-id=10831477631497958243)"
209.85.238.241 - - [05/Aug/2010:02:55:33 -0700] "GET / HTTP/1.1" 304 - "-" "Feedfetcher-Google; (+http://www.google.com/feedfetcher.html; 1 subscribers; feed-id=10831477631497958243)"
209.85.238.241 - - [05/Aug/2010:05:06:08 -0700] "GET /feed/ HTTP/1.1" 302 355 "-" "Feedfetcher-Google; (+http://www.google.com/feedfetcher.html; 1 subscribers; feed-id=10831477631497958243)"
209.85.238.241 - - [05/Aug/2010:05:06:09 -0700] "GET / HTTP/1.1" 304 - "-" "Feedfetcher-Google; (+http://www.google.com/feedfetcher.html; 1 subscribers; feed-id=10831477631497958243)"
64.78.155.100 - - [05/Aug/2010:05:12:47 -0700] "GET /feed/ HTTP/1.1" 302 355 "-" "NewsGatorOnline/2.0 (http://www.newsgator.com; 2 subscribers)"
64.78.155.100 - - [05/Aug/2010:05:12:47 -0700] "GET / HTTP/1.1" 304 - "-" "NewsGatorOnline/2.0 (http://www.newsgator.com; 2 subscribers)"
67.195.37.93 - - [05/Aug/2010:05:29:46 -0700] "GET /robots.txt HTTP/1.0" 302 355 "-" "Mozilla/5.0 (compatible; Yahoo! Slurp; http://help.yahoo.com/help/us/ysearch/slurp)"
67.195.37.93 - - [05/Aug/2010:05:29:46 -0700] "GET / HTTP/1.0" 200 163 "-" "Mozilla/5.0 (compatible; Yahoo! Slurp; http://help.yahoo.com/help/us/ysearch/slurp)"
67.195.37.93 - - [05/Aug/2010:05:29:47 -0700] "GET / HTTP/1.0" 200 163 "-" "Mozilla/5.0 (compatible; Yahoo! Slurp/3.0; http://help.yahoo.com/help/us/ysearch/slurp)"
209.85.238.241 - - [05/Aug/2010:05:55:42 -0700] "GET /feed/ HTTP/1.1" 302 355 "-" "Feedfetcher-Google; (+http://www.google.com/feedfetcher.html; 1 subscribers; feed-id=10831477631497958243)"
209.85.238.241 - - [05/Aug/2010:05:55:43 -0700] "GET / HTTP/1.1" 304 - "-" "Feedfetcher-Google; (+http://www.google.com/feedfetcher.html; 1 subscribers; feed-id=10831477631497958243)"
123.125.66.28 - - [05/Aug/2010:07:55:44 -0700] "GET /robots.txt HTTP/1.1" 302 355 "-" "Baiduspider+(+http://www.baidu.com/search/spider.htm)"
123.125.66.27 - - [05/Aug/2010:07:55:45 -0700] "GET / HTTP/1.1" 200 163 "-" "Baiduspider+(+http://www.baidu.com/search/spider.htm)"
209.85.238.241 - - [05/Aug/2010:08:06:18 -0700] "GET /feed/ HTTP/1.1" 302 355 "-" "Feedfetcher-Google; (+http://www.google.com/feedfetcher.html; 1 subscribers; feed-id=10831477631497958243)"
209.85.238.241 - - [05/Aug/2010:08:06:19 -0700] "GET / HTTP/1.1" 304 - "-" "Feedfetcher-Google; (+http://www.google.com/feedfetcher.html; 1 subscribers; feed-id=10831477631497958243)"
207.237.104.54 - - [05/Aug/2010:08:20:11 -0700] "GET / HTTP/1.1" 200 163 "http://www.google.com/search?hl=en&client=safari&rls=en&&sa=X&ei=Y9ZaTOWRBYH_8AbrnrzeAQ&ved=0CBEQBSgA&q=Jason+C+Martin+storekit&spell=1" "Mozilla/5.0 (Macintosh; U; Intel Mac OS X 10_6_4; en-us) AppleWebKit/533.17.8 (KHTML, like Gecko) Version/5.0.1 Safari/533.17.8"
207.237.104.54 - - [05/Aug/2010:08:20:12 -0700] "GET /favicon.ico HTTP/1.1" 302 355 "http://jasoncmartin.com/" "Mozilla/5.0 (Macintosh; U; Intel Mac OS X 10_6_4; en-us) AppleWebKit/533.17.8 (KHTML, like Gecko) Version/5.0.1 Safari/533.17.8"
209.85.238.241 - - [05/Aug/2010:08:55:52 -0700] "GET /feed/ HTTP/1.1" 302 355 "-" "Feedfetcher-Google; (+http://www.google.com/feedfetcher.html; 1 subscribers; feed-id=10831477631497958243)"
209.85.238.241 - - [05/Aug/2010:08:55:53 -0700] "GET / HTTP/1.1" 304 - "-" "Feedfetcher-Google; (+http://www.google.com/feedfetcher.html; 1 subscribers; feed-id=10831477631497958243)"
173.203.23.242 - - [05/Aug/2010:11:04:36 -0700] "GET / HTTP/1.1" 200 163 "-" "Java/1.6.0_20"
209.85.238.241 - - [05/Aug/2010:11:06:28 -0700] "GET /feed/ HTTP/1.1" 302 355 "-" "Feedfetcher-Google; (+http://www.google.com/feedfetcher.html; 1 subscribers; feed-id=10831477631497958243)"
209.85.238.241 - - [05/Aug/2010:11:06:29 -0700] "GET / HTTP/1.1" 304 - "-" "Feedfetcher-Google; (+http://www.google.com/feedfetcher.html; 1 subscribers; feed-id=10831477631497958243)"
209.85.238.241 - - [05/Aug/2010:11:56:02 -0700] "GET /feed/ HTTP/1.1" 302 355 "-" "Feedfetcher-Google; (+http://www.google.com/feedfetcher.html; 1 subscribers; feed-id=10831477631497958243)"
209.85.238.241 - - [05/Aug/2010:11:56:03 -0700] "GET / HTTP/1.1" 304 - "-" "Feedfetcher-Google; (+http://www.google.com/feedfetcher.html; 1 subscribers; feed-id=10831477631497958243)"
124.115.0.106 - - [05/Aug/2010:12:12:27 -0700] "GET / HTTP/1.1" 200 163 "-" "Sosospider+(+http://help.soso.com/webspider.htm)"
208.115.111.245 - - [05/Aug/2010:13:56:23 -0700] "GET /robots.txt HTTP/1.1" 302 355 "-" "Mozilla/5.0 (compatible; DotBot/1.1; http://www.dotnetdotcom.org/, crawler@dotnetdotcom.org)"
208.115.111.245 - - [05/Aug/2010:13:56:23 -0700] "GET / HTTP/1.1" 200 163 "-" "Mozilla/5.0 (compatible; DotBot/1.1; http://www.dotnetdotcom.org/, crawler@dotnetdotcom.org)"
66.235.124.20 - - [05/Aug/2010:14:00:11 -0700] "GET /robots.txt HTTP/1.1" 302 355 "-" "Mozilla/5.0 (compatible; Ask Jeeves/Teoma; +http://about.ask.com/en/docs/about/webmasters.shtml)"
66.235.124.20 - - [05/Aug/2010:14:00:12 -0700] "GET / HTTP/1.1" 200 163 "-" "Mozilla/5.0 (compatible; Ask Jeeves/Teoma; +http://about.ask.com/en/docs/about/webmasters.shtml)"
66.235.124.20 - - [05/Aug/2010:14:00:12 -0700] "GET / HTTP/1.1" 200 163 "-" "Mozilla/5.0 (compatible; Ask Jeeves/Teoma; +http://about.ask.com/en/docs/about/webmasters.shtml)"
209.85.238.241 - - [05/Aug/2010:14:06:38 -0700] "GET /feed/ HTTP/1.1" 302 355 "-" "Feedfetcher-Google; (+http://www.google.com/feedfetcher.html; 1 subscribers; feed-id=10831477631497958243)"
209.85.238.241 - - [05/Aug/2010:14:06:39 -0700] "GET / HTTP/1.1" 304 - "-" "Feedfetcher-Google; (+http://www.google.com/feedfetcher.html; 1 subscribers; feed-id=10831477631497958243)"
93.158.148.31 - - [05/Aug/2010:14:15:01 -0700] "GET /robots.txt HTTP/1.1" 302 359 "-" "Mozilla/5.0 (compatible; YandexBot/3.0; +http://yandex.com/bots)"
209.85.238.241 - - [05/Aug/2010:14:56:12 -0700] "GET /feed/ HTTP/1.1" 302 355 "-" "Feedfetcher-Google; (+http://www.google.com/feedfetcher.html; 1 subscribers; feed-id=10831477631497958243)"
209.85.238.241 - - [05/Aug/2010:14:56:13 -0700] "GET / HTTP/1.1" 304 - "-" "Feedfetcher-Google; (+http://www.google.com/feedfetcher.html; 1 subscribers; feed-id=10831477631497958243)"
208.115.111.245 - - [05/Aug/2010:15:18:46 -0700] "GET /robots.txt HTTP/1.1" 302 355 "-" "Mozilla/5.0 (compatible; DotBot/1.1; http://www.dotnetdotcom.org/, crawler@dotnetdotcom.org)"
208.115.111.245 - - [05/Aug/2010:15:18:46 -0700] "GET / HTTP/1.1" 200 163 "-" "Mozilla/5.0 (compatible; DotBot/1.1; http://www.dotnetdotcom.org/, crawler@dotnetdotcom.org)"
208.115.111.245 - - [05/Aug/2010:15:37:48 -0700] "GET /2006/05/fig-entry-progress/ HTTP/1.1" 302 355 "-" "Mozilla/5.0 (compatible; DotBot/1.1; http://www.dotnetdotcom.org/, crawler@dotnetdotcom.org)"
208.115.111.245 - - [05/Aug/2010:15:37:52 -0700] "GET /2006/05/finished-script/ HTTP/1.1" 302 355 "-" "Mozilla/5.0 (compatible; DotBot/1.1; http://www.dotnetdotcom.org/, crawler@dotnetdotcom.org)"
208.115.111.245 - - [05/Aug/2010:15:37:57 -0700] "GET /2008/07/couple-of-things/ HTTP/1.1" 302 355 "-" "Mozilla/5.0 (compatible; DotBot/1.1; http://www.dotnetdotcom.org/, crawler@dotnetdotcom.org)"
208.115.111.245 - - [05/Aug/2010:15:38:01 -0700] "GET /2008/09/iphone-development/ HTTP/1.1" 302 355 "-" "Mozilla/5.0 (compatible; DotBot/1.1; http://www.dotnetdotcom.org/, crawler@dotnetdotcom.org)"
208.115.111.245 - - [05/Aug/2010:15:38:06 -0700] "GET /2008/09/whats-up/trackback/ HTTP/1.1" 302 355 "-" "Mozilla/5.0 (compatible; DotBot/1.1; http://www.dotnetdotcom.org/, crawler@dotnetdotcom.org)"
208.115.111.245 - - [05/Aug/2010:15:38:11 -0700] "GET /2008/10/ipod-touch-is-here/ HTTP/1.1" 302 355 "-" "Mozilla/5.0 (compatible; DotBot/1.1; http://www.dotnetdotcom.org/, crawler@dotnetdotcom.org)"
208.115.111.245 - - [05/Aug/2010:15:38:17 -0700] "GET /2008/12/snow-leopard/feed/ HTTP/1.1" 302 355 "-" "Mozilla/5.0 (compatible; DotBot/1.1; http://www.dotnetdotcom.org/, crawler@dotnetdotcom.org)"
208.115.111.245 - - [05/Aug/2010:15:38:22 -0700] "GET /category/brickfilmerscom/ HTTP/1.1" 302 355 "-" "Mozilla/5.0 (compatible; DotBot/1.1; http://www.dotnetdotcom.org/, crawler@dotnetdotcom.org)"
208.115.111.245 - - [05/Aug/2010:15:38:27 -0700] "GET /category/mac-applications/ HTTP/1.1" 302 355 "-" "Mozilla/5.0 (compatible; DotBot/1.1; http://www.dotnetdotcom.org/, crawler@dotnetdotcom.org)"
208.115.111.245 - - [05/Aug/2010:15:38:32 -0700] "GET /category/star-trek-orion/ HTTP/1.1" 302 355 "-" "Mozilla/5.0 (compatible; DotBot/1.1; http://www.dotnetdotcom.org/, crawler@dotnetdotcom.org)"
209.85.238.241 - - [05/Aug/2010:17:06:48 -0700] "GET /feed/ HTTP/1.1" 302 355 "-" "Feedfetcher-Google; (+http://www.google.com/feedfetcher.html; 1 subscribers; feed-id=10831477631497958243)"
209.85.238.241 - - [05/Aug/2010:17:06:49 -0700] "GET / HTTP/1.1" 304 - "-" "Feedfetcher-Google; (+http://www.google.com/feedfetcher.html; 1 subscribers; feed-id=10831477631497958243)"
208.115.111.245 - - [05/Aug/2010:18:41:09 -0700] "GET /robots.txt HTTP/1.1" 302 355 "-" "Mozilla/5.0 (compatible; DotBot/1.1; http://www.dotnetdotcom.org/, crawler@dotnetdotcom.org)"
208.115.111.245 - - [05/Aug/2010:18:41:09 -0700] "GET / HTTP/1.1" 200 163 "-" "Mozilla/5.0 (compatible; DotBot/1.1; http://www.dotnetdotcom.org/, crawler@dotnetdotcom.org)"
208.115.111.245 - - [05/Aug/2010:19:04:07 -0700] "GET /2006/09/thac-2-results/ HTTP/1.1" 302 355 "-" "Mozilla/5.0 (compatible; DotBot/1.1; http://www.dotnetdotcom.org/, crawler@dotnetdotcom.org)"
208.115.111.245 - - [05/Aug/2010:19:04:11 -0700] "GET /2008/04/brickfilmerscom/ HTTP/1.1" 302 355 "-" "Mozilla/5.0 (compatible; DotBot/1.1; http://www.dotnetdotcom.org/, crawler@dotnetdotcom.org)"
208.115.111.245 - - [05/Aug/2010:19:04:15 -0700] "GET /2008/04/seminar-script/ HTTP/1.1" 302 355 "-" "Mozilla/5.0 (compatible; DotBot/1.1; http://www.dotnetdotcom.org/, crawler@dotnetdotcom.org)"
208.115.111.245 - - [05/Aug/2010:19:04:20 -0700] "GET /2008/06/even-more-mybb/ HTTP/1.1" 302 355 "-" "Mozilla/5.0 (compatible; DotBot/1.1; http://www.dotnetdotcom.org/, crawler@dotnetdotcom.org)"
