188.223.29.77 - - [26/Jun/2010:17:22:32 -0700] "GET /feed/ HTTP/1.1" 302 355 "-" "NetNewsWire/3.2 (Mac OS X; http://www.newsgator.com/Individuals/NetNewsWire/)"
188.223.29.77 - - [26/Jun/2010:17:24:11 -0700] "GET / HTTP/1.1" 304 - "-" "NetNewsWire/3.2 (Mac OS X; http://www.newsgator.com/Individuals/NetNewsWire/)"
188.223.29.77 - - [26/Jun/2010:17:52:23 -0700] "GET / HTTP/1.1" 304 - "-" "NetNewsWire/3.2 (Mac OS X; http://www.newsgator.com/Individuals/NetNewsWire/)"
93.158.148.31 - - [26/Jun/2010:18:20:01 -0700] "GET /robots.txt HTTP/1.1" 302 359 "-" "Yandex/1.01.001 (compatible; Win16; I)"
188.223.29.77 - - [26/Jun/2010:18:22:24 -0700] "GET / HTTP/1.1" 304 - "-" "NetNewsWire/3.2 (Mac OS X; http://www.newsgator.com/Individuals/NetNewsWire/)"
188.223.29.77 - - [26/Jun/2010:18:52:23 -0700] "GET / HTTP/1.1" 304 - "-" "NetNewsWire/3.2 (Mac OS X; http://www.newsgator.com/Individuals/NetNewsWire/)"
72.14.199.250 - - [26/Jun/2010:19:17:37 -0700] "GET /feed/ HTTP/1.1" 302 355 "-" "Feedfetcher-Google; (+http://www.google.com/feedfetcher.html; 1 subscribers; feed-id=10831477631497958243)"
72.14.199.250 - - [26/Jun/2010:19:17:39 -0700] "GET / HTTP/1.1" 304 - "-" "Feedfetcher-Google; (+http://www.google.com/feedfetcher.html; 1 subscribers; feed-id=10831477631497958243)"
188.223.29.77 - - [26/Jun/2010:19:22:23 -0700] "GET / HTTP/1.1" 304 - "-" "NetNewsWire/3.2 (Mac OS X; http://www.newsgator.com/Individuals/NetNewsWire/)"
188.223.29.77 - - [26/Jun/2010:19:52:21 -0700] "GET / HTTP/1.1" 304 - "-" "NetNewsWire/3.2 (Mac OS X; http://www.newsgator.com/Individuals/NetNewsWire/)"
207.46.204.239 - - [26/Jun/2010:20:03:36 -0700] "GET /robots.txt HTTP/1.1" 302 355 "-" "msnbot/2.0b (+http://search.msn.com/msnbot.htm)"
207.46.204.239 - - [26/Jun/2010:20:03:36 -0700] "GET / HTTP/1.1" 200 163 "-" "msnbot/2.0b (+http://search.msn.com/msnbot.htm)"
207.46.204.239 - - [26/Jun/2010:20:04:11 -0700] "GET /category/the-brickfilmers-guide/ HTTP/1.1" 302 355 "-" "msnbot/2.0b (+http://search.msn.com/msnbot.htm)"
188.223.29.77 - - [26/Jun/2010:20:22:23 -0700] "GET / HTTP/1.1" 304 - "-" "NetNewsWire/3.2 (Mac OS X; http://www.newsgator.com/Individuals/NetNewsWire/)"
188.223.29.77 - - [26/Jun/2010:20:52:22 -0700] "GET / HTTP/1.1" 304 - "-" "NetNewsWire/3.2 (Mac OS X; http://www.newsgator.com/Individuals/NetNewsWire/)"
188.223.29.77 - - [26/Jun/2010:21:22:23 -0700] "GET / HTTP/1.1" 304 - "-" "NetNewsWire/3.2 (Mac OS X; http://www.newsgator.com/Individuals/NetNewsWire/)"
188.223.29.77 - - [26/Jun/2010:21:52:21 -0700] "GET / HTTP/1.1" 304 - "-" "NetNewsWire/3.2 (Mac OS X; http://www.newsgator.com/Individuals/NetNewsWire/)"
119.63.198.5 - - [26/Jun/2010:21:54:00 -0700] "GET /robots.txt HTTP/1.1" 302 355 "-" "Baiduspider+(+http://www.baidu.com/search/spider.htm)"
119.63.198.28 - - [26/Jun/2010:21:54:01 -0700] "GET / HTTP/1.1" 200 163 "-" "Baiduspider+(+http://www.baidu.com/search/spider.htm)"
72.14.199.250 - - [26/Jun/2010:22:17:47 -0700] "GET /feed/ HTTP/1.1" 302 355 "-" "Feedfetcher-Google; (+http://www.google.com/feedfetcher.html; 1 subscribers; feed-id=10831477631497958243)"
72.14.199.250 - - [26/Jun/2010:22:17:48 -0700] "GET / HTTP/1.1" 304 - "-" "Feedfetcher-Google; (+http://www.google.com/feedfetcher.html; 1 subscribers; feed-id=10831477631497958243)"
188.223.29.77 - - [26/Jun/2010:22:22:23 -0700] "GET / HTTP/1.1" 304 - "-" "NetNewsWire/3.2 (Mac OS X; http://www.newsgator.com/Individuals/NetNewsWire/)"
188.223.29.77 - - [26/Jun/2010:22:52:22 -0700] "GET / HTTP/1.1" 304 - "-" "NetNewsWire/3.2 (Mac OS X; http://www.newsgator.com/Individuals/NetNewsWire/)"
188.223.29.77 - - [26/Jun/2010:23:22:21 -0700] "GET / HTTP/1.1" 304 - "-" "NetNewsWire/3.2 (Mac OS X; http://www.newsgator.com/Individuals/NetNewsWire/)"
216.241.182.150 - - [26/Jun/2010:23:44:47 -0700] "GET /feed/ HTTP/1.1" 302 355 "-" "NewsGatorOnline/2.0 (http://www.newsgator.com; 2 subscribers)"
216.241.182.150 - - [26/Jun/2010:23:44:48 -0700] "GET / HTTP/1.1" 304 - "-" "NewsGatorOnline/2.0 (http://www.newsgator.com; 2 subscribers)"
188.223.29.77 - - [26/Jun/2010:23:52:24 -0700] "GET / HTTP/1.1" 304 - "-" "NetNewsWire/3.2 (Mac OS X; http://www.newsgator.com/Individuals/NetNewsWire/)"
188.223.29.77 - - [27/Jun/2010:00:22:22 -0700] "GET / HTTP/1.1" 304 - "-" "NetNewsWire/3.2 (Mac OS X; http://www.newsgator.com/Individuals/NetNewsWire/)"
124.115.6.13 - - [27/Jun/2010:00:50:38 -0700] "GET /robots.txt HTTP/1.1" 302 355 "-" "Sosospider+(+http://help.soso.com/webspider.htm)"
188.223.29.77 - - [27/Jun/2010:00:52:22 -0700] "GET / HTTP/1.1" 304 - "-" "NetNewsWire/3.2 (Mac OS X; http://www.newsgator.com/Individuals/NetNewsWire/)"
72.14.199.250 - - [27/Jun/2010:01:17:58 -0700] "GET /feed/ HTTP/1.1" 302 355 "-" "Feedfetcher-Google; (+http://www.google.com/feedfetcher.html; 1 subscribers; feed-id=10831477631497958243)"
72.14.199.250 - - [27/Jun/2010:01:17:58 -0700] "GET / HTTP/1.1" 304 - "-" "Feedfetcher-Google; (+http://www.google.com/feedfetcher.html; 1 subscribers; feed-id=10831477631497958243)"
188.223.29.77 - - [27/Jun/2010:01:22:21 -0700] "GET / HTTP/1.1" 304 - "-" "NetNewsWire/3.2 (Mac OS X; http://www.newsgator.com/Individuals/NetNewsWire/)"
188.223.29.77 - - [27/Jun/2010:01:52:21 -0700] "GET / HTTP/1.1" 304 - "-" "NetNewsWire/3.2 (Mac OS X; http://www.newsgator.com/Individuals/NetNewsWire/)"
188.223.29.77 - - [27/Jun/2010:02:22:23 -0700] "GET / HTTP/1.1" 304 - "-" "NetNewsWire/3.2 (Mac OS X; http://www.newsgator.com/Individuals/NetNewsWire/)"
188.223.29.77 - - [27/Jun/2010:02:52:36 -0700] "GET / HTTP/1.1" 304 - "-" "NetNewsWire/3.2 (Mac OS X; http://www.newsgator.com/Individuals/NetNewsWire/)"
67.218.116.169 - - [27/Jun/2010:03:08:30 -0700] "GET /robots.txt HTTP/1.1" 302 355 "-" "Mozilla/5.0 (Twiceler-0.9 http://www.cuil.com/twiceler/robot.html)"
188.223.29.77 - - [27/Jun/2010:03:22:23 -0700] "GET / HTTP/1.1" 304 - "-" "NetNewsWire/3.2 (Mac OS X; http://www.newsgator.com/Individuals/NetNewsWire/)"
93.158.148.31 - - [27/Jun/2010:03:46:13 -0700] "GET / HTTP/1.1" 200 163 "-" "Yandex/1.01.001 (compatible; Win16; I)"
188.223.29.77 - - [27/Jun/2010:03:52:22 -0700] "GET / HTTP/1.1" 304 - "-" "NetNewsWire/3.2 (Mac OS X; http://www.newsgator.com/Individuals/NetNewsWire/)"
123.125.66.38 - - [27/Jun/2010:03:57:09 -0700] "GET /robots.txt HTTP/1.1" 302 355 "-" "Baiduspider+(+http://www.baidu.com/search/spider.htm)"
123.125.66.19 - - [27/Jun/2010:03:57:10 -0700] "GET / HTTP/1.1" 200 163 "-" "Baiduspider+(+http://www.baidu.com/search/spider.htm)"
72.14.199.250 - - [27/Jun/2010:04:18:07 -0700] "GET /feed/ HTTP/1.1" 302 355 "-" "Feedfetcher-Google; (+http://www.google.com/feedfetcher.html; 1 subscribers; feed-id=10831477631497958243)"
72.14.199.250 - - [27/Jun/2010:04:18:08 -0700] "GET / HTTP/1.1" 304 - "-" "Feedfetcher-Google; (+http://www.google.com/feedfetcher.html; 1 subscribers; feed-id=10831477631497958243)"
188.223.29.77 - - [27/Jun/2010:04:22:22 -0700] "GET / HTTP/1.1" 304 - "-" "NetNewsWire/3.2 (Mac OS X; http://www.newsgator.com/Individuals/NetNewsWire/)"
188.223.29.77 - - [27/Jun/2010:04:52:53 -0700] "GET / HTTP/1.1" 304 - "-" "NetNewsWire/3.2 (Mac OS X; http://www.newsgator.com/Individuals/NetNewsWire/)"
188.223.29.77 - - [27/Jun/2010:05:22:51 -0700] "GET / HTTP/1.1" 304 - "-" "NetNewsWire/3.2 (Mac OS X; http://www.newsgator.com/Individuals/NetNewsWire/)"
93.158.148.31 - - [27/Jun/2010:05:48:49 -0700] "GET / HTTP/1.1" 200 163 "-" "Yandex/1.01.001 (compatible; Win16; I)"
188.223.29.77 - - [27/Jun/2010:05:52:52 -0700] "GET / HTTP/1.1" 304 - "-" "NetNewsWire/3.2 (Mac OS X; http://www.newsgator.com/Individuals/NetNewsWire/)"
188.223.29.77 - - [27/Jun/2010:06:22:54 -0700] "GET / HTTP/1.1" 304 - "-" "NetNewsWire/3.2 (Mac OS X; http://www.newsgator.com/Individuals/NetNewsWire/)"
207.46.13.96 - - [27/Jun/2010:06:36:35 -0700] "GET /robots.txt HTTP/1.1" 302 355 "-" "msnbot/2.0b (+http://search.msn.com/msnbot.htm)"
207.46.13.96 - - [27/Jun/2010:06:36:35 -0700] "GET / HTTP/1.1" 200 163 "-" "msnbot/2.0b (+http://search.msn.com/msnbot.htm)"
207.46.13.96 - - [27/Jun/2010:06:37:13 -0700] "GET /category/apple/ HTTP/1.1" 302 355 "-" "msnbot/2.0b (+http://search.msn.com/msnbot.htm)"
72.14.199.250 - - [27/Jun/2010:07:18:12 -0700] "GET /feed/ HTTP/1.1" 302 355 "-" "Feedfetcher-Google; (+http://www.google.com/feedfetcher.html; 1 subscribers; feed-id=10831477631497958243)"
72.14.199.250 - - [27/Jun/2010:07:18:13 -0700] "GET / HTTP/1.1" 304 - "-" "Feedfetcher-Google; (+http://www.google.com/feedfetcher.html; 1 subscribers; feed-id=10831477631497958243)"
216.129.119.45 - - [27/Jun/2010:07:33:57 -0700] "GET /robots.txt HTTP/1.1" 302 359 "-" "Mozilla/5.0 (Twiceler-0.9 http://www.cuil.com/twiceler/robot.html)"
67.210.218.102 - - [27/Jun/2010:08:22:58 -0700] "GET /feed HTTP/1.1" 302 355 "-" "Rome Client (http://tinyurl.com/64t5n) Ver: 0.9"
67.210.218.102 - - [27/Jun/2010:08:22:58 -0700] "GET / HTTP/1.1" 200 163 "-" "Rome Client (http://tinyurl.com/64t5n) Ver: 0.9"
188.223.29.77 - - [27/Jun/2010:10:11:39 -0700] "GET / HTTP/1.1" 304 - "-" "NetNewsWire/3.2 (Mac OS X; http://www.newsgator.com/Individuals/NetNewsWire/)"
72.14.199.250 - - [27/Jun/2010:10:24:08 -0700] "GET /feed/ HTTP/1.1" 302 355 "-" "Feedfetcher-Google; (+http://www.google.com/feedfetcher.html; 1 subscribers; feed-id=10831477631497958243)"
72.14.199.250 - - [27/Jun/2010:10:24:08 -0700] "GET / HTTP/1.1" 304 - "-" "Feedfetcher-Google; (+http://www.google.com/feedfetcher.html; 1 subscribers; feed-id=10831477631497958243)"
188.223.29.77 - - [27/Jun/2010:10:46:52 -0700] "GET / HTTP/1.1" 304 - "-" "NetNewsWire/3.2 (Mac OS X; http://www.newsgator.com/Individuals/NetNewsWire/)"
188.223.29.77 - - [27/Jun/2010:10:49:18 -0700] "GET /favicon.ico HTTP/1.1" 302 355 "-" "NetNewsWire/3.2 (Mac OS X; http://www.newsgator.com/Individuals/NetNewsWire/)"
188.223.29.77 - - [27/Jun/2010:11:48:32 -0700] "GET /feed/ HTTP/1.1" 302 355 "-" "NetNewsWire/3.2 (Mac OS X; http://www.newsgator.com/Individuals/NetNewsWire/)"
188.223.29.77 - - [27/Jun/2010:11:49:28 -0700] "GET / HTTP/1.1" 200 163 "-" "NetNewsWire/3.2 (Mac OS X; http://www.newsgator.com/Individuals/NetNewsWire/)"
188.223.29.77 - - [27/Jun/2010:12:18:24 -0700] "GET /feed/ HTTP/1.1" 302 355 "-" "NetNewsWire/3.2 (Mac OS X; http://www.newsgator.com/Individuals/NetNewsWire/)"
188.223.29.77 - - [27/Jun/2010:12:19:07 -0700] "GET / HTTP/1.1" 304 - "-" "NetNewsWire/3.2 (Mac OS X; http://www.newsgator.com/Individuals/NetNewsWire/)"
188.223.29.77 - - [27/Jun/2010:12:48:24 -0700] "GET / HTTP/1.1" 304 - "-" "NetNewsWire/3.2 (Mac OS X; http://www.newsgator.com/Individuals/NetNewsWire/)"
72.14.199.250 - - [27/Jun/2010:13:24:17 -0700] "GET /feed/ HTTP/1.1" 302 355 "-" "Feedfetcher-Google; (+http://www.google.com/feedfetcher.html; 1 subscribers; feed-id=10831477631497958243)"
72.14.199.250 - - [27/Jun/2010:13:24:18 -0700] "GET / HTTP/1.1" 304 - "-" "Feedfetcher-Google; (+http://www.google.com/feedfetcher.html; 1 subscribers; feed-id=10831477631497958243)"
216.58.49.207 - - [27/Jun/2010:14:20:19 -0700] "GET / HTTP/1.1" 200 163 "-" "Mozilla/5.0 (Macintosh; U; Intel Mac OS X 10_6_4; en-us) AppleWebKit/533.16 (KHTML, like Gecko) Version/5.0 Safari/533.16"
216.58.49.207 - - [27/Jun/2010:14:20:20 -0700] "GET /favicon.ico HTTP/1.1" 302 359 "http://www.jasoncmartin.com/" "Mozilla/5.0 (Macintosh; U; Intel Mac OS X 10_6_4; en-us) AppleWebKit/533.16 (KHTML, like Gecko) Version/5.0 Safari/533.16"
216.58.49.207 - - [27/Jun/2010:14:20:21 -0700] "GET / HTTP/1.1" 200 163 "http://www.jasoncmartin.com/" "Mozilla/5.0 (Macintosh; U; Intel Mac OS X 10_6_4; en-us) AppleWebKit/533.16 (KHTML, like Gecko) Version/5.0 Safari/533.16"
188.223.29.77 - - [27/Jun/2010:15:01:14 -0700] "GET /feed/ HTTP/1.1" 302 355 "-" "NetNewsWire/3.2 (Mac OS X; http://www.newsgator.com/Individuals/NetNewsWire/)"
188.223.29.77 - - [27/Jun/2010:15:03:31 -0700] "GET / HTTP/1.1" 200 163 "-" "NetNewsWire/3.2 (Mac OS X; http://www.newsgator.com/Individuals/NetNewsWire/)"
188.223.29.77 - - [27/Jun/2010:15:31:26 -0700] "GET /feed/ HTTP/1.1" 302 355 "-" "NetNewsWire/3.2 (Mac OS X; http://www.newsgator.com/Individuals/NetNewsWire/)"
188.223.29.77 - - [27/Jun/2010:15:32:59 -0700] "GET / HTTP/1.1" 304 - "-" "NetNewsWire/3.2 (Mac OS X; http://www.newsgator.com/Individuals/NetNewsWire/)"
188.223.29.77 - - [27/Jun/2010:16:01:19 -0700] "GET / HTTP/1.1" 304 - "-" "NetNewsWire/3.2 (Mac OS X; http://www.newsgator.com/Individuals/NetNewsWire/)"
72.14.199.250 - - [27/Jun/2010:16:24:27 -0700] "GET /feed/ HTTP/1.1" 302 355 "-" "Feedfetcher-Google; (+http://www.google.com/feedfetcher.html; 1 subscribers; feed-id=10831477631497958243)"
72.14.199.250 - - [27/Jun/2010:16:24:28 -0700] "GET / HTTP/1.1" 304 - "-" "Feedfetcher-Google; (+http://www.google.com/feedfetcher.html; 1 subscribers; feed-id=10831477631497958243)"
72.14.199.250 - - [27/Jun/2010:19:24:40 -0700] "GET /feed/ HTTP/1.1" 302 355 "-" "Feedfetcher-Google; (+http://www.google.com/feedfetcher.html; 1 subscribers; feed-id=10831477631497958243)"
72.14.199.250 - - [27/Jun/2010:19:24:41 -0700] "GET / HTTP/1.1" 304 - "-" "Feedfetcher-Google; (+http://www.google.com/feedfetcher.html; 1 subscribers; feed-id=10831477631497958243)"
216.241.182.150 - - [27/Jun/2010:19:44:22 -0700] "GET /feed/ HTTP/1.1" 302 355 "-" "NewsGatorOnline/2.0 (http://www.newsgator.com; 2 subscribers)"
216.241.182.150 - - [27/Jun/2010:19:44:22 -0700] "GET / HTTP/1.1" 304 - "-" "NewsGatorOnline/2.0 (http://www.newsgator.com; 2 subscribers)"
119.63.198.57 - - [27/Jun/2010:21:56:14 -0700] "GET /robots.txt HTTP/1.1" 302 355 "-" "Baiduspider+(+http://www.baidu.com/search/spider.htm)"
119.63.198.15 - - [27/Jun/2010:21:56:15 -0700] "GET / HTTP/1.1" 200 163 "-" "Baiduspider+(+http://www.baidu.com/search/spider.htm)"
72.14.199.250 - - [27/Jun/2010:22:24:47 -0700] "GET /feed/ HTTP/1.1" 302 355 "-" "Feedfetcher-Google; (+http://www.google.com/feedfetcher.html; 1 subscribers; feed-id=10831477631497958243)"
72.14.199.250 - - [27/Jun/2010:22:24:48 -0700] "GET / HTTP/1.1" 304 - "-" "Feedfetcher-Google; (+http://www.google.com/feedfetcher.html; 1 subscribers; feed-id=10831477631497958243)"
38.99.97.54 - - [28/Jun/2010:00:38:20 -0700] "GET /robots.txt HTTP/1.1" 302 355 "-" "Mozilla/5.0 (compatible; ScoutJet; +http://www.scoutjet.com/)"
38.99.97.54 - - [28/Jun/2010:00:38:31 -0700] "GET / HTTP/1.1" 200 163 "-" "Mozilla/5.0 (compatible; ScoutJet; +http://www.scoutjet.com/)"
38.99.97.54 - - [28/Jun/2010:00:38:46 -0700] "GET / HTTP/1.1" 200 163 "-" "Mozilla/5.0 (compatible; ScoutJet; +http://www.scoutjet.com/)"
38.99.97.54 - - [28/Jun/2010:00:39:03 -0700] "GET /favicon.ico HTTP/1.1" 302 355 "-" "Mozilla/5.0 (compatible; ScoutJet; +http://www.scoutjet.com/)"
72.14.199.250 - - [28/Jun/2010:01:24:57 -0700] "GET /feed/ HTTP/1.1" 302 355 "-" "Feedfetcher-Google; (+http://www.google.com/feedfetcher.html; 1 subscribers; feed-id=10831477631497958243)"
72.14.199.250 - - [28/Jun/2010:01:24:58 -0700] "GET / HTTP/1.1" 304 - "-" "Feedfetcher-Google; (+http://www.google.com/feedfetcher.html; 1 subscribers; feed-id=10831477631497958243)"
193.252.149.14 - - [28/Jun/2010:03:00:17 -0700] "GET /robots.txt HTTP/1.1" 302 355 "-" "Mozilla/5.0 (Windows; U; Windows NT 5.1; fr; rv:1.8.1) VoilaBot BETA 1.2 (support.voilabot@orange-ftgroup.com)"
193.252.149.14 - - [28/Jun/2010:03:00:25 -0700] "GET / HTTP/1.1" 200 163 "-" "Mozilla/5.0 (Windows; U; Windows NT 5.1; fr; rv:1.8.1) VoilaBot BETA 1.2 (support.voilabot@orange-ftgroup.com)"
67.218.116.169 - - [28/Jun/2010:03:07:26 -0700] "GET /robots.txt HTTP/1.1" 302 355 "-" "Mozilla/5.0 (Twiceler-0.9 http://www.cuil.com/twiceler/robot.html)"
123.125.66.114 - - [28/Jun/2010:03:51:51 -0700] "GET /robots.txt HTTP/1.1" 302 355 "-" "Baiduspider+(+http://www.baidu.com/search/spider.htm)"
123.125.66.21 - - [28/Jun/2010:03:51:51 -0700] "GET / HTTP/1.1" 200 163 "-" "Baiduspider+(+http://www.baidu.com/search/spider.htm)"
72.14.199.250 - - [28/Jun/2010:04:25:07 -0700] "GET /feed/ HTTP/1.1" 302 355 "-" "Feedfetcher-Google; (+http://www.google.com/feedfetcher.html; 1 subscribers; feed-id=10831477631497958243)"
72.14.199.250 - - [28/Jun/2010:04:25:08 -0700] "GET / HTTP/1.1" 200 163 "-" "Feedfetcher-Google; (+http://www.google.com/feedfetcher.html; 1 subscribers; feed-id=10831477631497958243)"
124.115.6.13 - - [28/Jun/2010:04:39:29 -0700] "GET /robots.txt HTTP/1.1" 302 359 "-" "Sosospider+(+http://help.soso.com/webspider.htm)"
67.210.218.102 - - [28/Jun/2010:05:01:58 -0700] "GET /feed HTTP/1.1" 302 355 "-" "Rome Client (http://tinyurl.com/64t5n) Ver: 0.9"
67.210.218.102 - - [28/Jun/2010:05:01:59 -0700] "GET / HTTP/1.1" 200 163 "-" "Rome Client (http://tinyurl.com/64t5n) Ver: 0.9"
72.14.199.250 - - [28/Jun/2010:07:25:17 -0700] "GET /feed/ HTTP/1.1" 302 355 "-" "Feedfetcher-Google; (+http://www.google.com/feedfetcher.html; 1 subscribers; feed-id=10831477631497958243)"
72.14.199.250 - - [28/Jun/2010:07:25:18 -0700] "GET / HTTP/1.1" 304 - "-" "Feedfetcher-Google; (+http://www.google.com/feedfetcher.html; 1 subscribers; feed-id=10831477631497958243)"
216.129.119.45 - - [28/Jun/2010:07:39:07 -0700] "GET /robots.txt HTTP/1.1" 302 359 "-" "Mozilla/5.0 (Twiceler-0.9 http://www.cuil.com/twiceler/robot.html)"
207.46.13.87 - - [28/Jun/2010:07:45:51 -0700] "GET /robots.txt HTTP/1.1" 302 355 "-" "msnbot/2.0b (+http://search.msn.com/msnbot.htm)"
207.46.13.87 - - [28/Jun/2010:07:45:51 -0700] "GET / HTTP/1.1" 200 163 "-" "msnbot/2.0b (+http://search.msn.com/msnbot.htm)"
207.46.13.87 - - [28/Jun/2010:07:46:41 -0700] "GET / HTTP/1.1" 304 - "-" "msnbot/2.0b (+http://search.msn.com/msnbot.htm)"
124.115.6.13 - - [28/Jun/2010:07:47:12 -0700] "GET /robots.txt HTTP/1.1" 302 355 "-" "Sosospider+(+http://help.soso.com/webspider.htm)"
188.223.29.77 - - [28/Jun/2010:07:56:11 -0700] "GET /feed/ HTTP/1.1" 302 355 "-" "NetNewsWire/3.2 (Mac OS X; http://www.newsgator.com/Individuals/NetNewsWire/)"
188.223.29.77 - - [28/Jun/2010:07:57:19 -0700] "GET / HTTP/1.1" 200 163 "-" "NetNewsWire/3.2 (Mac OS X; http://www.newsgator.com/Individuals/NetNewsWire/)"
188.223.29.77 - - [28/Jun/2010:09:00:22 -0700] "GET /feed/ HTTP/1.1" 302 355 "-" "NetNewsWire/3.2 (Mac OS X; http://www.newsgator.com/Individuals/NetNewsWire/)"
188.223.29.77 - - [28/Jun/2010:09:01:21 -0700] "GET / HTTP/1.1" 304 - "-" "NetNewsWire/3.2 (Mac OS X; http://www.newsgator.com/Individuals/NetNewsWire/)"
188.223.29.77 - - [28/Jun/2010:09:49:42 -0700] "GET / HTTP/1.1" 304 - "-" "NetNewsWire/3.2 (Mac OS X; http://www.newsgator.com/Individuals/NetNewsWire/)"
72.14.199.250 - - [28/Jun/2010:10:25:28 -0700] "GET /feed/ HTTP/1.1" 302 355 "-" "Feedfetcher-Google; (+http://www.google.com/feedfetcher.html; 1 subscribers; feed-id=10831477631497958243)"
72.14.199.250 - - [28/Jun/2010:10:25:29 -0700] "GET / HTTP/1.1" 304 - "-" "Feedfetcher-Google; (+http://www.google.com/feedfetcher.html; 1 subscribers; feed-id=10831477631497958243)"
72.14.199.148 - - [28/Jun/2010:13:25:38 -0700] "GET /feed/ HTTP/1.1" 302 355 "-" "Feedfetcher-Google; (+http://www.google.com/feedfetcher.html; 1 subscribers; feed-id=10831477631497958243)"
72.14.199.148 - - [28/Jun/2010:13:25:39 -0700] "GET / HTTP/1.1" 304 - "-" "Feedfetcher-Google; (+http://www.google.com/feedfetcher.html; 1 subscribers; feed-id=10831477631497958243)"
188.223.29.77 - - [28/Jun/2010:14:43:28 -0700] "GET /feed/ HTTP/1.1" 302 355 "-" "NetNewsWire/3.2 (Mac OS X; http://www.newsgator.com/Individuals/NetNewsWire/)"
188.223.29.77 - - [28/Jun/2010:14:44:40 -0700] "GET / HTTP/1.1" 304 - "-" "NetNewsWire/3.2 (Mac OS X; http://www.newsgator.com/Individuals/NetNewsWire/)"
188.223.29.77 - - [28/Jun/2010:15:13:17 -0700] "GET / HTTP/1.1" 304 - "-" "NetNewsWire/3.2 (Mac OS X; http://www.newsgator.com/Individuals/NetNewsWire/)"
188.223.29.77 - - [28/Jun/2010:15:43:17 -0700] "GET / HTTP/1.1" 304 - "-" "NetNewsWire/3.2 (Mac OS X; http://www.newsgator.com/Individuals/NetNewsWire/)"
64.78.155.100 - - [28/Jun/2010:15:46:25 -0700] "GET /feed/ HTTP/1.1" 302 355 "-" "NewsGatorOnline/2.0 (http://www.newsgator.com; 2 subscribers)"
64.78.155.100 - - [28/Jun/2010:15:46:26 -0700] "GET / HTTP/1.1" 304 - "-" "NewsGatorOnline/2.0 (http://www.newsgator.com; 2 subscribers)"
68.38.73.2 - - [28/Jun/2010:15:51:23 -0700] "GET /feed/ HTTP/1.1" 302 355 "-" "Mozilla/5.0 (Windows; U; Windows NT 6.0; en-US; rv:1.9.1.9) Gecko/20100315 Firefox/3.5.9 ( .NET CLR 3.5.30729)"
68.38.73.2 - - [28/Jun/2010:15:51:24 -0700] "GET / HTTP/1.1" 200 163 "-" "Mozilla/5.0 (Windows; U; Windows NT 6.0; en-US; rv:1.9.1.9) Gecko/20100315 Firefox/3.5.9 ( .NET CLR 3.5.30729)"
188.223.29.77 - - [28/Jun/2010:16:13:18 -0700] "GET / HTTP/1.1" 304 - "-" "NetNewsWire/3.2 (Mac OS X; http://www.newsgator.com/Individuals/NetNewsWire/)"
72.14.199.116 - - [28/Jun/2010:16:25:50 -0700] "GET /feed/ HTTP/1.1" 302 355 "-" "Feedfetcher-Google; (+http://www.google.com/feedfetcher.html; 1 subscribers; feed-id=10831477631497958243)"
72.14.199.116 - - [28/Jun/2010:16:25:51 -0700] "GET / HTTP/1.1" 304 - "-" "Feedfetcher-Google; (+http://www.google.com/feedfetcher.html; 1 subscribers; feed-id=10831477631497958243)"
188.223.29.77 - - [28/Jun/2010:16:43:17 -0700] "GET / HTTP/1.1" 304 - "-" "NetNewsWire/3.2 (Mac OS X; http://www.newsgator.com/Individuals/NetNewsWire/)"
188.223.29.77 - - [28/Jun/2010:17:13:18 -0700] "GET / HTTP/1.1" 304 - "-" "NetNewsWire/3.2 (Mac OS X; http://www.newsgator.com/Individuals/NetNewsWire/)"
188.223.29.77 - - [28/Jun/2010:17:43:17 -0700] "GET / HTTP/1.1" 304 - "-" "NetNewsWire/3.2 (Mac OS X; http://www.newsgator.com/Individuals/NetNewsWire/)"
188.223.29.77 - - [28/Jun/2010:18:13:17 -0700] "GET / HTTP/1.1" 304 - "-" "NetNewsWire/3.2 (Mac OS X; http://www.newsgator.com/Individuals/NetNewsWire/)"
188.223.29.77 - - [28/Jun/2010:18:43:18 -0700] "GET / HTTP/1.1" 304 - "-" "NetNewsWire/3.2 (Mac OS X; http://www.newsgator.com/Individuals/NetNewsWire/)"
188.223.29.77 - - [28/Jun/2010:19:13:17 -0700] "GET / HTTP/1.1" 304 - "-" "NetNewsWire/3.2 (Mac OS X; http://www.newsgator.com/Individuals/NetNewsWire/)"
72.14.199.116 - - [28/Jun/2010:19:26:01 -0700] "GET /feed/ HTTP/1.1" 302 355 "-" "Feedfetcher-Google; (+http://www.google.com/feedfetcher.html; 1 subscribers; feed-id=10831477631497958243)"
72.14.199.116 - - [28/Jun/2010:19:26:01 -0700] "GET / HTTP/1.1" 304 - "-" "Feedfetcher-Google; (+http://www.google.com/feedfetcher.html; 1 subscribers; feed-id=10831477631497958243)"
119.63.198.10 - - [28/Jun/2010:21:55:49 -0700] "GET /robots.txt HTTP/1.1" 302 355 "-" "Baiduspider+(+http://www.baidu.com/search/spider.htm)"
119.63.198.6 - - [28/Jun/2010:21:55:49 -0700] "GET / HTTP/1.1" 200 163 "-" "Baiduspider+(+http://www.baidu.com/search/spider.htm)"
209.85.238.247 - - [28/Jun/2010:22:26:08 -0700] "GET /feed/ HTTP/1.1" 302 355 "-" "Feedfetcher-Google; (+http://www.google.com/feedfetcher.html; 1 subscribers; feed-id=10831477631497958243)"
209.85.238.247 - - [28/Jun/2010:22:26:09 -0700] "GET / HTTP/1.1" 200 163 "-" "Feedfetcher-Google; (+http://www.google.com/feedfetcher.html; 1 subscribers; feed-id=10831477631497958243)"
75.101.205.35 - - [28/Jun/2010:23:57:04 -0700] "HEAD / HTTP/1.1" 200 - "-" "curl/7.18.2 (i486-pc-linux-gnu) libcurl/7.18.2 OpenSSL/0.9.8g zlib/1.2.3.3 libidn/1.8"
188.223.29.77 - - [29/Jun/2010:01:17:19 -0700] "GET / HTTP/1.1" 304 - "-" "NetNewsWire/3.2 (Mac OS X; http://www.newsgator.com/Individuals/NetNewsWire/)"
188.223.29.77 - - [29/Jun/2010:01:20:03 -0700] "GET /favicon.ico HTTP/1.1" 302 355 "-" "NetNewsWire/3.2 (Mac OS X; http://www.newsgator.com/Individuals/NetNewsWire/)"
209.85.238.247 - - [29/Jun/2010:01:26:17 -0700] "GET /feed/ HTTP/1.1" 302 355 "-" "Feedfetcher-Google; (+http://www.google.com/feedfetcher.html; 1 subscribers; feed-id=10831477631497958243)"
209.85.238.247 - - [29/Jun/2010:01:26:18 -0700] "GET / HTTP/1.1" 304 - "-" "Feedfetcher-Google; (+http://www.google.com/feedfetcher.html; 1 subscribers; feed-id=10831477631497958243)"
67.210.218.102 - - [29/Jun/2010:01:58:27 -0700] "GET /feed HTTP/1.1" 302 355 "-" "Rome Client (http://tinyurl.com/64t5n) Ver: 0.9"
67.210.218.102 - - [29/Jun/2010:01:58:27 -0700] "GET / HTTP/1.1" 200 163 "-" "Rome Client (http://tinyurl.com/64t5n) Ver: 0.9"
67.218.116.169 - - [29/Jun/2010:03:20:07 -0700] "GET /robots.txt HTTP/1.1" 302 355 "-" "Mozilla/5.0 (Twiceler-0.9 http://www.cuil.com/twiceler/robot.html)"
123.125.66.105 - - [29/Jun/2010:03:58:42 -0700] "GET /robots.txt HTTP/1.1" 302 355 "-" "Baiduspider+(+http://www.baidu.com/search/spider.htm)"
123.125.66.52 - - [29/Jun/2010:03:58:43 -0700] "GET / HTTP/1.1" 200 163 "-" "Baiduspider+(+http://www.baidu.com/search/spider.htm)"
209.85.238.247 - - [29/Jun/2010:04:26:28 -0700] "GET /feed/ HTTP/1.1" 302 355 "-" "Feedfetcher-Google; (+http://www.google.com/feedfetcher.html; 1 subscribers; feed-id=10831477631497958243)"
209.85.238.247 - - [29/Jun/2010:04:26:28 -0700] "GET / HTTP/1.1" 304 - "-" "Feedfetcher-Google; (+http://www.google.com/feedfetcher.html; 1 subscribers; feed-id=10831477631497958243)"
209.85.238.247 - - [29/Jun/2010:07:26:37 -0700] "GET /feed/ HTTP/1.1" 302 355 "-" "Feedfetcher-Google; (+http://www.google.com/feedfetcher.html; 1 subscribers; feed-id=10831477631497958243)"
209.85.238.247 - - [29/Jun/2010:07:26:38 -0700] "GET / HTTP/1.1" 304 - "-" "Feedfetcher-Google; (+http://www.google.com/feedfetcher.html; 1 subscribers; feed-id=10831477631497958243)"
188.223.29.77 - - [29/Jun/2010:07:39:13 -0700] "GET / HTTP/1.1" 304 - "-" "NetNewsWire/3.2 (Mac OS X; http://www.newsgator.com/Individuals/NetNewsWire/)"
216.129.119.45 - - [29/Jun/2010:07:50:47 -0700] "GET /robots.txt HTTP/1.1" 302 359 "-" "Mozilla/5.0 (Twiceler-0.9 http://www.cuil.com/twiceler/robot.html)"
209.85.238.247 - - [29/Jun/2010:09:52:58 -0700] "GET /feed/ HTTP/1.1" 302 355 "-" "Feedfetcher-Google; (+http://www.google.com/feedfetcher.html; 1 subscribers; feed-id=10831477631497958243)"
209.85.238.247 - - [29/Jun/2010:09:52:59 -0700] "GET / HTTP/1.1" 304 - "-" "Feedfetcher-Google; (+http://www.google.com/feedfetcher.html; 1 subscribers; feed-id=10831477631497958243)"
64.78.155.100 - - [29/Jun/2010:11:49:09 -0700] "GET /feed/ HTTP/1.1" 302 355 "-" "NewsGatorOnline/2.0 (http://www.newsgator.com; 2 subscribers)"
64.78.155.100 - - [29/Jun/2010:11:49:09 -0700] "GET / HTTP/1.1" 304 - "-" "NewsGatorOnline/2.0 (http://www.newsgator.com; 2 subscribers)"
124.115.6.13 - - [29/Jun/2010:12:01:28 -0700] "GET /robots.txt HTTP/1.1" 302 359 "-" "Sosospider+(+http://help.soso.com/webspider.htm)"
70.36.96.138 - - [29/Jun/2010:12:48:36 -0700] "GET /robots.txt HTTP/1.0" 302 355 "http://jasoncmartin.com/robots.txt" "Mozilla/4.0 (compatible; MSIE 8.0; Windows NT 5.1; SV1; .NET CLR 2.0.50727)"
70.36.96.138 - - [29/Jun/2010:12:48:43 -0700] "GET / HTTP/1.0" 200 163 "http://jasoncmartin.com/" "Mozilla/4.0 (compatible; MSIE 8.0; Windows NT 5.1; SV1; .NET CLR 2.0.50727)"
209.85.238.247 - - [29/Jun/2010:12:53:08 -0700] "GET /feed/ HTTP/1.1" 302 355 "-" "Feedfetcher-Google; (+http://www.google.com/feedfetcher.html; 1 subscribers; feed-id=10831477631497958243)"
209.85.238.247 - - [29/Jun/2010:12:53:09 -0700] "GET / HTTP/1.1" 304 - "-" "Feedfetcher-Google; (+http://www.google.com/feedfetcher.html; 1 subscribers; feed-id=10831477631497958243)"
93.158.148.31 - - [29/Jun/2010:14:06:36 -0700] "GET /robots.txt HTTP/1.1" 302 355 "-" "Mozilla/5.0 (compatible; YandexBot/3.0; +http://yandex.com/bots)"
93.158.148.31 - - [29/Jun/2010:14:49:02 -0700] "GET /robots.txt HTTP/1.1" 302 359 "-" "Mozilla/5.0 (compatible; YandexBot/3.0; +http://yandex.com/bots)"
124.115.6.13 - - [29/Jun/2010:15:10:15 -0700] "GET /robots.txt HTTP/1.1" 302 355 "-" "Sosospider+(+http://help.soso.com/webspider.htm)"
209.85.238.247 - - [29/Jun/2010:15:53:36 -0700] "GET /feed/ HTTP/1.1" 302 355 "-" "Feedfetcher-Google; (+http://www.google.com/feedfetcher.html; 1 subscribers; feed-id=10831477631497958243)"
209.85.238.247 - - [29/Jun/2010:15:53:36 -0700] "GET / HTTP/1.1" 304 - "-" "Feedfetcher-Google; (+http://www.google.com/feedfetcher.html; 1 subscribers; feed-id=10831477631497958243)"
72.14.199.151 - - [29/Jun/2010:19:07:48 -0700] "GET /feed/ HTTP/1.1" 302 355 "-" "Feedfetcher-Google; (+http://www.google.com/feedfetcher.html; 1 subscribers; feed-id=10831477631497958243)"
72.14.199.151 - - [29/Jun/2010:19:07:49 -0700] "GET / HTTP/1.1" 304 - "-" "Feedfetcher-Google; (+http://www.google.com/feedfetcher.html; 1 subscribers; feed-id=10831477631497958243)"
193.47.80.37 - - [29/Jun/2010:19:39:39 -0700] "GET /robots.txt HTTP/1.1" 302 355 "-" "Mozilla/5.0 (compatible; Exabot/3.0; +http://www.exabot.com/go/robot)"
193.47.80.37 - - [29/Jun/2010:19:39:40 -0700] "GET / HTTP/1.1" 200 163 "-" "Mozilla/5.0 (compatible; Exabot/3.0; +http://www.exabot.com/go/robot)"
193.47.80.37 - - [29/Jun/2010:19:39:43 -0700] "GET /2008/06/spidersuck-chronicles-anyone/ HTTP/1.1" 302 355 "-" "Mozilla/5.0 (compatible; Exabot/3.0; +http://www.exabot.com/go/robot)"
193.47.80.37 - - [29/Jun/2010:19:39:44 -0700] "GET / HTTP/1.1" 304 - "-" "Mozilla/5.0 (compatible; Exabot/3.0; +http://www.exabot.com/go/robot)"
84.196.240.90 - - [29/Jun/2010:21:27:04 -0700] "GET / HTTP/1.0" 200 163 "-" "Mozilla/3.0"
119.63.198.62 - - [29/Jun/2010:21:58:51 -0700] "GET /robots.txt HTTP/1.1" 302 355 "-" "Baiduspider+(+http://www.baidu.com/search/spider.htm)"
119.63.198.38 - - [29/Jun/2010:21:58:51 -0700] "GET / HTTP/1.1" 200 163 "-" "Baiduspider+(+http://www.baidu.com/search/spider.htm)"
72.14.199.151 - - [29/Jun/2010:22:08:01 -0700] "GET /feed/ HTTP/1.1" 302 355 "-" "Feedfetcher-Google; (+http://www.google.com/feedfetcher.html; 1 subscribers; feed-id=10831477631497958243)"
72.14.199.151 - - [29/Jun/2010:22:08:02 -0700] "GET / HTTP/1.1" 304 - "-" "Feedfetcher-Google; (+http://www.google.com/feedfetcher.html; 1 subscribers; feed-id=10831477631497958243)"
122.173.163.91 - - [29/Jun/2010:22:12:57 -0700] "GET / HTTP/1.1" 200 163 "-" "-"
124.115.6.13 - - [29/Jun/2010:22:31:44 -0700] "GET /robots.txt HTTP/1.1" 302 359 "-" "Sosospider+(+http://help.soso.com/webspider.htm)"
67.210.218.102 - - [29/Jun/2010:23:35:53 -0700] "GET /feed HTTP/1.1" 302 355 "-" "Rome Client (http://tinyurl.com/64t5n) Ver: 0.9"
67.210.218.102 - - [29/Jun/2010:23:35:53 -0700] "GET / HTTP/1.1" 200 163 "-" "Rome Client (http://tinyurl.com/64t5n) Ver: 0.9"
72.14.199.151 - - [30/Jun/2010:01:08:48 -0700] "GET /feed/ HTTP/1.1" 302 355 "-" "Feedfetcher-Google; (+http://www.google.com/feedfetcher.html; 1 subscribers; feed-id=10831477631497958243)"
72.14.199.151 - - [30/Jun/2010:01:08:49 -0700] "GET / HTTP/1.1" 304 - "-" "Feedfetcher-Google; (+http://www.google.com/feedfetcher.html; 1 subscribers; feed-id=10831477631497958243)"
67.218.116.169 - - [30/Jun/2010:03:25:51 -0700] "GET /robots.txt HTTP/1.1" 302 355 "-" "Mozilla/5.0 (Twiceler-0.9 http://www.cuil.com/twiceler/robot.html)"
123.125.66.17 - - [30/Jun/2010:03:55:49 -0700] "GET /robots.txt HTTP/1.1" 302 355 "-" "Baiduspider+(+http://www.baidu.com/search/spider.htm)"
123.125.66.16 - - [30/Jun/2010:03:55:50 -0700] "GET / HTTP/1.1" 200 163 "-" "Baiduspider+(+http://www.baidu.com/search/spider.htm)"
209.85.238.247 - - [30/Jun/2010:04:08:58 -0700] "GET /feed/ HTTP/1.1" 302 355 "-" "Feedfetcher-Google; (+http://www.google.com/feedfetcher.html; 1 subscribers; feed-id=10831477631497958243)"
209.85.238.247 - - [30/Jun/2010:04:08:59 -0700] "GET / HTTP/1.1" 304 - "-" "Feedfetcher-Google; (+http://www.google.com/feedfetcher.html; 1 subscribers; feed-id=10831477631497958243)"
124.124.82.170 - - [30/Jun/2010:04:19:12 -0700] "GET / HTTP/1.1" 200 163 "-" "Mozilla/4.0 (compatible; MSIE 7.0; Windows NT 5.1; bgft)"
93.158.148.31 - - [30/Jun/2010:05:41:17 -0700] "GET / HTTP/1.1" 200 163 "-" "Mozilla/5.0 (compatible; YandexBot/3.0; +http://yandex.com/bots)"
93.158.148.31 - - [30/Jun/2010:06:23:10 -0700] "GET / HTTP/1.1" 200 163 "-" "Mozilla/5.0 (compatible; YandexBot/3.0; +http://yandex.com/bots)"
76.240.68.131 - - [30/Jun/2010:06:41:50 -0700] "GET / HTTP/1.1" 200 163 "-" "Java/1.6.0_18"
209.85.238.247 - - [30/Jun/2010:07:09:04 -0700] "GET /feed/ HTTP/1.1" 302 355 "-" "Feedfetcher-Google; (+http://www.google.com/feedfetcher.html; 1 subscribers; feed-id=10831477631497958243)"
209.85.238.247 - - [30/Jun/2010:07:09:05 -0700] "GET / HTTP/1.1" 304 - "-" "Feedfetcher-Google; (+http://www.google.com/feedfetcher.html; 1 subscribers; feed-id=10831477631497958243)"
216.129.119.45 - - [30/Jun/2010:07:50:25 -0700] "GET /robots.txt HTTP/1.1" 302 359 "-" "Mozilla/5.0 (Twiceler-0.9 http://www.cuil.com/twiceler/robot.html)"
64.78.155.100 - - [30/Jun/2010:07:59:51 -0700] "GET /feed/ HTTP/1.1" 302 355 "-" "NewsGatorOnline/2.0 (http://www.newsgator.com; 2 subscribers)"
64.78.155.100 - - [30/Jun/2010:07:59:52 -0700] "GET / HTTP/1.1" 304 - "-" "NewsGatorOnline/2.0 (http://www.newsgator.com; 2 subscribers)"
67.195.110.169 - - [30/Jun/2010:10:08:55 -0700] "GET /robots.txt HTTP/1.0" 302 359 "-" "Mozilla/5.0 (compatible; Yahoo! Slurp; http://help.yahoo.com/help/us/ysearch/slurp)"
67.195.110.169 - - [30/Jun/2010:10:08:56 -0700] "GET / HTTP/1.0" 200 163 "-" "Mozilla/5.0 (compatible; Yahoo! Slurp; http://help.yahoo.com/help/us/ysearch/slurp)"
67.195.110.169 - - [30/Jun/2010:10:08:57 -0700] "GET / HTTP/1.0" 200 163 "-" "Mozilla/5.0 (compatible; Yahoo! Slurp/3.0; http://help.yahoo.com/help/us/ysearch/slurp)"
209.85.238.247 - - [30/Jun/2010:10:09:08 -0700] "GET /feed/ HTTP/1.1" 302 355 "-" "Feedfetcher-Google; (+http://www.google.com/feedfetcher.html; 1 subscribers; feed-id=10831477631497958243)"
209.85.238.247 - - [30/Jun/2010:10:09:09 -0700] "GET / HTTP/1.1" 304 - "-" "Feedfetcher-Google; (+http://www.google.com/feedfetcher.html; 1 subscribers; feed-id=10831477631497958243)"
188.223.29.77 - - [30/Jun/2010:12:41:57 -0700] "GET /feed/ HTTP/1.1" 302 355 "-" "NetNewsWire/3.2 (Mac OS X; http://www.newsgator.com/Individuals/NetNewsWire/)"
188.223.29.77 - - [30/Jun/2010:12:43:47 -0700] "GET / HTTP/1.1" 304 - "-" "NetNewsWire/3.2 (Mac OS X; http://www.newsgator.com/Individuals/NetNewsWire/)"
188.223.29.77 - - [30/Jun/2010:12:45:10 -0700] "GET /favicon.ico HTTP/1.1" 302 355 "-" "NetNewsWire/3.2 (Mac OS X; http://www.newsgator.com/Individuals/NetNewsWire/)"
209.85.238.247 - - [30/Jun/2010:13:09:18 -0700] "GET /feed/ HTTP/1.1" 302 355 "-" "Feedfetcher-Google; (+http://www.google.com/feedfetcher.html; 1 subscribers; feed-id=10831477631497958243)"
209.85.238.247 - - [30/Jun/2010:13:09:18 -0700] "GET / HTTP/1.1" 304 - "-" "Feedfetcher-Google; (+http://www.google.com/feedfetcher.html; 1 subscribers; feed-id=10831477631497958243)"
209.85.238.235 - - [30/Jun/2010:16:09:28 -0700] "GET /feed/ HTTP/1.1" 302 355 "-" "Feedfetcher-Google; (+http://www.google.com/feedfetcher.html; 1 subscribers; feed-id=10831477631497958243)"
209.85.238.235 - - [30/Jun/2010:16:09:29 -0700] "GET / HTTP/1.1" 304 - "-" "Feedfetcher-Google; (+http://www.google.com/feedfetcher.html; 1 subscribers; feed-id=10831477631497958243)"
67.195.37.93 - - [30/Jun/2010:16:44:58 -0700] "GET /robots.txt HTTP/1.0" 302 355 "-" "Mozilla/5.0 (compatible; Yahoo! Slurp; http://help.yahoo.com/help/us/ysearch/slurp)"
67.195.37.93 - - [30/Jun/2010:16:44:58 -0700] "GET / HTTP/1.0" 200 163 "-" "Mozilla/5.0 (compatible; Yahoo! Slurp; http://help.yahoo.com/help/us/ysearch/slurp)"
67.195.37.93 - - [30/Jun/2010:16:44:59 -0700] "GET / HTTP/1.0" 200 163 "-" "Mozilla/5.0 (compatible; Yahoo! Slurp/3.0; http://help.yahoo.com/help/us/ysearch/slurp)"
209.85.238.235 - - [30/Jun/2010:19:09:37 -0700] "GET /feed/ HTTP/1.1" 302 355 "-" "Feedfetcher-Google; (+http://www.google.com/feedfetcher.html; 1 subscribers; feed-id=10831477631497958243)"
209.85.238.235 - - [30/Jun/2010:19:09:38 -0700] "GET / HTTP/1.1" 304 - "-" "Feedfetcher-Google; (+http://www.google.com/feedfetcher.html; 1 subscribers; feed-id=10831477631497958243)"
209.85.238.235 - - [30/Jun/2010:22:09:47 -0700] "GET /feed/ HTTP/1.1" 302 355 "-" "Feedfetcher-Google; (+http://www.google.com/feedfetcher.html; 1 subscribers; feed-id=10831477631497958243)"
209.85.238.235 - - [30/Jun/2010:22:09:48 -0700] "GET / HTTP/1.1" 304 - "-" "Feedfetcher-Google; (+http://www.google.com/feedfetcher.html; 1 subscribers; feed-id=10831477631497958243)"
67.210.218.102 - - [30/Jun/2010:22:35:07 -0700] "GET /feed HTTP/1.1" 302 355 "-" "Rome Client (http://tinyurl.com/64t5n) Ver: 0.9"
67.210.218.102 - - [30/Jun/2010:22:35:07 -0700] "GET / HTTP/1.1" 200 163 "-" "Rome Client (http://tinyurl.com/64t5n) Ver: 0.9"
124.115.6.13 - - [30/Jun/2010:22:49:42 -0700] "GET /robots.txt HTTP/1.1" 302 355 "-" "Sosospider+(+http://help.soso.com/webspider.htm)"
119.63.198.49 - - [30/Jun/2010:23:18:26 -0700] "GET /robots.txt HTTP/1.1" 302 355 "-" "Baiduspider+(+http://www.baidu.com/search/spider.htm)"
119.63.198.37 - - [30/Jun/2010:23:18:27 -0700] "GET / HTTP/1.1" 200 163 "-" "Baiduspider+(+http://www.baidu.com/search/spider.htm)"
188.223.29.77 - - [01/Jul/2010:00:16:54 -0700] "GET /feed/ HTTP/1.1" 302 355 "-" "NetNewsWire/3.2 (Mac OS X; http://www.newsgator.com/Individuals/NetNewsWire/)"
188.223.29.77 - - [01/Jul/2010:00:17:49 -0700] "GET / HTTP/1.1" 304 - "-" "NetNewsWire/3.2 (Mac OS X; http://www.newsgator.com/Individuals/NetNewsWire/)"
209.85.238.235 - - [01/Jul/2010:01:09:57 -0700] "GET /feed/ HTTP/1.1" 302 355 "-" "Feedfetcher-Google; (+http://www.google.com/feedfetcher.html; 1 subscribers; feed-id=10831477631497958243)"
209.85.238.235 - - [01/Jul/2010:01:09:58 -0700] "GET / HTTP/1.1" 304 - "-" "Feedfetcher-Google; (+http://www.google.com/feedfetcher.html; 1 subscribers; feed-id=10831477631497958243)"
193.252.149.14 - - [01/Jul/2010:02:32:11 -0700] "GET / HTTP/1.1" 200 163 "-" "Mozilla/5.0 (Windows; U; Windows NT 5.1; fr; rv:1.8.1) VoilaBot BETA 1.2 (support.voilabot@orange-ftgroup.com)"
64.78.155.100 - - [01/Jul/2010:03:47:23 -0700] "GET /feed/ HTTP/1.1" 302 355 "-" "NewsGatorOnline/2.0 (http://www.newsgator.com; 2 subscribers)"
64.78.155.100 - - [01/Jul/2010:03:47:23 -0700] "GET / HTTP/1.1" 304 - "-" "NewsGatorOnline/2.0 (http://www.newsgator.com; 2 subscribers)"
209.85.238.235 - - [01/Jul/2010:04:10:08 -0700] "GET /feed/ HTTP/1.1" 302 355 "-" "Feedfetcher-Google; (+http://www.google.com/feedfetcher.html; 1 subscribers; feed-id=10831477631497958243)"
209.85.238.235 - - [01/Jul/2010:04:10:09 -0700] "GET / HTTP/1.1" 304 - "-" "Feedfetcher-Google; (+http://www.google.com/feedfetcher.html; 1 subscribers; feed-id=10831477631497958243)"
123.125.66.55 - - [01/Jul/2010:05:16:29 -0700] "GET /robots.txt HTTP/1.1" 302 355 "-" "Baiduspider+(+http://www.baidu.com/search/spider.htm)"
123.125.66.106 - - [01/Jul/2010:05:16:29 -0700] "GET / HTTP/1.1" 200 163 "-" "Baiduspider+(+http://www.baidu.com/search/spider.htm)"
61.28.148.203 - - [01/Jul/2010:05:36:52 -0700] "GET /Images/basicdelta.gif HTTP/1.1" 302 355 "http://www.joseralat.com/forum/showthread.php?t=1280" "Mozilla/5.0 (Macintosh; U; Intel Mac OS X 10_6_4; en-us) AppleWebKit/533.16 (KHTML, like Gecko) Version/5.0 Safari/533.16"
61.28.148.203 - - [01/Jul/2010:05:36:52 -0700] "GET /Images/Obsidian_Order.gif HTTP/1.1" 302 355 "http://www.joseralat.com/forum/showthread.php?t=1280" "Mozilla/5.0 (Macintosh; U; Intel Mac OS X 10_6_4; en-us) AppleWebKit/533.16 (KHTML, like Gecko) Version/5.0 Safari/533.16"
61.28.148.203 - - [01/Jul/2010:05:36:52 -0700] "GET /Images/2371-2390.gif HTTP/1.1" 302 355 "http://www.joseralat.com/forum/showthread.php?t=1280" "Mozilla/5.0 (Macintosh; U; Intel Mac OS X 10_6_4; en-us) AppleWebKit/533.16 (KHTML, like Gecko) Version/5.0 Safari/533.16"
61.28.148.203 - - [01/Jul/2010:05:36:52 -0700] "GET /Images/29thcentury.gif HTTP/1.1" 302 355 "http://www.joseralat.com/forum/showthread.php?t=1280" "Mozilla/5.0 (Macintosh; U; Intel Mac OS X 10_6_4; en-us) AppleWebKit/533.16 (KHTML, like Gecko) Version/5.0 Safari/533.16"
61.28.148.203 - - [01/Jul/2010:05:36:53 -0700] "GET / HTTP/1.1" 200 163 "http://www.joseralat.com/forum/showthread.php?t=1280" "Mozilla/5.0 (Macintosh; U; Intel Mac OS X 10_6_4; en-us) AppleWebKit/533.16 (KHTML, like Gecko) Version/5.0 Safari/533.16"
61.28.148.203 - - [01/Jul/2010:05:36:53 -0700] "GET / HTTP/1.1" 200 163 "http://www.joseralat.com/forum/showthread.php?t=1280" "Mozilla/5.0 (Macintosh; U; Intel Mac OS X 10_6_4; en-us) AppleWebKit/533.16 (KHTML, like Gecko) Version/5.0 Safari/533.16"
61.28.148.203 - - [01/Jul/2010:05:36:53 -0700] "GET / HTTP/1.1" 200 163 "http://www.joseralat.com/forum/showthread.php?t=1280" "Mozilla/5.0 (Macintosh; U; Intel Mac OS X 10_6_4; en-us) AppleWebKit/533.16 (KHTML, like Gecko) Version/5.0 Safari/533.16"
61.28.148.203 - - [01/Jul/2010:05:36:53 -0700] "GET / HTTP/1.1" 200 163 "http://www.joseralat.com/forum/showthread.php?t=1280" "Mozilla/5.0 (Macintosh; U; Intel Mac OS X 10_6_4; en-us) AppleWebKit/533.16 (KHTML, like Gecko) Version/5.0 Safari/533.16"
67.218.116.169 - - [01/Jul/2010:05:52:59 -0700] "GET /robots.txt HTTP/1.1" 302 355 "-" "Mozilla/5.0 (Twiceler-0.9 http://www.cuil.com/twiceler/robot.html)"
209.85.238.235 - - [01/Jul/2010:07:10:17 -0700] "GET /feed/ HTTP/1.1" 302 355 "-" "Feedfetcher-Google; (+http://www.google.com/feedfetcher.html; 1 subscribers; feed-id=10831477631497958243)"
209.85.238.235 - - [01/Jul/2010:07:10:18 -0700] "GET / HTTP/1.1" 304 - "-" "Feedfetcher-Google; (+http://www.google.com/feedfetcher.html; 1 subscribers; feed-id=10831477631497958243)"
95.108.244.251 - - [01/Jul/2010:08:47:57 -0700] "GET /robots.txt HTTP/1.1" 302 359 "-" "Mozilla/5.0 (compatible; YandexBot/3.0; +http://yandex.com/bots)"
95.108.244.251 - - [01/Jul/2010:08:47:59 -0700] "GET / HTTP/1.1" 304 - "-" "Mozilla/5.0 (compatible; YandexBot/3.0; +http://yandex.com/bots)"
209.85.238.235 - - [01/Jul/2010:10:10:27 -0700] "GET /feed/ HTTP/1.1" 302 355 "-" "Feedfetcher-Google; (+http://www.google.com/feedfetcher.html; 1 subscribers; feed-id=10831477631497958243)"
209.85.238.235 - - [01/Jul/2010:10:10:28 -0700] "GET / HTTP/1.1" 304 - "-" "Feedfetcher-Google; (+http://www.google.com/feedfetcher.html; 1 subscribers; feed-id=10831477631497958243)"
188.223.29.77 - - [01/Jul/2010:10:49:08 -0700] "GET / HTTP/1.1" 304 - "-" "NetNewsWire/3.2 (Mac OS X; http://www.newsgator.com/Individuals/NetNewsWire/)"
216.129.119.45 - - [01/Jul/2010:11:03:15 -0700] "GET /robots.txt HTTP/1.1" 302 359 "-" "Mozilla/5.0 (Twiceler-0.9 http://www.cuil.com/twiceler/robot.html)"
188.223.29.77 - - [01/Jul/2010:11:18:57 -0700] "GET / HTTP/1.1" 304 - "-" "NetNewsWire/3.2 (Mac OS X; http://www.newsgator.com/Individuals/NetNewsWire/)"
209.85.238.235 - - [01/Jul/2010:13:10:37 -0700] "GET /feed/ HTTP/1.1" 302 355 "-" "Feedfetcher-Google; (+http://www.google.com/feedfetcher.html; 1 subscribers; feed-id=10831477631497958243)"
209.85.238.235 - - [01/Jul/2010:13:10:38 -0700] "GET / HTTP/1.1" 304 - "-" "Feedfetcher-Google; (+http://www.google.com/feedfetcher.html; 1 subscribers; feed-id=10831477631497958243)"
188.223.29.77 - - [01/Jul/2010:13:45:15 -0700] "GET / HTTP/1.1" 304 - "-" "NetNewsWire/3.2 (Mac OS X; http://www.newsgator.com/Individuals/NetNewsWire/)"
188.223.29.77 - - [01/Jul/2010:14:15:15 -0700] "GET / HTTP/1.1" 304 - "-" "NetNewsWire/3.2 (Mac OS X; http://www.newsgator.com/Individuals/NetNewsWire/)"
188.223.29.77 - - [01/Jul/2010:14:45:26 -0700] "GET / HTTP/1.1" 304 - "-" "NetNewsWire/3.2 (Mac OS X; http://www.newsgator.com/Individuals/NetNewsWire/)"
188.223.29.77 - - [01/Jul/2010:15:15:22 -0700] "GET / HTTP/1.1" 304 - "-" "NetNewsWire/3.2 (Mac OS X; http://www.newsgator.com/Individuals/NetNewsWire/)"
188.223.29.77 - - [01/Jul/2010:15:45:14 -0700] "GET / HTTP/1.1" 304 - "-" "NetNewsWire/3.2 (Mac OS X; http://www.newsgator.com/Individuals/NetNewsWire/)"
209.85.238.235 - - [01/Jul/2010:16:10:47 -0700] "GET /feed/ HTTP/1.1" 302 355 "-" "Feedfetcher-Google; (+http://www.google.com/feedfetcher.html; 1 subscribers; feed-id=10831477631497958243)"
209.85.238.235 - - [01/Jul/2010:16:10:48 -0700] "GET / HTTP/1.1" 304 - "-" "Feedfetcher-Google; (+http://www.google.com/feedfetcher.html; 1 subscribers; feed-id=10831477631497958243)"
188.223.29.77 - - [01/Jul/2010:16:15:21 -0700] "GET / HTTP/1.1" 304 - "-" "NetNewsWire/3.2 (Mac OS X; http://www.newsgator.com/Individuals/NetNewsWire/)"
188.223.29.77 - - [01/Jul/2010:16:45:14 -0700] "GET / HTTP/1.1" 304 - "-" "NetNewsWire/3.2 (Mac OS X; http://www.newsgator.com/Individuals/NetNewsWire/)"
188.223.29.77 - - [01/Jul/2010:17:15:14 -0700] "GET / HTTP/1.1" 304 - "-" "NetNewsWire/3.2 (Mac OS X; http://www.newsgator.com/Individuals/NetNewsWire/)"
188.223.29.77 - - [01/Jul/2010:17:45:14 -0700] "GET / HTTP/1.1" 304 - "-" "NetNewsWire/3.2 (Mac OS X; http://www.newsgator.com/Individuals/NetNewsWire/)"
188.223.29.77 - - [01/Jul/2010:18:15:14 -0700] "GET / HTTP/1.1" 304 - "-" "NetNewsWire/3.2 (Mac OS X; http://www.newsgator.com/Individuals/NetNewsWire/)"
188.223.29.77 - - [01/Jul/2010:18:45:16 -0700] "GET / HTTP/1.1" 304 - "-" "NetNewsWire/3.2 (Mac OS X; http://www.newsgator.com/Individuals/NetNewsWire/)"
188.223.29.77 - - [01/Jul/2010:19:15:14 -0700] "GET / HTTP/1.1" 304 - "-" "NetNewsWire/3.2 (Mac OS X; http://www.newsgator.com/Individuals/NetNewsWire/)"
188.223.29.77 - - [01/Jul/2010:19:45:14 -0700] "GET / HTTP/1.1" 304 - "-" "NetNewsWire/3.2 (Mac OS X; http://www.newsgator.com/Individuals/NetNewsWire/)"
188.223.29.77 - - [01/Jul/2010:20:15:15 -0700] "GET / HTTP/1.1" 304 - "-" "NetNewsWire/3.2 (Mac OS X; http://www.newsgator.com/Individuals/NetNewsWire/)"
178.162.68.60 - - [01/Jul/2010:20:40:15 -0700] "GET / HTTP/1.1" 200 163 "-" "-"
209.85.238.235 - - [01/Jul/2010:20:44:30 -0700] "GET /feed/ HTTP/1.1" 302 355 "-" "Feedfetcher-Google; (+http://www.google.com/feedfetcher.html; 1 subscribers; feed-id=10831477631497958243)"
209.85.238.235 - - [01/Jul/2010:20:44:31 -0700] "GET / HTTP/1.1" 304 - "-" "Feedfetcher-Google; (+http://www.google.com/feedfetcher.html; 1 subscribers; feed-id=10831477631497958243)"
188.223.29.77 - - [01/Jul/2010:20:45:17 -0700] "GET / HTTP/1.1" 304 - "-" "NetNewsWire/3.2 (Mac OS X; http://www.newsgator.com/Individuals/NetNewsWire/)"
207.46.13.86 - - [01/Jul/2010:21:15:07 -0700] "GET /robots.txt HTTP/1.1" 302 355 "-" "msnbot/2.0b (+http://search.msn.com/msnbot.htm)"
207.46.13.86 - - [01/Jul/2010:21:15:08 -0700] "GET / HTTP/1.1" 200 163 "-" "msnbot/2.0b (+http://search.msn.com/msnbot.htm)"
188.223.29.77 - - [01/Jul/2010:21:15:14 -0700] "GET / HTTP/1.1" 304 - "-" "NetNewsWire/3.2 (Mac OS X; http://www.newsgator.com/Individuals/NetNewsWire/)"
207.46.13.86 - - [01/Jul/2010:21:15:55 -0700] "GET /category/the-brickfilmers-guide/ HTTP/1.1" 302 355 "-" "msnbot/2.0b (+http://search.msn.com/msnbot.htm)"
67.210.218.102 - - [01/Jul/2010:22:56:46 -0700] "GET /feed HTTP/1.1" 302 355 "-" "Rome Client (http://tinyurl.com/64t5n) Ver: 0.9"
67.210.218.102 - - [01/Jul/2010:22:56:47 -0700] "GET / HTTP/1.1" 200 163 "-" "Rome Client (http://tinyurl.com/64t5n) Ver: 0.9"
119.63.198.7 - - [01/Jul/2010:23:21:09 -0700] "GET /robots.txt HTTP/1.1" 302 355 "-" "Baiduspider+(+http://www.baidu.com/search/spider.htm)"
119.63.198.56 - - [01/Jul/2010:23:21:09 -0700] "GET / HTTP/1.1" 200 163 "-" "Baiduspider+(+http://www.baidu.com/search/spider.htm)"
188.223.29.77 - - [01/Jul/2010:23:23:20 -0700] "GET / HTTP/1.1" 304 - "-" "NetNewsWire/3.2 (Mac OS X; http://www.newsgator.com/Individuals/NetNewsWire/)"
209.85.238.235 - - [01/Jul/2010:23:44:34 -0700] "GET /feed/ HTTP/1.1" 302 355 "-" "Feedfetcher-Google; (+http://www.google.com/feedfetcher.html; 1 subscribers; feed-id=10831477631497958243)"
209.85.238.235 - - [01/Jul/2010:23:44:35 -0700] "GET / HTTP/1.1" 200 163 "-" "Feedfetcher-Google; (+http://www.google.com/feedfetcher.html; 1 subscribers; feed-id=10831477631497958243)"
64.78.155.100 - - [01/Jul/2010:23:48:06 -0700] "GET /feed/ HTTP/1.1" 302 355 "-" "NewsGatorOnline/2.0 (http://www.newsgator.com; 2 subscribers)"
64.78.155.100 - - [01/Jul/2010:23:48:06 -0700] "GET / HTTP/1.1" 304 - "-" "NewsGatorOnline/2.0 (http://www.newsgator.com; 2 subscribers)"
89.149.244.89 - - [01/Jul/2010:23:50:37 -0700] "GET / HTTP/1.0" 200 163 "http://jasoncmartin.com/" "Mozilla/4.0 (compatible; MSIE 6.0; Windows NT 5.0; .NET CLR 1.0.3705; .NET CLR 1.1.4322)"
188.223.29.77 - - [01/Jul/2010:23:53:19 -0700] "GET / HTTP/1.1" 304 - "-" "NetNewsWire/3.2 (Mac OS X; http://www.newsgator.com/Individuals/NetNewsWire/)"
88.131.106.22 - - [02/Jul/2010:01:14:19 -0700] "GET /robots.txt HTTP/1.0" 302 355 "-" "Mozilla/5.0 (Windows; U; Windows NT 5.1; en-US) Speedy Spider (http://www.entireweb.com/about/search_tech/speedy_spider/)"
88.131.106.22 - - [02/Jul/2010:01:14:24 -0700] "GET / HTTP/1.0" 200 163 "-" "Mozilla/5.0 (Windows; U; Windows NT 5.1; en-US) Speedy Spider (http://www.entireweb.com/about/search_tech/speedy_spider/)"
209.85.238.235 - - [02/Jul/2010:02:44:42 -0700] "GET /feed/ HTTP/1.1" 302 355 "-" "Feedfetcher-Google; (+http://www.google.com/feedfetcher.html; 1 subscribers; feed-id=10831477631497958243)"
209.85.238.235 - - [02/Jul/2010:02:44:43 -0700] "GET / HTTP/1.1" 304 - "-" "Feedfetcher-Google; (+http://www.google.com/feedfetcher.html; 1 subscribers; feed-id=10831477631497958243)"
67.218.116.169 - - [02/Jul/2010:02:49:02 -0700] "GET /robots.txt HTTP/1.1" 302 355 "-" "Mozilla/5.0 (Twiceler-0.9 http://www.cuil.com/twiceler/robot.html)"
123.125.66.16 - - [02/Jul/2010:05:30:33 -0700] "GET /robots.txt HTTP/1.1" 302 355 "-" "Baiduspider+(+http://www.baidu.com/search/spider.htm)"
123.125.66.100 - - [02/Jul/2010:05:30:34 -0700] "GET / HTTP/1.1" 200 163 "-" "Baiduspider+(+http://www.baidu.com/search/spider.htm)"
72.14.199.151 - - [02/Jul/2010:05:45:04 -0700] "GET /feed/ HTTP/1.1" 302 355 "-" "Feedfetcher-Google; (+http://www.google.com/feedfetcher.html; 1 subscribers; feed-id=10831477631497958243)"
72.14.199.151 - - [02/Jul/2010:05:45:05 -0700] "GET / HTTP/1.1" 200 163 "-" "Feedfetcher-Google; (+http://www.google.com/feedfetcher.html; 1 subscribers; feed-id=10831477631497958243)"
216.129.119.45 - - [02/Jul/2010:07:14:01 -0700] "GET /robots.txt HTTP/1.1" 302 359 "-" "Mozilla/5.0 (Twiceler-0.9 http://www.cuil.com/twiceler/robot.html)"
207.46.13.44 - - [02/Jul/2010:07:34:33 -0700] "GET /robots.txt HTTP/1.1" 302 355 "-" "msnbot/2.0b (+http://search.msn.com/msnbot.htm)"
207.46.13.44 - - [02/Jul/2010:07:34:33 -0700] "GET / HTTP/1.1" 200 163 "-" "msnbot/2.0b (+http://search.msn.com/msnbot.htm)"
