195.128.18.19 - - [26/May/2010:22:54:07 -0700] "GET /sitemap.xml.gz HTTP/1.0" 302 359 "-" "Mozilla/5.0 (compatible; aiHitBot/1.0; +http://www.aihit.com/)"
195.128.18.19 - - [26/May/2010:22:54:09 -0700] "GET /google_sitemap.xml.gz HTTP/1.0" 302 359 "-" "Mozilla/5.0 (compatible; aiHitBot/1.0; +http://www.aihit.com/)"
195.128.18.19 - - [26/May/2010:22:54:11 -0700] "GET /sitemap/ HTTP/1.0" 302 359 "-" "Mozilla/5.0 (compatible; aiHitBot/1.0; +http://www.aihit.com/)"
216.241.182.150 - - [26/May/2010:23:00:50 -0700] "GET /feed/ HTTP/1.1" 302 355 "-" "NewsGatorOnline/2.0 (http://www.newsgator.com; 2 subscribers)"
216.241.182.150 - - [26/May/2010:23:00:50 -0700] "GET / HTTP/1.1" 304 - "-" "NewsGatorOnline/2.0 (http://www.newsgator.com; 2 subscribers)"
72.14.199.203 - - [26/May/2010:23:41:59 -0700] "GET /feed/ HTTP/1.1" 302 355 "-" "Feedfetcher-Google; (+http://www.google.com/feedfetcher.html; 1 subscribers; feed-id=10831477631497958243)"
72.14.199.203 - - [26/May/2010:23:42:00 -0700] "GET / HTTP/1.1" 304 - "-" "Feedfetcher-Google; (+http://www.google.com/feedfetcher.html; 1 subscribers; feed-id=10831477631497958243)"
72.14.199.203 - - [27/May/2010:02:42:07 -0700] "GET /feed/ HTTP/1.1" 302 355 "-" "Feedfetcher-Google; (+http://www.google.com/feedfetcher.html; 1 subscribers; feed-id=10831477631497958243)"
72.14.199.203 - - [27/May/2010:02:42:08 -0700] "GET / HTTP/1.1" 304 - "-" "Feedfetcher-Google; (+http://www.google.com/feedfetcher.html; 1 subscribers; feed-id=10831477631497958243)"
67.218.116.132 - - [27/May/2010:04:06:11 -0700] "GET /robots.txt HTTP/1.1" 302 355 "-" "Mozilla/5.0 (Twiceler-0.9 http://www.cuil.com/twiceler/robot.html)"
123.125.66.106 - - [27/May/2010:04:16:14 -0700] "GET /robots.txt HTTP/1.1" 302 355 "-" "Baiduspider+(+http://www.baidu.com/search/spider.htm)"
123.125.66.24 - - [27/May/2010:04:16:15 -0700] "GET / HTTP/1.1" 200 163 "-" "Baiduspider+(+http://www.baidu.com/search/spider.htm)"
72.14.199.203 - - [27/May/2010:05:42:21 -0700] "GET /feed/ HTTP/1.1" 302 355 "-" "Feedfetcher-Google; (+http://www.google.com/feedfetcher.html; 1 subscribers; feed-id=10831477631497958243)"
72.14.199.203 - - [27/May/2010:05:42:22 -0700] "GET / HTTP/1.1" 304 - "-" "Feedfetcher-Google; (+http://www.google.com/feedfetcher.html; 1 subscribers; feed-id=10831477631497958243)"
216.145.17.190 - - [27/May/2010:06:55:47 -0700] "GET /robots.txt HTTP/1.0" 302 359 "-" "Mozilla/5.0 (Windows; U; Windows NT 5.1; en; rv:1.9.0.13) Gecko/2009073022 Firefox/3.5.2 (.NET CLR 3.5.30729) SurveyBot/2.3 (DomainTools)"
216.145.17.190 - - [27/May/2010:06:55:48 -0700] "GET / HTTP/1.1" 200 163 "http://whois.domaintools.com/jasoncmartin.com" "Mozilla/5.0 (Windows; U; Windows NT 5.1; en; rv:1.9.0.13) Gecko/2009073022 Firefox/3.5.2 (.NET CLR 3.5.30729) SurveyBot/2.3 (DomainTools)"
72.14.199.203 - - [27/May/2010:08:43:59 -0700] "GET /feed/ HTTP/1.1" 302 355 "-" "Feedfetcher-Google; (+http://www.google.com/feedfetcher.html; 1 subscribers; feed-id=10831477631497958243)"
72.14.199.203 - - [27/May/2010:08:44:00 -0700] "GET / HTTP/1.1" 304 - "-" "Feedfetcher-Google; (+http://www.google.com/feedfetcher.html; 1 subscribers; feed-id=10831477631497958243)"
216.129.119.10 - - [27/May/2010:08:54:17 -0700] "GET /robots.txt HTTP/1.1" 302 359 "-" "Mozilla/5.0 (Twiceler-0.9 http://www.cuil.com/twiceler/robot.html)"
207.46.199.47 - - [27/May/2010:10:44:49 -0700] "GET /robots.txt HTTP/1.1" 302 355 "-" "msnbot/2.0b (+http://search.msn.com/msnbot.htm)"
207.46.199.47 - - [27/May/2010:10:44:49 -0700] "GET / HTTP/1.1" 200 163 "-" "msnbot/2.0b (+http://search.msn.com/msnbot.htm)"
207.46.199.47 - - [27/May/2010:10:45:55 -0700] "GET /category/the-brickfilmers-guide/ HTTP/1.1" 302 355 "-" "msnbot/2.0b (+http://search.msn.com/msnbot.htm)"
93.158.148.31 - - [27/May/2010:10:58:17 -0700] "GET /robots.txt HTTP/1.1" 302 355 "-" "Yandex/1.01.001 (compatible; Win16; I)"
67.195.110.169 - - [27/May/2010:11:06:26 -0700] "GET /robots.txt HTTP/1.0" 302 359 "-" "Mozilla/5.0 (compatible; Yahoo! Slurp; http://help.yahoo.com/help/us/ysearch/slurp)"
67.195.110.169 - - [27/May/2010:11:06:27 -0700] "GET / HTTP/1.0" 200 163 "-" "Mozilla/5.0 (compatible; Yahoo! Slurp; http://help.yahoo.com/help/us/ysearch/slurp)"
67.195.110.169 - - [27/May/2010:11:06:27 -0700] "GET / HTTP/1.0" 200 163 "-" "Mozilla/5.0 (compatible; Yahoo! Slurp/3.0; http://help.yahoo.com/help/us/ysearch/slurp)"
72.14.199.203 - - [27/May/2010:11:44:09 -0700] "GET /feed/ HTTP/1.1" 302 355 "-" "Feedfetcher-Google; (+http://www.google.com/feedfetcher.html; 1 subscribers; feed-id=10831477631497958243)"
72.14.199.203 - - [27/May/2010:11:44:10 -0700] "GET / HTTP/1.1" 304 - "-" "Feedfetcher-Google; (+http://www.google.com/feedfetcher.html; 1 subscribers; feed-id=10831477631497958243)"
72.14.199.203 - - [27/May/2010:14:44:20 -0700] "GET /feed/ HTTP/1.1" 302 355 "-" "Feedfetcher-Google; (+http://www.google.com/feedfetcher.html; 1 subscribers; feed-id=10831477631497958243)"
72.14.199.203 - - [27/May/2010:14:44:21 -0700] "GET / HTTP/1.1" 304 - "-" "Feedfetcher-Google; (+http://www.google.com/feedfetcher.html; 1 subscribers; feed-id=10831477631497958243)"
119.63.198.21 - - [27/May/2010:16:17:58 -0700] "GET /robots.txt HTTP/1.1" 302 355 "-" "Baiduspider+(+http://www.baidu.com/search/spider.htm)"
119.63.198.56 - - [27/May/2010:16:17:58 -0700] "GET / HTTP/1.1" 200 163 "-" "Baiduspider+(+http://www.baidu.com/search/spider.htm)"
72.14.199.203 - - [27/May/2010:17:44:29 -0700] "GET /feed/ HTTP/1.1" 302 355 "-" "Feedfetcher-Google; (+http://www.google.com/feedfetcher.html; 1 subscribers; feed-id=10831477631497958243)"
72.14.199.203 - - [27/May/2010:17:44:30 -0700] "GET / HTTP/1.1" 304 - "-" "Feedfetcher-Google; (+http://www.google.com/feedfetcher.html; 1 subscribers; feed-id=10831477631497958243)"
64.78.155.100 - - [27/May/2010:19:03:11 -0700] "GET /feed/ HTTP/1.1" 302 355 "-" "NewsGatorOnline/2.0 (http://www.newsgator.com; 2 subscribers)"
64.78.155.100 - - [27/May/2010:19:03:11 -0700] "GET / HTTP/1.1" 304 - "-" "NewsGatorOnline/2.0 (http://www.newsgator.com; 2 subscribers)"
207.46.199.43 - - [27/May/2010:19:19:29 -0700] "GET /robots.txt HTTP/1.1" 302 355 "-" "msnbot/2.0b (+http://search.msn.com/msnbot.htm)"
207.46.199.43 - - [27/May/2010:19:19:29 -0700] "GET / HTTP/1.1" 200 163 "-" "msnbot/2.0b (+http://search.msn.com/msnbot.htm)"
207.46.199.43 - - [27/May/2010:19:20:57 -0700] "GET /category/apple/ HTTP/1.1" 302 355 "-" "msnbot/2.0b (+http://search.msn.com/msnbot.htm)"
72.14.199.203 - - [27/May/2010:20:44:39 -0700] "GET /feed/ HTTP/1.1" 302 355 "-" "Feedfetcher-Google; (+http://www.google.com/feedfetcher.html; 1 subscribers; feed-id=10831477631497958243)"
72.14.199.203 - - [27/May/2010:20:44:40 -0700] "GET / HTTP/1.1" 304 - "-" "Feedfetcher-Google; (+http://www.google.com/feedfetcher.html; 1 subscribers; feed-id=10831477631497958243)"
72.14.199.203 - - [27/May/2010:23:44:49 -0700] "GET /feed/ HTTP/1.1" 302 355 "-" "Feedfetcher-Google; (+http://www.google.com/feedfetcher.html; 1 subscribers; feed-id=10831477631497958243)"
72.14.199.203 - - [27/May/2010:23:44:50 -0700] "GET / HTTP/1.1" 304 - "-" "Feedfetcher-Google; (+http://www.google.com/feedfetcher.html; 1 subscribers; feed-id=10831477631497958243)"
66.249.71.81 - - [28/May/2010:02:04:14 -0700] "GET /robots.txt HTTP/1.1" 302 355 "-" "Googlebot-Image/1.0"
66.249.71.81 - - [28/May/2010:02:04:14 -0700] "GET / HTTP/1.1" 200 163 "-" "Googlebot-Image/1.0"
66.249.71.81 - - [28/May/2010:02:04:14 -0700] "GET /wp-includes/images/smilies/icon_biggrin.gif HTTP/1.1" 302 355 "-" "Googlebot-Image/1.0"
66.249.71.81 - - [28/May/2010:02:04:14 -0700] "GET / HTTP/1.1" 200 163 "-" "Googlebot-Image/1.0"
72.14.199.203 - - [28/May/2010:02:44:59 -0700] "GET /feed/ HTTP/1.1" 302 355 "-" "Feedfetcher-Google; (+http://www.google.com/feedfetcher.html; 1 subscribers; feed-id=10831477631497958243)"
72.14.199.203 - - [28/May/2010:02:45:00 -0700] "GET / HTTP/1.1" 304 - "-" "Feedfetcher-Google; (+http://www.google.com/feedfetcher.html; 1 subscribers; feed-id=10831477631497958243)"
67.218.116.132 - - [28/May/2010:03:55:13 -0700] "GET / HTTP/1.1" 200 163 "-" "Mozilla/5.0 (Twiceler-0.9 http://www.cuil.com/twiceler/robot.html)"
38.101.148.126 - - [28/May/2010:04:02:14 -0700] "GET /robots.txt HTTP/1.1" 302 355 "-" "Mozilla/5.0 (compatible; discobot/1.1; +http://discoveryengine.com/discobot.html"
38.101.148.126 - - [28/May/2010:04:02:18 -0700] "GET /robots.txt HTTP/1.1" 302 355 "-" "Mozilla/5.0 (compatible; discobot/1.1; +http://discoveryengine.com/discobot.html"
38.101.148.126 - - [28/May/2010:04:02:22 -0700] "GET /robots.txt HTTP/1.1" 302 355 "-" "Mozilla/5.0 (compatible; discobot/1.1; +http://discoveryengine.com/discobot.html"
67.218.116.132 - - [28/May/2010:04:04:23 -0700] "GET /robots.txt HTTP/1.1" 302 355 "-" "Mozilla/5.0 (Twiceler-0.9 http://www.cuil.com/twiceler/robot.html)"
88.131.106.3 - - [28/May/2010:04:43:44 -0700] "GET /robots.txt HTTP/1.0" 302 355 "-" "Mozilla/5.0 (Windows; U; Windows NT 5.1; en-US) Speedy Spider (http://www.entireweb.com/about/search_tech/speedy_spider/)"
88.131.106.7 - - [28/May/2010:04:43:45 -0700] "GET / HTTP/1.0" 200 163 "-" "Mozilla/5.0 (Windows; U; Windows NT 5.1; en-US) Speedy Spider (http://www.entireweb.com/about/search_tech/speedy_spider/)"
193.47.80.37 - - [28/May/2010:04:51:17 -0700] "GET /robots.txt HTTP/1.1" 302 355 "-" "Mozilla/5.0 (compatible; Exabot/3.0; +http://www.exabot.com/go/robot)"
193.47.80.37 - - [28/May/2010:04:51:18 -0700] "GET / HTTP/1.1" 200 163 "-" "Mozilla/5.0 (compatible; Exabot/3.0; +http://www.exabot.com/go/robot)"
193.47.80.37 - - [28/May/2010:04:51:18 -0700] "GET /2006/06/not-dead/ HTTP/1.1" 302 355 "-" "Mozilla/5.0 (compatible; Exabot/3.0; +http://www.exabot.com/go/robot)"
193.47.80.37 - - [28/May/2010:04:51:24 -0700] "GET / HTTP/1.1" 304 - "-" "Mozilla/5.0 (compatible; Exabot/3.0; +http://www.exabot.com/go/robot)"
123.125.66.113 - - [28/May/2010:04:52:21 -0700] "GET /robots.txt HTTP/1.1" 302 355 "-" "Baiduspider+(+http://www.baidu.com/search/spider.htm)"
123.125.66.25 - - [28/May/2010:04:52:22 -0700] "GET / HTTP/1.1" 200 163 "-" "Baiduspider+(+http://www.baidu.com/search/spider.htm)"
72.14.199.203 - - [28/May/2010:05:45:09 -0700] "GET /feed/ HTTP/1.1" 302 355 "-" "Feedfetcher-Google; (+http://www.google.com/feedfetcher.html; 1 subscribers; feed-id=10831477631497958243)"
72.14.199.203 - - [28/May/2010:05:45:10 -0700] "GET / HTTP/1.1" 304 - "-" "Feedfetcher-Google; (+http://www.google.com/feedfetcher.html; 1 subscribers; feed-id=10831477631497958243)"
93.158.148.31 - - [28/May/2010:06:55:15 -0700] "GET / HTTP/1.1" 200 163 "-" "Yandex/1.01.001 (compatible; Win16; I)"
209.85.238.206 - - [28/May/2010:08:47:11 -0700] "GET /feed/ HTTP/1.1" 302 355 "-" "Feedfetcher-Google; (+http://www.google.com/feedfetcher.html; 1 subscribers; feed-id=10831477631497958243)"
209.85.238.206 - - [28/May/2010:08:47:12 -0700] "GET / HTTP/1.1" 200 163 "-" "Feedfetcher-Google; (+http://www.google.com/feedfetcher.html; 1 subscribers; feed-id=10831477631497958243)"
216.129.119.10 - - [28/May/2010:09:44:32 -0700] "GET /robots.txt HTTP/1.1" 302 359 "-" "Mozilla/5.0 (Twiceler-0.9 http://www.cuil.com/twiceler/robot.html)"
67.210.218.104 - - [28/May/2010:10:25:36 -0700] "GET /feed HTTP/1.1" 302 355 "-" "Rome Client (http://tinyurl.com/64t5n) Ver: 0.9"
67.210.218.104 - - [28/May/2010:10:25:36 -0700] "GET / HTTP/1.1" 200 163 "-" "Rome Client (http://tinyurl.com/64t5n) Ver: 0.9"
209.85.238.206 - - [28/May/2010:11:47:20 -0700] "GET /feed/ HTTP/1.1" 302 355 "-" "Feedfetcher-Google; (+http://www.google.com/feedfetcher.html; 1 subscribers; feed-id=10831477631497958243)"
209.85.238.206 - - [28/May/2010:11:47:21 -0700] "GET / HTTP/1.1" 304 - "-" "Feedfetcher-Google; (+http://www.google.com/feedfetcher.html; 1 subscribers; feed-id=10831477631497958243)"
65.55.3.134 - - [28/May/2010:12:10:20 -0700] "GET /robots.txt HTTP/1.1" 302 355 "-" "msnbot/2.0b (+http://search.msn.com/msnbot.htm)._"
65.55.3.134 - - [28/May/2010:12:10:21 -0700] "GET / HTTP/1.1" 200 163 "-" "msnbot/2.0b (+http://search.msn.com/msnbot.htm)._"
65.55.3.134 - - [28/May/2010:12:10:21 -0700] "GET / HTTP/1.1" 200 163 "-" "msnbot/2.0b (+http://search.msn.com/msnbot.htm)._"
93.158.148.31 - - [28/May/2010:14:06:13 -0700] "GET /robots.txt HTTP/1.1" 302 359 "-" "Yandex/1.01.001 (compatible; Win16; I)"
209.85.238.206 - - [28/May/2010:14:47:29 -0700] "GET /feed/ HTTP/1.1" 302 355 "-" "Feedfetcher-Google; (+http://www.google.com/feedfetcher.html; 1 subscribers; feed-id=10831477631497958243)"
209.85.238.206 - - [28/May/2010:14:47:30 -0700] "GET / HTTP/1.1" 304 - "-" "Feedfetcher-Google; (+http://www.google.com/feedfetcher.html; 1 subscribers; feed-id=10831477631497958243)"
207.46.199.177 - - [28/May/2010:14:57:39 -0700] "GET /robots.txt HTTP/1.1" 302 355 "-" "msnbot/2.0b (+http://search.msn.com/msnbot.htm)"
207.46.199.177 - - [28/May/2010:14:57:39 -0700] "GET / HTTP/1.1" 200 163 "-" "msnbot/2.0b (+http://search.msn.com/msnbot.htm)"
64.78.155.100 - - [28/May/2010:15:03:30 -0700] "GET /feed/ HTTP/1.1" 302 355 "-" "NewsGatorOnline/2.0 (http://www.newsgator.com; 2 subscribers)"
64.78.155.100 - - [28/May/2010:15:03:31 -0700] "GET / HTTP/1.1" 304 - "-" "NewsGatorOnline/2.0 (http://www.newsgator.com; 2 subscribers)"
188.223.29.77 - - [28/May/2010:15:37:57 -0700] "GET /favicon.ico HTTP/1.1" 302 355 "-" "NetNewsWire/3.2 (Mac OS X; http://www.newsgator.com/Individuals/NetNewsWire/)"
193.252.149.14 - - [28/May/2010:16:18:44 -0700] "GET /robots.txt HTTP/1.1" 302 355 "-" "Mozilla/5.0 (Windows; U; Windows NT 5.1; fr; rv:1.8.1) VoilaBot BETA 1.2 (support.voilabot@orange-ftgroup.com)"
193.252.149.14 - - [28/May/2010:16:19:02 -0700] "GET / HTTP/1.1" 200 163 "-" "Mozilla/5.0 (Windows; U; Windows NT 5.1; fr; rv:1.8.1) VoilaBot BETA 1.2 (support.voilabot@orange-ftgroup.com)"
209.85.238.206 - - [28/May/2010:16:33:05 -0700] "GET /feed/ HTTP/1.1" 302 355 "-" "Feedfetcher-Google; (+http://www.google.com/feedfetcher.html; 1 subscribers; feed-id=10831477631497958243)"
209.85.238.206 - - [28/May/2010:16:33:06 -0700] "GET / HTTP/1.1" 304 - "-" "Feedfetcher-Google; (+http://www.google.com/feedfetcher.html; 1 subscribers; feed-id=10831477631497958243)"
209.85.238.206 - - [28/May/2010:19:33:15 -0700] "GET /feed/ HTTP/1.1" 302 355 "-" "Feedfetcher-Google; (+http://www.google.com/feedfetcher.html; 1 subscribers; feed-id=10831477631497958243)"
209.85.238.206 - - [28/May/2010:19:33:16 -0700] "GET / HTTP/1.1" 304 - "-" "Feedfetcher-Google; (+http://www.google.com/feedfetcher.html; 1 subscribers; feed-id=10831477631497958243)"
119.63.198.48 - - [28/May/2010:19:38:36 -0700] "GET /robots.txt HTTP/1.1" 302 355 "-" "Baiduspider+(+http://www.baidu.com/search/spider.htm)"
119.63.198.33 - - [28/May/2010:19:38:37 -0700] "GET / HTTP/1.1" 200 163 "-" "Baiduspider+(+http://www.baidu.com/search/spider.htm)"
207.46.199.193 - - [28/May/2010:21:33:05 -0700] "GET /robots.txt HTTP/1.1" 302 355 "-" "msnbot/2.0b (+http://search.msn.com/msnbot.htm)"
207.46.199.193 - - [28/May/2010:21:33:05 -0700] "GET / HTTP/1.1" 200 163 "-" "msnbot/2.0b (+http://search.msn.com/msnbot.htm)"
93.158.148.31 - - [28/May/2010:21:39:44 -0700] "GET / HTTP/1.1" 200 163 "-" "Yandex/1.01.001 (compatible; Win16; I)"
209.85.238.206 - - [28/May/2010:22:33:25 -0700] "GET /feed/ HTTP/1.1" 302 355 "-" "Feedfetcher-Google; (+http://www.google.com/feedfetcher.html; 1 subscribers; feed-id=10831477631497958243)"
209.85.238.206 - - [28/May/2010:22:33:26 -0700] "GET / HTTP/1.1" 304 - "-" "Feedfetcher-Google; (+http://www.google.com/feedfetcher.html; 1 subscribers; feed-id=10831477631497958243)"
209.85.238.206 - - [29/May/2010:01:33:35 -0700] "GET /feed/ HTTP/1.1" 302 355 "-" "Feedfetcher-Google; (+http://www.google.com/feedfetcher.html; 1 subscribers; feed-id=10831477631497958243)"
209.85.238.206 - - [29/May/2010:01:33:36 -0700] "GET / HTTP/1.1" 304 - "-" "Feedfetcher-Google; (+http://www.google.com/feedfetcher.html; 1 subscribers; feed-id=10831477631497958243)"
123.125.66.108 - - [29/May/2010:02:04:02 -0700] "GET /robots.txt HTTP/1.1" 302 355 "-" "Baiduspider+(+http://www.baidu.com/search/spider.htm)"
123.125.66.104 - - [29/May/2010:02:04:03 -0700] "GET / HTTP/1.1" 200 163 "-" "Baiduspider+(+http://www.baidu.com/search/spider.htm)"
67.218.116.132 - - [29/May/2010:04:16:59 -0700] "GET /robots.txt HTTP/1.1" 302 355 "-" "Mozilla/5.0 (Twiceler-0.9 http://www.cuil.com/twiceler/robot.html)"
209.85.238.206 - - [29/May/2010:04:33:45 -0700] "GET /feed/ HTTP/1.1" 302 355 "-" "Feedfetcher-Google; (+http://www.google.com/feedfetcher.html; 1 subscribers; feed-id=10831477631497958243)"
209.85.238.206 - - [29/May/2010:04:33:46 -0700] "GET / HTTP/1.1" 304 - "-" "Feedfetcher-Google; (+http://www.google.com/feedfetcher.html; 1 subscribers; feed-id=10831477631497958243)"
207.46.199.199 - - [29/May/2010:04:46:58 -0700] "GET /robots.txt HTTP/1.1" 302 355 "-" "msnbot/2.0b (+http://search.msn.com/msnbot.htm)"
207.46.199.199 - - [29/May/2010:04:46:58 -0700] "GET / HTTP/1.1" 200 163 "-" "msnbot/2.0b (+http://search.msn.com/msnbot.htm)"
66.108.101.28 - - [29/May/2010:05:50:10 -0700] "GET /Images/basicdelta.gif HTTP/1.1" 302 355 "http://www.joseralat.com/forum/showthread.php?t=1280" "Mozilla/5.0 (Windows; U; Windows NT 5.1; en-US; rv:1.9.1.9) Gecko/20100315 Firefox/3.5.9"
66.108.101.28 - - [29/May/2010:05:50:10 -0700] "GET /Images/2371-2390.gif HTTP/1.1" 302 355 "http://www.joseralat.com/forum/showthread.php?t=1280" "Mozilla/5.0 (Windows; U; Windows NT 5.1; en-US; rv:1.9.1.9) Gecko/20100315 Firefox/3.5.9"
66.108.101.28 - - [29/May/2010:05:50:10 -0700] "GET /Images/Obsidian_Order.gif HTTP/1.1" 302 355 "http://www.joseralat.com/forum/showthread.php?t=1280" "Mozilla/5.0 (Windows; U; Windows NT 5.1; en-US; rv:1.9.1.9) Gecko/20100315 Firefox/3.5.9"
66.108.101.28 - - [29/May/2010:05:50:10 -0700] "GET /Images/29thcentury.gif HTTP/1.1" 302 355 "http://www.joseralat.com/forum/showthread.php?t=1280" "Mozilla/5.0 (Windows; U; Windows NT 5.1; en-US; rv:1.9.1.9) Gecko/20100315 Firefox/3.5.9"
66.108.101.28 - - [29/May/2010:05:50:11 -0700] "GET / HTTP/1.1" 200 163 "http://www.joseralat.com/forum/showthread.php?t=1280" "Mozilla/5.0 (Windows; U; Windows NT 5.1; en-US; rv:1.9.1.9) Gecko/20100315 Firefox/3.5.9"
66.108.101.28 - - [29/May/2010:05:50:11 -0700] "GET / HTTP/1.1" 206 163 "http://www.joseralat.com/forum/showthread.php?t=1280" "Mozilla/5.0 (Windows; U; Windows NT 5.1; en-US; rv:1.9.1.9) Gecko/20100315 Firefox/3.5.9"
66.108.101.28 - - [29/May/2010:05:50:11 -0700] "GET / HTTP/1.1" 206 163 "http://www.joseralat.com/forum/showthread.php?t=1280" "Mozilla/5.0 (Windows; U; Windows NT 5.1; en-US; rv:1.9.1.9) Gecko/20100315 Firefox/3.5.9"
66.108.101.28 - - [29/May/2010:05:50:11 -0700] "GET / HTTP/1.1" 206 163 "http://www.joseralat.com/forum/showthread.php?t=1280" "Mozilla/5.0 (Windows; U; Windows NT 5.1; en-US; rv:1.9.1.9) Gecko/20100315 Firefox/3.5.9"
66.108.101.28 - - [29/May/2010:05:50:37 -0700] "GET /Images/2371-2390.gif HTTP/1.1" 302 355 "http://www.joseralat.com/forum/newreply.php?do=postreply&t=1280" "Mozilla/5.0 (Windows; U; Windows NT 5.1; en-US; rv:1.9.1.9) Gecko/20100315 Firefox/3.5.9"
66.108.101.28 - - [29/May/2010:05:50:37 -0700] "GET /Images/basicdelta.gif HTTP/1.1" 302 355 "http://www.joseralat.com/forum/newreply.php?do=postreply&t=1280" "Mozilla/5.0 (Windows; U; Windows NT 5.1; en-US; rv:1.9.1.9) Gecko/20100315 Firefox/3.5.9"
66.108.101.28 - - [29/May/2010:05:50:37 -0700] "GET /Images/Obsidian_Order.gif HTTP/1.1" 302 355 "http://www.joseralat.com/forum/newreply.php?do=postreply&t=1280" "Mozilla/5.0 (Windows; U; Windows NT 5.1; en-US; rv:1.9.1.9) Gecko/20100315 Firefox/3.5.9"
66.108.101.28 - - [29/May/2010:05:50:37 -0700] "GET /Images/29thcentury.gif HTTP/1.1" 302 355 "http://www.joseralat.com/forum/newreply.php?do=postreply&t=1280" "Mozilla/5.0 (Windows; U; Windows NT 5.1; en-US; rv:1.9.1.9) Gecko/20100315 Firefox/3.5.9"
66.108.101.28 - - [29/May/2010:05:50:37 -0700] "GET / HTTP/1.1" 206 163 "http://www.joseralat.com/forum/newreply.php?do=postreply&t=1280" "Mozilla/5.0 (Windows; U; Windows NT 5.1; en-US; rv:1.9.1.9) Gecko/20100315 Firefox/3.5.9"
66.108.101.28 - - [29/May/2010:05:50:38 -0700] "GET / HTTP/1.1" 206 163 "http://www.joseralat.com/forum/newreply.php?do=postreply&t=1280" "Mozilla/5.0 (Windows; U; Windows NT 5.1; en-US; rv:1.9.1.9) Gecko/20100315 Firefox/3.5.9"
66.108.101.28 - - [29/May/2010:05:50:38 -0700] "GET / HTTP/1.1" 206 163 "http://www.joseralat.com/forum/newreply.php?do=postreply&t=1280" "Mozilla/5.0 (Windows; U; Windows NT 5.1; en-US; rv:1.9.1.9) Gecko/20100315 Firefox/3.5.9"
66.108.101.28 - - [29/May/2010:05:50:38 -0700] "GET / HTTP/1.1" 206 163 "http://www.joseralat.com/forum/newreply.php?do=postreply&t=1280" "Mozilla/5.0 (Windows; U; Windows NT 5.1; en-US; rv:1.9.1.9) Gecko/20100315 Firefox/3.5.9"
66.108.101.28 - - [29/May/2010:05:50:58 -0700] "GET / HTTP/1.1" 206 163 "http://www.joseralat.com/forum/showthread.php?t=1280" "Mozilla/5.0 (Windows; U; Windows NT 5.1; en-US; rv:1.9.1.9) Gecko/20100315 Firefox/3.5.9"
66.108.101.28 - - [29/May/2010:05:50:58 -0700] "GET / HTTP/1.1" 206 163 "http://www.joseralat.com/forum/showthread.php?t=1280" "Mozilla/5.0 (Windows; U; Windows NT 5.1; en-US; rv:1.9.1.9) Gecko/20100315 Firefox/3.5.9"
66.108.101.28 - - [29/May/2010:05:50:58 -0700] "GET / HTTP/1.1" 206 163 "http://www.joseralat.com/forum/showthread.php?t=1280" "Mozilla/5.0 (Windows; U; Windows NT 5.1; en-US; rv:1.9.1.9) Gecko/20100315 Firefox/3.5.9"
66.108.101.28 - - [29/May/2010:05:50:59 -0700] "GET / HTTP/1.1" 206 163 "http://www.joseralat.com/forum/showthread.php?t=1280" "Mozilla/5.0 (Windows; U; Windows NT 5.1; en-US; rv:1.9.1.9) Gecko/20100315 Firefox/3.5.9"
38.99.96.70 - - [29/May/2010:06:06:34 -0700] "GET /robots.txt HTTP/1.1" 302 355 "-" "Mozilla/5.0 (compatible; ScoutJet; +http://www.scoutjet.com/)"
38.99.96.70 - - [29/May/2010:06:07:01 -0700] "GET / HTTP/1.1" 200 163 "-" "Mozilla/5.0 (compatible; ScoutJet; +http://www.scoutjet.com/)"
38.99.96.70 - - [29/May/2010:06:07:20 -0700] "GET / HTTP/1.1" 200 163 "-" "Mozilla/5.0 (compatible; ScoutJet; +http://www.scoutjet.com/)"
38.99.96.70 - - [29/May/2010:06:07:42 -0700] "GET /favicon.ico HTTP/1.1" 302 355 "-" "Mozilla/5.0 (compatible; ScoutJet; +http://www.scoutjet.com/)"
209.85.238.206 - - [29/May/2010:07:33:55 -0700] "GET /feed/ HTTP/1.1" 302 355 "-" "Feedfetcher-Google; (+http://www.google.com/feedfetcher.html; 1 subscribers; feed-id=10831477631497958243)"
209.85.238.206 - - [29/May/2010:07:33:55 -0700] "GET / HTTP/1.1" 304 - "-" "Feedfetcher-Google; (+http://www.google.com/feedfetcher.html; 1 subscribers; feed-id=10831477631497958243)"
216.129.119.10 - - [29/May/2010:09:08:50 -0700] "GET /robots.txt HTTP/1.1" 302 359 "-" "Mozilla/5.0 (Twiceler-0.9 http://www.cuil.com/twiceler/robot.html)"
209.85.238.206 - - [29/May/2010:10:34:05 -0700] "GET /feed/ HTTP/1.1" 302 355 "-" "Feedfetcher-Google; (+http://www.google.com/feedfetcher.html; 1 subscribers; feed-id=10831477631497958243)"
209.85.238.206 - - [29/May/2010:10:34:05 -0700] "GET / HTTP/1.1" 304 - "-" "Feedfetcher-Google; (+http://www.google.com/feedfetcher.html; 1 subscribers; feed-id=10831477631497958243)"
64.78.155.100 - - [29/May/2010:11:04:11 -0700] "GET /feed/ HTTP/1.1" 302 355 "-" "NewsGatorOnline/2.0 (http://www.newsgator.com; 2 subscribers)"
64.78.155.100 - - [29/May/2010:11:04:11 -0700] "GET / HTTP/1.1" 304 - "-" "NewsGatorOnline/2.0 (http://www.newsgator.com; 2 subscribers)"
209.85.238.206 - - [29/May/2010:13:34:14 -0700] "GET /feed/ HTTP/1.1" 302 355 "-" "Feedfetcher-Google; (+http://www.google.com/feedfetcher.html; 1 subscribers; feed-id=10831477631497958243)"
209.85.238.206 - - [29/May/2010:13:34:15 -0700] "GET / HTTP/1.1" 304 - "-" "Feedfetcher-Google; (+http://www.google.com/feedfetcher.html; 1 subscribers; feed-id=10831477631497958243)"
209.85.238.206 - - [29/May/2010:16:34:25 -0700] "GET /feed/ HTTP/1.1" 302 355 "-" "Feedfetcher-Google; (+http://www.google.com/feedfetcher.html; 1 subscribers; feed-id=10831477631497958243)"
209.85.238.206 - - [29/May/2010:16:34:26 -0700] "GET / HTTP/1.1" 304 - "-" "Feedfetcher-Google; (+http://www.google.com/feedfetcher.html; 1 subscribers; feed-id=10831477631497958243)"
209.85.238.206 - - [29/May/2010:19:34:35 -0700] "GET /feed/ HTTP/1.1" 302 355 "-" "Feedfetcher-Google; (+http://www.google.com/feedfetcher.html; 1 subscribers; feed-id=10831477631497958243)"
209.85.238.206 - - [29/May/2010:19:34:36 -0700] "GET / HTTP/1.1" 304 - "-" "Feedfetcher-Google; (+http://www.google.com/feedfetcher.html; 1 subscribers; feed-id=10831477631497958243)"
119.63.198.37 - - [29/May/2010:19:39:28 -0700] "GET /robots.txt HTTP/1.1" 302 355 "-" "Baiduspider+(+http://www.baidu.com/search/spider.htm)"
119.63.198.52 - - [29/May/2010:19:39:29 -0700] "GET / HTTP/1.1" 200 163 "-" "Baiduspider+(+http://www.baidu.com/search/spider.htm)"
67.210.218.104 - - [29/May/2010:20:24:24 -0700] "GET /feed HTTP/1.1" 302 355 "-" "Rome Client (http://tinyurl.com/64t5n) Ver: 0.9"
67.210.218.104 - - [29/May/2010:20:24:24 -0700] "GET / HTTP/1.1" 200 163 "-" "Rome Client (http://tinyurl.com/64t5n) Ver: 0.9"
209.85.238.206 - - [29/May/2010:22:34:45 -0700] "GET /feed/ HTTP/1.1" 302 355 "-" "Feedfetcher-Google; (+http://www.google.com/feedfetcher.html; 1 subscribers; feed-id=10831477631497958243)"
209.85.238.206 - - [29/May/2010:22:34:46 -0700] "GET / HTTP/1.1" 304 - "-" "Feedfetcher-Google; (+http://www.google.com/feedfetcher.html; 1 subscribers; feed-id=10831477631497958243)"
207.46.199.191 - - [30/May/2010:00:51:44 -0700] "GET /robots.txt HTTP/1.1" 302 355 "-" "msnbot/2.0b (+http://search.msn.com/msnbot.htm)"
207.46.199.191 - - [30/May/2010:00:51:44 -0700] "GET / HTTP/1.1" 200 163 "-" "msnbot/2.0b (+http://search.msn.com/msnbot.htm)"
38.101.148.126 - - [30/May/2010:01:27:30 -0700] "GET /robots.txt HTTP/1.1" 302 355 "-" "Mozilla/5.0 (compatible; discobot/1.1; +http://discoveryengine.com/discobot.html"
38.101.148.126 - - [30/May/2010:01:27:32 -0700] "GET /robots.txt HTTP/1.1" 302 355 "-" "Mozilla/5.0 (compatible; discobot/1.1; +http://discoveryengine.com/discobot.html"
38.101.148.126 - - [30/May/2010:01:27:34 -0700] "GET /robots.txt HTTP/1.1" 302 355 "-" "Mozilla/5.0 (compatible; discobot/1.1; +http://discoveryengine.com/discobot.html"
209.85.238.206 - - [30/May/2010:01:34:58 -0700] "GET /feed/ HTTP/1.1" 302 355 "-" "Feedfetcher-Google; (+http://www.google.com/feedfetcher.html; 1 subscribers; feed-id=10831477631497958243)"
209.85.238.206 - - [30/May/2010:01:34:58 -0700] "GET / HTTP/1.1" 304 - "-" "Feedfetcher-Google; (+http://www.google.com/feedfetcher.html; 1 subscribers; feed-id=10831477631497958243)"
66.249.67.8 - - [30/May/2010:02:04:19 -0700] "GET /robots.txt HTTP/1.1" 302 355 "-" "Googlebot-Image/1.0"
66.249.67.8 - - [30/May/2010:02:04:20 -0700] "GET / HTTP/1.1" 200 163 "-" "Googlebot-Image/1.0"
66.249.67.8 - - [30/May/2010:02:04:20 -0700] "GET /wp-content/themes/asusena/images/masthead.png HTTP/1.1" 302 355 "-" "Googlebot-Image/1.0"
66.249.67.8 - - [30/May/2010:02:04:20 -0700] "GET / HTTP/1.1" 200 163 "-" "Googlebot-Image/1.0"
123.125.66.40 - - [30/May/2010:02:11:04 -0700] "GET /robots.txt HTTP/1.1" 302 355 "-" "Baiduspider+(+http://www.baidu.com/search/spider.htm)"
123.125.66.22 - - [30/May/2010:02:11:05 -0700] "GET / HTTP/1.1" 200 163 "-" "Baiduspider+(+http://www.baidu.com/search/spider.htm)"
67.218.116.132 - - [30/May/2010:04:12:46 -0700] "GET /robots.txt HTTP/1.1" 302 355 "-" "Mozilla/5.0 (Twiceler-0.9 http://www.cuil.com/twiceler/robot.html)"
209.85.238.206 - - [30/May/2010:04:35:04 -0700] "GET /feed/ HTTP/1.1" 302 355 "-" "Feedfetcher-Google; (+http://www.google.com/feedfetcher.html; 1 subscribers; feed-id=10831477631497958243)"
209.85.238.206 - - [30/May/2010:04:35:05 -0700] "GET / HTTP/1.1" 304 - "-" "Feedfetcher-Google; (+http://www.google.com/feedfetcher.html; 1 subscribers; feed-id=10831477631497958243)"
67.195.112.52 - - [30/May/2010:05:03:50 -0700] "GET /robots.txt HTTP/1.0" 302 355 "-" "Mozilla/5.0 (compatible; Yahoo! Slurp; http://help.yahoo.com/help/us/ysearch/slurp)"
67.195.112.52 - - [30/May/2010:05:03:51 -0700] "GET / HTTP/1.0" 200 163 "-" "Mozilla/5.0 (compatible; Yahoo! Slurp; http://help.yahoo.com/help/us/ysearch/slurp)"
67.195.112.52 - - [30/May/2010:05:03:51 -0700] "GET / HTTP/1.0" 200 163 "-" "Mozilla/5.0 (compatible; Yahoo! Slurp/3.0; http://help.yahoo.com/help/us/ysearch/slurp)"
213.93.80.48 - - [30/May/2010:06:37:57 -0700] "GET / HTTP/1.1" 200 163 "-" "Java/1.6.0_19"
64.78.155.100 - - [30/May/2010:07:06:59 -0700] "GET /feed/ HTTP/1.1" 302 355 "-" "NewsGatorOnline/2.0 (http://www.newsgator.com; 2 subscribers)"
64.78.155.100 - - [30/May/2010:07:06:59 -0700] "GET / HTTP/1.1" 304 - "-" "NewsGatorOnline/2.0 (http://www.newsgator.com; 2 subscribers)"
209.85.238.206 - - [30/May/2010:07:35:15 -0700] "GET /feed/ HTTP/1.1" 302 355 "-" "Feedfetcher-Google; (+http://www.google.com/feedfetcher.html; 1 subscribers; feed-id=10831477631497958243)"
209.85.238.206 - - [30/May/2010:07:35:15 -0700] "GET / HTTP/1.1" 304 - "-" "Feedfetcher-Google; (+http://www.google.com/feedfetcher.html; 1 subscribers; feed-id=10831477631497958243)"
188.223.29.77 - - [30/May/2010:07:53:04 -0700] "GET /favicon.ico HTTP/1.1" 302 355 "-" "NetNewsWire/3.2 (Mac OS X; http://www.newsgator.com/Individuals/NetNewsWire/)"
216.129.119.10 - - [30/May/2010:09:48:35 -0700] "GET /robots.txt HTTP/1.1" 302 359 "-" "Mozilla/5.0 (Twiceler-0.9 http://www.cuil.com/twiceler/robot.html)"
209.85.238.206 - - [30/May/2010:10:35:24 -0700] "GET /feed/ HTTP/1.1" 302 355 "-" "Feedfetcher-Google; (+http://www.google.com/feedfetcher.html; 1 subscribers; feed-id=10831477631497958243)"
209.85.238.206 - - [30/May/2010:10:35:25 -0700] "GET / HTTP/1.1" 304 - "-" "Feedfetcher-Google; (+http://www.google.com/feedfetcher.html; 1 subscribers; feed-id=10831477631497958243)"
93.158.148.31 - - [30/May/2010:12:30:22 -0700] "GET /robots.txt HTTP/1.1" 302 355 "-" "Yandex/1.01.001 (compatible; Win16; I)"
209.85.238.206 - - [30/May/2010:13:35:35 -0700] "GET /feed/ HTTP/1.1" 302 355 "-" "Feedfetcher-Google; (+http://www.google.com/feedfetcher.html; 1 subscribers; feed-id=10831477631497958243)"
209.85.238.206 - - [30/May/2010:13:35:36 -0700] "GET / HTTP/1.1" 304 - "-" "Feedfetcher-Google; (+http://www.google.com/feedfetcher.html; 1 subscribers; feed-id=10831477631497958243)"
209.85.238.206 - - [30/May/2010:16:35:45 -0700] "GET /feed/ HTTP/1.1" 302 355 "-" "Feedfetcher-Google; (+http://www.google.com/feedfetcher.html; 1 subscribers; feed-id=10831477631497958243)"
209.85.238.206 - - [30/May/2010:16:35:46 -0700] "GET / HTTP/1.1" 304 - "-" "Feedfetcher-Google; (+http://www.google.com/feedfetcher.html; 1 subscribers; feed-id=10831477631497958243)"
193.47.80.37 - - [30/May/2010:16:58:23 -0700] "GET /robots.txt HTTP/1.1" 302 355 "-" "Mozilla/5.0 (compatible; Exabot/3.0; +http://www.exabot.com/go/robot)"
193.47.80.37 - - [30/May/2010:16:58:24 -0700] "GET / HTTP/1.1" 200 163 "-" "Mozilla/5.0 (compatible; Exabot/3.0; +http://www.exabot.com/go/robot)"
193.47.80.37 - - [30/May/2010:16:58:24 -0700] "GET / HTTP/1.1" 304 - "-" "Mozilla/5.0 (compatible; Exabot/3.0; +http://www.exabot.com/go/robot)"
207.46.199.180 - - [30/May/2010:17:07:51 -0700] "GET /robots.txt HTTP/1.1" 302 355 "-" "msnbot/2.0b (+http://search.msn.com/msnbot.htm)"
207.46.199.180 - - [30/May/2010:17:07:51 -0700] "GET / HTTP/1.1" 200 163 "-" "msnbot/2.0b (+http://search.msn.com/msnbot.htm)"
209.85.238.206 - - [30/May/2010:19:35:55 -0700] "GET /feed/ HTTP/1.1" 302 355 "-" "Feedfetcher-Google; (+http://www.google.com/feedfetcher.html; 1 subscribers; feed-id=10831477631497958243)"
209.85.238.206 - - [30/May/2010:19:35:56 -0700] "GET / HTTP/1.1" 304 - "-" "Feedfetcher-Google; (+http://www.google.com/feedfetcher.html; 1 subscribers; feed-id=10831477631497958243)"
119.63.198.7 - - [30/May/2010:19:41:06 -0700] "GET /robots.txt HTTP/1.1" 302 355 "-" "Baiduspider+(+http://www.baidu.com/search/spider.htm)"
119.63.198.30 - - [30/May/2010:19:41:06 -0700] "GET / HTTP/1.1" 200 163 "-" "Baiduspider+(+http://www.baidu.com/search/spider.htm)"
207.46.199.199 - - [30/May/2010:22:01:28 -0700] "GET /robots.txt HTTP/1.1" 302 355 "-" "msnbot/2.0b (+http://search.msn.com/msnbot.htm)"
207.46.199.199 - - [30/May/2010:22:01:29 -0700] "GET / HTTP/1.1" 200 163 "-" "msnbot/2.0b (+http://search.msn.com/msnbot.htm)"
93.158.148.31 - - [30/May/2010:22:34:58 -0700] "GET / HTTP/1.1" 200 163 "-" "Yandex/1.01.001 (compatible; Win16; I)"
209.85.238.206 - - [30/May/2010:22:36:05 -0700] "GET /feed/ HTTP/1.1" 302 355 "-" "Feedfetcher-Google; (+http://www.google.com/feedfetcher.html; 1 subscribers; feed-id=10831477631497958243)"
209.85.238.206 - - [30/May/2010:22:36:06 -0700] "GET / HTTP/1.1" 304 - "-" "Feedfetcher-Google; (+http://www.google.com/feedfetcher.html; 1 subscribers; feed-id=10831477631497958243)"
209.85.238.206 - - [31/May/2010:01:36:15 -0700] "GET /feed/ HTTP/1.1" 302 355 "-" "Feedfetcher-Google; (+http://www.google.com/feedfetcher.html; 1 subscribers; feed-id=10831477631497958243)"
209.85.238.206 - - [31/May/2010:01:36:15 -0700] "GET / HTTP/1.1" 304 - "-" "Feedfetcher-Google; (+http://www.google.com/feedfetcher.html; 1 subscribers; feed-id=10831477631497958243)"
123.125.66.43 - - [31/May/2010:02:16:52 -0700] "GET /robots.txt HTTP/1.1" 302 355 "-" "Baiduspider+(+http://www.baidu.com/search/spider.htm)"
123.125.66.18 - - [31/May/2010:02:16:52 -0700] "GET / HTTP/1.1" 200 163 "-" "Baiduspider+(+http://www.baidu.com/search/spider.htm)"
74.222.5.146 - - [31/May/2010:02:17:50 -0700] "GET / HTTP/1.0" 200 163 "http://jasoncmartin.com/" "Mozilla/4.0 (compatible; MSIE 8.0; Windows NT 5.1; SV1; .NET CLR 2.0.50727)"
216.241.182.150 - - [31/May/2010:03:04:33 -0700] "GET /feed/ HTTP/1.1" 302 355 "-" "NewsGatorOnline/2.0 (http://www.newsgator.com; 2 subscribers)"
216.241.182.150 - - [31/May/2010:03:04:33 -0700] "GET / HTTP/1.1" 304 - "-" "NewsGatorOnline/2.0 (http://www.newsgator.com; 2 subscribers)"
92.42.124.27 - - [31/May/2010:03:31:57 -0700] "GET / HTTP/1.1" 200 163 "-" "Mozilla/4.0 (compatible; MSIE 5.5; Windows NT)"
67.218.116.132 - - [31/May/2010:03:57:01 -0700] "GET /robots.txt HTTP/1.1" 302 355 "-" "Mozilla/5.0 (Twiceler-0.9 http://www.cuil.com/twiceler/robot.html)"
209.85.238.206 - - [31/May/2010:04:36:25 -0700] "GET /feed/ HTTP/1.1" 302 355 "-" "Feedfetcher-Google; (+http://www.google.com/feedfetcher.html; 1 subscribers; feed-id=10831477631497958243)"
209.85.238.206 - - [31/May/2010:04:36:26 -0700] "GET / HTTP/1.1" 200 163 "-" "Feedfetcher-Google; (+http://www.google.com/feedfetcher.html; 1 subscribers; feed-id=10831477631497958243)"
207.46.199.180 - - [31/May/2010:05:36:23 -0700] "GET /robots.txt HTTP/1.1" 302 355 "-" "msnbot/2.0b (+http://search.msn.com/msnbot.htm)"
207.46.199.180 - - [31/May/2010:05:36:23 -0700] "GET / HTTP/1.1" 200 163 "-" "msnbot/2.0b (+http://search.msn.com/msnbot.htm)"
72.14.199.203 - - [31/May/2010:07:36:34 -0700] "GET /feed/ HTTP/1.1" 302 355 "-" "Feedfetcher-Google; (+http://www.google.com/feedfetcher.html; 1 subscribers; feed-id=10831477631497958243)"
72.14.199.203 - - [31/May/2010:07:36:35 -0700] "GET / HTTP/1.1" 200 163 "-" "Feedfetcher-Google; (+http://www.google.com/feedfetcher.html; 1 subscribers; feed-id=10831477631497958243)"
216.129.119.10 - - [31/May/2010:09:25:25 -0700] "GET /robots.txt HTTP/1.1" 302 359 "-" "Mozilla/5.0 (Twiceler-0.9 http://www.cuil.com/twiceler/robot.html)"
72.14.199.203 - - [31/May/2010:10:36:44 -0700] "GET /feed/ HTTP/1.1" 302 355 "-" "Feedfetcher-Google; (+http://www.google.com/feedfetcher.html; 1 subscribers; feed-id=10831477631497958243)"
72.14.199.203 - - [31/May/2010:10:36:45 -0700] "GET / HTTP/1.1" 304 - "-" "Feedfetcher-Google; (+http://www.google.com/feedfetcher.html; 1 subscribers; feed-id=10831477631497958243)"
93.158.148.31 - - [31/May/2010:12:07:10 -0700] "GET /robots.txt HTTP/1.1" 302 359 "-" "Yandex/1.01.001 (compatible; Win16; I)"
72.14.199.203 - - [31/May/2010:13:36:54 -0700] "GET /feed/ HTTP/1.1" 302 355 "-" "Feedfetcher-Google; (+http://www.google.com/feedfetcher.html; 1 subscribers; feed-id=10831477631497958243)"
72.14.199.203 - - [31/May/2010:13:36:55 -0700] "GET / HTTP/1.1" 304 - "-" "Feedfetcher-Google; (+http://www.google.com/feedfetcher.html; 1 subscribers; feed-id=10831477631497958243)"
67.210.218.104 - - [31/May/2010:13:53:14 -0700] "GET /feed HTTP/1.1" 302 355 "-" "Rome Client (http://tinyurl.com/64t5n) Ver: 0.9"
67.210.218.104 - - [31/May/2010:13:53:15 -0700] "GET / HTTP/1.1" 200 163 "-" "Rome Client (http://tinyurl.com/64t5n) Ver: 0.9"
193.252.149.14 - - [31/May/2010:16:07:05 -0700] "GET / HTTP/1.1" 200 163 "-" "Mozilla/5.0 (Windows; U; Windows NT 5.1; fr; rv:1.8.1) VoilaBot BETA 1.2 (support.voilabot@orange-ftgroup.com)"
188.223.29.77 - - [31/May/2010:16:34:59 -0700] "GET /favicon.ico HTTP/1.1" 302 355 "-" "NetNewsWire/3.2 (Mac OS X; http://www.newsgator.com/Individuals/NetNewsWire/)"
72.14.199.203 - - [31/May/2010:16:37:04 -0700] "GET /feed/ HTTP/1.1" 302 355 "-" "Feedfetcher-Google; (+http://www.google.com/feedfetcher.html; 1 subscribers; feed-id=10831477631497958243)"
72.14.199.203 - - [31/May/2010:16:37:05 -0700] "GET / HTTP/1.1" 304 - "-" "Feedfetcher-Google; (+http://www.google.com/feedfetcher.html; 1 subscribers; feed-id=10831477631497958243)"
72.14.199.203 - - [31/May/2010:19:37:14 -0700] "GET /feed/ HTTP/1.1" 302 355 "-" "Feedfetcher-Google; (+http://www.google.com/feedfetcher.html; 1 subscribers; feed-id=10831477631497958243)"
72.14.199.203 - - [31/May/2010:19:37:15 -0700] "GET / HTTP/1.1" 304 - "-" "Feedfetcher-Google; (+http://www.google.com/feedfetcher.html; 1 subscribers; feed-id=10831477631497958243)"
119.63.198.54 - - [31/May/2010:19:39:35 -0700] "GET /robots.txt HTTP/1.1" 302 355 "-" "Baiduspider+(+http://www.baidu.com/search/spider.htm)"
119.63.198.33 - - [31/May/2010:19:39:35 -0700] "GET / HTTP/1.1" 200 163 "-" "Baiduspider+(+http://www.baidu.com/search/spider.htm)"
72.14.199.203 - - [31/May/2010:22:37:24 -0700] "GET /feed/ HTTP/1.1" 302 355 "-" "Feedfetcher-Google; (+http://www.google.com/feedfetcher.html; 1 subscribers; feed-id=10831477631497958243)"
72.14.199.203 - - [31/May/2010:22:37:25 -0700] "GET / HTTP/1.1" 304 - "-" "Feedfetcher-Google; (+http://www.google.com/feedfetcher.html; 1 subscribers; feed-id=10831477631497958243)"
64.78.155.100 - - [31/May/2010:23:08:01 -0700] "GET /feed/ HTTP/1.1" 302 355 "-" "NewsGatorOnline/2.0 (http://www.newsgator.com; 2 subscribers)"
64.78.155.100 - - [31/May/2010:23:08:01 -0700] "GET / HTTP/1.1" 304 - "-" "NewsGatorOnline/2.0 (http://www.newsgator.com; 2 subscribers)"
93.158.148.31 - - [31/May/2010:23:51:01 -0700] "GET / HTTP/1.1" 200 163 "-" "Yandex/1.01.001 (compatible; Win16; I)"
72.14.199.203 - - [01/Jun/2010:01:37:35 -0700] "GET /feed/ HTTP/1.1" 302 355 "-" "Feedfetcher-Google; (+http://www.google.com/feedfetcher.html; 1 subscribers; feed-id=10831477631497958243)"
72.14.199.203 - - [01/Jun/2010:01:37:36 -0700] "GET / HTTP/1.1" 304 - "-" "Feedfetcher-Google; (+http://www.google.com/feedfetcher.html; 1 subscribers; feed-id=10831477631497958243)"
123.125.66.107 - - [01/Jun/2010:03:38:31 -0700] "GET /robots.txt HTTP/1.1" 302 355 "-" "Baiduspider+(+http://www.baidu.com/search/spider.htm)"
123.125.66.22 - - [01/Jun/2010:03:38:32 -0700] "GET / HTTP/1.1" 200 163 "-" "Baiduspider+(+http://www.baidu.com/search/spider.htm)"
67.218.116.132 - - [01/Jun/2010:04:02:29 -0700] "GET /robots.txt HTTP/1.1" 302 355 "-" "Mozilla/5.0 (Twiceler-0.9 http://www.cuil.com/twiceler/robot.html)"
72.14.199.203 - - [01/Jun/2010:04:37:45 -0700] "GET /feed/ HTTP/1.1" 302 355 "-" "Feedfetcher-Google; (+http://www.google.com/feedfetcher.html; 1 subscribers; feed-id=10831477631497958243)"
72.14.199.203 - - [01/Jun/2010:04:37:45 -0700] "GET / HTTP/1.1" 304 - "-" "Feedfetcher-Google; (+http://www.google.com/feedfetcher.html; 1 subscribers; feed-id=10831477631497958243)"
72.14.199.203 - - [01/Jun/2010:07:37:55 -0700] "GET /feed/ HTTP/1.1" 302 355 "-" "Feedfetcher-Google; (+http://www.google.com/feedfetcher.html; 1 subscribers; feed-id=10831477631497958243)"
72.14.199.203 - - [01/Jun/2010:07:37:55 -0700] "GET / HTTP/1.1" 304 - "-" "Feedfetcher-Google; (+http://www.google.com/feedfetcher.html; 1 subscribers; feed-id=10831477631497958243)"
216.129.119.10 - - [01/Jun/2010:08:22:03 -0700] "GET /robots.txt HTTP/1.1" 302 359 "-" "Mozilla/5.0 (Twiceler-0.9 http://www.cuil.com/twiceler/robot.html)"
72.14.199.203 - - [01/Jun/2010:10:38:05 -0700] "GET /feed/ HTTP/1.1" 302 355 "-" "Feedfetcher-Google; (+http://www.google.com/feedfetcher.html; 1 subscribers; feed-id=10831477631497958243)"
72.14.199.203 - - [01/Jun/2010:10:38:05 -0700] "GET / HTTP/1.1" 304 - "-" "Feedfetcher-Google; (+http://www.google.com/feedfetcher.html; 1 subscribers; feed-id=10831477631497958243)"
207.46.199.179 - - [01/Jun/2010:11:02:35 -0700] "GET /robots.txt HTTP/1.1" 302 355 "-" "msnbot/2.0b (+http://search.msn.com/msnbot.htm)"
207.46.199.179 - - [01/Jun/2010:11:02:35 -0700] "GET / HTTP/1.1" 200 163 "-" "msnbot/2.0b (+http://search.msn.com/msnbot.htm)"
85.176.202.90 - - [01/Jun/2010:11:50:45 -0700] "GET /Images/Obsidian_Order.gif HTTP/1.1" 302 355 "http://www.joseralat.com/forum/showthread.php?t=1280" "Mozilla/4.0 (compatible; MSIE 8.0; Windows NT 6.1; WOW64; Trident/4.0; SLCC2; .NET CLR 2.0.50727; .NET CLR 3.5.30729; .NET CLR 3.0.30729; Media Center PC 6.0; .NET4.0C; .NET4.0E)"
85.176.202.90 - - [01/Jun/2010:11:50:45 -0700] "GET /Images/2371-2390.gif HTTP/1.1" 302 355 "http://www.joseralat.com/forum/showthread.php?t=1280" "Mozilla/4.0 (compatible; MSIE 8.0; Windows NT 6.1; WOW64; Trident/4.0; SLCC2; .NET CLR 2.0.50727; .NET CLR 3.5.30729; .NET CLR 3.0.30729; Media Center PC 6.0; .NET4.0C; .NET4.0E)"
85.176.202.90 - - [01/Jun/2010:11:50:45 -0700] "GET /Images/basicdelta.gif HTTP/1.1" 302 355 "http://www.joseralat.com/forum/showthread.php?t=1280" "Mozilla/4.0 (compatible; MSIE 8.0; Windows NT 6.1; WOW64; Trident/4.0; SLCC2; .NET CLR 2.0.50727; .NET CLR 3.5.30729; .NET CLR 3.0.30729; Media Center PC 6.0; .NET4.0C; .NET4.0E)"
85.176.202.90 - - [01/Jun/2010:11:50:46 -0700] "GET /Images/29thcentury.gif HTTP/1.1" 302 355 "http://www.joseralat.com/forum/showthread.php?t=1280" "Mozilla/4.0 (compatible; MSIE 8.0; Windows NT 6.1; WOW64; Trident/4.0; SLCC2; .NET CLR 2.0.50727; .NET CLR 3.5.30729; .NET CLR 3.0.30729; Media Center PC 6.0; .NET4.0C; .NET4.0E)"
85.176.202.90 - - [01/Jun/2010:11:50:46 -0700] "GET / HTTP/1.1" 200 163 "http://www.joseralat.com/forum/showthread.php?t=1280" "Mozilla/4.0 (compatible; MSIE 8.0; Windows NT 6.1; WOW64; Trident/4.0; SLCC2; .NET CLR 2.0.50727; .NET CLR 3.5.30729; .NET CLR 3.0.30729; Media Center PC 6.0; .NET4.0C; .NET4.0E)"
85.176.202.90 - - [01/Jun/2010:11:50:46 -0700] "GET / HTTP/1.1" 200 163 "http://www.joseralat.com/forum/showthread.php?t=1280" "Mozilla/4.0 (compatible; MSIE 8.0; Windows NT 6.1; WOW64; Trident/4.0; SLCC2; .NET CLR 2.0.50727; .NET CLR 3.5.30729; .NET CLR 3.0.30729; Media Center PC 6.0; .NET4.0C; .NET4.0E)"
85.176.202.90 - - [01/Jun/2010:11:50:46 -0700] "GET / HTTP/1.1" 200 163 "http://www.joseralat.com/forum/showthread.php?t=1280" "Mozilla/4.0 (compatible; MSIE 8.0; Windows NT 6.1; WOW64; Trident/4.0; SLCC2; .NET CLR 2.0.50727; .NET CLR 3.5.30729; .NET CLR 3.0.30729; Media Center PC 6.0; .NET4.0C; .NET4.0E)"
85.176.202.90 - - [01/Jun/2010:11:50:46 -0700] "GET / HTTP/1.1" 200 163 "http://www.joseralat.com/forum/showthread.php?t=1280" "Mozilla/4.0 (compatible; MSIE 8.0; Windows NT 6.1; WOW64; Trident/4.0; SLCC2; .NET CLR 2.0.50727; .NET CLR 3.5.30729; .NET CLR 3.0.30729; Media Center PC 6.0; .NET4.0C; .NET4.0E)"
68.38.73.2 - - [01/Jun/2010:12:55:54 -0700] "GET /feed/ HTTP/1.1" 302 355 "-" "Mozilla/5.0 (Windows; U; Windows NT 6.0; en-US; rv:1.9.1.9) Gecko/20100315 Firefox/3.5.9 ( .NET CLR 3.5.30729)"
68.38.73.2 - - [01/Jun/2010:12:55:54 -0700] "GET / HTTP/1.1" 200 163 "-" "Mozilla/5.0 (Windows; U; Windows NT 6.0; en-US; rv:1.9.1.9) Gecko/20100315 Firefox/3.5.9 ( .NET CLR 3.5.30729)"
72.14.199.203 - - [01/Jun/2010:13:38:14 -0700] "GET /feed/ HTTP/1.1" 302 355 "-" "Feedfetcher-Google; (+http://www.google.com/feedfetcher.html; 1 subscribers; feed-id=10831477631497958243)"
72.14.199.203 - - [01/Jun/2010:13:38:15 -0700] "GET / HTTP/1.1" 304 - "-" "Feedfetcher-Google; (+http://www.google.com/feedfetcher.html; 1 subscribers; feed-id=10831477631497958243)"
189.145.34.37 - - [01/Jun/2010:15:24:35 -0700] "GET / HTTP/1.1" 200 163 "http://www.google.com.mx/search?hl=es&rlz=1T4SNYO_esMX311MX311&ei=i4gFTKrxMoGeMruo-Ts&sa=X&oi=spell&resnum=0&ct=result&cd=1&ved=0CBMQBSgA&q=jason+craig+martin&spell=1" "Mozilla/4.0 (compatible; MSIE 7.0; Windows NT 6.0; GTB6.5; SLCC1; .NET CLR 2.0.50727; Media Center PC 5.0; .NET CLR 3.0.04506; InfoPath.2)"
189.145.34.37 - - [01/Jun/2010:15:24:35 -0700] "GET /favicon.ico HTTP/1.1" 302 355 "-" "Mozilla/4.0 (compatible; MSIE 7.0; Windows NT 6.0; GTB6.5; SLCC1; .NET CLR 2.0.50727; Media Center PC 5.0; .NET CLR 3.0.04506; InfoPath.2)"
72.14.199.203 - - [01/Jun/2010:16:38:24 -0700] "GET /feed/ HTTP/1.1" 302 355 "-" "Feedfetcher-Google; (+http://www.google.com/feedfetcher.html; 1 subscribers; feed-id=10831477631497958243)"
72.14.199.203 - - [01/Jun/2010:16:38:25 -0700] "GET / HTTP/1.1" 304 - "-" "Feedfetcher-Google; (+http://www.google.com/feedfetcher.html; 1 subscribers; feed-id=10831477631497958243)"
82.171.165.227 - - [01/Jun/2010:18:42:23 -0700] "GET / HTTP/1.1" 200 163 "-" "Java/1.4.1_04"
64.78.155.100 - - [01/Jun/2010:19:07:52 -0700] "GET /feed/ HTTP/1.1" 302 355 "-" "NewsGatorOnline/2.0 (http://www.newsgator.com; 2 subscribers)"
64.78.155.100 - - [01/Jun/2010:19:07:52 -0700] "GET / HTTP/1.1" 304 - "-" "NewsGatorOnline/2.0 (http://www.newsgator.com; 2 subscribers)"
58.68.228.140 - - [01/Jun/2010:19:24:35 -0700] "GET / HTTP/1.1" 200 163 "-" "Mozilla/4.0 (compatible; MSIE 7.0; Windows NT 5.1; .NET CLR 1.1.4322; .NET CLR 2.0.50727; InfoPath.1)"
72.14.199.203 - - [01/Jun/2010:19:38:35 -0700] "GET /feed/ HTTP/1.1" 302 355 "-" "Feedfetcher-Google; (+http://www.google.com/feedfetcher.html; 1 subscribers; feed-id=10831477631497958243)"
72.14.199.203 - - [01/Jun/2010:19:38:35 -0700] "GET / HTTP/1.1" 304 - "-" "Feedfetcher-Google; (+http://www.google.com/feedfetcher.html; 1 subscribers; feed-id=10831477631497958243)"
119.63.198.26 - - [01/Jun/2010:19:41:57 -0700] "GET /robots.txt HTTP/1.1" 302 355 "-" "Baiduspider+(+http://www.baidu.com/search/spider.htm)"
119.63.198.44 - - [01/Jun/2010:19:41:57 -0700] "GET / HTTP/1.1" 200 163 "-" "Baiduspider+(+http://www.baidu.com/search/spider.htm)"
67.210.218.104 - - [01/Jun/2010:22:01:59 -0700] "GET /feed HTTP/1.1" 302 355 "-" "Rome Client (http://tinyurl.com/64t5n) Ver: 0.9"
67.210.218.104 - - [01/Jun/2010:22:01:59 -0700] "GET / HTTP/1.1" 200 163 "-" "Rome Client (http://tinyurl.com/64t5n) Ver: 0.9"
72.14.199.203 - - [01/Jun/2010:22:38:45 -0700] "GET /feed/ HTTP/1.1" 302 355 "-" "Feedfetcher-Google; (+http://www.google.com/feedfetcher.html; 1 subscribers; feed-id=10831477631497958243)"
72.14.199.203 - - [01/Jun/2010:22:38:45 -0700] "GET / HTTP/1.1" 304 - "-" "Feedfetcher-Google; (+http://www.google.com/feedfetcher.html; 1 subscribers; feed-id=10831477631497958243)"
72.14.199.203 - - [02/Jun/2010:01:39:04 -0700] "GET /feed/ HTTP/1.1" 302 355 "-" "Feedfetcher-Google; (+http://www.google.com/feedfetcher.html; 1 subscribers; feed-id=10831477631497958243)"
72.14.199.203 - - [02/Jun/2010:01:39:05 -0700] "GET / HTTP/1.1" 304 - "-" "Feedfetcher-Google; (+http://www.google.com/feedfetcher.html; 1 subscribers; feed-id=10831477631497958243)"
123.125.66.113 - - [02/Jun/2010:03:06:05 -0700] "GET /robots.txt HTTP/1.1" 302 355 "-" "Baiduspider+(+http://www.baidu.com/search/spider.htm)"
123.125.66.99 - - [02/Jun/2010:03:06:05 -0700] "GET / HTTP/1.1" 200 163 "-" "Baiduspider+(+http://www.baidu.com/search/spider.htm)"
38.101.148.126 - - [02/Jun/2010:04:13:49 -0700] "GET /robots.txt HTTP/1.1" 302 355 "-" "Mozilla/5.0 (compatible; discobot/1.1; +http://discoveryengine.com/discobot.html"
38.101.148.126 - - [02/Jun/2010:04:13:54 -0700] "GET /robots.txt HTTP/1.1" 302 355 "-" "Mozilla/5.0 (compatible; discobot/1.1; +http://discoveryengine.com/discobot.html"
38.101.148.126 - - [02/Jun/2010:04:14:00 -0700] "GET /robots.txt HTTP/1.1" 302 355 "-" "Mozilla/5.0 (compatible; discobot/1.1; +http://discoveryengine.com/discobot.html"
72.14.199.203 - - [02/Jun/2010:04:39:15 -0700] "GET /feed/ HTTP/1.1" 302 355 "-" "Feedfetcher-Google; (+http://www.google.com/feedfetcher.html; 1 subscribers; feed-id=10831477631497958243)"
72.14.199.203 - - [02/Jun/2010:04:39:15 -0700] "GET / HTTP/1.1" 200 163 "-" "Feedfetcher-Google; (+http://www.google.com/feedfetcher.html; 1 subscribers; feed-id=10831477631497958243)"
67.218.116.132 - - [02/Jun/2010:06:03:00 -0700] "GET /robots.txt HTTP/1.1" 302 355 "-" "Mozilla/5.0 (Twiceler-0.9 http://www.cuil.com/twiceler/robot.html)"
72.14.199.203 - - [02/Jun/2010:07:39:25 -0700] "GET /feed/ HTTP/1.1" 302 355 "-" "Feedfetcher-Google; (+http://www.google.com/feedfetcher.html; 1 subscribers; feed-id=10831477631497958243)"
72.14.199.203 - - [02/Jun/2010:07:39:26 -0700] "GET / HTTP/1.1" 304 - "-" "Feedfetcher-Google; (+http://www.google.com/feedfetcher.html; 1 subscribers; feed-id=10831477631497958243)"
66.249.71.196 - - [02/Jun/2010:08:50:55 -0700] "GET /robots.txt HTTP/1.1" 302 359 "-" "Mozilla/5.0 (compatible; Googlebot/2.1; +http://www.google.com/bot.html)"
66.249.71.196 - - [02/Jun/2010:08:50:55 -0700] "GET / HTTP/1.1" 304 - "-" "Mozilla/5.0 (compatible; Googlebot/2.1; +http://www.google.com/bot.html)"
188.223.29.77 - - [02/Jun/2010:09:28:02 -0700] "GET /favicon.ico HTTP/1.1" 302 355 "-" "NetNewsWire/3.2 (Mac OS X; http://www.newsgator.com/Individuals/NetNewsWire/)"
72.14.199.203 - - [02/Jun/2010:10:45:35 -0700] "GET /feed/ HTTP/1.1" 302 355 "-" "Feedfetcher-Google; (+http://www.google.com/feedfetcher.html; 1 subscribers; feed-id=10831477631497958243)"
72.14.199.203 - - [02/Jun/2010:10:45:36 -0700] "GET / HTTP/1.1" 304 - "-" "Feedfetcher-Google; (+http://www.google.com/feedfetcher.html; 1 subscribers; feed-id=10831477631497958243)"
