209.85.238.251 - - [22/Mar/2010:07:20:46 -0700] "GET /feed/ HTTP/1.1" 302 355 "-" "Feedfetcher-Google; (+http://www.google.com/feedfetcher.html; 1 subscribers; feed-id=10831477631497958243)"
209.85.238.251 - - [22/Mar/2010:07:20:47 -0700] "GET / HTTP/1.1" 304 - "-" "Feedfetcher-Google; (+http://www.google.com/feedfetcher.html; 1 subscribers; feed-id=10831477631497958243)"
209.85.238.251 - - [22/Mar/2010:10:20:56 -0700] "GET /feed/ HTTP/1.1" 302 355 "-" "Feedfetcher-Google; (+http://www.google.com/feedfetcher.html; 1 subscribers; feed-id=10831477631497958243)"
209.85.238.251 - - [22/Mar/2010:10:20:57 -0700] "GET / HTTP/1.1" 304 - "-" "Feedfetcher-Google; (+http://www.google.com/feedfetcher.html; 1 subscribers; feed-id=10831477631497958243)"
207.46.199.179 - - [22/Mar/2010:11:50:06 -0700] "GET /robots.txt HTTP/1.1" 302 355 "-" "msnbot/2.0b (+http://search.msn.com/msnbot.htm)"
207.46.199.179 - - [22/Mar/2010:11:50:06 -0700] "GET / HTTP/1.1" 200 163 "-" "msnbot/2.0b (+http://search.msn.com/msnbot.htm)"
209.85.238.251 - - [22/Mar/2010:13:21:06 -0700] "GET /feed/ HTTP/1.1" 302 355 "-" "Feedfetcher-Google; (+http://www.google.com/feedfetcher.html; 1 subscribers; feed-id=10831477631497958243)"
209.85.238.251 - - [22/Mar/2010:13:21:07 -0700] "GET / HTTP/1.1" 304 - "-" "Feedfetcher-Google; (+http://www.google.com/feedfetcher.html; 1 subscribers; feed-id=10831477631497958243)"
64.78.155.100 - - [22/Mar/2010:14:25:28 -0700] "GET /feed/ HTTP/1.1" 302 355 "-" "NewsGatorOnline/2.0 (http://www.newsgator.com; 2 subscribers)"
64.78.155.100 - - [22/Mar/2010:14:25:28 -0700] "GET / HTTP/1.1" 304 - "-" "NewsGatorOnline/2.0 (http://www.newsgator.com; 2 subscribers)"
67.210.218.104 - - [22/Mar/2010:14:27:46 -0700] "GET /feed HTTP/1.1" 302 355 "-" "Rome Client (http://tinyurl.com/64t5n) Ver: 0.9"
67.210.218.104 - - [22/Mar/2010:14:27:46 -0700] "GET / HTTP/1.1" 200 163 "-" "Rome Client (http://tinyurl.com/64t5n) Ver: 0.9"
65.55.207.97 - - [22/Mar/2010:15:03:44 -0700] "GET /robots.txt HTTP/1.1" 302 355 "-" "msnbot/2.0b (+http://search.msn.com/msnbot.htm)"
65.55.207.97 - - [22/Mar/2010:15:03:44 -0700] "GET / HTTP/1.1" 200 163 "-" "msnbot/2.0b (+http://search.msn.com/msnbot.htm)"
209.85.238.251 - - [22/Mar/2010:16:21:16 -0700] "GET /feed/ HTTP/1.1" 302 355 "-" "Feedfetcher-Google; (+http://www.google.com/feedfetcher.html; 1 subscribers; feed-id=10831477631497958243)"
209.85.238.251 - - [22/Mar/2010:16:21:17 -0700] "GET / HTTP/1.1" 304 - "-" "Feedfetcher-Google; (+http://www.google.com/feedfetcher.html; 1 subscribers; feed-id=10831477631497958243)"
188.223.29.77 - - [22/Mar/2010:17:32:31 -0700] "GET /favicon.ico HTTP/1.1" 302 355 "-" "NetNewsWire/3.2 (Mac OS X; http://www.newsgator.com/Individuals/NetNewsWire/)"
64.246.165.150 - - [22/Mar/2010:17:41:45 -0700] "GET /robots.txt HTTP/1.0" 302 359 "-" "Mozilla/5.0 (Windows; U; Windows NT 5.1; en; rv:1.9.0.13) Gecko/2009073022 Firefox/3.5.2 (.NET CLR 3.5.30729) SurveyBot/2.3 (DomainTools)"
64.246.165.150 - - [22/Mar/2010:17:41:46 -0700] "GET / HTTP/1.1" 200 163 "http://whois.domaintools.com/jasoncmartin.com" "Mozilla/5.0 (Windows; U; Windows NT 5.1; en; rv:1.9.0.13) Gecko/2009073022 Firefox/3.5.2 (.NET CLR 3.5.30729) SurveyBot/2.3 (DomainTools)"
207.46.199.188 - - [22/Mar/2010:17:46:32 -0700] "GET /robots.txt HTTP/1.1" 302 355 "-" "msnbot/2.0b (+http://search.msn.com/msnbot.htm)"
207.46.199.188 - - [22/Mar/2010:17:46:32 -0700] "GET / HTTP/1.1" 200 163 "-" "msnbot/2.0b (+http://search.msn.com/msnbot.htm)"
209.85.238.251 - - [22/Mar/2010:19:21:26 -0700] "GET /feed/ HTTP/1.1" 302 355 "-" "Feedfetcher-Google; (+http://www.google.com/feedfetcher.html; 1 subscribers; feed-id=10831477631497958243)"
209.85.238.251 - - [22/Mar/2010:19:21:27 -0700] "GET / HTTP/1.1" 304 - "-" "Feedfetcher-Google; (+http://www.google.com/feedfetcher.html; 1 subscribers; feed-id=10831477631497958243)"
123.125.66.100 - - [22/Mar/2010:19:27:35 -0700] "GET /robots.txt HTTP/1.1" 302 355 "-" "Baiduspider+(+http://www.baidu.com/search/spider.htm)"
123.125.66.29 - - [22/Mar/2010:19:27:35 -0700] "GET / HTTP/1.1" 200 163 "-" "Baiduspider+(+http://www.baidu.com/search/spider.htm)"
209.190.180.197 - - [22/Mar/2010:19:31:09 -0700] "GET / HTTP/1.1" 200 163 "-" "Java/1.6.0_17"
207.46.199.189 - - [22/Mar/2010:19:44:32 -0700] "GET /robots.txt HTTP/1.1" 302 355 "-" "msnbot/2.0b (+http://search.msn.com/msnbot.htm)"
207.46.199.189 - - [22/Mar/2010:19:44:32 -0700] "GET / HTTP/1.1" 200 163 "-" "msnbot/2.0b (+http://search.msn.com/msnbot.htm)"
209.85.238.251 - - [22/Mar/2010:22:21:36 -0700] "GET /feed/ HTTP/1.1" 302 355 "-" "Feedfetcher-Google; (+http://www.google.com/feedfetcher.html; 1 subscribers; feed-id=10831477631497958243)"
209.85.238.251 - - [22/Mar/2010:22:21:37 -0700] "GET / HTTP/1.1" 304 - "-" "Feedfetcher-Google; (+http://www.google.com/feedfetcher.html; 1 subscribers; feed-id=10831477631497958243)"
209.85.238.251 - - [23/Mar/2010:01:21:46 -0700] "GET /feed/ HTTP/1.1" 302 355 "-" "Feedfetcher-Google; (+http://www.google.com/feedfetcher.html; 1 subscribers; feed-id=10831477631497958243)"
209.85.238.251 - - [23/Mar/2010:01:21:47 -0700] "GET / HTTP/1.1" 304 - "-" "Feedfetcher-Google; (+http://www.google.com/feedfetcher.html; 1 subscribers; feed-id=10831477631497958243)"
67.218.116.132 - - [23/Mar/2010:02:44:07 -0700] "GET /robots.txt HTTP/1.1" 302 355 "-" "Mozilla/5.0 (Twiceler-0.9 http://www.cuil.com/twiceler/robot.html)"
65.55.215.74 - - [23/Mar/2010:03:33:19 -0700] "GET /robots.txt HTTP/1.1" 302 355 "-" "msnbot/2.0b (+http://search.msn.com/msnbot.htm)"
65.55.215.74 - - [23/Mar/2010:03:33:19 -0700] "GET / HTTP/1.1" 200 163 "-" "msnbot/2.0b (+http://search.msn.com/msnbot.htm)"
209.85.238.251 - - [23/Mar/2010:04:21:56 -0700] "GET /feed/ HTTP/1.1" 302 355 "-" "Feedfetcher-Google; (+http://www.google.com/feedfetcher.html; 1 subscribers; feed-id=10831477631497958243)"
209.85.238.251 - - [23/Mar/2010:04:21:57 -0700] "GET / HTTP/1.1" 304 - "-" "Feedfetcher-Google; (+http://www.google.com/feedfetcher.html; 1 subscribers; feed-id=10831477631497958243)"
87.202.104.37 - - [23/Mar/2010:06:00:47 -0700] "GET /Images/2371-2390.gif HTTP/1.1" 302 355 "http://www.joseralat.com/forum/showthread.php?t=1280" "Mozilla/4.0 (compatible; MSIE 8.0; Windows NT 5.1; Trident/4.0; GTB6.4; InfoPath.1)"
87.202.104.37 - - [23/Mar/2010:06:00:47 -0700] "GET /Images/basicdelta.gif HTTP/1.1" 302 355 "http://www.joseralat.com/forum/showthread.php?t=1280" "Mozilla/4.0 (compatible; MSIE 8.0; Windows NT 5.1; Trident/4.0; GTB6.4; InfoPath.1)"
87.202.104.37 - - [23/Mar/2010:06:00:47 -0700] "GET /Images/Obsidian_Order.gif HTTP/1.1" 302 355 "http://www.joseralat.com/forum/showthread.php?t=1280" "Mozilla/4.0 (compatible; MSIE 8.0; Windows NT 5.1; Trident/4.0; GTB6.4; InfoPath.1)"
87.202.104.37 - - [23/Mar/2010:06:00:47 -0700] "GET /Images/29thcentury.gif HTTP/1.1" 302 355 "http://www.joseralat.com/forum/showthread.php?t=1280" "Mozilla/4.0 (compatible; MSIE 8.0; Windows NT 5.1; Trident/4.0; GTB6.4; InfoPath.1)"
87.202.104.37 - - [23/Mar/2010:06:00:47 -0700] "GET / HTTP/1.1" 200 163 "http://www.joseralat.com/forum/showthread.php?t=1280" "Mozilla/4.0 (compatible; MSIE 8.0; Windows NT 5.1; Trident/4.0; GTB6.4; InfoPath.1)"
87.202.104.37 - - [23/Mar/2010:06:00:47 -0700] "GET / HTTP/1.1" 200 163 "http://www.joseralat.com/forum/showthread.php?t=1280" "Mozilla/4.0 (compatible; MSIE 8.0; Windows NT 5.1; Trident/4.0; GTB6.4; InfoPath.1)"
87.202.104.37 - - [23/Mar/2010:06:00:47 -0700] "GET / HTTP/1.1" 200 163 "http://www.joseralat.com/forum/showthread.php?t=1280" "Mozilla/4.0 (compatible; MSIE 8.0; Windows NT 5.1; Trident/4.0; GTB6.4; InfoPath.1)"
87.202.104.37 - - [23/Mar/2010:06:00:50 -0700] "GET / HTTP/1.1" 200 163 "http://www.joseralat.com/forum/showthread.php?t=1280" "Mozilla/4.0 (compatible; MSIE 8.0; Windows NT 5.1; Trident/4.0; GTB6.4; InfoPath.1)"
125.64.94.68 - - [23/Mar/2010:06:17:33 -0700] "GET / HTTP/1.0" 200 163 "http://jasoncmartin.com/" "Opera/9.0 (Windows NT 5.1; U; en)"
61.89.162.75 - - [23/Mar/2010:06:17:36 -0700] "GET / HTTP/1.0" 200 163 "http://jasoncmartin.com/" "Opera/9.0 (Windows NT 5.1; U; en)"
95.143.4.34 - - [23/Mar/2010:06:17:52 -0700] "GET / HTTP/1.0" 200 163 "http://jasoncmartin.com/" "Opera/9.0 (Windows NT 5.1; U; en)"
211.25.194.218 - - [23/Mar/2010:06:17:58 -0700] "GET / HTTP/1.0" 200 163 "http://jasoncmartin.com/" "Opera/9.0 (Windows NT 5.1; U; en)"
200.166.248.132 - - [23/Mar/2010:06:18:49 -0700] "GET / HTTP/1.0" 200 163 "http://jasoncmartin.com/" "Opera/9.0 (Windows NT 5.1; U; en)"
213.200.20.162 - - [23/Mar/2010:06:19:03 -0700] "GET / HTTP/1.0" 200 163 "http://jasoncmartin.com/" "Opera/9.0 (Windows NT 5.1; U; en)"
125.64.94.68 - - [23/Mar/2010:06:19:11 -0700] "GET / HTTP/1.0" 200 163 "http://jasoncmartin.com/" "Opera/9.0 (Windows NT 5.1; U; en)"
115.125.87.90 - - [23/Mar/2010:06:19:15 -0700] "GET / HTTP/1.0" 200 163 "http://jasoncmartin.com/" "Opera/9.0 (Windows NT 5.1; U; en)"
196.12.36.225 - - [23/Mar/2010:06:19:59 -0700] "GET / HTTP/1.1" 200 163 "http://jasoncmartin.com/" "Opera/9.0 (Windows NT 5.1; U; en)"
200.238.83.49 - - [23/Mar/2010:06:20:07 -0700] "GET / HTTP/1.0" 200 163 "http://jasoncmartin.com/" "Opera/9.0 (Windows NT 5.1; U; en)"
217.29.30.20 - - [23/Mar/2010:06:20:11 -0700] "GET / HTTP/1.1" 200 163 "http://jasoncmartin.com/" "Opera/9.0 (Windows NT 5.1; U; en)"
58.241.134.17 - - [23/Mar/2010:06:20:19 -0700] "GET / HTTP/1.0" 200 163 "http://jasoncmartin.com/" "Opera/9.0 (Windows NT 5.1; U; en)"
122.205.95.27 - - [23/Mar/2010:06:20:34 -0700] "GET / HTTP/1.1" 200 163 "http://jasoncmartin.com/" "Opera/9.0 (Windows NT 5.1; U; en)"
164.78.248.57 - - [23/Mar/2010:06:20:47 -0700] "GET / HTTP/1.1" 200 163 "http://jasoncmartin.com/" "Opera/9.0 (Windows NT 5.1; U; en)"
213.200.20.162 - - [23/Mar/2010:06:20:58 -0700] "GET / HTTP/1.0" 200 163 "http://jasoncmartin.com/" "Opera/9.0 (Windows NT 5.1; U; en)"
201.43.0.245 - - [23/Mar/2010:06:21:18 -0700] "GET / HTTP/1.0" 200 163 "http://jasoncmartin.com/" "Opera/9.0 (Windows NT 5.1; U; en)"
216.104.15.138 - - [23/Mar/2010:06:21:23 -0700] "GET / HTTP/1.0" 200 163 "-" "Mozilla/4.0 (compatible; MSIE 6.0; Windows NT 5.1)"
67.210.218.104 - - [23/Mar/2010:06:21:55 -0700] "GET /feed HTTP/1.1" 302 355 "-" "Rome Client (http://tinyurl.com/64t5n) Ver: 0.9"
67.210.218.104 - - [23/Mar/2010:06:21:55 -0700] "GET / HTTP/1.1" 200 163 "-" "Rome Client (http://tinyurl.com/64t5n) Ver: 0.9"
150.70.84.49 - - [23/Mar/2010:06:24:59 -0700] "GET / HTTP/1.0" 200 163 "-" "Mozilla/4.0 (compatible; MSIE 6.0; Windows NT 5.1)"
216.129.119.10 - - [23/Mar/2010:06:48:47 -0700] "GET /robots.txt HTTP/1.1" 302 359 "-" "Mozilla/5.0 (Twiceler-0.9 http://www.cuil.com/twiceler/robot.html)"
65.55.106.203 - - [23/Mar/2010:07:21:11 -0700] "GET /robots.txt HTTP/1.1" 302 355 "-" "msnbot/2.0b (+http://search.msn.com/msnbot.htm)"
65.55.106.203 - - [23/Mar/2010:07:21:11 -0700] "GET / HTTP/1.1" 200 163 "-" "msnbot/2.0b (+http://search.msn.com/msnbot.htm)"
209.85.238.251 - - [23/Mar/2010:07:22:06 -0700] "GET /feed/ HTTP/1.1" 302 355 "-" "Feedfetcher-Google; (+http://www.google.com/feedfetcher.html; 1 subscribers; feed-id=10831477631497958243)"
209.85.238.251 - - [23/Mar/2010:07:22:07 -0700] "GET / HTTP/1.1" 200 163 "-" "Feedfetcher-Google; (+http://www.google.com/feedfetcher.html; 1 subscribers; feed-id=10831477631497958243)"
188.40.239.203 - - [23/Mar/2010:08:08:40 -0700] "GET / HTTP/1.1" 200 163 "-" "Java/1.6.0_14"
64.78.155.100 - - [23/Mar/2010:10:14:13 -0700] "GET /feed/ HTTP/1.1" 302 355 "-" "NewsGatorOnline/2.0 (http://www.newsgator.com; 2 subscribers)"
64.78.155.100 - - [23/Mar/2010:10:14:13 -0700] "GET / HTTP/1.1" 304 - "-" "NewsGatorOnline/2.0 (http://www.newsgator.com; 2 subscribers)"
209.85.238.251 - - [23/Mar/2010:10:22:15 -0700] "GET /feed/ HTTP/1.1" 302 355 "-" "Feedfetcher-Google; (+http://www.google.com/feedfetcher.html; 1 subscribers; feed-id=10831477631497958243)"
209.85.238.251 - - [23/Mar/2010:10:22:16 -0700] "GET / HTTP/1.1" 304 - "-" "Feedfetcher-Google; (+http://www.google.com/feedfetcher.html; 1 subscribers; feed-id=10831477631497958243)"
70.36.103.58 - - [23/Mar/2010:11:15:37 -0700] "GET /robots.txt HTTP/1.0" 302 355 "http://jasoncmartin.com/robots.txt" "Mozilla/4.0 (compatible; MSIE 6.0; Windows NT 5.1; SV1; .NET CLR 2.0.50727)"
70.36.103.58 - - [23/Mar/2010:11:15:37 -0700] "GET / HTTP/1.0" 200 163 "http://jasoncmartin.com/" "Mozilla/4.0 (compatible; MSIE 6.0; Windows NT 5.1; SV1; .NET CLR 2.0.50727)"
88.131.106.30 - - [23/Mar/2010:11:38:09 -0700] "GET /robots.txt HTTP/1.0" 302 355 "-" "Mozilla/5.0 (Windows; U; Windows NT 5.1; en-US) Speedy Spider (http://www.entireweb.com/about/search_tech/speedy_spider/)"
88.131.106.30 - - [23/Mar/2010:11:38:10 -0700] "GET / HTTP/1.0" 200 163 "-" "Mozilla/5.0 (Windows; U; Windows NT 5.1; en-US) Speedy Spider (http://www.entireweb.com/about/search_tech/speedy_spider/)"
65.55.207.100 - - [23/Mar/2010:12:58:11 -0700] "GET /robots.txt HTTP/1.1" 302 355 "-" "msnbot/2.0b (+http://search.msn.com/msnbot.htm)"
65.55.207.100 - - [23/Mar/2010:12:58:11 -0700] "GET / HTTP/1.1" 200 163 "-" "msnbot/2.0b (+http://search.msn.com/msnbot.htm)"
209.85.238.251 - - [23/Mar/2010:13:22:25 -0700] "GET /feed/ HTTP/1.1" 302 355 "-" "Feedfetcher-Google; (+http://www.google.com/feedfetcher.html; 1 subscribers; feed-id=10831477631497958243)"
209.85.238.251 - - [23/Mar/2010:13:22:26 -0700] "GET / HTTP/1.1" 304 - "-" "Feedfetcher-Google; (+http://www.google.com/feedfetcher.html; 1 subscribers; feed-id=10831477631497958243)"
174.57.63.95 - - [23/Mar/2010:14:23:32 -0700] "GET /feed/ HTTP/1.1" 302 355 "-" "Mozilla/5.0 (Windows; U; Windows NT 6.0; en-US; rv:1.9.1.8) Gecko/20100202 Firefox/3.5.8 (.NET CLR 3.5.30729)"
174.57.63.95 - - [23/Mar/2010:14:23:32 -0700] "GET / HTTP/1.1" 304 - "-" "Mozilla/5.0 (Windows; U; Windows NT 6.0; en-US; rv:1.9.1.8) Gecko/20100202 Firefox/3.5.8 (.NET CLR 3.5.30729)"
209.85.238.251 - - [23/Mar/2010:16:22:27 -0700] "GET /feed/ HTTP/1.1" 302 355 "-" "Feedfetcher-Google; (+http://www.google.com/feedfetcher.html; 1 subscribers; feed-id=10831477631497958243)"
209.85.238.251 - - [23/Mar/2010:16:22:28 -0700] "GET / HTTP/1.1" 304 - "-" "Feedfetcher-Google; (+http://www.google.com/feedfetcher.html; 1 subscribers; feed-id=10831477631497958243)"
193.252.149.14 - - [23/Mar/2010:17:21:45 -0700] "GET /robots.txt HTTP/1.1" 302 355 "-" "Mozilla/5.0 (Windows; U; Windows NT 5.1; fr; rv:1.8.1) VoilaBot BETA 1.2 (support.voilabot@orange-ftgroup.com)"
193.252.149.14 - - [23/Mar/2010:17:21:49 -0700] "GET / HTTP/1.1" 200 163 "-" "Mozilla/5.0 (Windows; U; Windows NT 5.1; fr; rv:1.8.1) VoilaBot BETA 1.2 (support.voilabot@orange-ftgroup.com)"
85.38.61.212 - - [23/Mar/2010:19:21:11 -0700] "GET / HTTP/1.1" 200 163 "-" "Java/1.5.0_01"
209.85.238.251 - - [23/Mar/2010:19:22:36 -0700] "GET /feed/ HTTP/1.1" 302 355 "-" "Feedfetcher-Google; (+http://www.google.com/feedfetcher.html; 1 subscribers; feed-id=10831477631497958243)"
209.85.238.251 - - [23/Mar/2010:19:22:37 -0700] "GET / HTTP/1.1" 304 - "-" "Feedfetcher-Google; (+http://www.google.com/feedfetcher.html; 1 subscribers; feed-id=10831477631497958243)"
123.125.66.51 - - [23/Mar/2010:19:39:40 -0700] "GET /robots.txt HTTP/1.1" 302 355 "-" "Baiduspider+(+http://www.baidu.com/search/spider.htm)"
123.125.66.109 - - [23/Mar/2010:19:39:41 -0700] "GET / HTTP/1.1" 200 163 "-" "Baiduspider+(+http://www.baidu.com/search/spider.htm)"
93.158.148.31 - - [23/Mar/2010:21:30:56 -0700] "GET /robots.txt HTTP/1.1" 302 355 "-" "Yandex/1.01.001 (compatible; Win16; I)"
209.85.238.251 - - [23/Mar/2010:22:22:46 -0700] "GET /feed/ HTTP/1.1" 302 355 "-" "Feedfetcher-Google; (+http://www.google.com/feedfetcher.html; 1 subscribers; feed-id=10831477631497958243)"
209.85.238.251 - - [23/Mar/2010:22:22:47 -0700] "GET / HTTP/1.1" 304 - "-" "Feedfetcher-Google; (+http://www.google.com/feedfetcher.html; 1 subscribers; feed-id=10831477631497958243)"
66.249.68.206 - - [23/Mar/2010:22:26:58 -0700] "GET /robots.txt HTTP/1.1" 302 359 "-" "Mozilla/5.0 (compatible; Googlebot/2.1; +http://www.google.com/bot.html)"
66.249.68.206 - - [23/Mar/2010:22:26:58 -0700] "GET / HTTP/1.1" 304 - "-" "Mozilla/5.0 (compatible; Googlebot/2.1; +http://www.google.com/bot.html)"
93.158.148.31 - - [23/Mar/2010:22:28:56 -0700] "GET /robots.txt HTTP/1.1" 302 359 "-" "Yandex/1.01.001 (compatible; Win16; I)"
209.85.238.251 - - [24/Mar/2010:01:22:57 -0700] "GET /feed/ HTTP/1.1" 302 355 "-" "Feedfetcher-Google; (+http://www.google.com/feedfetcher.html; 1 subscribers; feed-id=10831477631497958243)"
209.85.238.251 - - [24/Mar/2010:01:22:58 -0700] "GET / HTTP/1.1" 304 - "-" "Feedfetcher-Google; (+http://www.google.com/feedfetcher.html; 1 subscribers; feed-id=10831477631497958243)"
207.46.195.227 - - [24/Mar/2010:02:46:23 -0700] "GET /robots.txt HTTP/1.1" 302 355 "-" "msnbot/2.0b (+http://search.msn.com/msnbot.htm)"
207.46.195.227 - - [24/Mar/2010:02:46:23 -0700] "GET / HTTP/1.1" 200 163 "-" "msnbot/2.0b (+http://search.msn.com/msnbot.htm)"
207.46.195.227 - - [24/Mar/2010:02:47:24 -0700] "GET / HTTP/1.1" 304 - "-" "msnbot/2.0b (+http://search.msn.com/msnbot.htm)"
67.218.116.132 - - [24/Mar/2010:02:52:35 -0700] "GET /robots.txt HTTP/1.1" 302 355 "-" "Mozilla/5.0 (Twiceler-0.9 http://www.cuil.com/twiceler/robot.html)"
74.222.4.218 - - [24/Mar/2010:03:20:38 -0700] "GET /robots.txt HTTP/1.0" 302 355 "http://jasoncmartin.com/robots.txt" "Mozilla/4.0 (compatible; MSIE 6.0; Windows NT 5.1; SV1; .NET CLR 2.0.50727)"
74.222.4.218 - - [24/Mar/2010:03:20:38 -0700] "GET / HTTP/1.0" 200 163 "http://jasoncmartin.com/" "Mozilla/4.0 (compatible; MSIE 6.0; Windows NT 5.1; SV1; .NET CLR 2.0.50727)"
77.249.204.45 - - [24/Mar/2010:03:20:57 -0700] "GET / HTTP/1.1" 200 163 "-" "Java/1.6.0-oem"
207.46.199.191 - - [24/Mar/2010:04:03:58 -0700] "GET /robots.txt HTTP/1.1" 302 355 "-" "msnbot/2.0b (+http://search.msn.com/msnbot.htm)"
207.46.199.191 - - [24/Mar/2010:04:03:58 -0700] "GET / HTTP/1.1" 200 163 "-" "msnbot/2.0b (+http://search.msn.com/msnbot.htm)"
209.85.238.251 - - [24/Mar/2010:04:23:09 -0700] "GET /feed/ HTTP/1.1" 302 355 "-" "Feedfetcher-Google; (+http://www.google.com/feedfetcher.html; 1 subscribers; feed-id=10831477631497958243)"
209.85.238.251 - - [24/Mar/2010:04:23:10 -0700] "GET / HTTP/1.1" 304 - "-" "Feedfetcher-Google; (+http://www.google.com/feedfetcher.html; 1 subscribers; feed-id=10831477631497958243)"
67.195.115.94 - - [24/Mar/2010:05:14:48 -0700] "GET /robots.txt HTTP/1.0" 302 359 "-" "Mozilla/5.0 (compatible; Yahoo! Slurp; http://help.yahoo.com/help/us/ysearch/slurp)"
67.195.115.94 - - [24/Mar/2010:05:14:48 -0700] "GET / HTTP/1.0" 200 163 "-" "Mozilla/5.0 (compatible; Yahoo! Slurp; http://help.yahoo.com/help/us/ysearch/slurp)"
67.195.115.94 - - [24/Mar/2010:05:14:48 -0700] "GET / HTTP/1.0" 200 163 "-" "Mozilla/5.0 (compatible; Yahoo! Slurp/3.0; http://help.yahoo.com/help/us/ysearch/slurp)"
64.78.155.100 - - [24/Mar/2010:05:59:53 -0700] "GET /feed/ HTTP/1.1" 302 355 "-" "NewsGatorOnline/2.0 (http://www.newsgator.com; 2 subscribers)"
64.78.155.100 - - [24/Mar/2010:05:59:53 -0700] "GET / HTTP/1.1" 304 - "-" "NewsGatorOnline/2.0 (http://www.newsgator.com; 2 subscribers)"
216.129.119.10 - - [24/Mar/2010:06:55:07 -0700] "GET /robots.txt HTTP/1.1" 302 359 "-" "Mozilla/5.0 (Twiceler-0.9 http://www.cuil.com/twiceler/robot.html)"
93.158.148.31 - - [24/Mar/2010:07:24:32 -0700] "GET / HTTP/1.1" 200 163 "-" "Yandex/1.01.001 (compatible; Win16; I)"
209.85.238.251 - - [24/Mar/2010:07:26:06 -0700] "GET /feed/ HTTP/1.1" 302 355 "-" "Feedfetcher-Google; (+http://www.google.com/feedfetcher.html; 1 subscribers; feed-id=10831477631497958243)"
209.85.238.251 - - [24/Mar/2010:07:26:07 -0700] "GET / HTTP/1.1" 304 - "-" "Feedfetcher-Google; (+http://www.google.com/feedfetcher.html; 1 subscribers; feed-id=10831477631497958243)"
65.55.207.123 - - [24/Mar/2010:07:39:09 -0700] "GET /robots.txt HTTP/1.1" 302 355 "-" "msnbot/2.0b (+http://search.msn.com/msnbot.htm)"
65.55.207.123 - - [24/Mar/2010:07:39:09 -0700] "GET / HTTP/1.1" 200 163 "-" "msnbot/2.0b (+http://search.msn.com/msnbot.htm)"
93.158.148.31 - - [24/Mar/2010:08:44:46 -0700] "GET / HTTP/1.1" 200 163 "-" "Yandex/1.01.001 (compatible; Win16; I)"
209.85.238.251 - - [24/Mar/2010:10:45:45 -0700] "GET /feed/ HTTP/1.1" 302 355 "-" "Feedfetcher-Google; (+http://www.google.com/feedfetcher.html; 1 subscribers; feed-id=10831477631497958243)"
209.85.238.251 - - [24/Mar/2010:10:45:46 -0700] "GET / HTTP/1.1" 304 - "-" "Feedfetcher-Google; (+http://www.google.com/feedfetcher.html; 1 subscribers; feed-id=10831477631497958243)"
66.249.68.78 - - [24/Mar/2010:11:09:38 -0700] "GET /robots.txt HTTP/1.1" 302 355 "-" "Mozilla/5.0 (compatible; Googlebot/2.1; +http://www.google.com/bot.html)"
66.249.68.78 - - [24/Mar/2010:11:09:39 -0700] "GET / HTTP/1.1" 200 163 "-" "Mozilla/5.0 (compatible; Googlebot/2.1; +http://www.google.com/bot.html)"
66.249.68.78 - - [24/Mar/2010:11:09:39 -0700] "GET / HTTP/1.1" 200 163 "-" "Mozilla/5.0 (compatible; Googlebot/2.1; +http://www.google.com/bot.html)"
209.85.238.251 - - [24/Mar/2010:13:45:56 -0700] "GET /feed/ HTTP/1.1" 302 355 "-" "Feedfetcher-Google; (+http://www.google.com/feedfetcher.html; 1 subscribers; feed-id=10831477631497958243)"
209.85.238.251 - - [24/Mar/2010:13:45:57 -0700] "GET / HTTP/1.1" 304 - "-" "Feedfetcher-Google; (+http://www.google.com/feedfetcher.html; 1 subscribers; feed-id=10831477631497958243)"
67.210.218.104 - - [24/Mar/2010:15:34:15 -0700] "GET /feed HTTP/1.1" 302 355 "-" "Rome Client (http://tinyurl.com/64t5n) Ver: 0.9"
67.210.218.104 - - [24/Mar/2010:15:34:15 -0700] "GET / HTTP/1.1" 200 163 "-" "Rome Client (http://tinyurl.com/64t5n) Ver: 0.9"
65.55.106.234 - - [24/Mar/2010:15:46:45 -0700] "GET /robots.txt HTTP/1.1" 302 355 "-" "msnbot/2.0b (+http://search.msn.com/msnbot.htm)"
65.55.106.234 - - [24/Mar/2010:15:46:46 -0700] "GET / HTTP/1.1" 200 163 "-" "msnbot/2.0b (+http://search.msn.com/msnbot.htm)"
188.223.29.77 - - [24/Mar/2010:16:26:39 -0700] "GET /favicon.ico HTTP/1.1" 302 355 "-" "NetNewsWire/3.2 (Mac OS X; http://www.newsgator.com/Individuals/NetNewsWire/)"
209.85.238.251 - - [24/Mar/2010:16:54:18 -0700] "GET /feed/ HTTP/1.1" 302 355 "-" "Feedfetcher-Google; (+http://www.google.com/feedfetcher.html; 1 subscribers; feed-id=10831477631497958243)"
209.85.238.251 - - [24/Mar/2010:16:54:19 -0700] "GET / HTTP/1.1" 304 - "-" "Feedfetcher-Google; (+http://www.google.com/feedfetcher.html; 1 subscribers; feed-id=10831477631497958243)"
65.55.106.181 - - [24/Mar/2010:17:59:09 -0700] "GET /robots.txt HTTP/1.1" 302 355 "-" "msnbot/2.0b (+http://search.msn.com/msnbot.htm)"
65.55.106.181 - - [24/Mar/2010:17:59:09 -0700] "GET / HTTP/1.1" 200 163 "-" "msnbot/2.0b (+http://search.msn.com/msnbot.htm)"
193.47.80.37 - - [24/Mar/2010:19:16:22 -0700] "GET /robots.txt HTTP/1.1" 302 355 "-" "Mozilla/5.0 (compatible; Exabot/3.0; +http://www.exabot.com/go/robot)"
193.47.80.37 - - [24/Mar/2010:19:16:22 -0700] "GET / HTTP/1.1" 200 163 "-" "Mozilla/5.0 (compatible; Exabot/3.0; +http://www.exabot.com/go/robot)"
193.47.80.37 - - [24/Mar/2010:19:16:23 -0700] "GET / HTTP/1.1" 304 - "-" "Mozilla/5.0 (compatible; Exabot/3.0; +http://www.exabot.com/go/robot)"
123.125.66.25 - - [24/Mar/2010:19:52:24 -0700] "GET /robots.txt HTTP/1.1" 302 355 "-" "Baiduspider+(+http://www.baidu.com/search/spider.htm)"
123.125.66.109 - - [24/Mar/2010:19:52:24 -0700] "GET / HTTP/1.1" 200 163 "-" "Baiduspider+(+http://www.baidu.com/search/spider.htm)"
209.85.238.251 - - [24/Mar/2010:21:05:43 -0700] "GET /feed/ HTTP/1.1" 302 355 "-" "Feedfetcher-Google; (+http://www.google.com/feedfetcher.html; 1 subscribers; feed-id=10831477631497958243)"
209.85.238.251 - - [24/Mar/2010:21:05:44 -0700] "GET / HTTP/1.1" 304 - "-" "Feedfetcher-Google; (+http://www.google.com/feedfetcher.html; 1 subscribers; feed-id=10831477631497958243)"
209.85.238.251 - - [25/Mar/2010:00:27:52 -0700] "GET /feed/ HTTP/1.1" 302 355 "-" "Feedfetcher-Google; (+http://www.google.com/feedfetcher.html; 1 subscribers; feed-id=10831477631497958243)"
209.85.238.251 - - [25/Mar/2010:00:27:53 -0700] "GET / HTTP/1.1" 304 - "-" "Feedfetcher-Google; (+http://www.google.com/feedfetcher.html; 1 subscribers; feed-id=10831477631497958243)"
64.78.155.100 - - [25/Mar/2010:01:46:01 -0700] "GET /feed/ HTTP/1.1" 302 355 "-" "NewsGatorOnline/2.0 (http://www.newsgator.com; 2 subscribers)"
64.78.155.100 - - [25/Mar/2010:01:46:01 -0700] "GET / HTTP/1.1" 304 - "-" "NewsGatorOnline/2.0 (http://www.newsgator.com; 2 subscribers)"
67.218.116.132 - - [25/Mar/2010:03:00:59 -0700] "GET /robots.txt HTTP/1.1" 302 355 "-" "Mozilla/5.0 (Twiceler-0.9 http://www.cuil.com/twiceler/robot.html)"
209.85.238.251 - - [25/Mar/2010:03:42:59 -0700] "GET /feed/ HTTP/1.1" 302 355 "-" "Feedfetcher-Google; (+http://www.google.com/feedfetcher.html; 1 subscribers; feed-id=10831477631497958243)"
209.85.238.251 - - [25/Mar/2010:03:43:00 -0700] "GET / HTTP/1.1" 304 - "-" "Feedfetcher-Google; (+http://www.google.com/feedfetcher.html; 1 subscribers; feed-id=10831477631497958243)"
216.129.119.10 - - [25/Mar/2010:07:21:23 -0700] "GET /robots.txt HTTP/1.1" 302 359 "-" "Mozilla/5.0 (Twiceler-0.9 http://www.cuil.com/twiceler/robot.html)"
209.85.238.251 - - [25/Mar/2010:08:18:06 -0700] "GET /feed/ HTTP/1.1" 302 355 "-" "Feedfetcher-Google; (+http://www.google.com/feedfetcher.html; 1 subscribers; feed-id=10831477631497958243)"
209.85.238.251 - - [25/Mar/2010:08:18:07 -0700] "GET / HTTP/1.1" 304 - "-" "Feedfetcher-Google; (+http://www.google.com/feedfetcher.html; 1 subscribers; feed-id=10831477631497958243)"
84.63.137.230 - - [25/Mar/2010:11:16:17 -0700] "GET / HTTP/1.1" 200 163 "-" "Java/1.6.0_06"
209.85.238.251 - - [25/Mar/2010:11:18:14 -0700] "GET /feed/ HTTP/1.1" 302 355 "-" "Feedfetcher-Google; (+http://www.google.com/feedfetcher.html; 1 subscribers; feed-id=10831477631497958243)"
209.85.238.251 - - [25/Mar/2010:11:18:15 -0700] "GET / HTTP/1.1" 304 - "-" "Feedfetcher-Google; (+http://www.google.com/feedfetcher.html; 1 subscribers; feed-id=10831477631497958243)"
202.158.237.73 - - [25/Mar/2010:11:37:12 -0700] "GET / HTTP/1.0" 200 163 "http://jasoncmartin.com/" "Mozilla/4.0 (compatible; MSIE 6.0; MSIE 5.5; Windows NT 4.0) Opera 7.0 [en]"
203.81.31.164 - - [25/Mar/2010:11:37:15 -0700] "GET / HTTP/1.0" 200 163 "http://jasoncmartin.com/" "Mozilla/4.0 (compatible; MSIE 6.0; MSIE 5.5; Windows NT 4.0) Opera 7.0 [en]"
98.221.254.65 - - [25/Mar/2010:11:37:17 -0700] "GET http://jasoncmartin.com/ HTTP/1.0" 200 163 "http://jasoncmartin.com/" "Mozilla/4.0 (compatible; MSIE 6.0; MSIE 5.5; Windows NT 4.0) Opera 7.0 [en]"
189.108.26.133 - - [25/Mar/2010:11:37:31 -0700] "GET / HTTP/1.0" 200 163 "http://jasoncmartin.com/" "Mozilla/4.0 (compatible; MSIE 6.0; MSIE 5.5; Windows NT 4.0) Opera 7.0 [en]"
98.221.254.65 - - [25/Mar/2010:11:37:32 -0700] "GET http://jasoncmartin.com/ HTTP/1.0" 200 163 "http://jasoncmartin.com/" "Mozilla/4.0 (compatible; MSIE 6.0; MSIE 5.5; Windows NT 4.0) Opera 7.0 [en]"
60.49.149.2 - - [25/Mar/2010:11:38:08 -0700] "GET / HTTP/1.1" 200 163 "http://jasoncmartin.com/" "Mozilla/4.0 (compatible; MSIE 6.0; MSIE 5.5; Windows NT 4.0) Opera 7.0 [en]"
82.235.73.46 - - [25/Mar/2010:11:38:13 -0700] "GET http://jasoncmartin.com/ HTTP/1.0" 200 163 "http://jasoncmartin.com/" "Mozilla/4.0 (compatible; MSIE 6.0; MSIE 5.5; Windows NT 4.0) Opera 7.0 [en]"
83.211.25.242 - - [25/Mar/2010:11:38:14 -0700] "GET / HTTP/1.1" 200 163 "http://jasoncmartin.com/" "Mozilla/4.0 (compatible; MSIE 6.0; MSIE 5.5; Windows NT 4.0) Opera 7.0 [en]"
88.147.172.138 - - [25/Mar/2010:11:38:19 -0700] "GET / HTTP/1.0" 200 163 "http://jasoncmartin.com/" "Mozilla/4.0 (compatible; MSIE 6.0; MSIE 5.5; Windows NT 4.0) Opera 7.0 [en]"
202.143.155.44 - - [25/Mar/2010:11:38:30 -0700] "GET / HTTP/1.0" 200 163 "http://jasoncmartin.com/" "Mozilla/4.0 (compatible; MSIE 6.0; MSIE 5.5; Windows NT 4.0) Opera 7.0 [en]"
121.242.99.235 - - [25/Mar/2010:11:38:40 -0700] "GET / HTTP/1.1" 200 163 "http://jasoncmartin.com/" "Mozilla/4.0 (compatible; MSIE 6.0; MSIE 5.5; Windows NT 4.0) Opera 7.0 [en]"
110.8.253.102 - - [25/Mar/2010:11:38:46 -0700] "GET / HTTP/1.1" 200 163 "http://jasoncmartin.com/" "Mozilla/4.0 (compatible; MSIE 6.0; MSIE 5.5; Windows NT 4.0) Opera 7.0 [en]"
8.21.4.254 - - [25/Mar/2010:11:38:47 -0700] "GET / HTTP/1.1" 200 163 "-" "Mozilla/4.0 (compatible; MSIE 7.0; Windows NT 5.1; InfoPath.1; .NET CLR 2.0.50727; .NET CLR 1.1.4322; MS-RTC LM 8; .NET CLR 3.0.4506.2152; .NET CLR 3.5.30729)"
153.19.53.113 - - [25/Mar/2010:11:38:56 -0700] "GET / HTTP/1.1" 200 163 "http://jasoncmartin.com/" "Mozilla/4.0 (compatible; MSIE 6.0; MSIE 5.5; Windows NT 4.0) Opera 7.0 [en]"
202.116.160.89 - - [25/Mar/2010:11:39:11 -0700] "GET / HTTP/1.1" 200 163 "http://jasoncmartin.com/" "Mozilla/4.0 (compatible; MSIE 6.0; MSIE 5.5; Windows NT 4.0) Opera 7.0 [en]"
220.51.173.10 - - [25/Mar/2010:11:39:35 -0700] "GET / HTTP/1.0" 200 163 "http://jasoncmartin.com/" "Mozilla/4.0 (compatible; MSIE 6.0; MSIE 5.5; Windows NT 4.0) Opera 7.0 [en]"
96.57.154.179 - - [25/Mar/2010:11:40:20 -0700] "GET / HTTP/1.1" 200 163 "http://jasoncmartin.com/" "Mozilla/4.0 (compatible; MSIE 6.0; MSIE 5.5; Windows NT 4.0) Opera 7.0 [en]"
96.57.154.179 - - [25/Mar/2010:11:40:21 -0700] "GET / HTTP/1.1" 200 163 "http://jasoncmartin.com/" "Mozilla/4.0 (compatible; MSIE 6.0; MSIE 5.5; Windows NT 4.0) Opera 7.0 [en]"
207.46.199.201 - - [25/Mar/2010:11:49:20 -0700] "GET /robots.txt HTTP/1.1" 302 355 "-" "msnbot/2.0b (+http://search.msn.com/msnbot.htm)"
207.46.199.201 - - [25/Mar/2010:11:49:20 -0700] "GET / HTTP/1.1" 200 163 "-" "msnbot/2.0b (+http://search.msn.com/msnbot.htm)"
72.14.199.166 - - [25/Mar/2010:14:21:41 -0700] "GET /feed/ HTTP/1.1" 302 355 "-" "Feedfetcher-Google; (+http://www.google.com/feedfetcher.html; 1 subscribers; feed-id=10831477631497958243)"
72.14.199.166 - - [25/Mar/2010:14:21:42 -0700] "GET / HTTP/1.1" 200 163 "-" "Feedfetcher-Google; (+http://www.google.com/feedfetcher.html; 1 subscribers; feed-id=10831477631497958243)"
38.101.148.126 - - [25/Mar/2010:15:42:32 -0700] "GET /robots.txt HTTP/1.1" 302 355 "-" "Mozilla/5.0 (compatible; discobot/1.1; +http://discoveryengine.com/discobot.html"
38.101.148.126 - - [25/Mar/2010:15:42:41 -0700] "GET / HTTP/1.1" 200 163 "-" "Mozilla/5.0 (compatible; discobot/1.1; +http://discoveryengine.com/discobot.html"
38.101.148.126 - - [25/Mar/2010:15:42:57 -0700] "GET / HTTP/1.1" 200 163 "-" "Mozilla/5.0 (compatible; discobot/1.1; +http://discoveryengine.com/discobot.html"
72.14.199.166 - - [25/Mar/2010:17:22:14 -0700] "GET /feed/ HTTP/1.1" 302 355 "-" "Feedfetcher-Google; (+http://www.google.com/feedfetcher.html; 1 subscribers; feed-id=10831477631497958243)"
72.14.199.166 - - [25/Mar/2010:17:22:15 -0700] "GET / HTTP/1.1" 304 - "-" "Feedfetcher-Google; (+http://www.google.com/feedfetcher.html; 1 subscribers; feed-id=10831477631497958243)"
123.125.66.24 - - [25/Mar/2010:19:47:39 -0700] "GET /robots.txt HTTP/1.1" 302 355 "-" "Baiduspider+(+http://www.baidu.com/search/spider.htm)"
123.125.66.27 - - [25/Mar/2010:19:47:40 -0700] "GET / HTTP/1.1" 200 163 "-" "Baiduspider+(+http://www.baidu.com/search/spider.htm)"
72.14.199.166 - - [25/Mar/2010:20:22:24 -0700] "GET /feed/ HTTP/1.1" 302 355 "-" "Feedfetcher-Google; (+http://www.google.com/feedfetcher.html; 1 subscribers; feed-id=10831477631497958243)"
72.14.199.166 - - [25/Mar/2010:20:22:25 -0700] "GET / HTTP/1.1" 304 - "-" "Feedfetcher-Google; (+http://www.google.com/feedfetcher.html; 1 subscribers; feed-id=10831477631497958243)"
64.78.155.100 - - [25/Mar/2010:21:31:09 -0700] "GET /feed/ HTTP/1.1" 302 355 "-" "NewsGatorOnline/2.0 (http://www.newsgator.com; 2 subscribers)"
64.78.155.100 - - [25/Mar/2010:21:31:09 -0700] "GET / HTTP/1.1" 304 - "-" "NewsGatorOnline/2.0 (http://www.newsgator.com; 2 subscribers)"
71.20.16.31 - - [25/Mar/2010:21:51:50 -0700] "GET /Images/2371-2390.gif HTTP/1.1" 302 355 "http://www.joseralat.com/forum/showthread.php?t=1280" "Mozilla/5.0 (Macintosh; U; Intel Mac OS X 10.6; en-US; rv:1.9.2.2) Gecko/20100316 Firefox/3.6.2"
71.20.16.31 - - [25/Mar/2010:21:51:50 -0700] "GET / HTTP/1.1" 200 163 "http://www.joseralat.com/forum/showthread.php?t=1280" "Mozilla/5.0 (Macintosh; U; Intel Mac OS X 10.6; en-US; rv:1.9.2.2) Gecko/20100316 Firefox/3.6.2"
71.20.16.31 - - [25/Mar/2010:21:51:51 -0700] "GET /Images/Obsidian_Order.gif HTTP/1.1" 302 355 "http://www.joseralat.com/forum/showthread.php?t=1280" "Mozilla/5.0 (Macintosh; U; Intel Mac OS X 10.6; en-US; rv:1.9.2.2) Gecko/20100316 Firefox/3.6.2"
71.20.16.31 - - [25/Mar/2010:21:51:51 -0700] "GET /Images/29thcentury.gif HTTP/1.1" 302 355 "http://www.joseralat.com/forum/showthread.php?t=1280" "Mozilla/5.0 (Macintosh; U; Intel Mac OS X 10.6; en-US; rv:1.9.2.2) Gecko/20100316 Firefox/3.6.2"
71.20.16.31 - - [25/Mar/2010:21:51:51 -0700] "GET /Images/basicdelta.gif HTTP/1.1" 302 355 "http://www.joseralat.com/forum/showthread.php?t=1280" "Mozilla/5.0 (Macintosh; U; Intel Mac OS X 10.6; en-US; rv:1.9.2.2) Gecko/20100316 Firefox/3.6.2"
71.20.16.31 - - [25/Mar/2010:21:51:51 -0700] "GET / HTTP/1.1" 206 163 "http://www.joseralat.com/forum/showthread.php?t=1280" "Mozilla/5.0 (Macintosh; U; Intel Mac OS X 10.6; en-US; rv:1.9.2.2) Gecko/20100316 Firefox/3.6.2"
71.20.16.31 - - [25/Mar/2010:21:51:51 -0700] "GET / HTTP/1.1" 206 163 "http://www.joseralat.com/forum/showthread.php?t=1280" "Mozilla/5.0 (Macintosh; U; Intel Mac OS X 10.6; en-US; rv:1.9.2.2) Gecko/20100316 Firefox/3.6.2"
71.20.16.31 - - [25/Mar/2010:21:51:51 -0700] "GET / HTTP/1.1" 206 163 "http://www.joseralat.com/forum/showthread.php?t=1280" "Mozilla/5.0 (Macintosh; U; Intel Mac OS X 10.6; en-US; rv:1.9.2.2) Gecko/20100316 Firefox/3.6.2"
65.55.207.119 - - [25/Mar/2010:23:10:17 -0700] "GET /robots.txt HTTP/1.1" 302 355 "-" "msnbot/2.0b (+http://search.msn.com/msnbot.htm)"
65.55.207.119 - - [25/Mar/2010:23:10:17 -0700] "GET / HTTP/1.1" 200 163 "-" "msnbot/2.0b (+http://search.msn.com/msnbot.htm)"
72.14.199.166 - - [25/Mar/2010:23:22:34 -0700] "GET /feed/ HTTP/1.1" 302 355 "-" "Feedfetcher-Google; (+http://www.google.com/feedfetcher.html; 1 subscribers; feed-id=10831477631497958243)"
72.14.199.166 - - [25/Mar/2010:23:22:35 -0700] "GET / HTTP/1.1" 304 - "-" "Feedfetcher-Google; (+http://www.google.com/feedfetcher.html; 1 subscribers; feed-id=10831477631497958243)"
72.14.199.166 - - [26/Mar/2010:02:22:36 -0700] "GET /feed/ HTTP/1.1" 302 355 "-" "Feedfetcher-Google; (+http://www.google.com/feedfetcher.html; 1 subscribers; feed-id=10831477631497958243)"
72.14.199.166 - - [26/Mar/2010:02:22:37 -0700] "GET / HTTP/1.1" 304 - "-" "Feedfetcher-Google; (+http://www.google.com/feedfetcher.html; 1 subscribers; feed-id=10831477631497958243)"
67.218.116.132 - - [26/Mar/2010:03:11:59 -0700] "GET /robots.txt HTTP/1.1" 302 355 "-" "Mozilla/5.0 (Twiceler-0.9 http://www.cuil.com/twiceler/robot.html)"
207.46.199.184 - - [26/Mar/2010:04:03:02 -0700] "GET /robots.txt HTTP/1.1" 302 355 "-" "msnbot/2.0b (+http://search.msn.com/msnbot.htm)"
207.46.199.184 - - [26/Mar/2010:04:03:02 -0700] "GET / HTTP/1.1" 200 163 "-" "msnbot/2.0b (+http://search.msn.com/msnbot.htm)"
67.210.218.104 - - [26/Mar/2010:05:01:36 -0700] "GET /feed HTTP/1.1" 302 355 "-" "Rome Client (http://tinyurl.com/64t5n) Ver: 0.9"
67.210.218.104 - - [26/Mar/2010:05:01:37 -0700] "GET / HTTP/1.1" 200 163 "-" "Rome Client (http://tinyurl.com/64t5n) Ver: 0.9"
72.14.199.166 - - [26/Mar/2010:05:22:45 -0700] "GET /feed/ HTTP/1.1" 302 355 "-" "Feedfetcher-Google; (+http://www.google.com/feedfetcher.html; 1 subscribers; feed-id=10831477631497958243)"
72.14.199.166 - - [26/Mar/2010:05:22:46 -0700] "GET / HTTP/1.1" 304 - "-" "Feedfetcher-Google; (+http://www.google.com/feedfetcher.html; 1 subscribers; feed-id=10831477631497958243)"
207.46.204.241 - - [26/Mar/2010:05:26:59 -0700] "GET /robots.txt HTTP/1.1" 302 355 "-" "msnbot/2.0b (+http://search.msn.com/msnbot.htm)"
207.46.204.241 - - [26/Mar/2010:05:26:59 -0700] "GET / HTTP/1.1" 200 163 "-" "msnbot/2.0b (+http://search.msn.com/msnbot.htm)"
207.46.204.241 - - [26/Mar/2010:05:28:17 -0700] "GET /feed/ HTTP/1.1" 302 355 "-" "msnbot/2.0b (+http://search.msn.com/msnbot.htm)"
216.129.119.10 - - [26/Mar/2010:07:19:31 -0700] "GET /robots.txt HTTP/1.1" 302 359 "-" "Mozilla/5.0 (Twiceler-0.9 http://www.cuil.com/twiceler/robot.html)"
72.14.199.166 - - [26/Mar/2010:08:22:59 -0700] "GET /feed/ HTTP/1.1" 302 355 "-" "Feedfetcher-Google; (+http://www.google.com/feedfetcher.html; 1 subscribers; feed-id=10831477631497958243)"
72.14.199.166 - - [26/Mar/2010:08:23:00 -0700] "GET / HTTP/1.1" 304 - "-" "Feedfetcher-Google; (+http://www.google.com/feedfetcher.html; 1 subscribers; feed-id=10831477631497958243)"
79.72.43.121 - - [26/Mar/2010:08:56:34 -0700] "GET / HTTP/1.1" 200 163 "http://www.google.co.uk/search?client=safari&rls=en&q=jason+c+martin&ie=UTF-8&oe=UTF-8&redir_esc=&ei=LtmsS4O7NZmI0wSuhNWJDg" "Mozilla/5.0 (Macintosh; U; Intel Mac OS X 10_6_2; en-gb) AppleWebKit/531.22.7 (KHTML, like Gecko) Version/4.0.5 Safari/531.22.7"
79.72.43.121 - - [26/Mar/2010:08:56:34 -0700] "GET /favicon.ico HTTP/1.1" 302 355 "http://jasoncmartin.com/" "Mozilla/5.0 (Macintosh; U; Intel Mac OS X 10_6_2; en-gb) AppleWebKit/531.22.7 (KHTML, like Gecko) Version/4.0.5 Safari/531.22.7"
65.55.207.27 - - [26/Mar/2010:09:45:48 -0700] "GET /robots.txt HTTP/1.1" 302 355 "-" "msnbot/2.0b (+http://search.msn.com/msnbot.htm)"
65.55.207.27 - - [26/Mar/2010:09:45:48 -0700] "GET / HTTP/1.1" 200 163 "-" "msnbot/2.0b (+http://search.msn.com/msnbot.htm)"
72.14.199.166 - - [26/Mar/2010:11:23:05 -0700] "GET /feed/ HTTP/1.1" 302 355 "-" "Feedfetcher-Google; (+http://www.google.com/feedfetcher.html; 1 subscribers; feed-id=10831477631497958243)"
72.14.199.166 - - [26/Mar/2010:11:23:06 -0700] "GET / HTTP/1.1" 304 - "-" "Feedfetcher-Google; (+http://www.google.com/feedfetcher.html; 1 subscribers; feed-id=10831477631497958243)"
65.55.106.187 - - [26/Mar/2010:11:51:50 -0700] "GET /robots.txt HTTP/1.1" 302 355 "-" "msnbot/2.0b (+http://search.msn.com/msnbot.htm)"
65.55.106.187 - - [26/Mar/2010:11:51:50 -0700] "GET / HTTP/1.1" 200 163 "-" "msnbot/2.0b (+http://search.msn.com/msnbot.htm)"
65.55.106.234 - - [26/Mar/2010:12:17:29 -0700] "GET /robots.txt HTTP/1.1" 302 355 "-" "msnbot/2.0b (+http://search.msn.com/msnbot.htm)"
65.55.106.234 - - [26/Mar/2010:12:17:30 -0700] "GET / HTTP/1.1" 200 163 "-" "msnbot/2.0b (+http://search.msn.com/msnbot.htm)"
85.38.61.212 - - [26/Mar/2010:12:47:13 -0700] "GET / HTTP/1.1" 200 163 "-" "Java/1.5.0_01"
72.14.199.165 - - [26/Mar/2010:14:23:11 -0700] "GET /feed/ HTTP/1.1" 302 355 "-" "Feedfetcher-Google; (+http://www.google.com/feedfetcher.html; 1 subscribers; feed-id=10831477631497958243)"
72.14.199.165 - - [26/Mar/2010:14:23:12 -0700] "GET / HTTP/1.1" 304 - "-" "Feedfetcher-Google; (+http://www.google.com/feedfetcher.html; 1 subscribers; feed-id=10831477631497958243)"
188.223.29.77 - - [26/Mar/2010:16:47:32 -0700] "GET /favicon.ico HTTP/1.1" 302 355 "-" "NetNewsWire/3.2 (Mac OS X; http://www.newsgator.com/Individuals/NetNewsWire/)"
64.78.155.100 - - [26/Mar/2010:17:14:22 -0700] "GET /feed/ HTTP/1.1" 302 355 "-" "NewsGatorOnline/2.0 (http://www.newsgator.com; 2 subscribers)"
64.78.155.100 - - [26/Mar/2010:17:14:22 -0700] "GET / HTTP/1.1" 304 - "-" "NewsGatorOnline/2.0 (http://www.newsgator.com; 2 subscribers)"
72.14.199.165 - - [26/Mar/2010:17:23:14 -0700] "GET /feed/ HTTP/1.1" 302 355 "-" "Feedfetcher-Google; (+http://www.google.com/feedfetcher.html; 1 subscribers; feed-id=10831477631497958243)"
72.14.199.165 - - [26/Mar/2010:17:23:15 -0700] "GET / HTTP/1.1" 304 - "-" "Feedfetcher-Google; (+http://www.google.com/feedfetcher.html; 1 subscribers; feed-id=10831477631497958243)"
193.252.149.14 - - [26/Mar/2010:17:31:38 -0700] "GET / HTTP/1.1" 200 163 "-" "Mozilla/5.0 (Windows; U; Windows NT 5.1; fr; rv:1.8.1) VoilaBot BETA 1.2 (support.voilabot@orange-ftgroup.com)"
93.158.148.31 - - [26/Mar/2010:17:49:07 -0700] "GET /robots.txt HTTP/1.1" 302 355 "-" "Yandex/1.01.001 (compatible; Win16; I)"
93.158.148.31 - - [26/Mar/2010:18:20:50 -0700] "GET /robots.txt HTTP/1.1" 302 359 "-" "Yandex/1.01.001 (compatible; Win16; I)"
207.46.199.191 - - [26/Mar/2010:18:31:12 -0700] "GET /robots.txt HTTP/1.1" 302 355 "-" "msnbot/2.0b (+http://search.msn.com/msnbot.htm)"
207.46.199.191 - - [26/Mar/2010:18:31:12 -0700] "GET / HTTP/1.1" 200 163 "-" "msnbot/2.0b (+http://search.msn.com/msnbot.htm)"
123.125.66.110 - - [26/Mar/2010:19:22:19 -0700] "GET /robots.txt HTTP/1.1" 302 355 "-" "Baiduspider+(+http://www.baidu.com/search/spider.htm)"
123.125.66.28 - - [26/Mar/2010:19:22:19 -0700] "GET / HTTP/1.1" 200 163 "-" "Baiduspider+(+http://www.baidu.com/search/spider.htm)"
72.14.199.165 - - [26/Mar/2010:20:23:24 -0700] "GET /feed/ HTTP/1.1" 302 355 "-" "Feedfetcher-Google; (+http://www.google.com/feedfetcher.html; 1 subscribers; feed-id=10831477631497958243)"
72.14.199.165 - - [26/Mar/2010:20:23:26 -0700] "GET / HTTP/1.1" 304 - "-" "Feedfetcher-Google; (+http://www.google.com/feedfetcher.html; 1 subscribers; feed-id=10831477631497958243)"
66.249.71.231 - - [26/Mar/2010:22:50:00 -0700] "GET /robots.txt HTTP/1.1" 302 359 "-" "Mozilla/5.0 (compatible; Googlebot/2.1; +http://www.google.com/bot.html)"
66.249.71.231 - - [26/Mar/2010:22:50:01 -0700] "GET / HTTP/1.1" 304 - "-" "Mozilla/5.0 (compatible; Googlebot/2.1; +http://www.google.com/bot.html)"
72.14.199.165 - - [26/Mar/2010:23:23:35 -0700] "GET /feed/ HTTP/1.1" 302 355 "-" "Feedfetcher-Google; (+http://www.google.com/feedfetcher.html; 1 subscribers; feed-id=10831477631497958243)"
72.14.199.165 - - [26/Mar/2010:23:23:36 -0700] "GET / HTTP/1.1" 304 - "-" "Feedfetcher-Google; (+http://www.google.com/feedfetcher.html; 1 subscribers; feed-id=10831477631497958243)"
72.14.199.165 - - [27/Mar/2010:02:23:44 -0700] "GET /feed/ HTTP/1.1" 302 355 "-" "Feedfetcher-Google; (+http://www.google.com/feedfetcher.html; 1 subscribers; feed-id=10831477631497958243)"
72.14.199.165 - - [27/Mar/2010:02:23:45 -0700] "GET / HTTP/1.1" 304 - "-" "Feedfetcher-Google; (+http://www.google.com/feedfetcher.html; 1 subscribers; feed-id=10831477631497958243)"
67.218.116.132 - - [27/Mar/2010:05:06:55 -0700] "GET /robots.txt HTTP/1.1" 302 355 "-" "Mozilla/5.0 (Twiceler-0.9 http://www.cuil.com/twiceler/robot.html)"
72.14.199.165 - - [27/Mar/2010:05:23:54 -0700] "GET /feed/ HTTP/1.1" 302 355 "-" "Feedfetcher-Google; (+http://www.google.com/feedfetcher.html; 1 subscribers; feed-id=10831477631497958243)"
72.14.199.165 - - [27/Mar/2010:05:23:55 -0700] "GET / HTTP/1.1" 304 - "-" "Feedfetcher-Google; (+http://www.google.com/feedfetcher.html; 1 subscribers; feed-id=10831477631497958243)"
207.46.199.183 - - [27/Mar/2010:05:39:03 -0700] "GET /robots.txt HTTP/1.1" 302 355 "-" "msnbot/2.0b (+http://search.msn.com/msnbot.htm)"
207.46.199.183 - - [27/Mar/2010:05:39:03 -0700] "GET / HTTP/1.1" 200 163 "-" "msnbot/2.0b (+http://search.msn.com/msnbot.htm)"
93.158.148.31 - - [27/Mar/2010:06:56:32 -0700] "GET / HTTP/1.1" 200 163 "-" "Yandex/1.01.001 (compatible; Win16; I)"
93.158.148.31 - - [27/Mar/2010:07:30:46 -0700] "GET / HTTP/1.1" 200 163 "-" "Yandex/1.01.001 (compatible; Win16; I)"
72.14.199.165 - - [27/Mar/2010:08:24:06 -0700] "GET /feed/ HTTP/1.1" 302 355 "-" "Feedfetcher-Google; (+http://www.google.com/feedfetcher.html; 1 subscribers; feed-id=10831477631497958243)"
72.14.199.165 - - [27/Mar/2010:08:24:07 -0700] "GET / HTTP/1.1" 304 - "-" "Feedfetcher-Google; (+http://www.google.com/feedfetcher.html; 1 subscribers; feed-id=10831477631497958243)"
38.99.97.212 - - [27/Mar/2010:09:01:39 -0700] "GET /robots.txt HTTP/1.1" 302 355 "-" "Mozilla/5.0 (compatible; ScoutJet; +http://www.scoutjet.com/)"
38.99.97.212 - - [27/Mar/2010:09:01:48 -0700] "GET / HTTP/1.1" 200 163 "-" "Mozilla/5.0 (compatible; ScoutJet; +http://www.scoutjet.com/)"
38.99.97.212 - - [27/Mar/2010:09:01:56 -0700] "GET / HTTP/1.1" 200 163 "-" "Mozilla/5.0 (compatible; ScoutJet; +http://www.scoutjet.com/)"
72.14.199.165 - - [27/Mar/2010:11:24:14 -0700] "GET /feed/ HTTP/1.1" 302 355 "-" "Feedfetcher-Google; (+http://www.google.com/feedfetcher.html; 1 subscribers; feed-id=10831477631497958243)"
72.14.199.165 - - [27/Mar/2010:11:24:15 -0700] "GET / HTTP/1.1" 304 - "-" "Feedfetcher-Google; (+http://www.google.com/feedfetcher.html; 1 subscribers; feed-id=10831477631497958243)"
207.46.199.199 - - [27/Mar/2010:14:33:14 -0700] "GET /robots.txt HTTP/1.1" 302 355 "-" "msnbot/2.0b (+http://search.msn.com/msnbot.htm)"
207.46.199.199 - - [27/Mar/2010:14:33:14 -0700] "GET / HTTP/1.1" 200 163 "-" "msnbot/2.0b (+http://search.msn.com/msnbot.htm)"
65.55.106.161 - - [27/Mar/2010:15:05:58 -0700] "GET /robots.txt HTTP/1.1" 302 355 "-" "msnbot/2.0b (+http://search.msn.com/msnbot.htm)"
65.55.106.161 - - [27/Mar/2010:15:05:58 -0700] "GET / HTTP/1.1" 200 163 "-" "msnbot/2.0b (+http://search.msn.com/msnbot.htm)"
64.78.155.100 - - [27/Mar/2010:15:34:47 -0700] "GET /feed/ HTTP/1.1" 302 355 "-" "NewsGatorOnline/2.0 (http://www.newsgator.com; 2 subscribers)"
64.78.155.100 - - [27/Mar/2010:15:34:47 -0700] "GET / HTTP/1.1" 304 - "-" "NewsGatorOnline/2.0 (http://www.newsgator.com; 2 subscribers)"
72.14.199.165 - - [27/Mar/2010:16:08:02 -0700] "GET /feed/ HTTP/1.1" 302 355 "-" "Feedfetcher-Google; (+http://www.google.com/feedfetcher.html; 1 subscribers; feed-id=10831477631497958243)"
72.14.199.165 - - [27/Mar/2010:16:08:03 -0700] "GET / HTTP/1.1" 304 - "-" "Feedfetcher-Google; (+http://www.google.com/feedfetcher.html; 1 subscribers; feed-id=10831477631497958243)"
67.210.218.104 - - [27/Mar/2010:16:08:35 -0700] "GET /feed HTTP/1.1" 302 355 "-" "Rome Client (http://tinyurl.com/64t5n) Ver: 0.9"
67.210.218.104 - - [27/Mar/2010:16:08:36 -0700] "GET / HTTP/1.1" 200 163 "-" "Rome Client (http://tinyurl.com/64t5n) Ver: 0.9"
72.14.199.165 - - [27/Mar/2010:19:08:12 -0700] "GET /feed/ HTTP/1.1" 302 355 "-" "Feedfetcher-Google; (+http://www.google.com/feedfetcher.html; 1 subscribers; feed-id=10831477631497958243)"
72.14.199.165 - - [27/Mar/2010:19:08:13 -0700] "GET / HTTP/1.1" 304 - "-" "Feedfetcher-Google; (+http://www.google.com/feedfetcher.html; 1 subscribers; feed-id=10831477631497958243)"
193.47.80.37 - - [27/Mar/2010:20:03:33 -0700] "GET /robots.txt HTTP/1.1" 302 355 "-" "Mozilla/5.0 (compatible; Exabot/3.0; +http://www.exabot.com/go/robot)"
193.47.80.37 - - [27/Mar/2010:20:03:33 -0700] "GET / HTTP/1.1" 200 163 "-" "Mozilla/5.0 (compatible; Exabot/3.0; +http://www.exabot.com/go/robot)"
193.47.80.37 - - [27/Mar/2010:20:03:34 -0700] "GET /2008/09/iphone-development/ HTTP/1.1" 302 355 "-" "Mozilla/5.0 (compatible; Exabot/3.0; +http://www.exabot.com/go/robot)"
193.47.80.37 - - [27/Mar/2010:20:03:39 -0700] "GET / HTTP/1.1" 304 - "-" "Mozilla/5.0 (compatible; Exabot/3.0; +http://www.exabot.com/go/robot)"
207.46.199.188 - - [27/Mar/2010:21:30:32 -0700] "GET /robots.txt HTTP/1.1" 302 355 "-" "msnbot/2.0b (+http://search.msn.com/msnbot.htm)"
207.46.199.188 - - [27/Mar/2010:21:30:32 -0700] "GET / HTTP/1.1" 200 163 "-" "msnbot/2.0b (+http://search.msn.com/msnbot.htm)"
72.14.199.165 - - [27/Mar/2010:22:08:22 -0700] "GET /feed/ HTTP/1.1" 302 355 "-" "Feedfetcher-Google; (+http://www.google.com/feedfetcher.html; 1 subscribers; feed-id=10831477631497958243)"
72.14.199.165 - - [27/Mar/2010:22:08:23 -0700] "GET / HTTP/1.1" 304 - "-" "Feedfetcher-Google; (+http://www.google.com/feedfetcher.html; 1 subscribers; feed-id=10831477631497958243)"
64.56.66.211 - - [27/Mar/2010:23:20:44 -0700] "GET /robots.txt HTTP/1.0" 302 355 "http://jasoncmartin.com/robots.txt" "Mozilla/4.0 (compatible; MSIE 6.0; Windows NT 5.1; SV1; .NET CLR 2.0.50727)"
64.56.66.211 - - [27/Mar/2010:23:20:45 -0700] "GET / HTTP/1.0" 200 163 "http://jasoncmartin.com/" "Mozilla/4.0 (compatible; MSIE 6.0; Windows NT 5.1; SV1; .NET CLR 2.0.50727)"
72.14.199.165 - - [28/Mar/2010:01:08:32 -0700] "GET /feed/ HTTP/1.1" 302 355 "-" "Feedfetcher-Google; (+http://www.google.com/feedfetcher.html; 1 subscribers; feed-id=10831477631497958243)"
72.14.199.165 - - [28/Mar/2010:01:08:32 -0700] "GET / HTTP/1.1" 304 - "-" "Feedfetcher-Google; (+http://www.google.com/feedfetcher.html; 1 subscribers; feed-id=10831477631497958243)"
123.125.66.41 - - [28/Mar/2010:02:22:30 -0700] "GET /robots.txt HTTP/1.1" 302 355 "-" "Baiduspider+(+http://www.baidu.com/search/spider.htm)"
123.125.66.35 - - [28/Mar/2010:02:22:31 -0700] "GET / HTTP/1.1" 200 163 "-" "Baiduspider+(+http://www.baidu.com/search/spider.htm)"
204.236.245.5 - - [28/Mar/2010:03:47:26 -0700] "GET /robots.txt HTTP/1.1" 302 355 "-" "Mozilla/5.0 (compatible; spbot/2.0.2; +http://www.seoprofiler.com/bot/ )"
204.236.245.5 - - [28/Mar/2010:03:47:26 -0700] "GET / HTTP/1.1" 200 163 "-" "Mozilla/5.0 (compatible; spbot/2.0.2; +http://www.seoprofiler.com/bot/ )"
204.236.245.5 - - [28/Mar/2010:03:47:27 -0700] "GET / HTTP/1.1" 200 163 "-" "Mozilla/5.0 (compatible; spbot/2.0.2; +http://www.seoprofiler.com/bot/ )"
72.14.199.165 - - [28/Mar/2010:04:08:42 -0700] "GET /feed/ HTTP/1.1" 302 355 "-" "Feedfetcher-Google; (+http://www.google.com/feedfetcher.html; 1 subscribers; feed-id=10831477631497958243)"
72.14.199.165 - - [28/Mar/2010:04:08:42 -0700] "GET / HTTP/1.1" 304 - "-" "Feedfetcher-Google; (+http://www.google.com/feedfetcher.html; 1 subscribers; feed-id=10831477631497958243)"
188.223.29.77 - - [28/Mar/2010:04:44:34 -0700] "GET /favicon.ico HTTP/1.1" 302 355 "-" "NetNewsWire/3.2 (Mac OS X; http://www.newsgator.com/Individuals/NetNewsWire/)"
66.249.71.23 - - [28/Mar/2010:06:01:56 -0700] "GET /robots.txt HTTP/1.1" 302 355 "-" "Googlebot-Image/1.0"
66.249.71.23 - - [28/Mar/2010:06:01:56 -0700] "GET / HTTP/1.1" 200 163 "-" "Googlebot-Image/1.0"
66.249.71.23 - - [28/Mar/2010:06:01:56 -0700] "GET /Images/basicdelta.gif HTTP/1.1" 302 355 "-" "Googlebot-Image/1.0"
66.249.71.23 - - [28/Mar/2010:06:01:56 -0700] "GET / HTTP/1.1" 200 163 "-" "Googlebot-Image/1.0"
66.249.71.23 - - [28/Mar/2010:06:09:16 -0700] "GET /Images/2371-2390.gif HTTP/1.1" 302 355 "-" "Googlebot-Image/1.0"
66.249.71.23 - - [28/Mar/2010:06:17:17 -0700] "GET /Images/29thcentury.gif HTTP/1.1" 302 355 "-" "Googlebot-Image/1.0"
