64.78.155.100 - - [06/Apr/2010:18:40:45 -0700] "GET / HTTP/1.1" 304 - "-" "NewsGatorOnline/2.0 (http://www.newsgator.com; 2 subscribers)"
208.115.111.245 - - [06/Apr/2010:19:27:16 -0700] "GET /robots.txt HTTP/1.1" 302 355 "-" "Mozilla/5.0 (compatible; DotBot/1.1; http://www.dotnetdotcom.org/, crawler@dotnetdotcom.org)"
208.115.111.245 - - [06/Apr/2010:19:27:16 -0700] "GET / HTTP/1.1" 200 163 "-" "Mozilla/5.0 (compatible; DotBot/1.1; http://www.dotnetdotcom.org/, crawler@dotnetdotcom.org)"
208.115.111.245 - - [06/Apr/2010:19:50:19 -0700] "GET /2007/09/bowling/ HTTP/1.1" 302 355 "-" "Mozilla/5.0 (compatible; DotBot/1.1; http://www.dotnetdotcom.org/, crawler@dotnetdotcom.org)"
208.115.111.245 - - [06/Apr/2010:19:50:23 -0700] "GET /2008/02/far-out/ HTTP/1.1" 302 355 "-" "Mozilla/5.0 (compatible; DotBot/1.1; http://www.dotnetdotcom.org/, crawler@dotnetdotcom.org)"
208.115.111.245 - - [06/Apr/2010:19:50:27 -0700] "GET /2008/04/eyecoder/ HTTP/1.1" 302 355 "-" "Mozilla/5.0 (compatible; DotBot/1.1; http://www.dotnetdotcom.org/, crawler@dotnetdotcom.org)"
208.115.111.245 - - [06/Apr/2010:19:50:32 -0700] "GET /2008/04/eyeos-16/ HTTP/1.1" 302 355 "-" "Mozilla/5.0 (compatible; DotBot/1.1; http://www.dotnetdotcom.org/, crawler@dotnetdotcom.org)"
208.115.111.245 - - [06/Apr/2010:19:50:37 -0700] "GET /2008/04/not-much/ HTTP/1.1" 302 355 "-" "Mozilla/5.0 (compatible; DotBot/1.1; http://www.dotnetdotcom.org/, crawler@dotnetdotcom.org)"
208.115.111.245 - - [06/Apr/2010:19:50:42 -0700] "GET /2008/05/its-mybb/ HTTP/1.1" 302 355 "-" "Mozilla/5.0 (compatible; DotBot/1.1; http://www.dotnetdotcom.org/, crawler@dotnetdotcom.org)"
208.115.111.245 - - [06/Apr/2010:19:50:47 -0700] "GET /2008/05/new-song/ HTTP/1.1" 302 355 "-" "Mozilla/5.0 (compatible; DotBot/1.1; http://www.dotnetdotcom.org/, crawler@dotnetdotcom.org)"
208.115.111.245 - - [06/Apr/2010:19:50:52 -0700] "GET /2008/09/whats-up/ HTTP/1.1" 302 355 "-" "Mozilla/5.0 (compatible; DotBot/1.1; http://www.dotnetdotcom.org/, crawler@dotnetdotcom.org)"
208.115.111.245 - - [06/Apr/2010:19:50:57 -0700] "GET /2008/12/yay-ie-7/ HTTP/1.1" 302 355 "-" "Mozilla/5.0 (compatible; DotBot/1.1; http://www.dotnetdotcom.org/, crawler@dotnetdotcom.org)"
208.115.111.245 - - [06/Apr/2010:19:51:02 -0700] "GET /category/seminar/ HTTP/1.1" 302 355 "-" "Mozilla/5.0 (compatible; DotBot/1.1; http://www.dotnetdotcom.org/, crawler@dotnetdotcom.org)"
207.46.199.183 - - [06/Apr/2010:20:09:39 -0700] "GET /robots.txt HTTP/1.1" 302 355 "-" "msnbot/2.0b (+http://search.msn.com/msnbot.htm)"
207.46.199.183 - - [06/Apr/2010:20:09:39 -0700] "GET / HTTP/1.1" 200 163 "-" "msnbot/2.0b (+http://search.msn.com/msnbot.htm)"
209.85.238.215 - - [06/Apr/2010:20:13:03 -0700] "GET /feed/ HTTP/1.1" 302 355 "-" "Feedfetcher-Google; (+http://www.google.com/feedfetcher.html; 1 subscribers; feed-id=10831477631497958243)"
209.85.238.215 - - [06/Apr/2010:20:13:04 -0700] "GET / HTTP/1.1" 304 - "-" "Feedfetcher-Google; (+http://www.google.com/feedfetcher.html; 1 subscribers; feed-id=10831477631497958243)"
208.115.111.245 - - [06/Apr/2010:23:00:26 -0700] "GET /robots.txt HTTP/1.1" 302 355 "-" "Mozilla/5.0 (compatible; DotBot/1.1; http://www.dotnetdotcom.org/, crawler@dotnetdotcom.org)"
208.115.111.245 - - [06/Apr/2010:23:00:26 -0700] "GET / HTTP/1.1" 200 163 "-" "Mozilla/5.0 (compatible; DotBot/1.1; http://www.dotnetdotcom.org/, crawler@dotnetdotcom.org)"
209.85.238.215 - - [06/Apr/2010:23:13:13 -0700] "GET /feed/ HTTP/1.1" 302 355 "-" "Feedfetcher-Google; (+http://www.google.com/feedfetcher.html; 1 subscribers; feed-id=10831477631497958243)"
209.85.238.215 - - [06/Apr/2010:23:13:14 -0700] "GET / HTTP/1.1" 304 - "-" "Feedfetcher-Google; (+http://www.google.com/feedfetcher.html; 1 subscribers; feed-id=10831477631497958243)"
208.115.111.245 - - [06/Apr/2010:23:24:12 -0700] "GET /2006/08/thac-2/ HTTP/1.1" 302 355 "-" "Mozilla/5.0 (compatible; DotBot/1.1; http://www.dotnetdotcom.org/, crawler@dotnetdotcom.org)"
208.115.111.245 - - [06/Apr/2010:23:24:17 -0700] "GET /2006/12/update/ HTTP/1.1" 302 355 "-" "Mozilla/5.0 (compatible; DotBot/1.1; http://www.dotnetdotcom.org/, crawler@dotnetdotcom.org)"
208.115.111.245 - - [06/Apr/2010:23:24:21 -0700] "GET /2008/04/eyemac/ HTTP/1.1" 302 355 "-" "Mozilla/5.0 (compatible; DotBot/1.1; http://www.dotnetdotcom.org/, crawler@dotnetdotcom.org)"
208.115.111.245 - - [06/Apr/2010:23:24:26 -0700] "GET /2008/04/no-tbg/ HTTP/1.1" 302 355 "-" "Mozilla/5.0 (compatible; DotBot/1.1; http://www.dotnetdotcom.org/, crawler@dotnetdotcom.org)"
208.115.111.245 - - [06/Apr/2010:23:24:30 -0700] "GET /2008/06/page/2/ HTTP/1.1" 302 355 "-" "Mozilla/5.0 (compatible; DotBot/1.1; http://www.dotnetdotcom.org/, crawler@dotnetdotcom.org)"
208.115.111.245 - - [06/Apr/2010:23:24:35 -0700] "GET /category/apple/ HTTP/1.1" 302 355 "-" "Mozilla/5.0 (compatible; DotBot/1.1; http://www.dotnetdotcom.org/, crawler@dotnetdotcom.org)"
208.115.111.245 - - [06/Apr/2010:23:24:41 -0700] "GET /category/eyemac/ HTTP/1.1" 302 355 "-" "Mozilla/5.0 (compatible; DotBot/1.1; http://www.dotnetdotcom.org/, crawler@dotnetdotcom.org)"
208.115.111.245 - - [06/Apr/2010:23:24:46 -0700] "GET /category/eyeos/ HTTP/1.1" 302 355 "-" "Mozilla/5.0 (compatible; DotBot/1.1; http://www.dotnetdotcom.org/, crawler@dotnetdotcom.org)"
208.115.111.245 - - [06/Apr/2010:23:24:51 -0700] "GET /category/iblog/ HTTP/1.1" 302 355 "-" "Mozilla/5.0 (compatible; DotBot/1.1; http://www.dotnetdotcom.org/, crawler@dotnetdotcom.org)"
208.115.111.245 - - [06/Apr/2010:23:24:56 -0700] "GET /tag/development/ HTTP/1.1" 302 355 "-" "Mozilla/5.0 (compatible; DotBot/1.1; http://www.dotnetdotcom.org/, crawler@dotnetdotcom.org)"
207.46.199.184 - - [07/Apr/2010:01:42:03 -0700] "GET /robots.txt HTTP/1.1" 302 355 "-" "msnbot/2.0b (+http://search.msn.com/msnbot.htm)"
207.46.199.184 - - [07/Apr/2010:01:42:03 -0700] "GET / HTTP/1.1" 200 163 "-" "msnbot/2.0b (+http://search.msn.com/msnbot.htm)"
209.85.238.215 - - [07/Apr/2010:02:13:34 -0700] "GET /feed/ HTTP/1.1" 302 355 "-" "Feedfetcher-Google; (+http://www.google.com/feedfetcher.html; 1 subscribers; feed-id=10831477631497958243)"
209.85.238.215 - - [07/Apr/2010:02:13:35 -0700] "GET / HTTP/1.1" 304 - "-" "Feedfetcher-Google; (+http://www.google.com/feedfetcher.html; 1 subscribers; feed-id=10831477631497958243)"
208.115.111.245 - - [07/Apr/2010:02:44:35 -0700] "GET /robots.txt HTTP/1.1" 302 355 "-" "Mozilla/5.0 (compatible; DotBot/1.1; http://www.dotnetdotcom.org/, crawler@dotnetdotcom.org)"
208.115.111.245 - - [07/Apr/2010:02:44:35 -0700] "GET / HTTP/1.1" 200 163 "-" "Mozilla/5.0 (compatible; DotBot/1.1; http://www.dotnetdotcom.org/, crawler@dotnetdotcom.org)"
208.115.111.245 - - [07/Apr/2010:03:07:57 -0700] "GET /2008/06/iblog/ HTTP/1.1" 302 355 "-" "Mozilla/5.0 (compatible; DotBot/1.1; http://www.dotnetdotcom.org/, crawler@dotnetdotcom.org)"
208.115.111.245 - - [07/Apr/2010:03:08:01 -0700] "GET /2008/06/moved/ HTTP/1.1" 302 355 "-" "Mozilla/5.0 (compatible; DotBot/1.1; http://www.dotnetdotcom.org/, crawler@dotnetdotcom.org)"
208.115.111.245 - - [07/Apr/2010:03:08:06 -0700] "GET /2008/10/sleet/ HTTP/1.1" 302 355 "-" "Mozilla/5.0 (compatible; DotBot/1.1; http://www.dotnetdotcom.org/, crawler@dotnetdotcom.org)"
208.115.111.245 - - [07/Apr/2010:03:08:10 -0700] "GET /category/life/ HTTP/1.1" 302 355 "-" "Mozilla/5.0 (compatible; DotBot/1.1; http://www.dotnetdotcom.org/, crawler@dotnetdotcom.org)"
208.115.111.245 - - [07/Apr/2010:03:08:15 -0700] "GET /category/music/ HTTP/1.1" 302 355 "-" "Mozilla/5.0 (compatible; DotBot/1.1; http://www.dotnetdotcom.org/, crawler@dotnetdotcom.org)"
208.115.111.245 - - [07/Apr/2010:03:08:20 -0700] "GET /category/mybb/ HTTP/1.1" 302 355 "-" "Mozilla/5.0 (compatible; DotBot/1.1; http://www.dotnetdotcom.org/, crawler@dotnetdotcom.org)"
208.115.111.245 - - [07/Apr/2010:03:08:25 -0700] "GET /category/myos/ HTTP/1.1" 302 355 "-" "Mozilla/5.0 (compatible; DotBot/1.1; http://www.dotnetdotcom.org/, crawler@dotnetdotcom.org)"
208.115.111.245 - - [07/Apr/2010:03:08:30 -0700] "GET /category/netos/ HTTP/1.1" 302 355 "-" "Mozilla/5.0 (compatible; DotBot/1.1; http://www.dotnetdotcom.org/, crawler@dotnetdotcom.org)"
208.115.111.245 - - [07/Apr/2010:03:08:35 -0700] "GET /category/news/ HTTP/1.1" 302 355 "-" "Mozilla/5.0 (compatible; DotBot/1.1; http://www.dotnetdotcom.org/, crawler@dotnetdotcom.org)"
208.115.111.245 - - [07/Apr/2010:03:08:40 -0700] "GET /comments/feed/ HTTP/1.1" 302 355 "-" "Mozilla/5.0 (compatible; DotBot/1.1; http://www.dotnetdotcom.org/, crawler@dotnetdotcom.org)"
67.218.116.132 - - [07/Apr/2010:04:19:07 -0700] "GET /robots.txt HTTP/1.1" 302 355 "-" "Mozilla/5.0 (Twiceler-0.9 http://www.cuil.com/twiceler/robot.html)"
188.223.29.77 - - [07/Apr/2010:04:34:15 -0700] "GET /favicon.ico HTTP/1.1" 302 355 "-" "NetNewsWire/3.2 (Mac OS X; http://www.newsgator.com/Individuals/NetNewsWire/)"
209.85.238.215 - - [07/Apr/2010:05:13:43 -0700] "GET /feed/ HTTP/1.1" 302 355 "-" "Feedfetcher-Google; (+http://www.google.com/feedfetcher.html; 1 subscribers; feed-id=10831477631497958243)"
209.85.238.215 - - [07/Apr/2010:05:13:44 -0700] "GET / HTTP/1.1" 304 - "-" "Feedfetcher-Google; (+http://www.google.com/feedfetcher.html; 1 subscribers; feed-id=10831477631497958243)"
207.46.199.190 - - [07/Apr/2010:05:23:36 -0700] "GET /robots.txt HTTP/1.1" 302 355 "-" "msnbot/2.0b (+http://search.msn.com/msnbot.htm)"
207.46.199.190 - - [07/Apr/2010:05:23:36 -0700] "GET / HTTP/1.1" 200 163 "-" "msnbot/2.0b (+http://search.msn.com/msnbot.htm)"
123.125.66.107 - - [07/Apr/2010:05:30:04 -0700] "GET /robots.txt HTTP/1.1" 302 355 "-" "Baiduspider+(+http://www.baidu.com/search/spider.htm)"
123.125.66.37 - - [07/Apr/2010:05:30:05 -0700] "GET / HTTP/1.1" 200 163 "-" "Baiduspider+(+http://www.baidu.com/search/spider.htm)"
208.115.111.245 - - [07/Apr/2010:06:28:18 -0700] "GET /robots.txt HTTP/1.1" 302 355 "-" "Mozilla/5.0 (compatible; DotBot/1.1; http://www.dotnetdotcom.org/, crawler@dotnetdotcom.org)"
208.115.111.245 - - [07/Apr/2010:06:28:18 -0700] "GET / HTTP/1.1" 200 163 "-" "Mozilla/5.0 (compatible; DotBot/1.1; http://www.dotnetdotcom.org/, crawler@dotnetdotcom.org)"
208.115.111.245 - - [07/Apr/2010:06:55:11 -0700] "GET /2007/01/mob/ HTTP/1.1" 302 355 "-" "Mozilla/5.0 (compatible; DotBot/1.1; http://www.dotnetdotcom.org/, crawler@dotnetdotcom.org)"
208.115.111.245 - - [07/Apr/2010:06:55:18 -0700] "GET /2007/06/back/ HTTP/1.1" 302 355 "-" "Mozilla/5.0 (compatible; DotBot/1.1; http://www.dotnetdotcom.org/, crawler@dotnetdotcom.org)"
208.115.111.245 - - [07/Apr/2010:06:55:19 -0700] "GET /2008/05/bleh/ HTTP/1.1" 302 355 "-" "Mozilla/5.0 (compatible; DotBot/1.1; http://www.dotnetdotcom.org/, crawler@dotnetdotcom.org)"
208.115.111.245 - - [07/Apr/2010:06:55:25 -0700] "GET /2008/05/huh/ HTTP/1.1" 302 355 "-" "Mozilla/5.0 (compatible; DotBot/1.1; http://www.dotnetdotcom.org/, crawler@dotnetdotcom.org)"
208.115.111.245 - - [07/Apr/2010:06:55:30 -0700] "GET /2008/06/whew/ HTTP/1.1" 302 355 "-" "Mozilla/5.0 (compatible; DotBot/1.1; http://www.dotnetdotcom.org/, crawler@dotnetdotcom.org)"
208.115.111.245 - - [07/Apr/2010:06:55:35 -0700] "GET /2008/07/1000/ HTTP/1.1" 302 355 "-" "Mozilla/5.0 (compatible; DotBot/1.1; http://www.dotnetdotcom.org/, crawler@dotnetdotcom.org)"
208.115.111.245 - - [07/Apr/2010:06:55:40 -0700] "GET /2008/07/rant/ HTTP/1.1" 302 355 "-" "Mozilla/5.0 (compatible; DotBot/1.1; http://www.dotnetdotcom.org/, crawler@dotnetdotcom.org)"
208.115.111.245 - - [07/Apr/2010:06:55:46 -0700] "GET /2008/12/ugh/ HTTP/1.1" 302 355 "-" "Mozilla/5.0 (compatible; DotBot/1.1; http://www.dotnetdotcom.org/, crawler@dotnetdotcom.org)"
208.115.111.245 - - [07/Apr/2010:06:55:51 -0700] "GET /category/php/ HTTP/1.1" 302 355 "-" "Mozilla/5.0 (compatible; DotBot/1.1; http://www.dotnetdotcom.org/, crawler@dotnetdotcom.org)"
208.115.111.245 - - [07/Apr/2010:06:55:56 -0700] "GET /tag/iphone/ HTTP/1.1" 302 355 "-" "Mozilla/5.0 (compatible; DotBot/1.1; http://www.dotnetdotcom.org/, crawler@dotnetdotcom.org)"
209.85.238.215 - - [07/Apr/2010:08:13:53 -0700] "GET /feed/ HTTP/1.1" 302 355 "-" "Feedfetcher-Google; (+http://www.google.com/feedfetcher.html; 1 subscribers; feed-id=10831477631497958243)"
209.85.238.215 - - [07/Apr/2010:08:13:54 -0700] "GET / HTTP/1.1" 304 - "-" "Feedfetcher-Google; (+http://www.google.com/feedfetcher.html; 1 subscribers; feed-id=10831477631497958243)"
208.115.111.245 - - [07/Apr/2010:10:17:38 -0700] "GET /robots.txt HTTP/1.1" 302 355 "-" "Mozilla/5.0 (compatible; DotBot/1.1; http://www.dotnetdotcom.org/, crawler@dotnetdotcom.org)"
208.115.111.245 - - [07/Apr/2010:10:17:38 -0700] "GET / HTTP/1.1" 200 163 "-" "Mozilla/5.0 (compatible; DotBot/1.1; http://www.dotnetdotcom.org/, crawler@dotnetdotcom.org)"
209.85.238.215 - - [07/Apr/2010:10:22:32 -0700] "GET /feed/ HTTP/1.1" 302 355 "-" "Feedfetcher-Google; (+http://www.google.com/feedfetcher.html; 1 subscribers; feed-id=10831477631497958243)"
209.85.238.215 - - [07/Apr/2010:10:22:34 -0700] "GET / HTTP/1.1" 304 - "-" "Feedfetcher-Google; (+http://www.google.com/feedfetcher.html; 1 subscribers; feed-id=10831477631497958243)"
208.115.111.245 - - [07/Apr/2010:10:41:18 -0700] "GET /2006/05/ HTTP/1.1" 302 355 "-" "Mozilla/5.0 (compatible; DotBot/1.1; http://www.dotnetdotcom.org/, crawler@dotnetdotcom.org)"
208.115.111.245 - - [07/Apr/2010:10:41:22 -0700] "GET /2006/06/ HTTP/1.1" 302 355 "-" "Mozilla/5.0 (compatible; DotBot/1.1; http://www.dotnetdotcom.org/, crawler@dotnetdotcom.org)"
208.115.111.245 - - [07/Apr/2010:10:41:26 -0700] "GET /2006/07/ HTTP/1.1" 302 355 "-" "Mozilla/5.0 (compatible; DotBot/1.1; http://www.dotnetdotcom.org/, crawler@dotnetdotcom.org)"
208.115.111.245 - - [07/Apr/2010:10:41:31 -0700] "GET /2006/08/ HTTP/1.1" 302 355 "-" "Mozilla/5.0 (compatible; DotBot/1.1; http://www.dotnetdotcom.org/, crawler@dotnetdotcom.org)"
208.115.111.245 - - [07/Apr/2010:10:41:35 -0700] "GET /2006/09/ HTTP/1.1" 302 355 "-" "Mozilla/5.0 (compatible; DotBot/1.1; http://www.dotnetdotcom.org/, crawler@dotnetdotcom.org)"
208.115.111.245 - - [07/Apr/2010:10:41:40 -0700] "GET /2006/12/ HTTP/1.1" 302 355 "-" "Mozilla/5.0 (compatible; DotBot/1.1; http://www.dotnetdotcom.org/, crawler@dotnetdotcom.org)"
208.115.111.245 - - [07/Apr/2010:10:41:46 -0700] "GET /2007/01/ HTTP/1.1" 302 355 "-" "Mozilla/5.0 (compatible; DotBot/1.1; http://www.dotnetdotcom.org/, crawler@dotnetdotcom.org)"
208.115.111.245 - - [07/Apr/2010:10:41:51 -0700] "GET /2007/02/ HTTP/1.1" 302 355 "-" "Mozilla/5.0 (compatible; DotBot/1.1; http://www.dotnetdotcom.org/, crawler@dotnetdotcom.org)"
208.115.111.245 - - [07/Apr/2010:10:41:56 -0700] "GET /2007/04/ HTTP/1.1" 302 355 "-" "Mozilla/5.0 (compatible; DotBot/1.1; http://www.dotnetdotcom.org/, crawler@dotnetdotcom.org)"
208.115.111.245 - - [07/Apr/2010:10:42:01 -0700] "GET /2007/06/ HTTP/1.1" 302 355 "-" "Mozilla/5.0 (compatible; DotBot/1.1; http://www.dotnetdotcom.org/, crawler@dotnetdotcom.org)"
174.57.63.95 - - [07/Apr/2010:11:13:35 -0700] "GET /feed/ HTTP/1.1" 302 355 "-" "Mozilla/5.0 (Windows; U; Windows NT 6.0; en-US; rv:1.9.1.8) Gecko/20100202 Firefox/3.5.8 (.NET CLR 3.5.30729)"
174.57.63.95 - - [07/Apr/2010:11:13:36 -0700] "GET / HTTP/1.1" 200 163 "-" "Mozilla/5.0 (Windows; U; Windows NT 6.0; en-US; rv:1.9.1.8) Gecko/20100202 Firefox/3.5.8 (.NET CLR 3.5.30729)"
209.85.238.215 - - [07/Apr/2010:11:14:03 -0700] "GET /feed/ HTTP/1.1" 302 355 "-" "Feedfetcher-Google; (+http://www.google.com/feedfetcher.html; 1 subscribers; feed-id=10831477631497958243)"
209.85.238.215 - - [07/Apr/2010:11:14:03 -0700] "GET / HTTP/1.1" 304 - "-" "Feedfetcher-Google; (+http://www.google.com/feedfetcher.html; 1 subscribers; feed-id=10831477631497958243)"
66.249.67.34 - - [07/Apr/2010:11:21:17 -0700] "GET /robots.txt HTTP/1.1" 302 355 "-" "Mozilla/5.0 (compatible; Googlebot/2.1; +http://www.google.com/bot.html)"
66.249.67.34 - - [07/Apr/2010:11:21:17 -0700] "GET / HTTP/1.1" 200 163 "-" "Mozilla/5.0 (compatible; Googlebot/2.1; +http://www.google.com/bot.html)"
66.249.67.34 - - [07/Apr/2010:11:21:17 -0700] "GET /2009/02/windows-7-beta/ HTTP/1.1" 302 355 "-" "Mozilla/5.0 (compatible; Googlebot/2.1; +http://www.google.com/bot.html)"
66.249.67.34 - - [07/Apr/2010:11:21:19 -0700] "GET / HTTP/1.1" 200 163 "-" "Mozilla/5.0 (compatible; Googlebot/2.1; +http://www.google.com/bot.html)"
207.46.199.178 - - [07/Apr/2010:11:35:12 -0700] "GET /robots.txt HTTP/1.1" 302 355 "-" "msnbot/2.0b (+http://search.msn.com/msnbot.htm)"
207.46.199.178 - - [07/Apr/2010:11:35:13 -0700] "GET / HTTP/1.1" 200 163 "-" "msnbot/2.0b (+http://search.msn.com/msnbot.htm)"
209.253.42.210 - - [07/Apr/2010:12:01:59 -0700] "GET / HTTP/1.0" 200 163 "http://www.google.com/url?sa=t&source=web&ct=res&cd=1&ved=0CAoQFjAA&url=http%3A%2F%2Fjasoncmartin.com%2F&rct=j&q=jason+c+martin&ei=o9a8S6nQJJPHrAeWp_CUBw&usg=AFQjCNFKRly631SWeNwIi8Gvqq1_TW66qw" "Mozilla/5.0 (Macintosh; U; Intel Mac OS X 10.6; en-US; rv:1.9.2.3) Gecko/20100401 Firefox/3.6.3"
209.253.42.210 - - [07/Apr/2010:12:01:59 -0700] "GET /favicon.ico HTTP/1.0" 302 355 "-" "Mozilla/5.0 (Macintosh; U; Intel Mac OS X 10.6; en-US; rv:1.9.2.3) Gecko/20100401 Firefox/3.6.3"
209.253.42.210 - - [07/Apr/2010:12:02:02 -0700] "GET /favicon.ico HTTP/1.0" 302 355 "-" "Mozilla/5.0 (Macintosh; U; Intel Mac OS X 10.6; en-US; rv:1.9.2.3) Gecko/20100401 Firefox/3.6.3"
216.129.119.10 - - [07/Apr/2010:12:32:50 -0700] "GET /robots.txt HTTP/1.1" 302 359 "-" "Mozilla/5.0 (Twiceler-0.9 http://www.cuil.com/twiceler/robot.html)"
209.85.238.215 - - [07/Apr/2010:13:22:44 -0700] "GET /feed/ HTTP/1.1" 302 355 "-" "Feedfetcher-Google; (+http://www.google.com/feedfetcher.html; 1 subscribers; feed-id=10831477631497958243)"
209.85.238.215 - - [07/Apr/2010:13:22:45 -0700] "GET / HTTP/1.1" 304 - "-" "Feedfetcher-Google; (+http://www.google.com/feedfetcher.html; 1 subscribers; feed-id=10831477631497958243)"
140.247.96.136 - - [07/Apr/2010:13:43:50 -0700] "GET / HTTP/1.1" 200 163 "http://www.google.com/search?q=jason+c.+martin&ie=utf-8&oe=utf-8&aq=t&rls=org.mozilla:en-US:official&client=firefox-a" "Mozilla/5.0 (Windows; U; Windows NT 5.1; en-US; rv:1.9.1.9) Gecko/20100315 Firefox/3.5.9 (.NET CLR 3.5.30729)"
140.247.96.136 - - [07/Apr/2010:13:43:50 -0700] "GET /favicon.ico HTTP/1.1" 302 355 "-" "Mozilla/5.0 (Windows; U; Windows NT 5.1; en-US; rv:1.9.1.9) Gecko/20100315 Firefox/3.5.9 (.NET CLR 3.5.30729)"
140.247.96.136 - - [07/Apr/2010:13:43:51 -0700] "GET /favicon.ico HTTP/1.1" 302 355 "-" "Mozilla/5.0 (Windows; U; Windows NT 5.1; en-US; rv:1.9.1.9) Gecko/20100315 Firefox/3.5.9 (.NET CLR 3.5.30729)"
208.115.111.245 - - [07/Apr/2010:14:03:09 -0700] "GET /robots.txt HTTP/1.1" 302 359 "-" "Mozilla/5.0 (compatible; DotBot/1.1; http://www.dotnetdotcom.org/, crawler@dotnetdotcom.org)"
208.115.111.245 - - [07/Apr/2010:14:03:09 -0700] "GET /robots.txt HTTP/1.1" 302 355 "-" "Mozilla/5.0 (compatible; DotBot/1.1; http://www.dotnetdotcom.org/, crawler@dotnetdotcom.org)"
208.115.111.245 - - [07/Apr/2010:14:03:09 -0700] "GET / HTTP/1.1" 200 163 "-" "Mozilla/5.0 (compatible; DotBot/1.1; http://www.dotnetdotcom.org/, crawler@dotnetdotcom.org)"
208.115.111.245 - - [07/Apr/2010:14:03:09 -0700] "GET / HTTP/1.1" 200 163 "-" "Mozilla/5.0 (compatible; DotBot/1.1; http://www.dotnetdotcom.org/, crawler@dotnetdotcom.org)"
209.85.238.215 - - [07/Apr/2010:14:14:12 -0700] "GET /feed/ HTTP/1.1" 302 355 "-" "Feedfetcher-Google; (+http://www.google.com/feedfetcher.html; 1 subscribers; feed-id=10831477631497958243)"
209.85.238.215 - - [07/Apr/2010:14:14:13 -0700] "GET / HTTP/1.1" 304 - "-" "Feedfetcher-Google; (+http://www.google.com/feedfetcher.html; 1 subscribers; feed-id=10831477631497958243)"
208.115.111.245 - - [07/Apr/2010:14:26:37 -0700] "GET /2007/08/ HTTP/1.1" 302 355 "-" "Mozilla/5.0 (compatible; DotBot/1.1; http://www.dotnetdotcom.org/, crawler@dotnetdotcom.org)"
208.115.111.245 - - [07/Apr/2010:14:26:41 -0700] "GET /2007/09/ HTTP/1.1" 302 355 "-" "Mozilla/5.0 (compatible; DotBot/1.1; http://www.dotnetdotcom.org/, crawler@dotnetdotcom.org)"
208.115.111.245 - - [07/Apr/2010:14:26:45 -0700] "GET /2008/02/ HTTP/1.1" 302 355 "-" "Mozilla/5.0 (compatible; DotBot/1.1; http://www.dotnetdotcom.org/, crawler@dotnetdotcom.org)"
208.115.111.245 - - [07/Apr/2010:14:26:50 -0700] "GET /2008/04/ HTTP/1.1" 302 355 "-" "Mozilla/5.0 (compatible; DotBot/1.1; http://www.dotnetdotcom.org/, crawler@dotnetdotcom.org)"
208.115.111.245 - - [07/Apr/2010:14:26:55 -0700] "GET /2008/05/ HTTP/1.1" 302 355 "-" "Mozilla/5.0 (compatible; DotBot/1.1; http://www.dotnetdotcom.org/, crawler@dotnetdotcom.org)"
208.115.111.245 - - [07/Apr/2010:14:27:00 -0700] "GET /2008/06/ HTTP/1.1" 302 355 "-" "Mozilla/5.0 (compatible; DotBot/1.1; http://www.dotnetdotcom.org/, crawler@dotnetdotcom.org)"
208.115.111.245 - - [07/Apr/2010:14:27:05 -0700] "GET /2008/07/ HTTP/1.1" 302 355 "-" "Mozilla/5.0 (compatible; DotBot/1.1; http://www.dotnetdotcom.org/, crawler@dotnetdotcom.org)"
208.115.111.245 - - [07/Apr/2010:14:27:10 -0700] "GET /2008/09/ HTTP/1.1" 302 355 "-" "Mozilla/5.0 (compatible; DotBot/1.1; http://www.dotnetdotcom.org/, crawler@dotnetdotcom.org)"
208.115.111.245 - - [07/Apr/2010:14:27:15 -0700] "GET /2008/10/ HTTP/1.1" 302 355 "-" "Mozilla/5.0 (compatible; DotBot/1.1; http://www.dotnetdotcom.org/, crawler@dotnetdotcom.org)"
208.115.111.245 - - [07/Apr/2010:14:27:21 -0700] "GET /2008/12/ HTTP/1.1" 302 355 "-" "Mozilla/5.0 (compatible; DotBot/1.1; http://www.dotnetdotcom.org/, crawler@dotnetdotcom.org)"
86.136.219.42 - - [07/Apr/2010:15:42:05 -0700] "GET / HTTP/1.1" 200 163 "-" "Mozilla/5.0 (Windows; U; Windows NT 5.1; en-US; rv:1.9.2.3) Gecko/20100401 Firefox/3.6.3 (.NET CLR 3.5.30729)"
86.136.219.42 - - [07/Apr/2010:15:42:05 -0700] "GET /favicon.ico HTTP/1.1" 302 355 "-" "Mozilla/5.0 (Windows; U; Windows NT 5.1; en-US; rv:1.9.2.3) Gecko/20100401 Firefox/3.6.3 (.NET CLR 3.5.30729)"
86.136.219.42 - - [07/Apr/2010:15:42:08 -0700] "GET /favicon.ico HTTP/1.1" 302 355 "-" "Mozilla/5.0 (Windows; U; Windows NT 5.1; en-US; rv:1.9.2.3) Gecko/20100401 Firefox/3.6.3 (.NET CLR 3.5.30729)"
193.252.149.14 - - [07/Apr/2010:15:58:54 -0700] "GET / HTTP/1.1" 200 163 "-" "Mozilla/5.0 (Windows; U; Windows NT 5.1; fr; rv:1.8.1) VoilaBot BETA 1.2 (support.voilabot@orange-ftgroup.com)"
209.85.238.215 - - [07/Apr/2010:16:22:52 -0700] "GET /feed/ HTTP/1.1" 302 355 "-" "Feedfetcher-Google; (+http://www.google.com/feedfetcher.html; 1 subscribers; feed-id=10831477631497958243)"
209.85.238.215 - - [07/Apr/2010:16:22:53 -0700] "GET / HTTP/1.1" 304 - "-" "Feedfetcher-Google; (+http://www.google.com/feedfetcher.html; 1 subscribers; feed-id=10831477631497958243)"
64.78.155.100 - - [07/Apr/2010:16:59:48 -0700] "GET /feed/ HTTP/1.1" 302 355 "-" "NewsGatorOnline/2.0 (http://www.newsgator.com; 2 subscribers)"
64.78.155.100 - - [07/Apr/2010:16:59:49 -0700] "GET / HTTP/1.1" 304 - "-" "NewsGatorOnline/2.0 (http://www.newsgator.com; 2 subscribers)"
209.85.238.215 - - [07/Apr/2010:17:14:15 -0700] "GET /feed/ HTTP/1.1" 302 355 "-" "Feedfetcher-Google; (+http://www.google.com/feedfetcher.html; 1 subscribers; feed-id=10831477631497958243)"
209.85.238.215 - - [07/Apr/2010:17:14:15 -0700] "GET / HTTP/1.1" 304 - "-" "Feedfetcher-Google; (+http://www.google.com/feedfetcher.html; 1 subscribers; feed-id=10831477631497958243)"
208.115.111.245 - - [07/Apr/2010:17:44:14 -0700] "GET /robots.txt HTTP/1.1" 302 355 "-" "Mozilla/5.0 (compatible; DotBot/1.1; http://www.dotnetdotcom.org/, crawler@dotnetdotcom.org)"
208.115.111.245 - - [07/Apr/2010:17:44:14 -0700] "GET / HTTP/1.1" 200 163 "-" "Mozilla/5.0 (compatible; DotBot/1.1; http://www.dotnetdotcom.org/, crawler@dotnetdotcom.org)"
64.56.66.211 - - [07/Apr/2010:17:52:52 -0700] "GET /robots.txt HTTP/1.0" 302 355 "http://jasoncmartin.com/robots.txt" "Mozilla/4.0 (compatible; MSIE 8.0; Windows NT 5.1; SV1; .NET CLR 2.0.50727)"
64.56.66.211 - - [07/Apr/2010:17:52:52 -0700] "GET / HTTP/1.0" 200 163 "http://jasoncmartin.com/" "Mozilla/4.0 (compatible; MSIE 8.0; Windows NT 5.1; SV1; .NET CLR 2.0.50727)"
208.115.111.245 - - [07/Apr/2010:18:07:06 -0700] "GET / HTTP/1.1" 200 163 "-" "Mozilla/5.0 (compatible; DotBot/1.1; http://www.dotnetdotcom.org/, crawler@dotnetdotcom.org)"
208.115.111.245 - - [07/Apr/2010:18:07:11 -0700] "GET /2009/01/ HTTP/1.1" 302 355 "-" "Mozilla/5.0 (compatible; DotBot/1.1; http://www.dotnetdotcom.org/, crawler@dotnetdotcom.org)"
208.115.111.245 - - [07/Apr/2010:18:07:16 -0700] "GET /2009/02/ HTTP/1.1" 302 355 "-" "Mozilla/5.0 (compatible; DotBot/1.1; http://www.dotnetdotcom.org/, crawler@dotnetdotcom.org)"
208.115.111.245 - - [07/Apr/2010:18:07:21 -0700] "GET /feed/ HTTP/1.1" 302 355 "-" "Mozilla/5.0 (compatible; DotBot/1.1; http://www.dotnetdotcom.org/, crawler@dotnetdotcom.org)"
208.115.111.245 - - [07/Apr/2010:18:07:29 -0700] "GET /page/2/ HTTP/1.1" 302 355 "-" "Mozilla/5.0 (compatible; DotBot/1.1; http://www.dotnetdotcom.org/, crawler@dotnetdotcom.org)"
66.249.68.208 - - [07/Apr/2010:18:41:05 -0700] "GET /robots.txt HTTP/1.1" 302 359 "-" "Mozilla/5.0 (compatible; Googlebot/2.1; +http://www.google.com/bot.html)"
66.249.68.208 - - [07/Apr/2010:18:41:05 -0700] "GET / HTTP/1.1" 304 - "-" "Mozilla/5.0 (compatible; Googlebot/2.1; +http://www.google.com/bot.html)"
65.55.106.229 - - [07/Apr/2010:18:57:02 -0700] "GET /robots.txt HTTP/1.1" 302 355 "-" "msnbot/2.0b (+http://search.msn.com/msnbot.htm)"
65.55.106.229 - - [07/Apr/2010:18:57:02 -0700] "GET / HTTP/1.1" 200 163 "-" "msnbot/2.0b (+http://search.msn.com/msnbot.htm)"
209.85.238.215 - - [07/Apr/2010:19:23:02 -0700] "GET /feed/ HTTP/1.1" 302 355 "-" "Feedfetcher-Google; (+http://www.google.com/feedfetcher.html; 1 subscribers; feed-id=10831477631497958243)"
209.85.238.215 - - [07/Apr/2010:19:23:06 -0700] "GET / HTTP/1.1" 304 - "-" "Feedfetcher-Google; (+http://www.google.com/feedfetcher.html; 1 subscribers; feed-id=10831477631497958243)"
209.85.238.215 - - [07/Apr/2010:20:14:26 -0700] "GET /feed/ HTTP/1.1" 302 355 "-" "Feedfetcher-Google; (+http://www.google.com/feedfetcher.html; 1 subscribers; feed-id=10831477631497958243)"
209.85.238.215 - - [07/Apr/2010:20:14:27 -0700] "GET / HTTP/1.1" 304 - "-" "Feedfetcher-Google; (+http://www.google.com/feedfetcher.html; 1 subscribers; feed-id=10831477631497958243)"
65.55.106.207 - - [07/Apr/2010:20:15:25 -0700] "GET /robots.txt HTTP/1.1" 302 355 "-" "msnbot/2.0b (+http://search.msn.com/msnbot.htm)"
65.55.106.207 - - [07/Apr/2010:20:15:25 -0700] "GET / HTTP/1.1" 200 163 "-" "msnbot/2.0b (+http://search.msn.com/msnbot.htm)"
132.234.251.211 - - [07/Apr/2010:21:33:25 -0700] "GET / HTTP/1.1" 200 163 "http://www.google.com.au/search?q=jason+c+martin&ie=utf-8&oe=utf-8&aq=t&rls=org.mozilla:en-US:official&client=firefox-a" "Mozilla/5.0 (Macintosh; U; Intel Mac OS X 10.6; en-US; rv:1.9.2.3) Gecko/20100401 Firefox/3.6.3"
132.234.251.211 - - [07/Apr/2010:21:33:25 -0700] "GET /favicon.ico HTTP/1.1" 302 355 "-" "Mozilla/5.0 (Macintosh; U; Intel Mac OS X 10.6; en-US; rv:1.9.2.3) Gecko/20100401 Firefox/3.6.3"
208.115.111.245 - - [07/Apr/2010:21:50:56 -0700] "GET / HTTP/1.1" 200 163 "-" "Mozilla/5.0 (compatible; DotBot/1.1; http://www.dotnetdotcom.org/, crawler@dotnetdotcom.org)"
67.210.218.104 - - [07/Apr/2010:22:09:43 -0700] "GET /feed HTTP/1.1" 302 355 "-" "Rome Client (http://tinyurl.com/64t5n) Ver: 0.9"
67.210.218.104 - - [07/Apr/2010:22:09:44 -0700] "GET / HTTP/1.1" 200 163 "-" "Rome Client (http://tinyurl.com/64t5n) Ver: 0.9"
65.55.207.118 - - [07/Apr/2010:22:11:32 -0700] "GET /robots.txt HTTP/1.1" 302 355 "-" "msnbot/2.0b (+http://search.msn.com/msnbot.htm)"
65.55.207.118 - - [07/Apr/2010:22:11:32 -0700] "GET / HTTP/1.1" 200 163 "-" "msnbot/2.0b (+http://search.msn.com/msnbot.htm)"
209.85.238.215 - - [07/Apr/2010:22:23:12 -0700] "GET /feed/ HTTP/1.1" 302 355 "-" "Feedfetcher-Google; (+http://www.google.com/feedfetcher.html; 1 subscribers; feed-id=10831477631497958243)"
209.85.238.215 - - [07/Apr/2010:22:23:13 -0700] "GET / HTTP/1.1" 304 - "-" "Feedfetcher-Google; (+http://www.google.com/feedfetcher.html; 1 subscribers; feed-id=10831477631497958243)"
209.85.238.215 - - [07/Apr/2010:23:14:43 -0700] "GET /feed/ HTTP/1.1" 302 355 "-" "Feedfetcher-Google; (+http://www.google.com/feedfetcher.html; 1 subscribers; feed-id=10831477631497958243)"
209.85.238.215 - - [07/Apr/2010:23:14:43 -0700] "GET / HTTP/1.1" 304 - "-" "Feedfetcher-Google; (+http://www.google.com/feedfetcher.html; 1 subscribers; feed-id=10831477631497958243)"
93.158.148.31 - - [08/Apr/2010:01:07:08 -0700] "GET /robots.txt HTTP/1.1" 302 359 "-" "Yandex/1.01.001 (compatible; Win16; I)"
93.158.148.31 - - [08/Apr/2010:01:07:09 -0700] "GET /robots.txt HTTP/1.1" 302 355 "-" "Yandex/1.01.001 (compatible; Win16; I)"
209.85.238.215 - - [08/Apr/2010:01:23:22 -0700] "GET /feed/ HTTP/1.1" 302 355 "-" "Feedfetcher-Google; (+http://www.google.com/feedfetcher.html; 1 subscribers; feed-id=10831477631497958243)"
209.85.238.215 - - [08/Apr/2010:01:23:23 -0700] "GET / HTTP/1.1" 304 - "-" "Feedfetcher-Google; (+http://www.google.com/feedfetcher.html; 1 subscribers; feed-id=10831477631497958243)"
209.85.238.215 - - [08/Apr/2010:02:14:53 -0700] "GET /feed/ HTTP/1.1" 302 355 "-" "Feedfetcher-Google; (+http://www.google.com/feedfetcher.html; 1 subscribers; feed-id=10831477631497958243)"
209.85.238.215 - - [08/Apr/2010:02:14:54 -0700] "GET / HTTP/1.1" 304 - "-" "Feedfetcher-Google; (+http://www.google.com/feedfetcher.html; 1 subscribers; feed-id=10831477631497958243)"
65.55.207.78 - - [08/Apr/2010:02:56:58 -0700] "GET /robots.txt HTTP/1.1" 302 355 "-" "msnbot/2.0b (+http://search.msn.com/msnbot.htm)"
65.55.207.78 - - [08/Apr/2010:02:56:58 -0700] "GET / HTTP/1.1" 200 163 "-" "msnbot/2.0b (+http://search.msn.com/msnbot.htm)"
207.46.199.189 - - [08/Apr/2010:03:43:11 -0700] "GET /robots.txt HTTP/1.1" 302 355 "-" "msnbot/2.0b (+http://search.msn.com/msnbot.htm)"
207.46.199.189 - - [08/Apr/2010:03:43:11 -0700] "GET / HTTP/1.1" 200 163 "-" "msnbot/2.0b (+http://search.msn.com/msnbot.htm)"
209.85.238.215 - - [08/Apr/2010:04:23:32 -0700] "GET /feed/ HTTP/1.1" 302 355 "-" "Feedfetcher-Google; (+http://www.google.com/feedfetcher.html; 1 subscribers; feed-id=10831477631497958243)"
209.85.238.215 - - [08/Apr/2010:04:23:33 -0700] "GET / HTTP/1.1" 304 - "-" "Feedfetcher-Google; (+http://www.google.com/feedfetcher.html; 1 subscribers; feed-id=10831477631497958243)"
67.218.116.132 - - [08/Apr/2010:04:30:27 -0700] "GET /robots.txt HTTP/1.1" 302 355 "-" "Mozilla/5.0 (Twiceler-0.9 http://www.cuil.com/twiceler/robot.html)"
72.14.199.186 - - [08/Apr/2010:05:15:03 -0700] "GET /feed/ HTTP/1.1" 302 355 "-" "Feedfetcher-Google; (+http://www.google.com/feedfetcher.html; 1 subscribers; feed-id=10831477631497958243)"
72.14.199.186 - - [08/Apr/2010:05:15:04 -0700] "GET / HTTP/1.1" 304 - "-" "Feedfetcher-Google; (+http://www.google.com/feedfetcher.html; 1 subscribers; feed-id=10831477631497958243)"
123.125.66.41 - - [08/Apr/2010:05:45:09 -0700] "GET /robots.txt HTTP/1.1" 302 355 "-" "Baiduspider+(+http://www.baidu.com/search/spider.htm)"
123.125.66.16 - - [08/Apr/2010:05:45:10 -0700] "GET / HTTP/1.1" 200 163 "-" "Baiduspider+(+http://www.baidu.com/search/spider.htm)"
188.223.29.77 - - [08/Apr/2010:06:02:09 -0700] "GET /favicon.ico HTTP/1.1" 302 355 "-" "NetNewsWire/3.2 (Mac OS X; http://www.newsgator.com/Individuals/NetNewsWire/)"
65.55.107.179 - - [08/Apr/2010:06:12:24 -0700] "GET /robots.txt HTTP/1.1" 302 355 "-" "msnbot/2.0b (+http://search.msn.com/msnbot.htm)"
65.55.107.179 - - [08/Apr/2010:06:12:24 -0700] "GET / HTTP/1.1" 200 163 "-" "msnbot/2.0b (+http://search.msn.com/msnbot.htm)"
65.55.216.53 - - [08/Apr/2010:06:57:20 -0700] "GET /robots.txt HTTP/1.1" 302 355 "-" "msnbot/2.0b (+http://search.msn.com/msnbot.htm)"
65.55.216.53 - - [08/Apr/2010:06:57:20 -0700] "GET / HTTP/1.1" 200 163 "-" "msnbot/2.0b (+http://search.msn.com/msnbot.htm)"
72.14.199.186 - - [08/Apr/2010:09:30:15 -0700] "GET /feed/ HTTP/1.1" 302 355 "-" "Feedfetcher-Google; (+http://www.google.com/feedfetcher.html; 1 subscribers; feed-id=10831477631497958243)"
72.14.199.186 - - [08/Apr/2010:09:30:16 -0700] "GET / HTTP/1.1" 304 - "-" "Feedfetcher-Google; (+http://www.google.com/feedfetcher.html; 1 subscribers; feed-id=10831477631497958243)"
72.14.199.186 - - [08/Apr/2010:12:30:19 -0700] "GET /feed/ HTTP/1.1" 302 355 "-" "Feedfetcher-Google; (+http://www.google.com/feedfetcher.html; 1 subscribers; feed-id=10831477631497958243)"
72.14.199.186 - - [08/Apr/2010:12:30:20 -0700] "GET / HTTP/1.1" 304 - "-" "Feedfetcher-Google; (+http://www.google.com/feedfetcher.html; 1 subscribers; feed-id=10831477631497958243)"
64.78.155.100 - - [08/Apr/2010:12:43:00 -0700] "GET /feed/ HTTP/1.1" 302 355 "-" "NewsGatorOnline/2.0 (http://www.newsgator.com; 2 subscribers)"
64.78.155.100 - - [08/Apr/2010:12:43:00 -0700] "GET / HTTP/1.1" 304 - "-" "NewsGatorOnline/2.0 (http://www.newsgator.com; 2 subscribers)"
207.46.199.196 - - [08/Apr/2010:13:02:37 -0700] "GET /robots.txt HTTP/1.1" 302 355 "-" "msnbot/2.0b (+http://search.msn.com/msnbot.htm)"
207.46.199.196 - - [08/Apr/2010:13:02:38 -0700] "GET / HTTP/1.1" 200 163 "-" "msnbot/2.0b (+http://search.msn.com/msnbot.htm)"
72.14.199.186 - - [08/Apr/2010:15:30:28 -0700] "GET /feed/ HTTP/1.1" 302 355 "-" "Feedfetcher-Google; (+http://www.google.com/feedfetcher.html; 1 subscribers; feed-id=10831477631497958243)"
72.14.199.186 - - [08/Apr/2010:15:30:29 -0700] "GET / HTTP/1.1" 304 - "-" "Feedfetcher-Google; (+http://www.google.com/feedfetcher.html; 1 subscribers; feed-id=10831477631497958243)"
95.33.120.164 - - [08/Apr/2010:15:49:25 -0700] "GET / HTTP/1.0" 200 163 "-" "Mozilla/5.0 (compatible;)"
207.46.199.194 - - [08/Apr/2010:16:47:18 -0700] "GET /robots.txt HTTP/1.1" 302 355 "-" "msnbot/2.0b (+http://search.msn.com/msnbot.htm)"
207.46.199.194 - - [08/Apr/2010:16:47:19 -0700] "GET / HTTP/1.1" 200 163 "-" "msnbot/2.0b (+http://search.msn.com/msnbot.htm)"
184.73.53.192 - - [08/Apr/2010:18:10:51 -0700] "GET / HTTP/1.0" 200 163 "-" "Mozilla/5.0 (compatible; NetcraftSurveyAgent/1.0; +info@netcraft.com)"
72.14.199.186 - - [08/Apr/2010:18:30:38 -0700] "GET /feed/ HTTP/1.1" 302 355 "-" "Feedfetcher-Google; (+http://www.google.com/feedfetcher.html; 1 subscribers; feed-id=10831477631497958243)"
72.14.199.186 - - [08/Apr/2010:18:30:39 -0700] "GET / HTTP/1.1" 200 163 "-" "Feedfetcher-Google; (+http://www.google.com/feedfetcher.html; 1 subscribers; feed-id=10831477631497958243)"
65.55.207.100 - - [08/Apr/2010:21:15:59 -0700] "GET /robots.txt HTTP/1.1" 302 355 "-" "msnbot/2.0b (+http://search.msn.com/msnbot.htm)"
65.55.207.100 - - [08/Apr/2010:21:15:59 -0700] "GET / HTTP/1.1" 200 163 "-" "msnbot/2.0b (+http://search.msn.com/msnbot.htm)"
72.14.199.186 - - [08/Apr/2010:21:30:49 -0700] "GET /feed/ HTTP/1.1" 302 355 "-" "Feedfetcher-Google; (+http://www.google.com/feedfetcher.html; 1 subscribers; feed-id=10831477631497958243)"
72.14.199.186 - - [08/Apr/2010:21:30:49 -0700] "GET / HTTP/1.1" 304 - "-" "Feedfetcher-Google; (+http://www.google.com/feedfetcher.html; 1 subscribers; feed-id=10831477631497958243)"
64.56.65.219 - - [08/Apr/2010:22:00:01 -0700] "GET /robots.txt HTTP/1.0" 302 355 "http://jasoncmartin.com/robots.txt" "Mozilla/4.0 (compatible; MSIE 8.0; Windows NT 5.1; SV1; .NET CLR 2.0.50727)"
64.56.65.219 - - [08/Apr/2010:22:00:04 -0700] "GET / HTTP/1.0" 200 163 "http://jasoncmartin.com/" "Mozilla/4.0 (compatible; MSIE 8.0; Windows NT 5.1; SV1; .NET CLR 2.0.50727)"
72.14.199.186 - - [09/Apr/2010:00:30:58 -0700] "GET /feed/ HTTP/1.1" 302 355 "-" "Feedfetcher-Google; (+http://www.google.com/feedfetcher.html; 1 subscribers; feed-id=10831477631497958243)"
72.14.199.186 - - [09/Apr/2010:00:30:58 -0700] "GET / HTTP/1.1" 304 - "-" "Feedfetcher-Google; (+http://www.google.com/feedfetcher.html; 1 subscribers; feed-id=10831477631497958243)"
65.55.106.206 - - [09/Apr/2010:02:39:36 -0700] "GET /robots.txt HTTP/1.1" 302 355 "-" "msnbot/2.0b (+http://search.msn.com/msnbot.htm)"
65.55.106.206 - - [09/Apr/2010:02:39:36 -0700] "GET / HTTP/1.1" 200 163 "-" "msnbot/2.0b (+http://search.msn.com/msnbot.htm)"
67.218.116.132 - - [09/Apr/2010:02:53:39 -0700] "GET /robots.txt HTTP/1.1" 302 355 "-" "Mozilla/5.0 (Twiceler-0.9 http://www.cuil.com/twiceler/robot.html)"
72.14.199.186 - - [09/Apr/2010:04:10:19 -0700] "GET /feed/ HTTP/1.1" 302 355 "-" "Feedfetcher-Google; (+http://www.google.com/feedfetcher.html; 1 subscribers; feed-id=10831477631497958243)"
72.14.199.186 - - [09/Apr/2010:04:10:20 -0700] "GET / HTTP/1.1" 304 - "-" "Feedfetcher-Google; (+http://www.google.com/feedfetcher.html; 1 subscribers; feed-id=10831477631497958243)"
93.158.148.31 - - [09/Apr/2010:04:36:33 -0700] "GET /robots.txt HTTP/1.1" 302 359 "-" "Yandex/1.01.001 (compatible; Win16; I)"
93.158.148.31 - - [09/Apr/2010:04:53:25 -0700] "GET /robots.txt HTTP/1.1" 302 355 "-" "Yandex/1.01.001 (compatible; Win16; I)"
93.158.148.31 - - [09/Apr/2010:04:53:28 -0700] "GET / HTTP/1.1" 304 - "-" "Yandex/1.01.001 (compatible; Win16; I)"
78.146.110.33 - - [09/Apr/2010:04:58:31 -0700] "GET / HTTP/1.1" 200 163 "http://www.google.co.uk/search?sourceid=chrome&ie=UTF-8&q=jason+c+martin" "Mozilla/5.0 (Macintosh; U; Intel Mac OS X 10_6_3; en-US) AppleWebKit/533.2 (KHTML, like Gecko) Chrome/5.0.342.9 Safari/533.2"
78.146.110.33 - - [09/Apr/2010:04:58:31 -0700] "GET /favicon.ico HTTP/1.1" 302 355 "-" "Mozilla/5.0 (Macintosh; U; Intel Mac OS X 10_6_3; en-US) AppleWebKit/533.2 (KHTML, like Gecko) Chrome/5.0.342.9 Safari/533.2"
78.146.110.33 - - [09/Apr/2010:04:58:32 -0700] "GET / HTTP/1.1" 200 163 "-" "Mozilla/5.0 (Macintosh; U; Intel Mac OS X 10_6_3; en-US) AppleWebKit/533.2 (KHTML, like Gecko) Chrome/5.0.342.9 Safari/533.2"
123.125.66.46 - - [09/Apr/2010:05:40:35 -0700] "GET /robots.txt HTTP/1.1" 302 355 "-" "Baiduspider+(+http://www.baidu.com/search/spider.htm)"
123.125.66.103 - - [09/Apr/2010:05:40:36 -0700] "GET / HTTP/1.1" 200 163 "-" "Baiduspider+(+http://www.baidu.com/search/spider.htm)"
65.55.106.135 - - [09/Apr/2010:06:48:48 -0700] "GET /robots.txt HTTP/1.1" 302 355 "-" "msnbot/2.0b (+http://search.msn.com/msnbot.htm)"
65.55.106.135 - - [09/Apr/2010:06:48:48 -0700] "GET / HTTP/1.1" 200 163 "-" "msnbot/2.0b (+http://search.msn.com/msnbot.htm)"
72.14.199.186 - - [09/Apr/2010:07:10:29 -0700] "GET /feed/ HTTP/1.1" 302 355 "-" "Feedfetcher-Google; (+http://www.google.com/feedfetcher.html; 1 subscribers; feed-id=10831477631497958243)"
72.14.199.186 - - [09/Apr/2010:07:10:30 -0700] "GET / HTTP/1.1" 304 - "-" "Feedfetcher-Google; (+http://www.google.com/feedfetcher.html; 1 subscribers; feed-id=10831477631497958243)"
67.195.113.216 - - [09/Apr/2010:07:28:04 -0700] "GET /robots.txt HTTP/1.0" 302 355 "-" "Mozilla/5.0 (compatible; Yahoo! Slurp; http://help.yahoo.com/help/us/ysearch/slurp)"
67.195.113.216 - - [09/Apr/2010:07:28:05 -0700] "GET / HTTP/1.0" 200 163 "-" "Mozilla/5.0 (compatible; Yahoo! Slurp; http://help.yahoo.com/help/us/ysearch/slurp)"
67.195.113.216 - - [09/Apr/2010:07:28:05 -0700] "GET / HTTP/1.0" 200 163 "-" "Mozilla/5.0 (compatible; Yahoo! Slurp/3.0; http://help.yahoo.com/help/us/ysearch/slurp)"
216.129.119.10 - - [09/Apr/2010:07:41:00 -0700] "GET /robots.txt HTTP/1.1" 302 359 "-" "Mozilla/5.0 (Twiceler-0.9 http://www.cuil.com/twiceler/robot.html)"
64.78.155.100 - - [09/Apr/2010:09:48:12 -0700] "GET /feed/ HTTP/1.1" 302 355 "-" "NewsGatorOnline/2.0 (http://www.newsgator.com; 2 subscribers)"
64.78.155.100 - - [09/Apr/2010:09:48:12 -0700] "GET / HTTP/1.1" 304 - "-" "NewsGatorOnline/2.0 (http://www.newsgator.com; 2 subscribers)"
67.210.218.104 - - [09/Apr/2010:10:11:21 -0700] "GET /feed HTTP/1.1" 302 355 "-" "Rome Client (http://tinyurl.com/64t5n) Ver: 0.9"
67.210.218.104 - - [09/Apr/2010:10:11:21 -0700] "GET / HTTP/1.1" 200 163 "-" "Rome Client (http://tinyurl.com/64t5n) Ver: 0.9"
193.47.80.37 - - [09/Apr/2010:12:15:45 -0700] "GET /robots.txt HTTP/1.1" 302 355 "-" "Mozilla/5.0 (compatible; Exabot/3.0; +http://www.exabot.com/go/robot)"
193.47.80.37 - - [09/Apr/2010:12:15:47 -0700] "GET / HTTP/1.1" 200 163 "-" "Mozilla/5.0 (compatible; Exabot/3.0; +http://www.exabot.com/go/robot)"
193.47.80.37 - - [09/Apr/2010:12:15:47 -0700] "GET / HTTP/1.1" 304 - "-" "Mozilla/5.0 (compatible; Exabot/3.0; +http://www.exabot.com/go/robot)"
72.14.199.186 - - [09/Apr/2010:12:22:10 -0700] "GET /feed/ HTTP/1.1" 302 355 "-" "Feedfetcher-Google; (+http://www.google.com/feedfetcher.html; 1 subscribers; feed-id=10831477631497958243)"
72.14.199.186 - - [09/Apr/2010:12:22:11 -0700] "GET / HTTP/1.1" 304 - "-" "Feedfetcher-Google; (+http://www.google.com/feedfetcher.html; 1 subscribers; feed-id=10831477631497958243)"
65.55.207.134 - - [09/Apr/2010:12:51:27 -0700] "GET /robots.txt HTTP/1.1" 302 355 "-" "msnbot/2.0b (+http://search.msn.com/msnbot.htm)"
65.55.207.134 - - [09/Apr/2010:12:51:28 -0700] "GET / HTTP/1.1" 200 163 "-" "msnbot/2.0b (+http://search.msn.com/msnbot.htm)"
72.14.199.186 - - [09/Apr/2010:15:22:18 -0700] "GET /feed/ HTTP/1.1" 302 355 "-" "Feedfetcher-Google; (+http://www.google.com/feedfetcher.html; 1 subscribers; feed-id=10831477631497958243)"
72.14.199.186 - - [09/Apr/2010:15:22:19 -0700] "GET / HTTP/1.1" 304 - "-" "Feedfetcher-Google; (+http://www.google.com/feedfetcher.html; 1 subscribers; feed-id=10831477631497958243)"
188.223.29.77 - - [09/Apr/2010:16:21:53 -0700] "GET /favicon.ico HTTP/1.1" 302 355 "-" "NetNewsWire/3.2 (Mac OS X; http://www.newsgator.com/Individuals/NetNewsWire/)"
66.249.65.247 - - [09/Apr/2010:16:43:53 -0700] "GET /robots.txt HTTP/1.1" 302 359 "-" "Mozilla/5.0 (compatible; Googlebot/2.1; +http://www.google.com/bot.html)"
66.249.65.247 - - [09/Apr/2010:16:43:53 -0700] "GET / HTTP/1.1" 304 - "-" "Mozilla/5.0 (compatible; Googlebot/2.1; +http://www.google.com/bot.html)"
202.78.248.136 - - [09/Apr/2010:17:53:16 -0700] "GET / HTTP/1.0" 200 163 "http://jasoncmartin.com/" "Mozilla/4.0 (compatible; MSIE 6.0; Windows NT 5.0; T312461)"
68.169.40.182 - - [09/Apr/2010:17:53:33 -0700] "GET / HTTP/1.1" 200 163 "http://jasoncmartin.com/" "Mozilla/4.0 (compatible; MSIE 6.0; Windows NT 5.0; T312461)"
202.78.248.136 - - [09/Apr/2010:17:53:34 -0700] "GET / HTTP/1.0" 200 163 "http://jasoncmartin.com/" "Mozilla/4.0 (compatible; MSIE 6.0; Windows NT 5.0; T312461)"
88.198.9.165 - - [09/Apr/2010:17:53:48 -0700] "GET / HTTP/1.1" 200 163 "http://jasoncmartin.com/" "Mozilla/4.0 (compatible; MSIE 6.0; Windows NT 5.0; T312461)"
189.108.26.132 - - [09/Apr/2010:17:54:00 -0700] "GET / HTTP/1.1" 200 163 "http://jasoncmartin.com/" "Mozilla/4.0 (compatible; MSIE 6.0; Windows NT 5.0; T312461)"
206.53.252.104 - - [09/Apr/2010:17:54:01 -0700] "GET / HTTP/1.1" 200 163 "http://jasoncmartin.com/" "Mozilla/4.0 (compatible; MSIE 6.0; Windows NT 5.0; T312461)"
207.150.184.42 - - [09/Apr/2010:17:54:02 -0700] "GET / HTTP/1.1" 200 163 "http://jasoncmartin.com/" "Mozilla/4.0 (compatible; MSIE 6.0; Windows NT 5.0; T312461)"
216.218.211.57 - - [09/Apr/2010:17:54:03 -0700] "GET / HTTP/1.1" 200 163 "http://jasoncmartin.com/" "Mozilla/4.0 (compatible; MSIE 6.0; Windows NT 5.0; T312461)"
72.14.199.186 - - [09/Apr/2010:18:22:27 -0700] "GET /feed/ HTTP/1.1" 302 355 "-" "Feedfetcher-Google; (+http://www.google.com/feedfetcher.html; 1 subscribers; feed-id=10831477631497958243)"
72.14.199.186 - - [09/Apr/2010:18:22:28 -0700] "GET / HTTP/1.1" 304 - "-" "Feedfetcher-Google; (+http://www.google.com/feedfetcher.html; 1 subscribers; feed-id=10831477631497958243)"
72.14.199.186 - - [09/Apr/2010:21:22:38 -0700] "GET /feed/ HTTP/1.1" 302 355 "-" "Feedfetcher-Google; (+http://www.google.com/feedfetcher.html; 1 subscribers; feed-id=10831477631497958243)"
72.14.199.186 - - [09/Apr/2010:21:22:39 -0700] "GET / HTTP/1.1" 304 - "-" "Feedfetcher-Google; (+http://www.google.com/feedfetcher.html; 1 subscribers; feed-id=10831477631497958243)"
65.55.106.209 - - [09/Apr/2010:23:09:12 -0700] "GET /robots.txt HTTP/1.1" 302 355 "-" "msnbot/2.0b (+http://search.msn.com/msnbot.htm)"
65.55.106.209 - - [09/Apr/2010:23:09:12 -0700] "GET / HTTP/1.1" 200 163 "-" "msnbot/2.0b (+http://search.msn.com/msnbot.htm)"
72.14.199.186 - - [10/Apr/2010:00:22:49 -0700] "GET /feed/ HTTP/1.1" 302 355 "-" "Feedfetcher-Google; (+http://www.google.com/feedfetcher.html; 1 subscribers; feed-id=10831477631497958243)"
72.14.199.186 - - [10/Apr/2010:00:22:50 -0700] "GET / HTTP/1.1" 304 - "-" "Feedfetcher-Google; (+http://www.google.com/feedfetcher.html; 1 subscribers; feed-id=10831477631497958243)"
66.249.65.225 - - [10/Apr/2010:00:43:26 -0700] "GET /robots.txt HTTP/1.1" 302 355 "-" "Mozilla/5.0 (compatible; Googlebot/2.1; +http://www.google.com/bot.html)"
66.249.65.225 - - [10/Apr/2010:00:43:27 -0700] "GET / HTTP/1.1" 200 163 "-" "Mozilla/5.0 (compatible; Googlebot/2.1; +http://www.google.com/bot.html)"
66.249.65.225 - - [10/Apr/2010:00:43:27 -0700] "GET / HTTP/1.1" 200 163 "-" "Mozilla/5.0 (compatible; Googlebot/2.1; +http://www.google.com/bot.html)"
72.14.199.186 - - [10/Apr/2010:03:22:58 -0700] "GET /feed/ HTTP/1.1" 302 355 "-" "Feedfetcher-Google; (+http://www.google.com/feedfetcher.html; 1 subscribers; feed-id=10831477631497958243)"
72.14.199.186 - - [10/Apr/2010:03:22:58 -0700] "GET / HTTP/1.1" 304 - "-" "Feedfetcher-Google; (+http://www.google.com/feedfetcher.html; 1 subscribers; feed-id=10831477631497958243)"
122.161.4.253 - - [10/Apr/2010:03:33:16 -0700] "GET / HTTP/1.1" 200 163 "-" "-"
80.57.152.117 - - [10/Apr/2010:04:20:42 -0700] "GET / HTTP/1.1" 200 163 "-" "Java/1.6.0_04"
74.213.83.239 - - [10/Apr/2010:04:21:11 -0700] "GET /Images/basicdelta.gif HTTP/1.1" 302 355 "-" "Mozilla/4.0 (compatible; MSIE 8.0; Windows NT 6.0; Trident/4.0; SLCC1; .NET CLR 2.0.50727; Media Center PC 5.0; .NET CLR 3.5.30729; .NET CLR 3.0.30729; Zune 4.0; OfficeLiveConnector.1.4; OfficeLivePatch.1.3)"
74.213.83.239 - - [10/Apr/2010:04:21:12 -0700] "GET / HTTP/1.1" 200 163 "-" "Mozilla/4.0 (compatible; MSIE 8.0; Windows NT 6.0; Trident/4.0; SLCC1; .NET CLR 2.0.50727; Media Center PC 5.0; .NET CLR 3.5.30729; .NET CLR 3.0.30729; Zune 4.0; OfficeLiveConnector.1.4; OfficeLivePatch.1.3)"
74.213.83.239 - - [10/Apr/2010:04:21:12 -0700] "GET /favicon.ico HTTP/1.1" 302 355 "-" "Mozilla/4.0 (compatible; MSIE 8.0; Windows NT 6.0; Trident/4.0; SLCC1; .NET CLR 2.0.50727; Media Center PC 5.0; .NET CLR 3.5.30729; .NET CLR 3.0.30729; Zune 4.0; OfficeLiveConnector.1.4; OfficeLivePatch.1.3)"
74.213.83.239 - - [10/Apr/2010:04:21:12 -0700] "GET / HTTP/1.1" 200 163 "-" "Mozilla/4.0 (compatible; MSIE 8.0; Windows NT 6.0; Trident/4.0; SLCC1; .NET CLR 2.0.50727; Media Center PC 5.0; .NET CLR 3.5.30729; .NET CLR 3.0.30729; Zune 4.0; OfficeLiveConnector.1.4; OfficeLivePatch.1.3)"
64.78.155.100 - - [10/Apr/2010:05:44:15 -0700] "GET /feed/ HTTP/1.1" 302 355 "-" "NewsGatorOnline/2.0 (http://www.newsgator.com; 2 subscribers)"
64.78.155.100 - - [10/Apr/2010:05:44:16 -0700] "GET / HTTP/1.1" 304 - "-" "NewsGatorOnline/2.0 (http://www.newsgator.com; 2 subscribers)"
123.125.66.39 - - [10/Apr/2010:05:47:28 -0700] "GET /robots.txt HTTP/1.1" 302 355 "-" "Baiduspider+(+http://www.baidu.com/search/spider.htm)"
123.125.66.37 - - [10/Apr/2010:05:47:29 -0700] "GET / HTTP/1.1" 200 163 "-" "Baiduspider+(+http://www.baidu.com/search/spider.htm)"
72.14.199.186 - - [10/Apr/2010:06:23:07 -0700] "GET /feed/ HTTP/1.1" 302 355 "-" "Feedfetcher-Google; (+http://www.google.com/feedfetcher.html; 1 subscribers; feed-id=10831477631497958243)"
72.14.199.186 - - [10/Apr/2010:06:23:08 -0700] "GET / HTTP/1.1" 200 163 "-" "Feedfetcher-Google; (+http://www.google.com/feedfetcher.html; 1 subscribers; feed-id=10831477631497958243)"
216.129.119.10 - - [10/Apr/2010:07:33:13 -0700] "GET /robots.txt HTTP/1.1" 302 359 "-" "Mozilla/5.0 (Twiceler-0.9 http://www.cuil.com/twiceler/robot.html)"
72.14.199.186 - - [10/Apr/2010:09:23:17 -0700] "GET /feed/ HTTP/1.1" 302 355 "-" "Feedfetcher-Google; (+http://www.google.com/feedfetcher.html; 1 subscribers; feed-id=10831477631497958243)"
72.14.199.186 - - [10/Apr/2010:09:23:18 -0700] "GET / HTTP/1.1" 200 163 "-" "Feedfetcher-Google; (+http://www.google.com/feedfetcher.html; 1 subscribers; feed-id=10831477631497958243)"
65.55.207.45 - - [10/Apr/2010:10:25:27 -0700] "GET /robots.txt HTTP/1.1" 302 355 "-" "msnbot/2.0b (+http://search.msn.com/msnbot.htm)"
65.55.207.45 - - [10/Apr/2010:10:25:28 -0700] "GET / HTTP/1.1" 200 163 "-" "msnbot/2.0b (+http://search.msn.com/msnbot.htm)"
72.14.199.186 - - [10/Apr/2010:12:23:27 -0700] "GET /feed/ HTTP/1.1" 302 355 "-" "Feedfetcher-Google; (+http://www.google.com/feedfetcher.html; 1 subscribers; feed-id=10831477631497958243)"
72.14.199.186 - - [10/Apr/2010:12:23:28 -0700] "GET / HTTP/1.1" 304 - "-" "Feedfetcher-Google; (+http://www.google.com/feedfetcher.html; 1 subscribers; feed-id=10831477631497958243)"
67.218.116.132 - - [10/Apr/2010:13:00:50 -0700] "GET / HTTP/1.1" 200 163 "-" "Mozilla/5.0 (Twiceler-0.9 http://www.cuil.com/twiceler/robot.html)"
93.158.148.31 - - [10/Apr/2010:14:05:57 -0700] "GET /robots.txt HTTP/1.1" 302 359 "-" "Yandex/1.01.001 (compatible; Win16; I)"
65.55.216.54 - - [10/Apr/2010:15:17:14 -0700] "GET /robots.txt HTTP/1.1" 302 355 "-" "msnbot/2.0b (+http://search.msn.com/msnbot.htm)"
65.55.216.54 - - [10/Apr/2010:15:17:14 -0700] "GET / HTTP/1.1" 200 163 "-" "msnbot/2.0b (+http://search.msn.com/msnbot.htm)"
72.14.199.186 - - [10/Apr/2010:15:23:37 -0700] "GET /feed/ HTTP/1.1" 302 355 "-" "Feedfetcher-Google; (+http://www.google.com/feedfetcher.html; 1 subscribers; feed-id=10831477631497958243)"
72.14.199.186 - - [10/Apr/2010:15:23:38 -0700] "GET / HTTP/1.1" 304 - "-" "Feedfetcher-Google; (+http://www.google.com/feedfetcher.html; 1 subscribers; feed-id=10831477631497958243)"
193.252.149.14 - - [10/Apr/2010:15:44:49 -0700] "GET /robots.txt HTTP/1.1" 302 355 "-" "Mozilla/5.0 (Windows; U; Windows NT 5.1; fr; rv:1.8.1) VoilaBot BETA 1.2 (support.voilabot@orange-ftgroup.com)"
193.252.149.14 - - [10/Apr/2010:15:44:51 -0700] "GET / HTTP/1.1" 200 163 "-" "Mozilla/5.0 (Windows; U; Windows NT 5.1; fr; rv:1.8.1) VoilaBot BETA 1.2 (support.voilabot@orange-ftgroup.com)"
207.46.199.201 - - [10/Apr/2010:16:32:15 -0700] "GET /robots.txt HTTP/1.1" 302 355 "-" "msnbot/2.0b (+http://search.msn.com/msnbot.htm)"
