207.46.13.44 - - [02/Jul/2010:07:36:01 -0700] "GET /category/apple/ HTTP/1.1" 302 355 "-" "msnbot/2.0b (+http://search.msn.com/msnbot.htm)"
70.36.96.138 - - [02/Jul/2010:08:41:05 -0700] "GET /robots.txt HTTP/1.0" 302 355 "http://jasoncmartin.com/robots.txt" "Mozilla/4.0 (compatible; MSIE 8.0; Windows NT 5.1; SV1; .NET CLR 2.0.50727)"
70.36.96.138 - - [02/Jul/2010:08:41:12 -0700] "GET / HTTP/1.0" 200 163 "http://jasoncmartin.com/" "Mozilla/4.0 (compatible; MSIE 8.0; Windows NT 5.1; SV1; .NET CLR 2.0.50727)"
72.14.199.151 - - [02/Jul/2010:08:52:00 -0700] "GET /feed/ HTTP/1.1" 302 355 "-" "Feedfetcher-Google; (+http://www.google.com/feedfetcher.html; 1 subscribers; feed-id=10831477631497958243)"
72.14.199.151 - - [02/Jul/2010:08:52:01 -0700] "GET / HTTP/1.1" 304 - "-" "Feedfetcher-Google; (+http://www.google.com/feedfetcher.html; 1 subscribers; feed-id=10831477631497958243)"
207.46.204.242 - - [02/Jul/2010:10:28:20 -0700] "GET /robots.txt HTTP/1.1" 302 355 "-" "msnbot/2.0b (+http://search.msn.com/msnbot.htm)"
207.46.204.242 - - [02/Jul/2010:10:28:20 -0700] "GET / HTTP/1.1" 200 163 "-" "msnbot/2.0b (+http://search.msn.com/msnbot.htm)"
207.46.204.242 - - [02/Jul/2010:10:28:59 -0700] "GET / HTTP/1.1" 304 - "-" "msnbot/2.0b (+http://search.msn.com/msnbot.htm)"
72.14.199.151 - - [02/Jul/2010:11:52:10 -0700] "GET /feed/ HTTP/1.1" 302 355 "-" "Feedfetcher-Google; (+http://www.google.com/feedfetcher.html; 1 subscribers; feed-id=10831477631497958243)"
72.14.199.151 - - [02/Jul/2010:11:52:11 -0700] "GET / HTTP/1.1" 304 - "-" "Feedfetcher-Google; (+http://www.google.com/feedfetcher.html; 1 subscribers; feed-id=10831477631497958243)"
72.14.199.151 - - [02/Jul/2010:14:52:20 -0700] "GET /feed/ HTTP/1.1" 302 355 "-" "Feedfetcher-Google; (+http://www.google.com/feedfetcher.html; 1 subscribers; feed-id=10831477631497958243)"
72.14.199.151 - - [02/Jul/2010:14:52:21 -0700] "GET / HTTP/1.1" 304 - "-" "Feedfetcher-Google; (+http://www.google.com/feedfetcher.html; 1 subscribers; feed-id=10831477631497958243)"
93.158.148.31 - - [02/Jul/2010:15:34:59 -0700] "GET /robots.txt HTTP/1.1" 302 355 "-" "Mozilla/5.0 (compatible; YandexBot/3.0; +http://yandex.com/bots)"
194.72.238.61 - - [02/Jul/2010:16:33:16 -0700] "HEAD / HTTP/1.1" 200 - "http://www.netcraft.com/survey/" "Mozilla/4.0 (compatible; Netcraft Web Server Survey)"
72.14.199.151 - - [02/Jul/2010:17:05:46 -0700] "GET /feed/ HTTP/1.1" 302 355 "-" "Feedfetcher-Google; (+http://www.google.com/feedfetcher.html; 1 subscribers; feed-id=10831477631497958243)"
72.14.199.151 - - [02/Jul/2010:17:05:47 -0700] "GET / HTTP/1.1" 304 - "-" "Feedfetcher-Google; (+http://www.google.com/feedfetcher.html; 1 subscribers; feed-id=10831477631497958243)"
216.241.182.150 - - [02/Jul/2010:19:46:45 -0700] "GET /feed/ HTTP/1.1" 302 355 "-" "NewsGatorOnline/2.0 (http://www.newsgator.com; 2 subscribers)"
216.241.182.150 - - [02/Jul/2010:19:46:45 -0700] "GET / HTTP/1.1" 200 163 "-" "NewsGatorOnline/2.0 (http://www.newsgator.com; 2 subscribers)"
93.158.148.31 - - [02/Jul/2010:20:14:14 -0700] "GET / HTTP/1.1" 200 163 "-" "Mozilla/5.0 (compatible; YandexBot/3.0; +http://yandex.com/bots)"
72.14.199.151 - - [02/Jul/2010:22:07:50 -0700] "GET /feed/ HTTP/1.1" 302 355 "-" "Feedfetcher-Google; (+http://www.google.com/feedfetcher.html; 1 subscribers; feed-id=10831477631497958243)"
72.14.199.151 - - [02/Jul/2010:22:07:51 -0700] "GET / HTTP/1.1" 304 - "-" "Feedfetcher-Google; (+http://www.google.com/feedfetcher.html; 1 subscribers; feed-id=10831477631497958243)"
119.63.198.58 - - [02/Jul/2010:23:19:34 -0700] "GET /robots.txt HTTP/1.1" 302 355 "-" "Baiduspider+(+http://www.baidu.com/search/spider.htm)"
119.63.198.20 - - [02/Jul/2010:23:19:34 -0700] "GET / HTTP/1.1" 200 163 "-" "Baiduspider+(+http://www.baidu.com/search/spider.htm)"
67.210.218.102 - - [03/Jul/2010:00:14:50 -0700] "GET /feed HTTP/1.1" 302 355 "-" "Rome Client (http://tinyurl.com/64t5n) Ver: 0.9"
67.210.218.102 - - [03/Jul/2010:00:14:50 -0700] "GET / HTTP/1.1" 200 163 "-" "Rome Client (http://tinyurl.com/64t5n) Ver: 0.9"
72.14.199.151 - - [03/Jul/2010:01:07:59 -0700] "GET /feed/ HTTP/1.1" 302 355 "-" "Feedfetcher-Google; (+http://www.google.com/feedfetcher.html; 1 subscribers; feed-id=10831477631497958243)"
72.14.199.151 - - [03/Jul/2010:01:08:00 -0700] "GET / HTTP/1.1" 304 - "-" "Feedfetcher-Google; (+http://www.google.com/feedfetcher.html; 1 subscribers; feed-id=10831477631497958243)"
67.218.116.169 - - [03/Jul/2010:02:42:56 -0700] "GET /robots.txt HTTP/1.1" 302 355 "-" "Mozilla/5.0 (Twiceler-0.9 http://www.cuil.com/twiceler/robot.html)"
72.14.199.151 - - [03/Jul/2010:04:12:27 -0700] "GET /feed/ HTTP/1.1" 302 355 "-" "Feedfetcher-Google; (+http://www.google.com/feedfetcher.html; 1 subscribers; feed-id=10831477631497958243)"
72.14.199.151 - - [03/Jul/2010:04:12:27 -0700] "GET / HTTP/1.1" 304 - "-" "Feedfetcher-Google; (+http://www.google.com/feedfetcher.html; 1 subscribers; feed-id=10831477631497958243)"
123.125.66.99 - - [03/Jul/2010:05:35:51 -0700] "GET /robots.txt HTTP/1.1" 302 355 "-" "Baiduspider+(+http://www.baidu.com/search/spider.htm)"
123.125.66.51 - - [03/Jul/2010:05:35:51 -0700] "GET / HTTP/1.1" 200 163 "-" "Baiduspider+(+http://www.baidu.com/search/spider.htm)"
216.129.119.45 - - [03/Jul/2010:07:05:20 -0700] "GET /robots.txt HTTP/1.1" 302 359 "-" "Mozilla/5.0 (Twiceler-0.9 http://www.cuil.com/twiceler/robot.html)"
72.14.199.151 - - [03/Jul/2010:07:13:41 -0700] "GET /feed/ HTTP/1.1" 302 355 "-" "Feedfetcher-Google; (+http://www.google.com/feedfetcher.html; 1 subscribers; feed-id=10831477631497958243)"
72.14.199.151 - - [03/Jul/2010:07:13:42 -0700] "GET / HTTP/1.1" 304 - "-" "Feedfetcher-Google; (+http://www.google.com/feedfetcher.html; 1 subscribers; feed-id=10831477631497958243)"
72.14.199.151 - - [03/Jul/2010:10:33:41 -0700] "GET /feed/ HTTP/1.1" 302 355 "-" "Feedfetcher-Google; (+http://www.google.com/feedfetcher.html; 1 subscribers; feed-id=10831477631497958243)"
72.14.199.151 - - [03/Jul/2010:10:33:42 -0700] "GET / HTTP/1.1" 200 163 "-" "Feedfetcher-Google; (+http://www.google.com/feedfetcher.html; 1 subscribers; feed-id=10831477631497958243)"
72.14.199.151 - - [03/Jul/2010:13:33:50 -0700] "GET /feed/ HTTP/1.1" 302 355 "-" "Feedfetcher-Google; (+http://www.google.com/feedfetcher.html; 1 subscribers; feed-id=10831477631497958243)"
72.14.199.151 - - [03/Jul/2010:13:33:51 -0700] "GET / HTTP/1.1" 304 - "-" "Feedfetcher-Google; (+http://www.google.com/feedfetcher.html; 1 subscribers; feed-id=10831477631497958243)"
216.241.182.150 - - [03/Jul/2010:15:46:50 -0700] "GET /feed/ HTTP/1.1" 302 355 "-" "NewsGatorOnline/2.0 (http://www.newsgator.com; 2 subscribers)"
216.241.182.150 - - [03/Jul/2010:15:46:51 -0700] "GET / HTTP/1.1" 304 - "-" "NewsGatorOnline/2.0 (http://www.newsgator.com; 2 subscribers)"
93.158.148.31 - - [03/Jul/2010:16:11:09 -0700] "GET /robots.txt HTTP/1.1" 302 359 "-" "Mozilla/5.0 (compatible; YandexBot/3.0; +http://yandex.com/bots)"
72.14.199.151 - - [03/Jul/2010:16:33:54 -0700] "GET /feed/ HTTP/1.1" 302 355 "-" "Feedfetcher-Google; (+http://www.google.com/feedfetcher.html; 1 subscribers; feed-id=10831477631497958243)"
72.14.199.151 - - [03/Jul/2010:16:33:55 -0700] "GET / HTTP/1.1" 304 - "-" "Feedfetcher-Google; (+http://www.google.com/feedfetcher.html; 1 subscribers; feed-id=10831477631497958243)"
72.14.199.151 - - [03/Jul/2010:19:34:01 -0700] "GET /feed/ HTTP/1.1" 302 355 "-" "Feedfetcher-Google; (+http://www.google.com/feedfetcher.html; 1 subscribers; feed-id=10831477631497958243)"
72.14.199.151 - - [03/Jul/2010:19:34:01 -0700] "GET / HTTP/1.1" 304 - "-" "Feedfetcher-Google; (+http://www.google.com/feedfetcher.html; 1 subscribers; feed-id=10831477631497958243)"
72.14.199.151 - - [03/Jul/2010:22:34:09 -0700] "GET /feed/ HTTP/1.1" 302 355 "-" "Feedfetcher-Google; (+http://www.google.com/feedfetcher.html; 1 subscribers; feed-id=10831477631497958243)"
72.14.199.151 - - [03/Jul/2010:22:34:10 -0700] "GET / HTTP/1.1" 304 - "-" "Feedfetcher-Google; (+http://www.google.com/feedfetcher.html; 1 subscribers; feed-id=10831477631497958243)"
119.63.198.31 - - [03/Jul/2010:23:18:15 -0700] "GET /robots.txt HTTP/1.1" 302 355 "-" "Baiduspider+(+http://www.baidu.com/search/spider.htm)"
119.63.198.14 - - [03/Jul/2010:23:18:16 -0700] "GET / HTTP/1.1" 200 163 "-" "Baiduspider+(+http://www.baidu.com/search/spider.htm)"
72.14.199.151 - - [04/Jul/2010:01:34:19 -0700] "GET /feed/ HTTP/1.1" 302 355 "-" "Feedfetcher-Google; (+http://www.google.com/feedfetcher.html; 1 subscribers; feed-id=10831477631497958243)"
72.14.199.151 - - [04/Jul/2010:01:34:20 -0700] "GET / HTTP/1.1" 304 - "-" "Feedfetcher-Google; (+http://www.google.com/feedfetcher.html; 1 subscribers; feed-id=10831477631497958243)"
67.218.116.169 - - [04/Jul/2010:02:44:07 -0700] "GET /robots.txt HTTP/1.1" 302 355 "-" "Mozilla/5.0 (Twiceler-0.9 http://www.cuil.com/twiceler/robot.html)"
67.210.218.102 - - [04/Jul/2010:03:58:39 -0700] "GET /feed HTTP/1.1" 302 355 "-" "Rome Client (http://tinyurl.com/64t5n) Ver: 0.9"
67.210.218.102 - - [04/Jul/2010:03:58:39 -0700] "GET / HTTP/1.1" 200 163 "-" "Rome Client (http://tinyurl.com/64t5n) Ver: 0.9"
72.14.199.151 - - [04/Jul/2010:04:34:29 -0700] "GET /feed/ HTTP/1.1" 302 355 "-" "Feedfetcher-Google; (+http://www.google.com/feedfetcher.html; 1 subscribers; feed-id=10831477631497958243)"
72.14.199.151 - - [04/Jul/2010:04:34:30 -0700] "GET / HTTP/1.1" 304 - "-" "Feedfetcher-Google; (+http://www.google.com/feedfetcher.html; 1 subscribers; feed-id=10831477631497958243)"
123.125.66.30 - - [04/Jul/2010:05:31:31 -0700] "GET /robots.txt HTTP/1.1" 302 355 "-" "Baiduspider+(+http://www.baidu.com/search/spider.htm)"
123.125.66.109 - - [04/Jul/2010:05:31:31 -0700] "GET / HTTP/1.1" 200 163 "-" "Baiduspider+(+http://www.baidu.com/search/spider.htm)"
93.158.148.31 - - [04/Jul/2010:07:14:14 -0700] "GET / HTTP/1.1" 200 163 "-" "Mozilla/5.0 (compatible; YandexBot/3.0; +http://yandex.com/bots)"
216.129.119.45 - - [04/Jul/2010:07:14:31 -0700] "GET /robots.txt HTTP/1.1" 302 359 "-" "Mozilla/5.0 (Twiceler-0.9 http://www.cuil.com/twiceler/robot.html)"
72.14.199.151 - - [04/Jul/2010:07:34:39 -0700] "GET /feed/ HTTP/1.1" 302 355 "-" "Feedfetcher-Google; (+http://www.google.com/feedfetcher.html; 1 subscribers; feed-id=10831477631497958243)"
72.14.199.151 - - [04/Jul/2010:07:34:40 -0700] "GET / HTTP/1.1" 304 - "-" "Feedfetcher-Google; (+http://www.google.com/feedfetcher.html; 1 subscribers; feed-id=10831477631497958243)"
188.223.29.77 - - [04/Jul/2010:09:16:42 -0700] "GET /feed/ HTTP/1.1" 302 355 "-" "NetNewsWire/3.2 (Mac OS X; http://www.newsgator.com/Individuals/NetNewsWire/)"
188.223.29.77 - - [04/Jul/2010:09:17:51 -0700] "GET / HTTP/1.1" 304 - "-" "NetNewsWire/3.2 (Mac OS X; http://www.newsgator.com/Individuals/NetNewsWire/)"
188.223.29.77 - - [04/Jul/2010:09:23:15 -0700] "GET /favicon.ico HTTP/1.1" 302 355 "-" "NetNewsWire/3.2 (Mac OS X; http://www.newsgator.com/Individuals/NetNewsWire/)"
188.223.29.77 - - [04/Jul/2010:09:46:23 -0700] "GET / HTTP/1.1" 304 - "-" "NetNewsWire/3.2 (Mac OS X; http://www.newsgator.com/Individuals/NetNewsWire/)"
188.223.29.77 - - [04/Jul/2010:10:16:32 -0700] "GET / HTTP/1.1" 304 - "-" "NetNewsWire/3.2 (Mac OS X; http://www.newsgator.com/Individuals/NetNewsWire/)"
72.14.199.151 - - [04/Jul/2010:10:34:43 -0700] "GET /feed/ HTTP/1.1" 302 355 "-" "Feedfetcher-Google; (+http://www.google.com/feedfetcher.html; 1 subscribers; feed-id=10831477631497958243)"
72.14.199.151 - - [04/Jul/2010:10:34:44 -0700] "GET / HTTP/1.1" 304 - "-" "Feedfetcher-Google; (+http://www.google.com/feedfetcher.html; 1 subscribers; feed-id=10831477631497958243)"
64.78.155.100 - - [04/Jul/2010:11:47:00 -0700] "GET /feed/ HTTP/1.1" 302 355 "-" "NewsGatorOnline/2.0 (http://www.newsgator.com; 2 subscribers)"
64.78.155.100 - - [04/Jul/2010:11:47:00 -0700] "GET / HTTP/1.1" 304 - "-" "NewsGatorOnline/2.0 (http://www.newsgator.com; 2 subscribers)"
72.14.199.151 - - [04/Jul/2010:13:36:31 -0700] "GET /feed/ HTTP/1.1" 302 355 "-" "Feedfetcher-Google; (+http://www.google.com/feedfetcher.html; 1 subscribers; feed-id=10831477631497958243)"
72.14.199.151 - - [04/Jul/2010:13:36:32 -0700] "GET / HTTP/1.1" 304 - "-" "Feedfetcher-Google; (+http://www.google.com/feedfetcher.html; 1 subscribers; feed-id=10831477631497958243)"
188.223.29.77 - - [04/Jul/2010:16:21:25 -0700] "GET / HTTP/1.1" 304 - "-" "NetNewsWire/3.2 (Mac OS X; http://www.newsgator.com/Individuals/NetNewsWire/)"
72.14.199.151 - - [04/Jul/2010:16:38:40 -0700] "GET /feed/ HTTP/1.1" 302 355 "-" "Feedfetcher-Google; (+http://www.google.com/feedfetcher.html; 1 subscribers; feed-id=10831477631497958243)"
72.14.199.151 - - [04/Jul/2010:16:38:41 -0700] "GET / HTTP/1.1" 304 - "-" "Feedfetcher-Google; (+http://www.google.com/feedfetcher.html; 1 subscribers; feed-id=10831477631497958243)"
188.223.29.77 - - [04/Jul/2010:16:51:20 -0700] "GET / HTTP/1.1" 304 - "-" "NetNewsWire/3.2 (Mac OS X; http://www.newsgator.com/Individuals/NetNewsWire/)"
188.223.29.77 - - [04/Jul/2010:17:21:21 -0700] "GET / HTTP/1.1" 304 - "-" "NetNewsWire/3.2 (Mac OS X; http://www.newsgator.com/Individuals/NetNewsWire/)"
188.223.29.77 - - [04/Jul/2010:17:51:21 -0700] "GET / HTTP/1.1" 304 - "-" "NetNewsWire/3.2 (Mac OS X; http://www.newsgator.com/Individuals/NetNewsWire/)"
188.223.29.77 - - [04/Jul/2010:18:21:21 -0700] "GET / HTTP/1.1" 304 - "-" "NetNewsWire/3.2 (Mac OS X; http://www.newsgator.com/Individuals/NetNewsWire/)"
188.223.29.77 - - [04/Jul/2010:18:51:21 -0700] "GET / HTTP/1.1" 304 - "-" "NetNewsWire/3.2 (Mac OS X; http://www.newsgator.com/Individuals/NetNewsWire/)"
188.223.29.77 - - [04/Jul/2010:19:21:22 -0700] "GET / HTTP/1.1" 304 - "-" "NetNewsWire/3.2 (Mac OS X; http://www.newsgator.com/Individuals/NetNewsWire/)"
72.14.199.151 - - [04/Jul/2010:19:38:50 -0700] "GET /feed/ HTTP/1.1" 302 355 "-" "Feedfetcher-Google; (+http://www.google.com/feedfetcher.html; 1 subscribers; feed-id=10831477631497958243)"
72.14.199.151 - - [04/Jul/2010:19:38:50 -0700] "GET / HTTP/1.1" 304 - "-" "Feedfetcher-Google; (+http://www.google.com/feedfetcher.html; 1 subscribers; feed-id=10831477631497958243)"
188.223.29.77 - - [04/Jul/2010:19:51:22 -0700] "GET / HTTP/1.1" 304 - "-" "NetNewsWire/3.2 (Mac OS X; http://www.newsgator.com/Individuals/NetNewsWire/)"
188.223.29.77 - - [04/Jul/2010:20:21:22 -0700] "GET / HTTP/1.1" 304 - "-" "NetNewsWire/3.2 (Mac OS X; http://www.newsgator.com/Individuals/NetNewsWire/)"
188.223.29.77 - - [04/Jul/2010:20:51:21 -0700] "GET / HTTP/1.1" 304 - "-" "NetNewsWire/3.2 (Mac OS X; http://www.newsgator.com/Individuals/NetNewsWire/)"
188.223.29.77 - - [04/Jul/2010:21:21:20 -0700] "GET / HTTP/1.1" 304 - "-" "NetNewsWire/3.2 (Mac OS X; http://www.newsgator.com/Individuals/NetNewsWire/)"
188.223.29.77 - - [04/Jul/2010:21:51:20 -0700] "GET / HTTP/1.1" 304 - "-" "NetNewsWire/3.2 (Mac OS X; http://www.newsgator.com/Individuals/NetNewsWire/)"
72.14.199.151 - - [04/Jul/2010:22:39:02 -0700] "GET /feed/ HTTP/1.1" 302 355 "-" "Feedfetcher-Google; (+http://www.google.com/feedfetcher.html; 1 subscribers; feed-id=10831477631497958243)"
72.14.199.151 - - [04/Jul/2010:22:39:03 -0700] "GET / HTTP/1.1" 304 - "-" "Feedfetcher-Google; (+http://www.google.com/feedfetcher.html; 1 subscribers; feed-id=10831477631497958243)"
119.63.198.41 - - [04/Jul/2010:23:19:31 -0700] "GET /robots.txt HTTP/1.1" 302 355 "-" "Baiduspider+(+http://www.baidu.com/search/spider.htm)"
119.63.198.43 - - [04/Jul/2010:23:19:32 -0700] "GET / HTTP/1.1" 200 163 "-" "Baiduspider+(+http://www.baidu.com/search/spider.htm)"
193.252.149.14 - - [05/Jul/2010:01:10:41 -0700] "GET /robots.txt HTTP/1.1" 302 355 "-" "Mozilla/5.0 (Windows; U; Windows NT 5.1; fr; rv:1.8.1) VoilaBot BETA 1.2 (support.voilabot@orange-ftgroup.com)"
193.252.149.14 - - [05/Jul/2010:01:10:43 -0700] "GET / HTTP/1.1" 200 163 "-" "Mozilla/5.0 (Windows; U; Windows NT 5.1; fr; rv:1.8.1) VoilaBot BETA 1.2 (support.voilabot@orange-ftgroup.com)"
72.14.199.151 - - [05/Jul/2010:01:39:09 -0700] "GET /feed/ HTTP/1.1" 302 355 "-" "Feedfetcher-Google; (+http://www.google.com/feedfetcher.html; 1 subscribers; feed-id=10831477631497958243)"
72.14.199.151 - - [05/Jul/2010:01:39:10 -0700] "GET / HTTP/1.1" 304 - "-" "Feedfetcher-Google; (+http://www.google.com/feedfetcher.html; 1 subscribers; feed-id=10831477631497958243)"
67.218.116.169 - - [05/Jul/2010:02:53:45 -0700] "GET /robots.txt HTTP/1.1" 302 355 "-" "Mozilla/5.0 (Twiceler-0.9 http://www.cuil.com/twiceler/robot.html)"
72.14.199.151 - - [05/Jul/2010:04:39:19 -0700] "GET /feed/ HTTP/1.1" 302 355 "-" "Feedfetcher-Google; (+http://www.google.com/feedfetcher.html; 1 subscribers; feed-id=10831477631497958243)"
72.14.199.151 - - [05/Jul/2010:04:39:20 -0700] "GET / HTTP/1.1" 304 - "-" "Feedfetcher-Google; (+http://www.google.com/feedfetcher.html; 1 subscribers; feed-id=10831477631497958243)"
123.125.66.109 - - [05/Jul/2010:05:31:52 -0700] "GET /robots.txt HTTP/1.1" 302 355 "-" "Baiduspider+(+http://www.baidu.com/search/spider.htm)"
123.125.66.29 - - [05/Jul/2010:05:31:53 -0700] "GET / HTTP/1.1" 200 163 "-" "Baiduspider+(+http://www.baidu.com/search/spider.htm)"
216.129.119.45 - - [05/Jul/2010:06:51:47 -0700] "GET /robots.txt HTTP/1.1" 302 359 "-" "Mozilla/5.0 (Twiceler-0.9 http://www.cuil.com/twiceler/robot.html)"
72.14.199.151 - - [05/Jul/2010:07:39:30 -0700] "GET /feed/ HTTP/1.1" 302 355 "-" "Feedfetcher-Google; (+http://www.google.com/feedfetcher.html; 1 subscribers; feed-id=10831477631497958243)"
72.14.199.151 - - [05/Jul/2010:07:39:31 -0700] "GET / HTTP/1.1" 304 - "-" "Feedfetcher-Google; (+http://www.google.com/feedfetcher.html; 1 subscribers; feed-id=10831477631497958243)"
64.78.155.100 - - [05/Jul/2010:07:49:28 -0700] "GET /feed/ HTTP/1.1" 302 355 "-" "NewsGatorOnline/2.0 (http://www.newsgator.com; 2 subscribers)"
64.78.155.100 - - [05/Jul/2010:07:49:28 -0700] "GET / HTTP/1.1" 304 - "-" "NewsGatorOnline/2.0 (http://www.newsgator.com; 2 subscribers)"
188.223.29.77 - - [05/Jul/2010:10:20:14 -0700] "GET / HTTP/1.1" 304 - "-" "NetNewsWire/3.2 (Mac OS X; http://www.newsgator.com/Individuals/NetNewsWire/)"
72.14.199.151 - - [05/Jul/2010:10:42:41 -0700] "GET /feed/ HTTP/1.1" 302 355 "-" "Feedfetcher-Google; (+http://www.google.com/feedfetcher.html; 1 subscribers; feed-id=10831477631497958243)"
72.14.199.151 - - [05/Jul/2010:10:42:42 -0700] "GET / HTTP/1.1" 304 - "-" "Feedfetcher-Google; (+http://www.google.com/feedfetcher.html; 1 subscribers; feed-id=10831477631497958243)"
67.210.218.102 - - [05/Jul/2010:10:49:51 -0700] "GET /feed HTTP/1.1" 302 355 "-" "Rome Client (http://tinyurl.com/64t5n) Ver: 0.9"
67.210.218.102 - - [05/Jul/2010:10:49:51 -0700] "GET / HTTP/1.1" 200 163 "-" "Rome Client (http://tinyurl.com/64t5n) Ver: 0.9"
124.115.6.13 - - [05/Jul/2010:11:37:14 -0700] "GET /robots.txt HTTP/1.1" 302 359 "-" "Sosospider+(+http://help.soso.com/webspider.htm)"
72.14.199.151 - - [05/Jul/2010:13:43:10 -0700] "GET /feed/ HTTP/1.1" 302 355 "-" "Feedfetcher-Google; (+http://www.google.com/feedfetcher.html; 1 subscribers; feed-id=10831477631497958243)"
72.14.199.151 - - [05/Jul/2010:13:43:11 -0700] "GET / HTTP/1.1" 304 - "-" "Feedfetcher-Google; (+http://www.google.com/feedfetcher.html; 1 subscribers; feed-id=10831477631497958243)"
93.158.148.31 - - [05/Jul/2010:15:45:31 -0700] "GET /robots.txt HTTP/1.1" 302 355 "-" "Mozilla/5.0 (compatible; YandexBot/3.0; +http://yandex.com/bots)"
72.14.199.151 - - [05/Jul/2010:16:59:57 -0700] "GET /feed/ HTTP/1.1" 302 355 "-" "Feedfetcher-Google; (+http://www.google.com/feedfetcher.html; 1 subscribers; feed-id=10831477631497958243)"
72.14.199.151 - - [05/Jul/2010:16:59:57 -0700] "GET / HTTP/1.1" 304 - "-" "Feedfetcher-Google; (+http://www.google.com/feedfetcher.html; 1 subscribers; feed-id=10831477631497958243)"
72.14.199.151 - - [05/Jul/2010:20:00:09 -0700] "GET /feed/ HTTP/1.1" 302 355 "-" "Feedfetcher-Google; (+http://www.google.com/feedfetcher.html; 1 subscribers; feed-id=10831477631497958243)"
72.14.199.151 - - [05/Jul/2010:20:00:10 -0700] "GET / HTTP/1.1" 304 - "-" "Feedfetcher-Google; (+http://www.google.com/feedfetcher.html; 1 subscribers; feed-id=10831477631497958243)"
72.14.199.151 - - [05/Jul/2010:23:00:19 -0700] "GET /feed/ HTTP/1.1" 302 355 "-" "Feedfetcher-Google; (+http://www.google.com/feedfetcher.html; 1 subscribers; feed-id=10831477631497958243)"
72.14.199.151 - - [05/Jul/2010:23:00:20 -0700] "GET / HTTP/1.1" 304 - "-" "Feedfetcher-Google; (+http://www.google.com/feedfetcher.html; 1 subscribers; feed-id=10831477631497958243)"
119.63.198.26 - - [06/Jul/2010:01:04:45 -0700] "GET /robots.txt HTTP/1.1" 302 355 "-" "Baiduspider+(+http://www.baidu.com/search/spider.htm)"
119.63.198.33 - - [06/Jul/2010:01:04:45 -0700] "GET / HTTP/1.1" 200 163 "-" "Baiduspider+(+http://www.baidu.com/search/spider.htm)"
72.14.199.151 - - [06/Jul/2010:02:00:29 -0700] "GET /feed/ HTTP/1.1" 302 355 "-" "Feedfetcher-Google; (+http://www.google.com/feedfetcher.html; 1 subscribers; feed-id=10831477631497958243)"
72.14.199.151 - - [06/Jul/2010:02:00:30 -0700] "GET / HTTP/1.1" 304 - "-" "Feedfetcher-Google; (+http://www.google.com/feedfetcher.html; 1 subscribers; feed-id=10831477631497958243)"
67.218.116.169 - - [06/Jul/2010:02:44:02 -0700] "GET /robots.txt HTTP/1.1" 302 355 "-" "Mozilla/5.0 (Twiceler-0.9 http://www.cuil.com/twiceler/robot.html)"
38.99.98.149 - - [06/Jul/2010:02:45:08 -0700] "GET /robots.txt HTTP/1.1" 302 355 "-" "Mozilla/5.0 (compatible; ScoutJet; +http://www.scoutjet.com/)"
38.99.98.149 - - [06/Jul/2010:02:45:17 -0700] "GET / HTTP/1.1" 200 163 "-" "Mozilla/5.0 (compatible; ScoutJet; +http://www.scoutjet.com/)"
38.99.98.149 - - [06/Jul/2010:02:45:26 -0700] "GET / HTTP/1.1" 200 163 "-" "Mozilla/5.0 (compatible; ScoutJet; +http://www.scoutjet.com/)"
38.99.98.149 - - [06/Jul/2010:02:45:32 -0700] "GET /favicon.ico HTTP/1.1" 302 355 "-" "Mozilla/5.0 (compatible; ScoutJet; +http://www.scoutjet.com/)"
123.125.66.104 - - [06/Jul/2010:03:38:14 -0700] "GET /robots.txt HTTP/1.1" 302 355 "-" "Baiduspider+(+http://www.baidu.com/search/spider.htm)"
123.125.66.23 - - [06/Jul/2010:03:38:15 -0700] "GET / HTTP/1.1" 200 163 "-" "Baiduspider+(+http://www.baidu.com/search/spider.htm)"
216.241.182.150 - - [06/Jul/2010:03:47:16 -0700] "GET /feed/ HTTP/1.1" 302 355 "-" "NewsGatorOnline/2.0 (http://www.newsgator.com; 2 subscribers)"
216.241.182.150 - - [06/Jul/2010:03:47:16 -0700] "GET / HTTP/1.1" 304 - "-" "NewsGatorOnline/2.0 (http://www.newsgator.com; 2 subscribers)"
72.14.199.151 - - [06/Jul/2010:05:00:39 -0700] "GET /feed/ HTTP/1.1" 302 355 "-" "Feedfetcher-Google; (+http://www.google.com/feedfetcher.html; 1 subscribers; feed-id=10831477631497958243)"
72.14.199.151 - - [06/Jul/2010:05:00:40 -0700] "GET / HTTP/1.1" 304 - "-" "Feedfetcher-Google; (+http://www.google.com/feedfetcher.html; 1 subscribers; feed-id=10831477631497958243)"
216.129.119.45 - - [06/Jul/2010:07:02:16 -0700] "GET /robots.txt HTTP/1.1" 302 359 "-" "Mozilla/5.0 (Twiceler-0.9 http://www.cuil.com/twiceler/robot.html)"
72.14.199.151 - - [06/Jul/2010:08:00:41 -0700] "GET /feed/ HTTP/1.1" 302 355 "-" "Feedfetcher-Google; (+http://www.google.com/feedfetcher.html; 1 subscribers; feed-id=10831477631497958243)"
72.14.199.151 - - [06/Jul/2010:08:00:42 -0700] "GET / HTTP/1.1" 200 163 "-" "Feedfetcher-Google; (+http://www.google.com/feedfetcher.html; 1 subscribers; feed-id=10831477631497958243)"
64.246.165.150 - - [06/Jul/2010:10:20:05 -0700] "GET /robots.txt HTTP/1.0" 302 359 "-" "Mozilla/5.0 (Windows; U; Windows NT 5.1; en; rv:1.9.0.13) Gecko/2009073022 Firefox/3.5.2 (.NET CLR 3.5.30729) SurveyBot/2.3 (DomainTools)"
64.246.165.150 - - [06/Jul/2010:10:20:05 -0700] "GET / HTTP/1.1" 200 163 "http://whois.domaintools.com/jasoncmartin.com" "Mozilla/5.0 (Windows; U; Windows NT 5.1; en; rv:1.9.0.13) Gecko/2009073022 Firefox/3.5.2 (.NET CLR 3.5.30729) SurveyBot/2.3 (DomainTools)"
72.14.199.151 - - [06/Jul/2010:11:05:01 -0700] "GET /feed/ HTTP/1.1" 302 355 "-" "Feedfetcher-Google; (+http://www.google.com/feedfetcher.html; 1 subscribers; feed-id=10831477631497958243)"
72.14.199.151 - - [06/Jul/2010:11:05:02 -0700] "GET / HTTP/1.1" 304 - "-" "Feedfetcher-Google; (+http://www.google.com/feedfetcher.html; 1 subscribers; feed-id=10831477631497958243)"
72.14.199.151 - - [06/Jul/2010:14:05:50 -0700] "GET /feed/ HTTP/1.1" 302 355 "-" "Feedfetcher-Google; (+http://www.google.com/feedfetcher.html; 1 subscribers; feed-id=10831477631497958243)"
72.14.199.151 - - [06/Jul/2010:14:05:51 -0700] "GET / HTTP/1.1" 304 - "-" "Feedfetcher-Google; (+http://www.google.com/feedfetcher.html; 1 subscribers; feed-id=10831477631497958243)"
91.216.122.46 - - [06/Jul/2010:15:59:17 -0700] "GET / HTTP/1.0" 200 163 "http://jasoncmartin.com/" "Mozilla/4.76 [en] (Windows NT 5.0; U)"
72.14.199.151 - - [06/Jul/2010:17:09:30 -0700] "GET /feed/ HTTP/1.1" 302 355 "-" "Feedfetcher-Google; (+http://www.google.com/feedfetcher.html; 1 subscribers; feed-id=10831477631497958243)"
72.14.199.151 - - [06/Jul/2010:17:09:30 -0700] "GET / HTTP/1.1" 304 - "-" "Feedfetcher-Google; (+http://www.google.com/feedfetcher.html; 1 subscribers; feed-id=10831477631497958243)"
93.158.148.31 - - [06/Jul/2010:17:15:53 -0700] "GET /robots.txt HTTP/1.1" 302 359 "-" "Mozilla/5.0 (compatible; YandexBot/3.0; +http://yandex.com/bots)"
67.210.218.102 - - [06/Jul/2010:19:36:18 -0700] "GET /feed HTTP/1.1" 302 355 "-" "Rome Client (http://tinyurl.com/64t5n) Ver: 0.9"
67.210.218.102 - - [06/Jul/2010:19:36:18 -0700] "GET / HTTP/1.1" 200 163 "-" "Rome Client (http://tinyurl.com/64t5n) Ver: 0.9"
72.14.199.151 - - [06/Jul/2010:20:11:04 -0700] "GET /feed/ HTTP/1.1" 302 355 "-" "Feedfetcher-Google; (+http://www.google.com/feedfetcher.html; 1 subscribers; feed-id=10831477631497958243)"
72.14.199.151 - - [06/Jul/2010:20:11:04 -0700] "GET / HTTP/1.1" 304 - "-" "Feedfetcher-Google; (+http://www.google.com/feedfetcher.html; 1 subscribers; feed-id=10831477631497958243)"
207.46.204.240 - - [06/Jul/2010:21:58:00 -0700] "GET /robots.txt HTTP/1.1" 302 355 "-" "msnbot/2.0b (+http://search.msn.com/msnbot.htm)"
207.46.204.240 - - [06/Jul/2010:21:58:01 -0700] "GET / HTTP/1.1" 200 163 "-" "msnbot/2.0b (+http://search.msn.com/msnbot.htm)"
207.46.204.240 - - [06/Jul/2010:21:58:34 -0700] "GET /category/the-brickfilmers-guide/ HTTP/1.1" 302 355 "-" "msnbot/2.0b (+http://search.msn.com/msnbot.htm)"
72.14.199.151 - - [06/Jul/2010:23:12:29 -0700] "GET /feed/ HTTP/1.1" 302 355 "-" "Feedfetcher-Google; (+http://www.google.com/feedfetcher.html; 1 subscribers; feed-id=10831477631497958243)"
72.14.199.151 - - [06/Jul/2010:23:12:30 -0700] "GET / HTTP/1.1" 304 - "-" "Feedfetcher-Google; (+http://www.google.com/feedfetcher.html; 1 subscribers; feed-id=10831477631497958243)"
64.78.155.100 - - [06/Jul/2010:23:48:28 -0700] "GET /feed/ HTTP/1.1" 302 355 "-" "NewsGatorOnline/2.0 (http://www.newsgator.com; 2 subscribers)"
64.78.155.100 - - [06/Jul/2010:23:48:28 -0700] "GET / HTTP/1.1" 200 163 "-" "NewsGatorOnline/2.0 (http://www.newsgator.com; 2 subscribers)"
119.63.198.14 - - [07/Jul/2010:01:06:04 -0700] "GET /robots.txt HTTP/1.1" 302 355 "-" "Baiduspider+(+http://www.baidu.com/search/spider.htm)"
119.63.198.44 - - [07/Jul/2010:01:06:04 -0700] "GET / HTTP/1.1" 200 163 "-" "Baiduspider+(+http://www.baidu.com/search/spider.htm)"
66.219.58.39 - - [07/Jul/2010:01:33:41 -0700] "GET /robots.txt HTTP/1.1" 302 355 "-" "MLBot (www.metadatalabs.com/mlbot)"
66.219.58.39 - - [07/Jul/2010:01:33:42 -0700] "GET / HTTP/1.1" 200 163 "-" "MLBot (www.metadatalabs.com/mlbot)"
66.219.58.39 - - [07/Jul/2010:01:33:42 -0700] "GET / HTTP/1.1" 200 163 "-" "MLBot (www.metadatalabs.com/mlbot)"
72.14.199.151 - - [07/Jul/2010:02:13:49 -0700] "GET /feed/ HTTP/1.1" 302 355 "-" "Feedfetcher-Google; (+http://www.google.com/feedfetcher.html; 1 subscribers; feed-id=10831477631497958243)"
72.14.199.151 - - [07/Jul/2010:02:13:50 -0700] "GET / HTTP/1.1" 304 - "-" "Feedfetcher-Google; (+http://www.google.com/feedfetcher.html; 1 subscribers; feed-id=10831477631497958243)"
67.218.116.169 - - [07/Jul/2010:02:43:52 -0700] "GET /robots.txt HTTP/1.1" 302 355 "-" "Mozilla/5.0 (Twiceler-0.9 http://www.cuil.com/twiceler/robot.html)"
123.125.66.114 - - [07/Jul/2010:04:21:47 -0700] "GET /robots.txt HTTP/1.1" 302 355 "-" "Baiduspider+(+http://www.baidu.com/search/spider.htm)"
123.125.66.54 - - [07/Jul/2010:04:21:48 -0700] "GET / HTTP/1.1" 200 163 "-" "Baiduspider+(+http://www.baidu.com/search/spider.htm)"
72.14.199.151 - - [07/Jul/2010:05:13:59 -0700] "GET /feed/ HTTP/1.1" 302 355 "-" "Feedfetcher-Google; (+http://www.google.com/feedfetcher.html; 1 subscribers; feed-id=10831477631497958243)"
72.14.199.151 - - [07/Jul/2010:05:14:00 -0700] "GET / HTTP/1.1" 304 - "-" "Feedfetcher-Google; (+http://www.google.com/feedfetcher.html; 1 subscribers; feed-id=10831477631497958243)"
216.129.119.45 - - [07/Jul/2010:06:57:36 -0700] "GET /robots.txt HTTP/1.1" 302 359 "-" "Mozilla/5.0 (Twiceler-0.9 http://www.cuil.com/twiceler/robot.html)"
72.14.199.151 - - [07/Jul/2010:08:14:20 -0700] "GET /feed/ HTTP/1.1" 302 355 "-" "Feedfetcher-Google; (+http://www.google.com/feedfetcher.html; 1 subscribers; feed-id=10831477631497958243)"
72.14.199.151 - - [07/Jul/2010:08:14:21 -0700] "GET / HTTP/1.1" 304 - "-" "Feedfetcher-Google; (+http://www.google.com/feedfetcher.html; 1 subscribers; feed-id=10831477631497958243)"
207.46.195.223 - - [07/Jul/2010:08:18:48 -0700] "GET /robots.txt HTTP/1.1" 302 355 "-" "msnbot/2.0b (+http://search.msn.com/msnbot.htm)"
207.46.195.223 - - [07/Jul/2010:08:18:48 -0700] "GET / HTTP/1.1" 200 163 "-" "msnbot/2.0b (+http://search.msn.com/msnbot.htm)"
207.46.195.223 - - [07/Jul/2010:08:19:39 -0700] "GET /category/apple/ HTTP/1.1" 302 355 "-" "msnbot/2.0b (+http://search.msn.com/msnbot.htm)"
72.14.199.151 - - [07/Jul/2010:11:22:00 -0700] "GET /feed/ HTTP/1.1" 302 355 "-" "Feedfetcher-Google; (+http://www.google.com/feedfetcher.html; 1 subscribers; feed-id=10831477631497958243)"
72.14.199.151 - - [07/Jul/2010:11:22:01 -0700] "GET / HTTP/1.1" 304 - "-" "Feedfetcher-Google; (+http://www.google.com/feedfetcher.html; 1 subscribers; feed-id=10831477631497958243)"
66.154.116.81 - - [07/Jul/2010:11:44:10 -0700] "GET / HTTP/1.1" 200 163 "-" "Mozilla/4.0 (compatible; MSIE 8.0; Win32)"
72.14.199.151 - - [07/Jul/2010:14:23:01 -0700] "GET /feed/ HTTP/1.1" 302 355 "-" "Feedfetcher-Google; (+http://www.google.com/feedfetcher.html; 1 subscribers; feed-id=10831477631497958243)"
72.14.199.151 - - [07/Jul/2010:14:23:02 -0700] "GET / HTTP/1.1" 304 - "-" "Feedfetcher-Google; (+http://www.google.com/feedfetcher.html; 1 subscribers; feed-id=10831477631497958243)"
193.252.149.14 - - [07/Jul/2010:15:16:50 -0700] "GET / HTTP/1.1" 200 163 "-" "Mozilla/5.0 (Windows; U; Windows NT 5.1; fr; rv:1.8.1) VoilaBot BETA 1.2 (support.voilabot@orange-ftgroup.com)"
67.195.37.93 - - [07/Jul/2010:16:55:13 -0700] "GET /robots.txt HTTP/1.0" 302 355 "-" "Mozilla/5.0 (compatible; Yahoo! Slurp; http://help.yahoo.com/help/us/ysearch/slurp)"
67.195.37.93 - - [07/Jul/2010:16:55:14 -0700] "GET / HTTP/1.0" 200 163 "-" "Mozilla/5.0 (compatible; Yahoo! Slurp; http://help.yahoo.com/help/us/ysearch/slurp)"
67.195.37.93 - - [07/Jul/2010:16:55:15 -0700] "GET / HTTP/1.0" 200 163 "-" "Mozilla/5.0 (compatible; Yahoo! Slurp/3.0; http://help.yahoo.com/help/us/ysearch/slurp)"
72.14.199.151 - - [07/Jul/2010:18:33:24 -0700] "GET /feed/ HTTP/1.1" 302 355 "-" "Feedfetcher-Google; (+http://www.google.com/feedfetcher.html; 1 subscribers; feed-id=10831477631497958243)"
72.14.199.151 - - [07/Jul/2010:18:33:24 -0700] "GET / HTTP/1.1" 304 - "-" "Feedfetcher-Google; (+http://www.google.com/feedfetcher.html; 1 subscribers; feed-id=10831477631497958243)"
64.78.155.100 - - [07/Jul/2010:19:48:24 -0700] "GET /feed/ HTTP/1.1" 302 355 "-" "NewsGatorOnline/2.0 (http://www.newsgator.com; 2 subscribers)"
64.78.155.100 - - [07/Jul/2010:19:48:24 -0700] "GET / HTTP/1.1" 304 - "-" "NewsGatorOnline/2.0 (http://www.newsgator.com; 2 subscribers)"
72.14.199.151 - - [07/Jul/2010:21:33:33 -0700] "GET /feed/ HTTP/1.1" 302 355 "-" "Feedfetcher-Google; (+http://www.google.com/feedfetcher.html; 1 subscribers; feed-id=10831477631497958243)"
72.14.199.151 - - [07/Jul/2010:21:33:34 -0700] "GET / HTTP/1.1" 304 - "-" "Feedfetcher-Google; (+http://www.google.com/feedfetcher.html; 1 subscribers; feed-id=10831477631497958243)"
93.158.148.31 - - [07/Jul/2010:23:43:36 -0700] "GET /robots.txt HTTP/1.1" 302 355 "-" "Mozilla/5.0 (compatible; YandexBot/3.0; +http://yandex.com/bots)"
72.14.199.151 - - [08/Jul/2010:00:33:43 -0700] "GET /feed/ HTTP/1.1" 302 355 "-" "Feedfetcher-Google; (+http://www.google.com/feedfetcher.html; 1 subscribers; feed-id=10831477631497958243)"
72.14.199.151 - - [08/Jul/2010:00:33:44 -0700] "GET / HTTP/1.1" 304 - "-" "Feedfetcher-Google; (+http://www.google.com/feedfetcher.html; 1 subscribers; feed-id=10831477631497958243)"
184.73.117.153 - - [08/Jul/2010:00:56:52 -0700] "GET /robots.txt HTTP/1.1" 302 355 "-" "Mozilla/5.0 (compatible; spbot/2.0.4; +http://www.seoprofiler.com/bot )"
184.73.117.153 - - [08/Jul/2010:00:56:52 -0700] "GET / HTTP/1.1" 200 163 "-" "Mozilla/5.0 (compatible; spbot/2.0.4; +http://www.seoprofiler.com/bot )"
184.73.117.153 - - [08/Jul/2010:00:56:53 -0700] "GET / HTTP/1.1" 200 163 "-" "Mozilla/5.0 (compatible; spbot/2.0.4; +http://www.seoprofiler.com/bot )"
119.63.198.36 - - [08/Jul/2010:01:06:13 -0700] "GET /robots.txt HTTP/1.1" 302 355 "-" "Baiduspider+(+http://www.baidu.com/search/spider.htm)"
119.63.198.47 - - [08/Jul/2010:01:06:13 -0700] "GET / HTTP/1.1" 200 163 "-" "Baiduspider+(+http://www.baidu.com/search/spider.htm)"
67.218.116.169 - - [08/Jul/2010:02:45:01 -0700] "GET /robots.txt HTTP/1.1" 302 355 "-" "Mozilla/5.0 (Twiceler-0.9 http://www.cuil.com/twiceler/robot.html)"
72.14.199.151 - - [08/Jul/2010:03:33:53 -0700] "GET /feed/ HTTP/1.1" 302 355 "-" "Feedfetcher-Google; (+http://www.google.com/feedfetcher.html; 1 subscribers; feed-id=10831477631497958243)"
72.14.199.151 - - [08/Jul/2010:03:33:54 -0700] "GET / HTTP/1.1" 200 163 "-" "Feedfetcher-Google; (+http://www.google.com/feedfetcher.html; 1 subscribers; feed-id=10831477631497958243)"
123.125.66.19 - - [08/Jul/2010:04:25:57 -0700] "GET /robots.txt HTTP/1.1" 302 355 "-" "Baiduspider+(+http://www.baidu.com/search/spider.htm)"
123.125.66.112 - - [08/Jul/2010:04:25:58 -0700] "GET / HTTP/1.1" 200 163 "-" "Baiduspider+(+http://www.baidu.com/search/spider.htm)"
67.210.218.102 - - [08/Jul/2010:04:33:18 -0700] "GET /feed HTTP/1.1" 302 355 "-" "Rome Client (http://tinyurl.com/64t5n) Ver: 0.9"
67.210.218.102 - - [08/Jul/2010:04:33:19 -0700] "GET / HTTP/1.1" 200 163 "-" "Rome Client (http://tinyurl.com/64t5n) Ver: 0.9"
70.36.101.58 - - [08/Jul/2010:05:07:18 -0700] "GET / HTTP/1.1" 200 163 "-" "Wget/1.9+cvs-stable (Red Hat modified)"
72.14.199.151 - - [08/Jul/2010:06:34:04 -0700] "GET /feed/ HTTP/1.1" 302 355 "-" "Feedfetcher-Google; (+http://www.google.com/feedfetcher.html; 1 subscribers; feed-id=10831477631497958243)"
72.14.199.151 - - [08/Jul/2010:06:34:05 -0700] "GET / HTTP/1.1" 200 163 "-" "Feedfetcher-Google; (+http://www.google.com/feedfetcher.html; 1 subscribers; feed-id=10831477631497958243)"
93.158.148.31 - - [08/Jul/2010:06:34:18 -0700] "GET / HTTP/1.1" 200 163 "-" "Mozilla/5.0 (compatible; YandexBot/3.0; +http://yandex.com/bots)"
216.129.119.45 - - [08/Jul/2010:06:59:16 -0700] "GET /robots.txt HTTP/1.1" 302 359 "-" "Mozilla/5.0 (Twiceler-0.9 http://www.cuil.com/twiceler/robot.html)"
72.14.199.151 - - [08/Jul/2010:09:34:13 -0700] "GET /feed/ HTTP/1.1" 302 355 "-" "Feedfetcher-Google; (+http://www.google.com/feedfetcher.html; 1 subscribers; feed-id=10831477631497958243)"
72.14.199.151 - - [08/Jul/2010:09:34:14 -0700] "GET / HTTP/1.1" 304 - "-" "Feedfetcher-Google; (+http://www.google.com/feedfetcher.html; 1 subscribers; feed-id=10831477631497958243)"
72.14.199.151 - - [08/Jul/2010:12:34:23 -0700] "GET /feed/ HTTP/1.1" 302 355 "-" "Feedfetcher-Google; (+http://www.google.com/feedfetcher.html; 1 subscribers; feed-id=10831477631497958243)"
72.14.199.151 - - [08/Jul/2010:12:34:24 -0700] "GET / HTTP/1.1" 304 - "-" "Feedfetcher-Google; (+http://www.google.com/feedfetcher.html; 1 subscribers; feed-id=10831477631497958243)"
96.31.166.228 - - [08/Jul/2010:13:48:14 -0700] "GET /robots.txt HTTP/1.1" 302 355 "-" "Mozilla/5.0 (compatible; Search17Bot/1.1; http://www.search17.com/bot.php)"
96.31.166.228 - - [08/Jul/2010:13:48:15 -0700] "GET / HTTP/1.1" 200 163 "-" "Mozilla/5.0 (compatible; Search17Bot/1.1; http://www.search17.com/bot.php)"
96.31.166.228 - - [08/Jul/2010:13:48:15 -0700] "GET / HTTP/1.1" 200 163 "-" "Mozilla/5.0 (compatible; Search17Bot/1.1; http://www.search17.com/bot.php)"
72.14.199.142 - - [08/Jul/2010:15:35:51 -0700] "GET /feed/ HTTP/1.1" 302 355 "-" "Feedfetcher-Google; (+http://www.google.com/feedfetcher.html; 1 subscribers; feed-id=10831477631497958243)"
72.14.199.142 - - [08/Jul/2010:15:43:51 -0700] "GET / HTTP/1.1" 200 163 "-" "Feedfetcher-Google; (+http://www.google.com/feedfetcher.html; 1 subscribers; feed-id=10831477631497958243)"
64.78.155.100 - - [08/Jul/2010:15:54:18 -0700] "GET /feed/ HTTP/1.1" 302 355 "-" "NewsGatorOnline/2.0 (http://www.newsgator.com; 2 subscribers)"
64.78.155.100 - - [08/Jul/2010:15:54:19 -0700] "GET / HTTP/1.1" 304 - "-" "NewsGatorOnline/2.0 (http://www.newsgator.com; 2 subscribers)"
93.158.148.31 - - [08/Jul/2010:16:17:02 -0700] "GET /robots.txt HTTP/1.1" 302 359 "-" "Mozilla/5.0 (compatible; YandexBot/3.0; +http://yandex.com/bots)"
72.14.199.142 - - [08/Jul/2010:18:43:54 -0700] "GET /feed/ HTTP/1.1" 302 355 "-" "Feedfetcher-Google; (+http://www.google.com/feedfetcher.html; 1 subscribers; feed-id=10831477631497958243)"
72.14.199.142 - - [08/Jul/2010:18:43:55 -0700] "GET / HTTP/1.1" 200 163 "-" "Feedfetcher-Google; (+http://www.google.com/feedfetcher.html; 1 subscribers; feed-id=10831477631497958243)"
72.14.199.142 - - [08/Jul/2010:21:44:04 -0700] "GET /feed/ HTTP/1.1" 302 355 "-" "Feedfetcher-Google; (+http://www.google.com/feedfetcher.html; 1 subscribers; feed-id=10831477631497958243)"
72.14.199.142 - - [08/Jul/2010:21:44:04 -0700] "GET / HTTP/1.1" 304 - "-" "Feedfetcher-Google; (+http://www.google.com/feedfetcher.html; 1 subscribers; feed-id=10831477631497958243)"
72.14.199.142 - - [09/Jul/2010:00:44:13 -0700] "GET /feed/ HTTP/1.1" 302 355 "-" "Feedfetcher-Google; (+http://www.google.com/feedfetcher.html; 1 subscribers; feed-id=10831477631497958243)"
72.14.199.142 - - [09/Jul/2010:00:44:14 -0700] "GET / HTTP/1.1" 304 - "-" "Feedfetcher-Google; (+http://www.google.com/feedfetcher.html; 1 subscribers; feed-id=10831477631497958243)"
119.63.198.50 - - [09/Jul/2010:01:17:57 -0700] "GET /robots.txt HTTP/1.1" 302 355 "-" "Baiduspider+(+http://www.baidu.com/search/spider.htm)"
119.63.198.56 - - [09/Jul/2010:01:17:57 -0700] "GET / HTTP/1.1" 200 163 "-" "Baiduspider+(+http://www.baidu.com/search/spider.htm)"
67.218.116.169 - - [09/Jul/2010:02:41:46 -0700] "GET /robots.txt HTTP/1.1" 302 355 "-" "Mozilla/5.0 (Twiceler-0.9 http://www.cuil.com/twiceler/robot.html)"
72.14.199.142 - - [09/Jul/2010:03:44:23 -0700] "GET /feed/ HTTP/1.1" 302 355 "-" "Feedfetcher-Google; (+http://www.google.com/feedfetcher.html; 1 subscribers; feed-id=10831477631497958243)"
72.14.199.142 - - [09/Jul/2010:03:44:24 -0700] "GET / HTTP/1.1" 304 - "-" "Feedfetcher-Google; (+http://www.google.com/feedfetcher.html; 1 subscribers; feed-id=10831477631497958243)"
123.125.66.24 - - [09/Jul/2010:04:26:03 -0700] "GET /robots.txt HTTP/1.1" 302 355 "-" "Baiduspider+(+http://www.baidu.com/search/spider.htm)"
123.125.66.48 - - [09/Jul/2010:04:26:04 -0700] "GET / HTTP/1.1" 200 163 "-" "Baiduspider+(+http://www.baidu.com/search/spider.htm)"
93.158.148.31 - - [09/Jul/2010:04:49:18 -0700] "GET / HTTP/1.1" 200 163 "-" "Mozilla/5.0 (compatible; YandexBot/3.0; +http://yandex.com/bots)"
72.14.199.142 - - [09/Jul/2010:06:44:33 -0700] "GET /feed/ HTTP/1.1" 302 355 "-" "Feedfetcher-Google; (+http://www.google.com/feedfetcher.html; 1 subscribers; feed-id=10831477631497958243)"
72.14.199.142 - - [09/Jul/2010:06:44:34 -0700] "GET / HTTP/1.1" 304 - "-" "Feedfetcher-Google; (+http://www.google.com/feedfetcher.html; 1 subscribers; feed-id=10831477631497958243)"
216.129.119.45 - - [09/Jul/2010:07:05:41 -0700] "GET /robots.txt HTTP/1.1" 302 359 "-" "Mozilla/5.0 (Twiceler-0.9 http://www.cuil.com/twiceler/robot.html)"
72.14.199.142 - - [09/Jul/2010:09:44:43 -0700] "GET /feed/ HTTP/1.1" 302 355 "-" "Feedfetcher-Google; (+http://www.google.com/feedfetcher.html; 1 subscribers; feed-id=10831477631497958243)"
72.14.199.142 - - [09/Jul/2010:09:44:45 -0700] "GET / HTTP/1.1" 304 - "-" "Feedfetcher-Google; (+http://www.google.com/feedfetcher.html; 1 subscribers; feed-id=10831477631497958243)"
69.71.222.186 - - [09/Jul/2010:11:05:49 -0700] "GET / HTTP/1.0" 200 163 "http://www.sitedossier.com/site/jasoncmartin.com" "-"
216.241.182.150 - - [09/Jul/2010:12:06:20 -0700] "GET /feed/ HTTP/1.1" 302 355 "-" "NewsGatorOnline/2.0 (http://www.newsgator.com; 2 subscribers)"
216.241.182.150 - - [09/Jul/2010:12:06:20 -0700] "GET / HTTP/1.1" 304 - "-" "NewsGatorOnline/2.0 (http://www.newsgator.com; 2 subscribers)"
188.223.29.77 - - [09/Jul/2010:12:21:23 -0700] "GET /feed/ HTTP/1.1" 302 355 "-" "NetNewsWire/3.2 (Mac OS X; http://www.newsgator.com/Individuals/NetNewsWire/)"
188.223.29.77 - - [09/Jul/2010:12:22:36 -0700] "GET / HTTP/1.1" 304 - "-" "NetNewsWire/3.2 (Mac OS X; http://www.newsgator.com/Individuals/NetNewsWire/)"
72.14.199.142 - - [09/Jul/2010:12:44:56 -0700] "GET /feed/ HTTP/1.1" 302 355 "-" "Feedfetcher-Google; (+http://www.google.com/feedfetcher.html; 1 subscribers; feed-id=10831477631497958243)"
72.14.199.142 - - [09/Jul/2010:12:44:57 -0700] "GET / HTTP/1.1" 304 - "-" "Feedfetcher-Google; (+http://www.google.com/feedfetcher.html; 1 subscribers; feed-id=10831477631497958243)"
67.210.218.102 - - [09/Jul/2010:12:46:11 -0700] "GET /feed HTTP/1.1" 302 355 "-" "Rome Client (http://tinyurl.com/64t5n) Ver: 0.9"
67.210.218.102 - - [09/Jul/2010:12:46:11 -0700] "GET / HTTP/1.1" 200 163 "-" "Rome Client (http://tinyurl.com/64t5n) Ver: 0.9"
188.223.29.77 - - [09/Jul/2010:12:52:02 -0700] "GET / HTTP/1.1" 304 - "-" "NetNewsWire/3.2 (Mac OS X; http://www.newsgator.com/Individuals/NetNewsWire/)"
188.223.29.77 - - [09/Jul/2010:13:09:20 -0700] "GET /favicon.ico HTTP/1.1" 302 355 "-" "NetNewsWire/3.2 (Mac OS X; http://www.newsgator.com/Individuals/NetNewsWire/)"
93.158.148.31 - - [09/Jul/2010:13:12:17 -0700] "GET /robots.txt HTTP/1.1" 302 355 "-" "Mozilla/5.0 (compatible; YandexBot/3.0; +http://yandex.com/bots)"
74.106.14.127 - - [09/Jul/2010:15:43:07 -0700] "GET /robots.txt HTTP/1.0" 302 355 "-" "Mozilla/5.0 (compatible; MJ12bot/v1.3.3; http://www.majestic12.co.uk/bot.php?+)"
74.106.14.127 - - [09/Jul/2010:15:43:08 -0700] "GET / HTTP/1.1" 200 163 "-" "Mozilla/5.0 (compatible; MJ12bot/v1.3.3; http://www.majestic12.co.uk/bot.php?+)"
72.14.199.142 - - [09/Jul/2010:16:38:31 -0700] "GET /feed/ HTTP/1.1" 302 355 "-" "Feedfetcher-Google; (+http://www.google.com/feedfetcher.html; 1 subscribers; feed-id=10831477631497958243)"
72.14.199.142 - - [09/Jul/2010:16:38:31 -0700] "GET / HTTP/1.1" 304 - "-" "Feedfetcher-Google; (+http://www.google.com/feedfetcher.html; 1 subscribers; feed-id=10831477631497958243)"
72.14.199.142 - - [09/Jul/2010:19:38:39 -0700] "GET /feed/ HTTP/1.1" 302 355 "-" "Feedfetcher-Google; (+http://www.google.com/feedfetcher.html; 1 subscribers; feed-id=10831477631497958243)"
72.14.199.142 - - [09/Jul/2010:19:38:40 -0700] "GET / HTTP/1.1" 304 - "-" "Feedfetcher-Google; (+http://www.google.com/feedfetcher.html; 1 subscribers; feed-id=10831477631497958243)"
208.115.111.245 - - [09/Jul/2010:22:18:52 -0700] "GET /robots.txt HTTP/1.1" 302 355 "-" "Mozilla/5.0 (compatible; DotBot/1.1; http://www.dotnetdotcom.org/, crawler@dotnetdotcom.org)"
208.115.111.245 - - [09/Jul/2010:22:18:52 -0700] "GET / HTTP/1.1" 200 163 "-" "Mozilla/5.0 (compatible; DotBot/1.1; http://www.dotnetdotcom.org/, crawler@dotnetdotcom.org)"
72.14.199.142 - - [09/Jul/2010:22:38:48 -0700] "GET /feed/ HTTP/1.1" 302 355 "-" "Feedfetcher-Google; (+http://www.google.com/feedfetcher.html; 1 subscribers; feed-id=10831477631497958243)"
72.14.199.142 - - [09/Jul/2010:22:38:50 -0700] "GET / HTTP/1.1" 304 - "-" "Feedfetcher-Google; (+http://www.google.com/feedfetcher.html; 1 subscribers; feed-id=10831477631497958243)"
119.63.198.12 - - [10/Jul/2010:01:12:41 -0700] "GET /robots.txt HTTP/1.1" 302 355 "-" "Baiduspider+(+http://www.baidu.com/search/spider.htm)"
119.63.198.32 - - [10/Jul/2010:01:12:42 -0700] "GET / HTTP/1.1" 200 163 "-" "Baiduspider+(+http://www.baidu.com/search/spider.htm)"
184.73.4.193 - - [10/Jul/2010:01:18:19 -0700] "GET / HTTP/1.0" 200 163 "-" "Mozilla/5.0 (compatible; NetcraftSurveyAgent/1.0; +info@netcraft.com)"
72.14.199.142 - - [10/Jul/2010:01:39:00 -0700] "GET /feed/ HTTP/1.1" 302 355 "-" "Feedfetcher-Google; (+http://www.google.com/feedfetcher.html; 1 subscribers; feed-id=10831477631497958243)"
72.14.199.142 - - [10/Jul/2010:01:39:01 -0700] "GET / HTTP/1.1" 304 - "-" "Feedfetcher-Google; (+http://www.google.com/feedfetcher.html; 1 subscribers; feed-id=10831477631497958243)"
208.115.111.245 - - [10/Jul/2010:01:48:41 -0700] "GET /robots.txt HTTP/1.1" 302 355 "-" "Mozilla/5.0 (compatible; DotBot/1.1; http://www.dotnetdotcom.org/, crawler@dotnetdotcom.org)"
208.115.111.245 - - [10/Jul/2010:01:48:41 -0700] "GET / HTTP/1.1" 200 163 "-" "Mozilla/5.0 (compatible; DotBot/1.1; http://www.dotnetdotcom.org/, crawler@dotnetdotcom.org)"
208.115.111.245 - - [10/Jul/2010:02:14:37 -0700] "GET /2006/07/fig-entry-aborted-hello-time-wars/ HTTP/1.1" 302 355 "-" "Mozilla/5.0 (compatible; DotBot/1.1; http://www.dotnetdotcom.org/, crawler@dotnetdotcom.org)"
208.115.111.245 - - [10/Jul/2010:02:14:42 -0700] "GET /2008/06/netos-the-next-innovation-in-weboss/ HTTP/1.1" 302 355 "-" "Mozilla/5.0 (compatible; DotBot/1.1; http://www.dotnetdotcom.org/, crawler@dotnetdotcom.org)"
67.218.116.169 - - [10/Jul/2010:02:44:19 -0700] "GET /robots.txt HTTP/1.1" 302 355 "-" "Mozilla/5.0 (Twiceler-0.9 http://www.cuil.com/twiceler/robot.html)"
207.46.204.237 - - [10/Jul/2010:04:02:00 -0700] "GET /robots.txt HTTP/1.1" 302 355 "-" "msnbot/2.0b (+http://search.msn.com/msnbot.htm)"
207.46.204.237 - - [10/Jul/2010:04:02:00 -0700] "GET / HTTP/1.1" 200 163 "-" "msnbot/2.0b (+http://search.msn.com/msnbot.htm)"
207.46.204.237 - - [10/Jul/2010:04:02:36 -0700] "GET / HTTP/1.1" 304 - "-" "msnbot/2.0b (+http://search.msn.com/msnbot.htm)"
123.125.66.19 - - [10/Jul/2010:04:31:23 -0700] "GET /robots.txt HTTP/1.1" 302 355 "-" "Baiduspider+(+http://www.baidu.com/search/spider.htm)"
123.125.66.45 - - [10/Jul/2010:04:31:24 -0700] "GET / HTTP/1.1" 200 163 "-" "Baiduspider+(+http://www.baidu.com/search/spider.htm)"
70.36.101.58 - - [10/Jul/2010:04:31:24 -0700] "GET / HTTP/1.1" 200 163 "-" "Wget/1.9+cvs-stable (Red Hat modified)"
70.36.101.58 - - [10/Jul/2010:04:31:35 -0700] "GET / HTTP/1.1" 200 163 "-" "Wget/1.9+cvs-stable (Red Hat modified)"
72.14.199.142 - - [10/Jul/2010:04:39:09 -0700] "GET /feed/ HTTP/1.1" 302 355 "-" "Feedfetcher-Google; (+http://www.google.com/feedfetcher.html; 1 subscribers; feed-id=10831477631497958243)"
72.14.199.142 - - [10/Jul/2010:04:39:10 -0700] "GET / HTTP/1.1" 304 - "-" "Feedfetcher-Google; (+http://www.google.com/feedfetcher.html; 1 subscribers; feed-id=10831477631497958243)"
208.115.111.245 - - [10/Jul/2010:05:20:44 -0700] "GET /robots.txt HTTP/1.1" 302 355 "-" "Mozilla/5.0 (compatible; DotBot/1.1; http://www.dotnetdotcom.org/, crawler@dotnetdotcom.org)"
208.115.111.245 - - [10/Jul/2010:05:20:44 -0700] "GET / HTTP/1.1" 200 163 "-" "Mozilla/5.0 (compatible; DotBot/1.1; http://www.dotnetdotcom.org/, crawler@dotnetdotcom.org)"
208.115.111.245 - - [10/Jul/2010:05:44:05 -0700] "GET /2006/05/got-a-production-blog/ HTTP/1.1" 302 355 "-" "Mozilla/5.0 (compatible; DotBot/1.1; http://www.dotnetdotcom.org/, crawler@dotnetdotcom.org)"
208.115.111.245 - - [10/Jul/2010:05:44:09 -0700] "GET /2006/09/welcome-to-hostlegomoviescom/ HTTP/1.1" 302 355 "-" "Mozilla/5.0 (compatible; DotBot/1.1; http://www.dotnetdotcom.org/, crawler@dotnetdotcom.org)"
208.115.111.245 - - [10/Jul/2010:05:44:14 -0700] "GET /2008/05/i-have-too-many-projects/ HTTP/1.1" 302 355 "-" "Mozilla/5.0 (compatible; DotBot/1.1; http://www.dotnetdotcom.org/, crawler@dotnetdotcom.org)"
208.115.111.245 - - [10/Jul/2010:05:44:18 -0700] "GET /2008/06/my-summer-project-part-2/ HTTP/1.1" 302 355 "-" "Mozilla/5.0 (compatible; DotBot/1.1; http://www.dotnetdotcom.org/, crawler@dotnetdotcom.org)"
208.115.111.245 - - [10/Jul/2010:05:44:23 -0700] "GET /2008/06/spidersuck-chronicles-anyone/ HTTP/1.1" 302 355 "-" "Mozilla/5.0 (compatible; DotBot/1.1; http://www.dotnetdotcom.org/, crawler@dotnetdotcom.org)"
208.115.111.245 - - [10/Jul/2010:05:44:28 -0700] "GET /2008/09/iphone-development/feed/ HTTP/1.1" 302 355 "-" "Mozilla/5.0 (compatible; DotBot/1.1; http://www.dotnetdotcom.org/, crawler@dotnetdotcom.org)"
208.115.111.245 - - [10/Jul/2010:05:44:33 -0700] "GET /2008/09/iphone-development/trackback/ HTTP/1.1" 302 355 "-" "Mozilla/5.0 (compatible; DotBot/1.1; http://www.dotnetdotcom.org/, crawler@dotnetdotcom.org)"
208.115.111.245 - - [10/Jul/2010:05:44:38 -0700] "GET /2008/12/snow-leopard/trackback/ HTTP/1.1" 302 355 "-" "Mozilla/5.0 (compatible; DotBot/1.1; http://www.dotnetdotcom.org/, crawler@dotnetdotcom.org)"
208.115.111.245 - - [10/Jul/2010:05:44:43 -0700] "GET /category/computer-programming/ HTTP/1.1" 302 355 "-" "Mozilla/5.0 (compatible; DotBot/1.1; http://www.dotnetdotcom.org/, crawler@dotnetdotcom.org)"
208.115.111.245 - - [10/Jul/2010:05:44:48 -0700] "GET /category/the-brickfilmers-guide/ HTTP/1.1" 302 355 "-" "Mozilla/5.0 (compatible; DotBot/1.1; http://www.dotnetdotcom.org/, crawler@dotnetdotcom.org)"
216.129.119.45 - - [10/Jul/2010:07:01:37 -0700] "GET /robots.txt HTTP/1.1" 302 359 "-" "Mozilla/5.0 (Twiceler-0.9 http://www.cuil.com/twiceler/robot.html)"
