72.14.199.142 - - [10/Jul/2010:07:39:19 -0700] "GET /feed/ HTTP/1.1" 302 355 "-" "Feedfetcher-Google; (+http://www.google.com/feedfetcher.html; 1 subscribers; feed-id=10831477631497958243)"
72.14.199.142 - - [10/Jul/2010:07:39:20 -0700] "GET / HTTP/1.1" 304 - "-" "Feedfetcher-Google; (+http://www.google.com/feedfetcher.html; 1 subscribers; feed-id=10831477631497958243)"
216.241.182.150 - - [10/Jul/2010:08:09:02 -0700] "GET /feed/ HTTP/1.1" 302 355 "-" "NewsGatorOnline/2.0 (http://www.newsgator.com; 2 subscribers)"
216.241.182.150 - - [10/Jul/2010:08:09:02 -0700] "GET / HTTP/1.1" 200 163 "-" "NewsGatorOnline/2.0 (http://www.newsgator.com; 2 subscribers)"
208.115.111.245 - - [10/Jul/2010:08:54:28 -0700] "GET /robots.txt HTTP/1.1" 302 355 "-" "Mozilla/5.0 (compatible; DotBot/1.1; http://www.dotnetdotcom.org/, crawler@dotnetdotcom.org)"
208.115.111.245 - - [10/Jul/2010:08:54:29 -0700] "GET / HTTP/1.1" 200 163 "-" "Mozilla/5.0 (compatible; DotBot/1.1; http://www.dotnetdotcom.org/, crawler@dotnetdotcom.org)"
93.158.148.31 - - [10/Jul/2010:09:08:13 -0700] "GET / HTTP/1.1" 200 163 "-" "Mozilla/5.0 (compatible; YandexBot/3.0; +http://yandex.com/bots)"
208.115.111.245 - - [10/Jul/2010:09:22:10 -0700] "GET /2006/05/fig-entry-progress/ HTTP/1.1" 302 355 "-" "Mozilla/5.0 (compatible; DotBot/1.1; http://www.dotnetdotcom.org/, crawler@dotnetdotcom.org)"
208.115.111.245 - - [10/Jul/2010:09:22:14 -0700] "GET /2006/05/get-outta-the-house/ HTTP/1.1" 302 355 "-" "Mozilla/5.0 (compatible; DotBot/1.1; http://www.dotnetdotcom.org/, crawler@dotnetdotcom.org)"
208.115.111.245 - - [10/Jul/2010:09:22:18 -0700] "GET /2006/07/new-time-wars-banner/ HTTP/1.1" 302 355 "-" "Mozilla/5.0 (compatible; DotBot/1.1; http://www.dotnetdotcom.org/, crawler@dotnetdotcom.org)"
208.115.111.245 - - [10/Jul/2010:09:22:23 -0700] "GET /2008/09/iphone-development/ HTTP/1.1" 302 355 "-" "Mozilla/5.0 (compatible; DotBot/1.1; http://www.dotnetdotcom.org/, crawler@dotnetdotcom.org)"
208.115.111.245 - - [10/Jul/2010:09:22:28 -0700] "GET /2008/09/whats-up/trackback/ HTTP/1.1" 302 355 "-" "Mozilla/5.0 (compatible; DotBot/1.1; http://www.dotnetdotcom.org/, crawler@dotnetdotcom.org)"
208.115.111.245 - - [10/Jul/2010:09:22:33 -0700] "GET /2008/10/ipod-touch-is-here/ HTTP/1.1" 302 355 "-" "Mozilla/5.0 (compatible; DotBot/1.1; http://www.dotnetdotcom.org/, crawler@dotnetdotcom.org)"
208.115.111.245 - - [10/Jul/2010:09:22:38 -0700] "GET /2008/12/snow-leopard/feed/ HTTP/1.1" 302 355 "-" "Mozilla/5.0 (compatible; DotBot/1.1; http://www.dotnetdotcom.org/, crawler@dotnetdotcom.org)"
208.115.111.245 - - [10/Jul/2010:09:22:44 -0700] "GET /category/iphone-development/ HTTP/1.1" 302 355 "-" "Mozilla/5.0 (compatible; DotBot/1.1; http://www.dotnetdotcom.org/, crawler@dotnetdotcom.org)"
208.115.111.245 - - [10/Jul/2010:09:22:48 -0700] "GET /category/mac-applications/ HTTP/1.1" 302 355 "-" "Mozilla/5.0 (compatible; DotBot/1.1; http://www.dotnetdotcom.org/, crawler@dotnetdotcom.org)"
208.115.111.245 - - [10/Jul/2010:09:22:54 -0700] "GET /category/uncategorized/page/2/ HTTP/1.1" 302 355 "-" "Mozilla/5.0 (compatible; DotBot/1.1; http://www.dotnetdotcom.org/, crawler@dotnetdotcom.org)"
72.14.199.142 - - [10/Jul/2010:10:39:28 -0700] "GET /feed/ HTTP/1.1" 302 355 "-" "Feedfetcher-Google; (+http://www.google.com/feedfetcher.html; 1 subscribers; feed-id=10831477631497958243)"
72.14.199.142 - - [10/Jul/2010:10:39:30 -0700] "GET / HTTP/1.1" 304 - "-" "Feedfetcher-Google; (+http://www.google.com/feedfetcher.html; 1 subscribers; feed-id=10831477631497958243)"
70.7.234.248 - - [10/Jul/2010:12:03:16 -0700] "GET / HTTP/1.1" 200 163 "http://www.bricksinmotion.com/forums/user/3/" "Mozilla/5.0 (Windows; U; Windows NT 5.1; en-US; rv:1.9.2.6) Gecko/20100625 Firefox/3.6.6"
70.7.234.248 - - [10/Jul/2010:12:03:17 -0700] "GET /favicon.ico HTTP/1.1" 302 355 "-" "Mozilla/5.0 (Windows; U; Windows NT 5.1; en-US; rv:1.9.2.6) Gecko/20100625 Firefox/3.6.6"
70.7.234.248 - - [10/Jul/2010:12:03:20 -0700] "GET /favicon.ico HTTP/1.1" 302 355 "-" "Mozilla/5.0 (Windows; U; Windows NT 5.1; en-US; rv:1.9.2.6) Gecko/20100625 Firefox/3.6.6"
67.210.218.102 - - [10/Jul/2010:12:25:56 -0700] "GET /feed HTTP/1.1" 302 355 "-" "Rome Client (http://tinyurl.com/64t5n) Ver: 0.9"
67.210.218.102 - - [10/Jul/2010:12:25:57 -0700] "GET / HTTP/1.1" 200 163 "-" "Rome Client (http://tinyurl.com/64t5n) Ver: 0.9"
208.115.111.245 - - [10/Jul/2010:12:29:24 -0700] "GET /robots.txt HTTP/1.1" 302 355 "-" "Mozilla/5.0 (compatible; DotBot/1.1; http://www.dotnetdotcom.org/, crawler@dotnetdotcom.org)"
208.115.111.245 - - [10/Jul/2010:12:29:24 -0700] "GET / HTTP/1.1" 200 163 "-" "Mozilla/5.0 (compatible; DotBot/1.1; http://www.dotnetdotcom.org/, crawler@dotnetdotcom.org)"
208.115.111.245 - - [10/Jul/2010:12:51:10 -0700] "GET /2006/05/finished-script/ HTTP/1.1" 302 355 "-" "Mozilla/5.0 (compatible; DotBot/1.1; http://www.dotnetdotcom.org/, crawler@dotnetdotcom.org)"
208.115.111.245 - - [10/Jul/2010:12:51:14 -0700] "GET /2006/09/thac-2-results/ HTTP/1.1" 302 355 "-" "Mozilla/5.0 (compatible; DotBot/1.1; http://www.dotnetdotcom.org/, crawler@dotnetdotcom.org)"
208.115.111.245 - - [10/Jul/2010:12:51:18 -0700] "GET /2008/04/brickfilmerscom/ HTTP/1.1" 302 355 "-" "Mozilla/5.0 (compatible; DotBot/1.1; http://www.dotnetdotcom.org/, crawler@dotnetdotcom.org)"
208.115.111.245 - - [10/Jul/2010:12:51:23 -0700] "GET /2008/04/seminar-script/ HTTP/1.1" 302 355 "-" "Mozilla/5.0 (compatible; DotBot/1.1; http://www.dotnetdotcom.org/, crawler@dotnetdotcom.org)"
208.115.111.245 - - [10/Jul/2010:12:51:28 -0700] "GET /2008/06/even-more-mybb/ HTTP/1.1" 302 355 "-" "Mozilla/5.0 (compatible; DotBot/1.1; http://www.dotnetdotcom.org/, crawler@dotnetdotcom.org)"
208.115.111.245 - - [10/Jul/2010:12:51:33 -0700] "GET /2008/06/summer-project/ HTTP/1.1" 302 355 "-" "Mozilla/5.0 (compatible; DotBot/1.1; http://www.dotnetdotcom.org/, crawler@dotnetdotcom.org)"
208.115.111.245 - - [10/Jul/2010:12:51:38 -0700] "GET /2008/07/couple-of-things/ HTTP/1.1" 302 355 "-" "Mozilla/5.0 (compatible; DotBot/1.1; http://www.dotnetdotcom.org/, crawler@dotnetdotcom.org)"
208.115.111.245 - - [10/Jul/2010:12:51:43 -0700] "GET /category/brickfilmerscom/ HTTP/1.1" 302 355 "-" "Mozilla/5.0 (compatible; DotBot/1.1; http://www.dotnetdotcom.org/, crawler@dotnetdotcom.org)"
208.115.111.245 - - [10/Jul/2010:12:51:48 -0700] "GET /category/star-trek-orion/ HTTP/1.1" 302 355 "-" "Mozilla/5.0 (compatible; DotBot/1.1; http://www.dotnetdotcom.org/, crawler@dotnetdotcom.org)"
208.115.111.245 - - [10/Jul/2010:12:51:53 -0700] "GET /category/summer-project/ HTTP/1.1" 302 355 "-" "Mozilla/5.0 (compatible; DotBot/1.1; http://www.dotnetdotcom.org/, crawler@dotnetdotcom.org)"
72.14.199.142 - - [10/Jul/2010:13:39:39 -0700] "GET /feed/ HTTP/1.1" 302 355 "-" "Feedfetcher-Google; (+http://www.google.com/feedfetcher.html; 1 subscribers; feed-id=10831477631497958243)"
72.14.199.142 - - [10/Jul/2010:13:39:40 -0700] "GET / HTTP/1.1" 304 - "-" "Feedfetcher-Google; (+http://www.google.com/feedfetcher.html; 1 subscribers; feed-id=10831477631497958243)"
207.46.199.39 - - [10/Jul/2010:14:46:50 -0700] "GET /robots.txt HTTP/1.1" 302 355 "-" "msnbot/2.0b (+http://search.msn.com/msnbot.htm)"
207.46.199.39 - - [10/Jul/2010:14:46:50 -0700] "GET / HTTP/1.1" 200 163 "-" "msnbot/2.0b (+http://search.msn.com/msnbot.htm)"
207.46.199.39 - - [10/Jul/2010:14:47:35 -0700] "GET / HTTP/1.1" 304 - "-" "msnbot/2.0b (+http://search.msn.com/msnbot.htm)"
72.14.199.142 - - [10/Jul/2010:15:25:02 -0700] "GET /feed/ HTTP/1.1" 302 355 "-" "Feedfetcher-Google; (+http://www.google.com/feedfetcher.html; 1 subscribers; feed-id=10831477631497958243)"
72.14.199.142 - - [10/Jul/2010:15:25:02 -0700] "GET / HTTP/1.1" 304 - "-" "Feedfetcher-Google; (+http://www.google.com/feedfetcher.html; 1 subscribers; feed-id=10831477631497958243)"
208.115.111.245 - - [10/Jul/2010:15:54:34 -0700] "GET /robots.txt HTTP/1.1" 302 355 "-" "Mozilla/5.0 (compatible; DotBot/1.1; http://www.dotnetdotcom.org/, crawler@dotnetdotcom.org)"
208.115.111.245 - - [10/Jul/2010:15:54:34 -0700] "GET / HTTP/1.1" 200 163 "-" "Mozilla/5.0 (compatible; DotBot/1.1; http://www.dotnetdotcom.org/, crawler@dotnetdotcom.org)"
208.115.111.245 - - [10/Jul/2010:16:15:48 -0700] "GET /2007/01/scriptwriting/ HTTP/1.1" 302 355 "-" "Mozilla/5.0 (compatible; DotBot/1.1; http://www.dotnetdotcom.org/, crawler@dotnetdotcom.org)"
208.115.111.245 - - [10/Jul/2010:16:15:52 -0700] "GET /2008/04/a-fresh-start/ HTTP/1.1" 302 355 "-" "Mozilla/5.0 (compatible; DotBot/1.1; http://www.dotnetdotcom.org/, crawler@dotnetdotcom.org)"
208.115.111.245 - - [10/Jul/2010:16:15:56 -0700] "GET /2008/06/alot-of-stuff/ HTTP/1.1" 302 355 "-" "Mozilla/5.0 (compatible; DotBot/1.1; http://www.dotnetdotcom.org/, crawler@dotnetdotcom.org)"
208.115.111.245 - - [10/Jul/2010:16:16:01 -0700] "GET /2008/09/whats-up/feed/ HTTP/1.1" 302 355 "-" "Mozilla/5.0 (compatible; DotBot/1.1; http://www.dotnetdotcom.org/, crawler@dotnetdotcom.org)"
208.115.111.245 - - [10/Jul/2010:16:16:06 -0700] "GET /2009/01/happy-new-year/ HTTP/1.1" 302 355 "-" "Mozilla/5.0 (compatible; DotBot/1.1; http://www.dotnetdotcom.org/, crawler@dotnetdotcom.org)"
208.115.111.245 - - [10/Jul/2010:16:16:11 -0700] "GET /2009/02/windows-7-beta/ HTTP/1.1" 302 355 "-" "Mozilla/5.0 (compatible; DotBot/1.1; http://www.dotnetdotcom.org/, crawler@dotnetdotcom.org)"
208.115.111.245 - - [10/Jul/2010:16:16:16 -0700] "GET /category/brickfilmscom/ HTTP/1.1" 302 355 "-" "Mozilla/5.0 (compatible; DotBot/1.1; http://www.dotnetdotcom.org/, crawler@dotnetdotcom.org)"
208.115.111.245 - - [10/Jul/2010:16:16:21 -0700] "GET /category/movie-reviews/ HTTP/1.1" 302 355 "-" "Mozilla/5.0 (compatible; DotBot/1.1; http://www.dotnetdotcom.org/, crawler@dotnetdotcom.org)"
208.115.111.245 - - [10/Jul/2010:16:16:26 -0700] "GET /category/uncategorized/ HTTP/1.1" 302 355 "-" "Mozilla/5.0 (compatible; DotBot/1.1; http://www.dotnetdotcom.org/, crawler@dotnetdotcom.org)"
208.115.111.245 - - [10/Jul/2010:16:16:31 -0700] "GET /tag/internet-explorer/ HTTP/1.1" 302 355 "-" "Mozilla/5.0 (compatible; DotBot/1.1; http://www.dotnetdotcom.org/, crawler@dotnetdotcom.org)"
72.14.199.142 - - [10/Jul/2010:18:25:11 -0700] "GET /feed/ HTTP/1.1" 302 355 "-" "Feedfetcher-Google; (+http://www.google.com/feedfetcher.html; 1 subscribers; feed-id=10831477631497958243)"
72.14.199.142 - - [10/Jul/2010:18:25:12 -0700] "GET / HTTP/1.1" 304 - "-" "Feedfetcher-Google; (+http://www.google.com/feedfetcher.html; 1 subscribers; feed-id=10831477631497958243)"
208.115.111.245 - - [10/Jul/2010:19:23:14 -0700] "GET /robots.txt HTTP/1.1" 302 355 "-" "Mozilla/5.0 (compatible; DotBot/1.1; http://www.dotnetdotcom.org/, crawler@dotnetdotcom.org)"
208.115.111.245 - - [10/Jul/2010:19:23:14 -0700] "GET / HTTP/1.1" 200 163 "-" "Mozilla/5.0 (compatible; DotBot/1.1; http://www.dotnetdotcom.org/, crawler@dotnetdotcom.org)"
208.115.111.245 - - [10/Jul/2010:19:46:12 -0700] "GET /2006/05/fig-progress/ HTTP/1.1" 302 355 "-" "Mozilla/5.0 (compatible; DotBot/1.1; http://www.dotnetdotcom.org/, crawler@dotnetdotcom.org)"
208.115.111.245 - - [10/Jul/2010:19:46:16 -0700] "GET /2006/06/fig-update/ HTTP/1.1" 302 355 "-" "Mozilla/5.0 (compatible; DotBot/1.1; http://www.dotnetdotcom.org/, crawler@dotnetdotcom.org)"
208.115.111.245 - - [10/Jul/2010:19:46:20 -0700] "GET /2006/12/finishing-up/ HTTP/1.1" 302 355 "-" "Mozilla/5.0 (compatible; DotBot/1.1; http://www.dotnetdotcom.org/, crawler@dotnetdotcom.org)"
208.115.111.245 - - [10/Jul/2010:19:46:25 -0700] "GET /2006/12/the-accident/ HTTP/1.1" 302 355 "-" "Mozilla/5.0 (compatible; DotBot/1.1; http://www.dotnetdotcom.org/, crawler@dotnetdotcom.org)"
208.115.111.245 - - [10/Jul/2010:19:46:30 -0700] "GET /2006/12/x-mas-update/ HTTP/1.1" 302 355 "-" "Mozilla/5.0 (compatible; DotBot/1.1; http://www.dotnetdotcom.org/, crawler@dotnetdotcom.org)"
208.115.111.245 - - [10/Jul/2010:19:46:35 -0700] "GET /2008/05/i-apologize/ HTTP/1.1" 302 355 "-" "Mozilla/5.0 (compatible; DotBot/1.1; http://www.dotnetdotcom.org/, crawler@dotnetdotcom.org)"
208.115.111.245 - - [10/Jul/2010:19:46:40 -0700] "GET /2008/06/macbook-fun/ HTTP/1.1" 302 355 "-" "Mozilla/5.0 (compatible; DotBot/1.1; http://www.dotnetdotcom.org/, crawler@dotnetdotcom.org)"
208.115.111.245 - - [10/Jul/2010:19:46:45 -0700] "GET /2008/06/quicksilver/ HTTP/1.1" 302 355 "-" "Mozilla/5.0 (compatible; DotBot/1.1; http://www.dotnetdotcom.org/, crawler@dotnetdotcom.org)"
208.115.111.245 - - [10/Jul/2010:19:46:50 -0700] "GET /2008/10/ipod-touch/ HTTP/1.1" 302 355 "-" "Mozilla/5.0 (compatible; DotBot/1.1; http://www.dotnetdotcom.org/, crawler@dotnetdotcom.org)"
208.115.111.245 - - [10/Jul/2010:19:46:55 -0700] "GET /2008/12/snow-leopard/ HTTP/1.1" 302 355 "-" "Mozilla/5.0 (compatible; DotBot/1.1; http://www.dotnetdotcom.org/, crawler@dotnetdotcom.org)"
88.131.106.8 - - [10/Jul/2010:20:01:59 -0700] "GET /robots.txt HTTP/1.0" 302 355 "-" "Mozilla/5.0 (Windows; U; Windows NT 5.1; en-US) Speedy Spider (http://www.entireweb.com/about/search_tech/speedy_spider/)"
88.131.106.7 - - [10/Jul/2010:20:02:02 -0700] "GET / HTTP/1.0" 200 163 "-" "Mozilla/5.0 (Windows; U; Windows NT 5.1; en-US) Speedy Spider (http://www.entireweb.com/about/search_tech/speedy_spider/)"
72.14.199.142 - - [10/Jul/2010:21:25:21 -0700] "GET /feed/ HTTP/1.1" 302 355 "-" "Feedfetcher-Google; (+http://www.google.com/feedfetcher.html; 1 subscribers; feed-id=10831477631497958243)"
72.14.199.142 - - [10/Jul/2010:21:25:22 -0700] "GET / HTTP/1.1" 304 - "-" "Feedfetcher-Google; (+http://www.google.com/feedfetcher.html; 1 subscribers; feed-id=10831477631497958243)"
208.115.111.245 - - [10/Jul/2010:22:51:53 -0700] "GET /robots.txt HTTP/1.1" 302 355 "-" "Mozilla/5.0 (compatible; DotBot/1.1; http://www.dotnetdotcom.org/, crawler@dotnetdotcom.org)"
208.115.111.245 - - [10/Jul/2010:22:51:53 -0700] "GET / HTTP/1.1" 200 163 "-" "Mozilla/5.0 (compatible; DotBot/1.1; http://www.dotnetdotcom.org/, crawler@dotnetdotcom.org)"
208.115.111.245 - - [10/Jul/2010:23:20:38 -0700] "GET /2006/06/not-dead/ HTTP/1.1" 302 355 "-" "Mozilla/5.0 (compatible; DotBot/1.1; http://www.dotnetdotcom.org/, crawler@dotnetdotcom.org)"
208.115.111.245 - - [10/Jul/2010:23:20:42 -0700] "GET /2007/02/update-2/ HTTP/1.1" 302 355 "-" "Mozilla/5.0 (compatible; DotBot/1.1; http://www.dotnetdotcom.org/, crawler@dotnetdotcom.org)"
208.115.111.245 - - [10/Jul/2010:23:20:46 -0700] "GET /2007/04/update-3/ HTTP/1.1" 302 355 "-" "Mozilla/5.0 (compatible; DotBot/1.1; http://www.dotnetdotcom.org/, crawler@dotnetdotcom.org)"
208.115.111.245 - - [10/Jul/2010:23:20:51 -0700] "GET /2008/04/eyemanage/ HTTP/1.1" 302 355 "-" "Mozilla/5.0 (compatible; DotBot/1.1; http://www.dotnetdotcom.org/, crawler@dotnetdotcom.org)"
208.115.111.245 - - [10/Jul/2010:23:20:55 -0700] "GET /2008/05/more-mybb/ HTTP/1.1" 302 355 "-" "Mozilla/5.0 (compatible; DotBot/1.1; http://www.dotnetdotcom.org/, crawler@dotnetdotcom.org)"
208.115.111.245 - - [10/Jul/2010:23:21:01 -0700] "GET /category/eyecoder/ HTTP/1.1" 302 355 "-" "Mozilla/5.0 (compatible; DotBot/1.1; http://www.dotnetdotcom.org/, crawler@dotnetdotcom.org)"
208.115.111.245 - - [10/Jul/2010:23:21:06 -0700] "GET /category/eyemanage/ HTTP/1.1" 302 355 "-" "Mozilla/5.0 (compatible; DotBot/1.1; http://www.dotnetdotcom.org/, crawler@dotnetdotcom.org)"
208.115.111.245 - - [10/Jul/2010:23:21:11 -0700] "GET /category/mac-os-x/ HTTP/1.1" 302 355 "-" "Mozilla/5.0 (compatible; DotBot/1.1; http://www.dotnetdotcom.org/, crawler@dotnetdotcom.org)"
208.115.111.245 - - [10/Jul/2010:23:21:16 -0700] "GET /category/podcasts/ HTTP/1.1" 302 355 "-" "Mozilla/5.0 (compatible; DotBot/1.1; http://www.dotnetdotcom.org/, crawler@dotnetdotcom.org)"
208.115.111.245 - - [10/Jul/2010:23:21:21 -0700] "GET /category/star-trek/ HTTP/1.1" 302 355 "-" "Mozilla/5.0 (compatible; DotBot/1.1; http://www.dotnetdotcom.org/, crawler@dotnetdotcom.org)"
188.216.146.223 - - [11/Jul/2010:00:22:18 -0700] "GET / HTTP/1.1" 200 163 "-" "Java/1.6.0_20"
72.14.199.142 - - [11/Jul/2010:00:25:31 -0700] "GET /feed/ HTTP/1.1" 302 355 "-" "Feedfetcher-Google; (+http://www.google.com/feedfetcher.html; 1 subscribers; feed-id=10831477631497958243)"
72.14.199.142 - - [11/Jul/2010:00:25:31 -0700] "GET / HTTP/1.1" 304 - "-" "Feedfetcher-Google; (+http://www.google.com/feedfetcher.html; 1 subscribers; feed-id=10831477631497958243)"
119.63.198.54 - - [11/Jul/2010:01:15:40 -0700] "GET /robots.txt HTTP/1.1" 302 355 "-" "Baiduspider+(+http://www.baidu.com/search/spider.htm)"
119.63.198.54 - - [11/Jul/2010:01:15:40 -0700] "GET / HTTP/1.1" 200 163 "-" "Baiduspider+(+http://www.baidu.com/search/spider.htm)"
93.158.148.31 - - [11/Jul/2010:01:47:00 -0700] "GET /robots.txt HTTP/1.1" 302 359 "-" "Mozilla/5.0 (compatible; YandexBot/3.0; +http://yandex.com/bots)"
208.115.111.245 - - [11/Jul/2010:02:26:17 -0700] "GET /robots.txt HTTP/1.1" 302 355 "-" "Mozilla/5.0 (compatible; DotBot/1.1; http://www.dotnetdotcom.org/, crawler@dotnetdotcom.org)"
208.115.111.245 - - [11/Jul/2010:02:26:17 -0700] "GET / HTTP/1.1" 200 163 "-" "Mozilla/5.0 (compatible; DotBot/1.1; http://www.dotnetdotcom.org/, crawler@dotnetdotcom.org)"
67.218.116.169 - - [11/Jul/2010:02:49:30 -0700] "GET /robots.txt HTTP/1.1" 302 355 "-" "Mozilla/5.0 (Twiceler-0.9 http://www.cuil.com/twiceler/robot.html)"
208.115.111.245 - - [11/Jul/2010:02:55:31 -0700] "GET /2007/04/vacation/ HTTP/1.1" 302 355 "-" "Mozilla/5.0 (compatible; DotBot/1.1; http://www.dotnetdotcom.org/, crawler@dotnetdotcom.org)"
208.115.111.245 - - [11/Jul/2010:02:55:35 -0700] "GET /2007/08/update-4/ HTTP/1.1" 302 355 "-" "Mozilla/5.0 (compatible; DotBot/1.1; http://www.dotnetdotcom.org/, crawler@dotnetdotcom.org)"
208.115.111.245 - - [11/Jul/2010:02:55:39 -0700] "GET /2008/04/eyecoder/ HTTP/1.1" 302 355 "-" "Mozilla/5.0 (compatible; DotBot/1.1; http://www.dotnetdotcom.org/, crawler@dotnetdotcom.org)"
208.115.111.245 - - [11/Jul/2010:02:55:44 -0700] "GET /2008/04/eyeos-16/ HTTP/1.1" 302 355 "-" "Mozilla/5.0 (compatible; DotBot/1.1; http://www.dotnetdotcom.org/, crawler@dotnetdotcom.org)"
208.115.111.245 - - [11/Jul/2010:02:55:49 -0700] "GET /2008/04/not-much/ HTTP/1.1" 302 355 "-" "Mozilla/5.0 (compatible; DotBot/1.1; http://www.dotnetdotcom.org/, crawler@dotnetdotcom.org)"
208.115.111.245 - - [11/Jul/2010:02:55:54 -0700] "GET /2008/05/its-mybb/ HTTP/1.1" 302 355 "-" "Mozilla/5.0 (compatible; DotBot/1.1; http://www.dotnetdotcom.org/, crawler@dotnetdotcom.org)"
208.115.111.245 - - [11/Jul/2010:02:55:59 -0700] "GET /2008/05/new-song/ HTTP/1.1" 302 355 "-" "Mozilla/5.0 (compatible; DotBot/1.1; http://www.dotnetdotcom.org/, crawler@dotnetdotcom.org)"
208.115.111.245 - - [11/Jul/2010:02:56:04 -0700] "GET /2008/09/whats-up/ HTTP/1.1" 302 355 "-" "Mozilla/5.0 (compatible; DotBot/1.1; http://www.dotnetdotcom.org/, crawler@dotnetdotcom.org)"
208.115.111.245 - - [11/Jul/2010:02:56:09 -0700] "GET /2008/12/yay-ie-7/ HTTP/1.1" 302 355 "-" "Mozilla/5.0 (compatible; DotBot/1.1; http://www.dotnetdotcom.org/, crawler@dotnetdotcom.org)"
208.115.111.245 - - [11/Jul/2010:02:56:14 -0700] "GET /category/seminar/ HTTP/1.1" 302 355 "-" "Mozilla/5.0 (compatible; DotBot/1.1; http://www.dotnetdotcom.org/, crawler@dotnetdotcom.org)"
72.14.199.142 - - [11/Jul/2010:03:25:41 -0700] "GET /feed/ HTTP/1.1" 302 355 "-" "Feedfetcher-Google; (+http://www.google.com/feedfetcher.html; 1 subscribers; feed-id=10831477631497958243)"
72.14.199.142 - - [11/Jul/2010:03:25:42 -0700] "GET / HTTP/1.1" 200 163 "-" "Feedfetcher-Google; (+http://www.google.com/feedfetcher.html; 1 subscribers; feed-id=10831477631497958243)"
74.222.3.106 - - [11/Jul/2010:04:05:35 -0700] "GET /robots.txt HTTP/1.0" 302 355 "http://jasoncmartin.com/robots.txt" "Mozilla/4.0 (compatible; MSIE 8.0; Windows NT 5.1; SV1; .NET CLR 2.0.50727)"
74.222.3.106 - - [11/Jul/2010:04:05:39 -0700] "GET / HTTP/1.0" 200 163 "http://jasoncmartin.com/" "Mozilla/4.0 (compatible; MSIE 8.0; Windows NT 5.1; SV1; .NET CLR 2.0.50727)"
64.78.155.100 - - [11/Jul/2010:04:11:12 -0700] "GET /feed/ HTTP/1.1" 302 355 "-" "NewsGatorOnline/2.0 (http://www.newsgator.com; 2 subscribers)"
64.78.155.100 - - [11/Jul/2010:04:11:13 -0700] "GET / HTTP/1.1" 200 163 "-" "NewsGatorOnline/2.0 (http://www.newsgator.com; 2 subscribers)"
123.125.66.102 - - [11/Jul/2010:04:29:23 -0700] "GET /robots.txt HTTP/1.1" 302 355 "-" "Baiduspider+(+http://www.baidu.com/search/spider.htm)"
123.125.66.24 - - [11/Jul/2010:04:29:23 -0700] "GET / HTTP/1.1" 200 163 "-" "Baiduspider+(+http://www.baidu.com/search/spider.htm)"
208.115.111.245 - - [11/Jul/2010:06:05:28 -0700] "GET /robots.txt HTTP/1.1" 302 355 "-" "Mozilla/5.0 (compatible; DotBot/1.1; http://www.dotnetdotcom.org/, crawler@dotnetdotcom.org)"
208.115.111.245 - - [11/Jul/2010:06:05:28 -0700] "GET / HTTP/1.1" 200 163 "-" "Mozilla/5.0 (compatible; DotBot/1.1; http://www.dotnetdotcom.org/, crawler@dotnetdotcom.org)"
72.14.199.142 - - [11/Jul/2010:06:25:51 -0700] "GET /feed/ HTTP/1.1" 302 355 "-" "Feedfetcher-Google; (+http://www.google.com/feedfetcher.html; 1 subscribers; feed-id=10831477631497958243)"
72.14.199.142 - - [11/Jul/2010:06:25:51 -0700] "GET / HTTP/1.1" 304 - "-" "Feedfetcher-Google; (+http://www.google.com/feedfetcher.html; 1 subscribers; feed-id=10831477631497958243)"
208.115.111.245 - - [11/Jul/2010:06:34:50 -0700] "GET /2006/08/thac-2/ HTTP/1.1" 302 355 "-" "Mozilla/5.0 (compatible; DotBot/1.1; http://www.dotnetdotcom.org/, crawler@dotnetdotcom.org)"
208.115.111.245 - - [11/Jul/2010:06:34:55 -0700] "GET /2006/12/update/ HTTP/1.1" 302 355 "-" "Mozilla/5.0 (compatible; DotBot/1.1; http://www.dotnetdotcom.org/, crawler@dotnetdotcom.org)"
208.115.111.245 - - [11/Jul/2010:06:34:59 -0700] "GET /2007/09/bowling/ HTTP/1.1" 302 355 "-" "Mozilla/5.0 (compatible; DotBot/1.1; http://www.dotnetdotcom.org/, crawler@dotnetdotcom.org)"
208.115.111.245 - - [11/Jul/2010:06:35:04 -0700] "GET /2008/02/far-out/ HTTP/1.1" 302 355 "-" "Mozilla/5.0 (compatible; DotBot/1.1; http://www.dotnetdotcom.org/, crawler@dotnetdotcom.org)"
208.115.111.245 - - [11/Jul/2010:06:35:09 -0700] "GET /2008/04/eyemac/ HTTP/1.1" 302 355 "-" "Mozilla/5.0 (compatible; DotBot/1.1; http://www.dotnetdotcom.org/, crawler@dotnetdotcom.org)"
208.115.111.245 - - [11/Jul/2010:06:35:14 -0700] "GET /2008/04/no-tbg/ HTTP/1.1" 302 355 "-" "Mozilla/5.0 (compatible; DotBot/1.1; http://www.dotnetdotcom.org/, crawler@dotnetdotcom.org)"
208.115.111.245 - - [11/Jul/2010:06:35:19 -0700] "GET /2008/06/page/2/ HTTP/1.1" 302 355 "-" "Mozilla/5.0 (compatible; DotBot/1.1; http://www.dotnetdotcom.org/, crawler@dotnetdotcom.org)"
208.115.111.245 - - [11/Jul/2010:06:35:24 -0700] "GET /category/apple/ HTTP/1.1" 302 355 "-" "Mozilla/5.0 (compatible; DotBot/1.1; http://www.dotnetdotcom.org/, crawler@dotnetdotcom.org)"
208.115.111.245 - - [11/Jul/2010:06:35:30 -0700] "GET /category/eyemac/ HTTP/1.1" 302 355 "-" "Mozilla/5.0 (compatible; DotBot/1.1; http://www.dotnetdotcom.org/, crawler@dotnetdotcom.org)"
208.115.111.245 - - [11/Jul/2010:06:35:35 -0700] "GET /tag/development/ HTTP/1.1" 302 355 "-" "Mozilla/5.0 (compatible; DotBot/1.1; http://www.dotnetdotcom.org/, crawler@dotnetdotcom.org)"
216.129.119.45 - - [11/Jul/2010:07:19:15 -0700] "GET /robots.txt HTTP/1.1" 302 359 "-" "Mozilla/5.0 (Twiceler-0.9 http://www.cuil.com/twiceler/robot.html)"
72.14.199.142 - - [11/Jul/2010:09:26:00 -0700] "GET /feed/ HTTP/1.1" 302 355 "-" "Feedfetcher-Google; (+http://www.google.com/feedfetcher.html; 1 subscribers; feed-id=10831477631497958243)"
72.14.199.142 - - [11/Jul/2010:09:26:01 -0700] "GET / HTTP/1.1" 304 - "-" "Feedfetcher-Google; (+http://www.google.com/feedfetcher.html; 1 subscribers; feed-id=10831477631497958243)"
208.115.111.245 - - [11/Jul/2010:09:47:13 -0700] "GET /robots.txt HTTP/1.1" 302 355 "-" "Mozilla/5.0 (compatible; DotBot/1.1; http://www.dotnetdotcom.org/, crawler@dotnetdotcom.org)"
208.115.111.245 - - [11/Jul/2010:09:47:13 -0700] "GET / HTTP/1.1" 200 163 "-" "Mozilla/5.0 (compatible; DotBot/1.1; http://www.dotnetdotcom.org/, crawler@dotnetdotcom.org)"
67.210.218.102 - - [11/Jul/2010:10:05:21 -0700] "GET /feed HTTP/1.1" 302 355 "-" "Rome Client (http://tinyurl.com/64t5n) Ver: 0.9"
67.210.218.102 - - [11/Jul/2010:10:05:22 -0700] "GET / HTTP/1.1" 200 163 "-" "Rome Client (http://tinyurl.com/64t5n) Ver: 0.9"
208.115.111.245 - - [11/Jul/2010:10:12:52 -0700] "GET /2008/06/iblog/ HTTP/1.1" 302 355 "-" "Mozilla/5.0 (compatible; DotBot/1.1; http://www.dotnetdotcom.org/, crawler@dotnetdotcom.org)"
208.115.111.245 - - [11/Jul/2010:10:12:55 -0700] "GET /2008/06/moved/ HTTP/1.1" 302 355 "-" "Mozilla/5.0 (compatible; DotBot/1.1; http://www.dotnetdotcom.org/, crawler@dotnetdotcom.org)"
208.115.111.245 - - [11/Jul/2010:10:13:00 -0700] "GET /2008/10/sleet/ HTTP/1.1" 302 355 "-" "Mozilla/5.0 (compatible; DotBot/1.1; http://www.dotnetdotcom.org/, crawler@dotnetdotcom.org)"
208.115.111.245 - - [11/Jul/2010:10:13:04 -0700] "GET /category/eyeos/ HTTP/1.1" 302 355 "-" "Mozilla/5.0 (compatible; DotBot/1.1; http://www.dotnetdotcom.org/, crawler@dotnetdotcom.org)"
208.115.111.245 - - [11/Jul/2010:10:13:09 -0700] "GET /category/iblog/ HTTP/1.1" 302 355 "-" "Mozilla/5.0 (compatible; DotBot/1.1; http://www.dotnetdotcom.org/, crawler@dotnetdotcom.org)"
208.115.111.245 - - [11/Jul/2010:10:13:14 -0700] "GET /category/life/ HTTP/1.1" 302 355 "-" "Mozilla/5.0 (compatible; DotBot/1.1; http://www.dotnetdotcom.org/, crawler@dotnetdotcom.org)"
208.115.111.245 - - [11/Jul/2010:10:13:19 -0700] "GET /category/music/ HTTP/1.1" 302 355 "-" "Mozilla/5.0 (compatible; DotBot/1.1; http://www.dotnetdotcom.org/, crawler@dotnetdotcom.org)"
208.115.111.245 - - [11/Jul/2010:10:13:24 -0700] "GET /category/mybb/ HTTP/1.1" 302 355 "-" "Mozilla/5.0 (compatible; DotBot/1.1; http://www.dotnetdotcom.org/, crawler@dotnetdotcom.org)"
208.115.111.245 - - [11/Jul/2010:10:13:29 -0700] "GET /category/myos/ HTTP/1.1" 302 355 "-" "Mozilla/5.0 (compatible; DotBot/1.1; http://www.dotnetdotcom.org/, crawler@dotnetdotcom.org)"
208.115.111.245 - - [11/Jul/2010:10:13:34 -0700] "GET /category/netos/ HTTP/1.1" 302 355 "-" "Mozilla/5.0 (compatible; DotBot/1.1; http://www.dotnetdotcom.org/, crawler@dotnetdotcom.org)"
72.14.199.142 - - [11/Jul/2010:12:26:11 -0700] "GET /feed/ HTTP/1.1" 302 355 "-" "Feedfetcher-Google; (+http://www.google.com/feedfetcher.html; 1 subscribers; feed-id=10831477631497958243)"
72.14.199.142 - - [11/Jul/2010:12:26:11 -0700] "GET / HTTP/1.1" 304 - "-" "Feedfetcher-Google; (+http://www.google.com/feedfetcher.html; 1 subscribers; feed-id=10831477631497958243)"
208.115.111.245 - - [11/Jul/2010:13:15:17 -0700] "GET /robots.txt HTTP/1.1" 302 355 "-" "Mozilla/5.0 (compatible; DotBot/1.1; http://www.dotnetdotcom.org/, crawler@dotnetdotcom.org)"
208.115.111.245 - - [11/Jul/2010:13:15:17 -0700] "GET / HTTP/1.1" 200 163 "-" "Mozilla/5.0 (compatible; DotBot/1.1; http://www.dotnetdotcom.org/, crawler@dotnetdotcom.org)"
208.115.111.245 - - [11/Jul/2010:13:37:43 -0700] "GET /2007/01/mob/ HTTP/1.1" 302 355 "-" "Mozilla/5.0 (compatible; DotBot/1.1; http://www.dotnetdotcom.org/, crawler@dotnetdotcom.org)"
208.115.111.245 - - [11/Jul/2010:13:37:47 -0700] "GET /2007/06/back/ HTTP/1.1" 302 355 "-" "Mozilla/5.0 (compatible; DotBot/1.1; http://www.dotnetdotcom.org/, crawler@dotnetdotcom.org)"
208.115.111.245 - - [11/Jul/2010:13:37:51 -0700] "GET /2008/05/bleh/ HTTP/1.1" 302 355 "-" "Mozilla/5.0 (compatible; DotBot/1.1; http://www.dotnetdotcom.org/, crawler@dotnetdotcom.org)"
208.115.111.245 - - [11/Jul/2010:13:37:56 -0700] "GET /2008/05/huh/ HTTP/1.1" 302 355 "-" "Mozilla/5.0 (compatible; DotBot/1.1; http://www.dotnetdotcom.org/, crawler@dotnetdotcom.org)"
208.115.111.245 - - [11/Jul/2010:13:38:01 -0700] "GET /2008/06/whew/ HTTP/1.1" 302 355 "-" "Mozilla/5.0 (compatible; DotBot/1.1; http://www.dotnetdotcom.org/, crawler@dotnetdotcom.org)"
208.115.111.245 - - [11/Jul/2010:13:38:06 -0700] "GET /2008/07/1000/ HTTP/1.1" 302 355 "-" "Mozilla/5.0 (compatible; DotBot/1.1; http://www.dotnetdotcom.org/, crawler@dotnetdotcom.org)"
208.115.111.245 - - [11/Jul/2010:13:38:12 -0700] "GET /2008/07/rant/ HTTP/1.1" 302 355 "-" "Mozilla/5.0 (compatible; DotBot/1.1; http://www.dotnetdotcom.org/, crawler@dotnetdotcom.org)"
208.115.111.245 - - [11/Jul/2010:13:38:17 -0700] "GET /category/news/ HTTP/1.1" 302 355 "-" "Mozilla/5.0 (compatible; DotBot/1.1; http://www.dotnetdotcom.org/, crawler@dotnetdotcom.org)"
208.115.111.245 - - [11/Jul/2010:13:38:22 -0700] "GET /category/php/ HTTP/1.1" 302 355 "-" "Mozilla/5.0 (compatible; DotBot/1.1; http://www.dotnetdotcom.org/, crawler@dotnetdotcom.org)"
208.115.111.245 - - [11/Jul/2010:13:38:28 -0700] "GET /comments/feed/ HTTP/1.1" 302 355 "-" "Mozilla/5.0 (compatible; DotBot/1.1; http://www.dotnetdotcom.org/, crawler@dotnetdotcom.org)"
72.14.199.142 - - [11/Jul/2010:15:26:24 -0700] "GET /feed/ HTTP/1.1" 302 355 "-" "Feedfetcher-Google; (+http://www.google.com/feedfetcher.html; 1 subscribers; feed-id=10831477631497958243)"
72.14.199.142 - - [11/Jul/2010:15:26:24 -0700] "GET / HTTP/1.1" 304 - "-" "Feedfetcher-Google; (+http://www.google.com/feedfetcher.html; 1 subscribers; feed-id=10831477631497958243)"
208.115.111.245 - - [11/Jul/2010:16:41:55 -0700] "GET /robots.txt HTTP/1.1" 302 355 "-" "Mozilla/5.0 (compatible; DotBot/1.1; http://www.dotnetdotcom.org/, crawler@dotnetdotcom.org)"
208.115.111.245 - - [11/Jul/2010:16:41:55 -0700] "GET / HTTP/1.1" 200 163 "-" "Mozilla/5.0 (compatible; DotBot/1.1; http://www.dotnetdotcom.org/, crawler@dotnetdotcom.org)"
208.115.111.245 - - [11/Jul/2010:17:04:22 -0700] "GET /2006/05/ HTTP/1.1" 302 355 "-" "Mozilla/5.0 (compatible; DotBot/1.1; http://www.dotnetdotcom.org/, crawler@dotnetdotcom.org)"
208.115.111.245 - - [11/Jul/2010:17:04:26 -0700] "GET /2006/06/ HTTP/1.1" 302 355 "-" "Mozilla/5.0 (compatible; DotBot/1.1; http://www.dotnetdotcom.org/, crawler@dotnetdotcom.org)"
208.115.111.245 - - [11/Jul/2010:17:04:31 -0700] "GET /2006/07/ HTTP/1.1" 302 355 "-" "Mozilla/5.0 (compatible; DotBot/1.1; http://www.dotnetdotcom.org/, crawler@dotnetdotcom.org)"
208.115.111.245 - - [11/Jul/2010:17:04:36 -0700] "GET /2006/08/ HTTP/1.1" 302 355 "-" "Mozilla/5.0 (compatible; DotBot/1.1; http://www.dotnetdotcom.org/, crawler@dotnetdotcom.org)"
208.115.111.245 - - [11/Jul/2010:17:04:41 -0700] "GET /2006/09/ HTTP/1.1" 302 355 "-" "Mozilla/5.0 (compatible; DotBot/1.1; http://www.dotnetdotcom.org/, crawler@dotnetdotcom.org)"
208.115.111.245 - - [11/Jul/2010:17:04:46 -0700] "GET /2006/12/ HTTP/1.1" 302 355 "-" "Mozilla/5.0 (compatible; DotBot/1.1; http://www.dotnetdotcom.org/, crawler@dotnetdotcom.org)"
208.115.111.245 - - [11/Jul/2010:17:04:51 -0700] "GET /2007/01/ HTTP/1.1" 302 355 "-" "Mozilla/5.0 (compatible; DotBot/1.1; http://www.dotnetdotcom.org/, crawler@dotnetdotcom.org)"
208.115.111.245 - - [11/Jul/2010:17:04:56 -0700] "GET /2007/02/ HTTP/1.1" 302 355 "-" "Mozilla/5.0 (compatible; DotBot/1.1; http://www.dotnetdotcom.org/, crawler@dotnetdotcom.org)"
208.115.111.245 - - [11/Jul/2010:17:05:01 -0700] "GET /2008/12/ugh/ HTTP/1.1" 302 355 "-" "Mozilla/5.0 (compatible; DotBot/1.1; http://www.dotnetdotcom.org/, crawler@dotnetdotcom.org)"
208.115.111.245 - - [11/Jul/2010:17:05:06 -0700] "GET /tag/iphone/ HTTP/1.1" 302 355 "-" "Mozilla/5.0 (compatible; DotBot/1.1; http://www.dotnetdotcom.org/, crawler@dotnetdotcom.org)"
72.14.199.142 - - [11/Jul/2010:18:26:31 -0700] "GET /feed/ HTTP/1.1" 302 355 "-" "Feedfetcher-Google; (+http://www.google.com/feedfetcher.html; 1 subscribers; feed-id=10831477631497958243)"
72.14.199.142 - - [11/Jul/2010:18:26:31 -0700] "GET / HTTP/1.1" 304 - "-" "Feedfetcher-Google; (+http://www.google.com/feedfetcher.html; 1 subscribers; feed-id=10831477631497958243)"
208.115.111.245 - - [11/Jul/2010:20:11:18 -0700] "GET /robots.txt HTTP/1.1" 302 355 "-" "Mozilla/5.0 (compatible; DotBot/1.1; http://www.dotnetdotcom.org/, crawler@dotnetdotcom.org)"
208.115.111.245 - - [11/Jul/2010:20:11:18 -0700] "GET / HTTP/1.1" 200 163 "-" "Mozilla/5.0 (compatible; DotBot/1.1; http://www.dotnetdotcom.org/, crawler@dotnetdotcom.org)"
208.115.111.245 - - [11/Jul/2010:20:35:28 -0700] "GET /2007/04/ HTTP/1.1" 302 355 "-" "Mozilla/5.0 (compatible; DotBot/1.1; http://www.dotnetdotcom.org/, crawler@dotnetdotcom.org)"
208.115.111.245 - - [11/Jul/2010:20:35:32 -0700] "GET /2007/06/ HTTP/1.1" 302 355 "-" "Mozilla/5.0 (compatible; DotBot/1.1; http://www.dotnetdotcom.org/, crawler@dotnetdotcom.org)"
208.115.111.245 - - [11/Jul/2010:20:35:36 -0700] "GET /2007/08/ HTTP/1.1" 302 355 "-" "Mozilla/5.0 (compatible; DotBot/1.1; http://www.dotnetdotcom.org/, crawler@dotnetdotcom.org)"
208.115.111.245 - - [11/Jul/2010:20:35:41 -0700] "GET /2007/09/ HTTP/1.1" 302 355 "-" "Mozilla/5.0 (compatible; DotBot/1.1; http://www.dotnetdotcom.org/, crawler@dotnetdotcom.org)"
208.115.111.245 - - [11/Jul/2010:20:35:46 -0700] "GET /2008/02/ HTTP/1.1" 302 355 "-" "Mozilla/5.0 (compatible; DotBot/1.1; http://www.dotnetdotcom.org/, crawler@dotnetdotcom.org)"
208.115.111.245 - - [11/Jul/2010:20:35:51 -0700] "GET /2008/04/ HTTP/1.1" 302 355 "-" "Mozilla/5.0 (compatible; DotBot/1.1; http://www.dotnetdotcom.org/, crawler@dotnetdotcom.org)"
208.115.111.245 - - [11/Jul/2010:20:35:56 -0700] "GET /2008/05/ HTTP/1.1" 302 355 "-" "Mozilla/5.0 (compatible; DotBot/1.1; http://www.dotnetdotcom.org/, crawler@dotnetdotcom.org)"
208.115.111.245 - - [11/Jul/2010:20:36:01 -0700] "GET /2008/06/ HTTP/1.1" 302 355 "-" "Mozilla/5.0 (compatible; DotBot/1.1; http://www.dotnetdotcom.org/, crawler@dotnetdotcom.org)"
208.115.111.245 - - [11/Jul/2010:20:36:06 -0700] "GET /2008/07/ HTTP/1.1" 302 355 "-" "Mozilla/5.0 (compatible; DotBot/1.1; http://www.dotnetdotcom.org/, crawler@dotnetdotcom.org)"
208.115.111.245 - - [11/Jul/2010:20:36:11 -0700] "GET /2008/09/ HTTP/1.1" 302 355 "-" "Mozilla/5.0 (compatible; DotBot/1.1; http://www.dotnetdotcom.org/, crawler@dotnetdotcom.org)"
72.14.199.142 - - [11/Jul/2010:21:26:41 -0700] "GET /feed/ HTTP/1.1" 302 355 "-" "Feedfetcher-Google; (+http://www.google.com/feedfetcher.html; 1 subscribers; feed-id=10831477631497958243)"
72.14.199.142 - - [11/Jul/2010:21:26:41 -0700] "GET / HTTP/1.1" 304 - "-" "Feedfetcher-Google; (+http://www.google.com/feedfetcher.html; 1 subscribers; feed-id=10831477631497958243)"
75.101.187.55 - - [11/Jul/2010:22:09:00 -0700] "GET /robots.txt HTTP/1.1" 302 355 "-" "Mozilla/5.0 (compatible; spbot/2.0.4; +http://www.seoprofiler.com/bot )"
75.101.187.55 - - [11/Jul/2010:22:09:00 -0700] "GET / HTTP/1.1" 200 163 "-" "Mozilla/5.0 (compatible; spbot/2.0.4; +http://www.seoprofiler.com/bot )"
75.101.187.55 - - [11/Jul/2010:22:09:00 -0700] "GET / HTTP/1.1" 200 163 "-" "Mozilla/5.0 (compatible; spbot/2.0.4; +http://www.seoprofiler.com/bot )"
208.115.111.245 - - [11/Jul/2010:23:46:29 -0700] "GET /robots.txt HTTP/1.1" 302 359 "-" "Mozilla/5.0 (compatible; DotBot/1.1; http://www.dotnetdotcom.org/, crawler@dotnetdotcom.org)"
208.115.111.245 - - [11/Jul/2010:23:46:29 -0700] "GET /robots.txt HTTP/1.1" 302 355 "-" "Mozilla/5.0 (compatible; DotBot/1.1; http://www.dotnetdotcom.org/, crawler@dotnetdotcom.org)"
208.115.111.245 - - [11/Jul/2010:23:46:29 -0700] "GET / HTTP/1.1" 200 163 "-" "Mozilla/5.0 (compatible; DotBot/1.1; http://www.dotnetdotcom.org/, crawler@dotnetdotcom.org)"
208.115.111.245 - - [11/Jul/2010:23:46:29 -0700] "GET / HTTP/1.1" 200 163 "-" "Mozilla/5.0 (compatible; DotBot/1.1; http://www.dotnetdotcom.org/, crawler@dotnetdotcom.org)"
208.115.111.245 - - [12/Jul/2010:00:12:47 -0700] "GET /2008/10/ HTTP/1.1" 302 355 "-" "Mozilla/5.0 (compatible; DotBot/1.1; http://www.dotnetdotcom.org/, crawler@dotnetdotcom.org)"
208.115.111.245 - - [12/Jul/2010:00:12:52 -0700] "GET /2008/12/ HTTP/1.1" 302 355 "-" "Mozilla/5.0 (compatible; DotBot/1.1; http://www.dotnetdotcom.org/, crawler@dotnetdotcom.org)"
208.115.111.245 - - [12/Jul/2010:00:12:57 -0700] "GET /2009/01/ HTTP/1.1" 302 355 "-" "Mozilla/5.0 (compatible; DotBot/1.1; http://www.dotnetdotcom.org/, crawler@dotnetdotcom.org)"
208.115.111.245 - - [12/Jul/2010:00:13:02 -0700] "GET /2009/02/ HTTP/1.1" 302 355 "-" "Mozilla/5.0 (compatible; DotBot/1.1; http://www.dotnetdotcom.org/, crawler@dotnetdotcom.org)"
208.115.111.245 - - [12/Jul/2010:00:13:08 -0700] "GET /feed/ HTTP/1.1" 302 355 "-" "Mozilla/5.0 (compatible; DotBot/1.1; http://www.dotnetdotcom.org/, crawler@dotnetdotcom.org)"
208.115.111.245 - - [12/Jul/2010:00:13:13 -0700] "GET /page/2/ HTTP/1.1" 302 355 "-" "Mozilla/5.0 (compatible; DotBot/1.1; http://www.dotnetdotcom.org/, crawler@dotnetdotcom.org)"
64.78.155.100 - - [12/Jul/2010:00:13:15 -0700] "GET /feed/ HTTP/1.1" 302 355 "-" "NewsGatorOnline/2.0 (http://www.newsgator.com; 2 subscribers)"
64.78.155.100 - - [12/Jul/2010:00:13:15 -0700] "GET / HTTP/1.1" 200 163 "-" "NewsGatorOnline/2.0 (http://www.newsgator.com; 2 subscribers)"
95.108.151.244 - - [12/Jul/2010:00:19:01 -0700] "GET /robots.txt HTTP/1.1" 302 355 "-" "Mozilla/5.0 (compatible; YandexBot/3.0; MirrorDetector; +http://yandex.com/bots)"
95.108.151.244 - - [12/Jul/2010:00:19:02 -0700] "GET / HTTP/1.1" 200 163 "-" "Mozilla/5.0 (compatible; YandexBot/3.0; MirrorDetector; +http://yandex.com/bots)"
95.108.151.244 - - [12/Jul/2010:00:19:03 -0700] "GET / HTTP/1.1" 200 163 "-" "Mozilla/5.0 (compatible; YandexBot/3.0; MirrorDetector; +http://yandex.com/bots)"
95.108.151.244 - - [12/Jul/2010:00:19:10 -0700] "GET /robots.txt HTTP/1.1" 302 359 "-" "Mozilla/5.0 (compatible; YandexBot/3.0; MirrorDetector; +http://yandex.com/bots)"
95.108.151.244 - - [12/Jul/2010:00:19:11 -0700] "GET / HTTP/1.1" 200 163 "-" "Mozilla/5.0 (compatible; YandexBot/3.0; MirrorDetector; +http://yandex.com/bots)"
95.108.151.244 - - [12/Jul/2010:00:19:12 -0700] "GET / HTTP/1.1" 200 163 "-" "Mozilla/5.0 (compatible; YandexBot/3.0; MirrorDetector; +http://yandex.com/bots)"
72.14.199.142 - - [12/Jul/2010:00:26:51 -0700] "GET /feed/ HTTP/1.1" 302 355 "-" "Feedfetcher-Google; (+http://www.google.com/feedfetcher.html; 1 subscribers; feed-id=10831477631497958243)"
72.14.199.142 - - [12/Jul/2010:00:26:52 -0700] "GET / HTTP/1.1" 304 - "-" "Feedfetcher-Google; (+http://www.google.com/feedfetcher.html; 1 subscribers; feed-id=10831477631497958243)"
207.46.13.135 - - [12/Jul/2010:00:29:01 -0700] "GET /robots.txt HTTP/1.1" 302 355 "-" "msnbot/2.0b (+http://search.msn.com/msnbot.htm)"
207.46.13.135 - - [12/Jul/2010:00:29:01 -0700] "GET / HTTP/1.1" 200 163 "-" "msnbot/2.0b (+http://search.msn.com/msnbot.htm)"
207.46.13.135 - - [12/Jul/2010:00:30:09 -0700] "GET /category/the-brickfilmers-guide/ HTTP/1.1" 302 355 "-" "msnbot/2.0b (+http://search.msn.com/msnbot.htm)"
119.63.198.40 - - [12/Jul/2010:01:19:57 -0700] "GET /robots.txt HTTP/1.1" 302 355 "-" "Baiduspider+(+http://www.baidu.com/search/spider.htm)"
119.63.198.25 - - [12/Jul/2010:01:19:58 -0700] "GET / HTTP/1.1" 200 163 "-" "Baiduspider+(+http://www.baidu.com/search/spider.htm)"
67.218.116.169 - - [12/Jul/2010:02:45:12 -0700] "GET /robots.txt HTTP/1.1" 302 355 "-" "Mozilla/5.0 (Twiceler-0.9 http://www.cuil.com/twiceler/robot.html)"
72.14.199.142 - - [12/Jul/2010:03:27:01 -0700] "GET /feed/ HTTP/1.1" 302 355 "-" "Feedfetcher-Google; (+http://www.google.com/feedfetcher.html; 1 subscribers; feed-id=10831477631497958243)"
72.14.199.142 - - [12/Jul/2010:03:27:01 -0700] "GET / HTTP/1.1" 304 - "-" "Feedfetcher-Google; (+http://www.google.com/feedfetcher.html; 1 subscribers; feed-id=10831477631497958243)"
208.115.111.245 - - [12/Jul/2010:03:50:08 -0700] "GET / HTTP/1.1" 200 163 "-" "Mozilla/5.0 (compatible; DotBot/1.1; http://www.dotnetdotcom.org/, crawler@dotnetdotcom.org)"
208.115.111.245 - - [12/Jul/2010:03:50:13 -0700] "GET / HTTP/1.1" 200 163 "-" "Mozilla/5.0 (compatible; DotBot/1.1; http://www.dotnetdotcom.org/, crawler@dotnetdotcom.org)"
124.115.6.13 - - [12/Jul/2010:05:49:28 -0700] "GET /robots.txt HTTP/1.1" 302 359 "-" "Sosospider+(+http://help.soso.com/webspider.htm)"
123.125.66.38 - - [12/Jul/2010:05:53:27 -0700] "GET /robots.txt HTTP/1.1" 302 355 "-" "Baiduspider+(+http://www.baidu.com/search/spider.htm)"
123.125.66.101 - - [12/Jul/2010:05:53:31 -0700] "GET / HTTP/1.1" 200 163 "-" "Baiduspider+(+http://www.baidu.com/search/spider.htm)"
70.36.101.58 - - [12/Jul/2010:05:53:35 -0700] "GET /robots.txt HTTP/1.1" 302 355 "-" "Wget/1.9+cvs-stable (Red Hat modified)"
64.56.66.178 - - [12/Jul/2010:05:53:37 -0700] "GET / HTTP/1.1" 200 163 "-" "Wget/1.9+cvs-stable (Red Hat modified)"
209.85.238.235 - - [12/Jul/2010:06:27:11 -0700] "GET /feed/ HTTP/1.1" 302 355 "-" "Feedfetcher-Google; (+http://www.google.com/feedfetcher.html; 1 subscribers; feed-id=10831477631497958243)"
209.85.238.235 - - [12/Jul/2010:06:27:11 -0700] "GET / HTTP/1.1" 200 163 "-" "Feedfetcher-Google; (+http://www.google.com/feedfetcher.html; 1 subscribers; feed-id=10831477631497958243)"
216.129.119.45 - - [12/Jul/2010:07:15:49 -0700] "GET /robots.txt HTTP/1.1" 302 359 "-" "Mozilla/5.0 (Twiceler-0.9 http://www.cuil.com/twiceler/robot.html)"
124.115.6.13 - - [12/Jul/2010:07:28:37 -0700] "GET /robots.txt HTTP/1.1" 302 355 "-" "Sosospider+(+http://help.soso.com/webspider.htm)"
66.249.68.199 - - [12/Jul/2010:07:35:43 -0700] "GET /robots.txt HTTP/1.1" 302 359 "-" "Mozilla/5.0 (compatible; Googlebot/2.1; +http://www.google.com/bot.html)"
66.249.68.199 - - [12/Jul/2010:07:35:43 -0700] "GET / HTTP/1.1" 304 - "-" "Mozilla/5.0 (compatible; Googlebot/2.1; +http://www.google.com/bot.html)"
209.85.238.235 - - [12/Jul/2010:09:27:21 -0700] "GET /feed/ HTTP/1.1" 302 355 "-" "Feedfetcher-Google; (+http://www.google.com/feedfetcher.html; 1 subscribers; feed-id=10831477631497958243)"
209.85.238.235 - - [12/Jul/2010:09:27:22 -0700] "GET / HTTP/1.1" 304 - "-" "Feedfetcher-Google; (+http://www.google.com/feedfetcher.html; 1 subscribers; feed-id=10831477631497958243)"
207.46.13.139 - - [12/Jul/2010:09:44:58 -0700] "GET /robots.txt HTTP/1.1" 302 355 "-" "msnbot/2.0b (+http://search.msn.com/msnbot.htm)"
207.46.13.139 - - [12/Jul/2010:09:44:58 -0700] "GET / HTTP/1.1" 200 163 "-" "msnbot/2.0b (+http://search.msn.com/msnbot.htm)"
207.46.13.139 - - [12/Jul/2010:09:45:54 -0700] "GET /category/apple/ HTTP/1.1" 302 355 "-" "msnbot/2.0b (+http://search.msn.com/msnbot.htm)"
67.210.218.102 - - [12/Jul/2010:10:38:35 -0700] "GET /feed HTTP/1.1" 302 355 "-" "Rome Client (http://tinyurl.com/64t5n) Ver: 0.9"
67.210.218.102 - - [12/Jul/2010:10:38:35 -0700] "GET / HTTP/1.1" 200 163 "-" "Rome Client (http://tinyurl.com/64t5n) Ver: 0.9"
124.115.6.13 - - [12/Jul/2010:12:26:35 -0700] "GET /robots.txt HTTP/1.1" 302 359 "-" "Sosospider+(+http://help.soso.com/webspider.htm)"
209.85.238.235 - - [12/Jul/2010:12:27:31 -0700] "GET /feed/ HTTP/1.1" 302 355 "-" "Feedfetcher-Google; (+http://www.google.com/feedfetcher.html; 1 subscribers; feed-id=10831477631497958243)"
209.85.238.235 - - [12/Jul/2010:12:27:32 -0700] "GET / HTTP/1.1" 304 - "-" "Feedfetcher-Google; (+http://www.google.com/feedfetcher.html; 1 subscribers; feed-id=10831477631497958243)"
124.115.6.13 - - [12/Jul/2010:14:56:01 -0700] "GET /robots.txt HTTP/1.1" 302 355 "-" "Sosospider+(+http://help.soso.com/webspider.htm)"
209.85.238.235 - - [12/Jul/2010:15:27:41 -0700] "GET /feed/ HTTP/1.1" 302 355 "-" "Feedfetcher-Google; (+http://www.google.com/feedfetcher.html; 1 subscribers; feed-id=10831477631497958243)"
209.85.238.235 - - [12/Jul/2010:15:27:41 -0700] "GET / HTTP/1.1" 304 - "-" "Feedfetcher-Google; (+http://www.google.com/feedfetcher.html; 1 subscribers; feed-id=10831477631497958243)"
209.85.238.235 - - [12/Jul/2010:18:27:51 -0700] "GET /feed/ HTTP/1.1" 302 355 "-" "Feedfetcher-Google; (+http://www.google.com/feedfetcher.html; 1 subscribers; feed-id=10831477631497958243)"
209.85.238.235 - - [12/Jul/2010:18:27:52 -0700] "GET / HTTP/1.1" 304 - "-" "Feedfetcher-Google; (+http://www.google.com/feedfetcher.html; 1 subscribers; feed-id=10831477631497958243)"
207.46.13.50 - - [12/Jul/2010:19:48:49 -0700] "GET /robots.txt HTTP/1.1" 302 355 "-" "msnbot/2.0b (+http://search.msn.com/msnbot.htm)"
207.46.13.50 - - [12/Jul/2010:19:48:49 -0700] "GET / HTTP/1.1" 200 163 "-" "msnbot/2.0b (+http://search.msn.com/msnbot.htm)"
207.46.13.50 - - [12/Jul/2010:20:07:01 -0700] "GET /category/the-brickfilmers-guide/ HTTP/1.1" 302 355 "-" "msnbot/2.0b (+http://search.msn.com/msnbot.htm)"
216.241.182.150 - - [12/Jul/2010:20:09:24 -0700] "GET /feed/ HTTP/1.1" 302 355 "-" "NewsGatorOnline/2.0 (http://www.newsgator.com; 2 subscribers)"
216.241.182.150 - - [12/Jul/2010:20:09:24 -0700] "GET / HTTP/1.1" 200 163 "-" "NewsGatorOnline/2.0 (http://www.newsgator.com; 2 subscribers)"
64.56.67.154 - - [12/Jul/2010:21:09:23 -0700] "GET /robots.txt HTTP/1.0" 302 355 "-" "page_test (larbin2.6.3@unspecified.mail)"
64.56.67.154 - - [12/Jul/2010:21:09:24 -0700] "GET / HTTP/1.0" 200 163 "-" "page_test larbin2.6.3@unspecified.mail"
209.85.238.235 - - [12/Jul/2010:21:28:01 -0700] "GET /feed/ HTTP/1.1" 302 355 "-" "Feedfetcher-Google; (+http://www.google.com/feedfetcher.html; 1 subscribers; feed-id=10831477631497958243)"
209.85.238.235 - - [12/Jul/2010:21:28:02 -0700] "GET / HTTP/1.1" 304 - "-" "Feedfetcher-Google; (+http://www.google.com/feedfetcher.html; 1 subscribers; feed-id=10831477631497958243)"
124.115.6.13 - - [12/Jul/2010:21:30:09 -0700] "GET /robots.txt HTTP/1.1" 302 359 "-" "Sosospider+(+http://help.soso.com/webspider.htm)"
209.85.238.235 - - [13/Jul/2010:00:28:11 -0700] "GET /feed/ HTTP/1.1" 302 355 "-" "Feedfetcher-Google; (+http://www.google.com/feedfetcher.html; 1 subscribers; feed-id=10831477631497958243)"
209.85.238.235 - - [13/Jul/2010:00:28:12 -0700] "GET / HTTP/1.1" 304 - "-" "Feedfetcher-Google; (+http://www.google.com/feedfetcher.html; 1 subscribers; feed-id=10831477631497958243)"
124.115.6.13 - - [13/Jul/2010:00:37:12 -0700] "GET /robots.txt HTTP/1.1" 302 355 "-" "Sosospider+(+http://help.soso.com/webspider.htm)"
119.63.198.33 - - [13/Jul/2010:01:23:28 -0700] "GET /robots.txt HTTP/1.1" 302 355 "-" "Baiduspider+(+http://www.baidu.com/search/spider.htm)"
119.63.198.41 - - [13/Jul/2010:01:23:28 -0700] "GET / HTTP/1.1" 200 163 "-" "Baiduspider+(+http://www.baidu.com/search/spider.htm)"
67.218.116.169 - - [13/Jul/2010:02:53:18 -0700] "GET /robots.txt HTTP/1.1" 302 355 "-" "Mozilla/5.0 (Twiceler-0.9 http://www.cuil.com/twiceler/robot.html)"
209.85.238.235 - - [13/Jul/2010:03:28:21 -0700] "GET /feed/ HTTP/1.1" 302 355 "-" "Feedfetcher-Google; (+http://www.google.com/feedfetcher.html; 1 subscribers; feed-id=10831477631497958243)"
209.85.238.235 - - [13/Jul/2010:03:28:22 -0700] "GET / HTTP/1.1" 304 - "-" "Feedfetcher-Google; (+http://www.google.com/feedfetcher.html; 1 subscribers; feed-id=10831477631497958243)"
123.125.66.51 - - [13/Jul/2010:06:14:25 -0700] "GET /robots.txt HTTP/1.1" 302 355 "-" "Baiduspider+(+http://www.baidu.com/search/spider.htm)"
123.125.66.31 - - [13/Jul/2010:06:14:25 -0700] "GET / HTTP/1.1" 200 163 "-" "Baiduspider+(+http://www.baidu.com/search/spider.htm)"
72.14.199.142 - - [13/Jul/2010:06:28:34 -0700] "GET /feed/ HTTP/1.1" 302 355 "-" "Feedfetcher-Google; (+http://www.google.com/feedfetcher.html; 1 subscribers; feed-id=10831477631497958243)"
72.14.199.142 - - [13/Jul/2010:06:28:34 -0700] "GET / HTTP/1.1" 304 - "-" "Feedfetcher-Google; (+http://www.google.com/feedfetcher.html; 1 subscribers; feed-id=10831477631497958243)"
24.178.121.217 - - [13/Jul/2010:06:59:20 -0700] "GET / HTTP/1.1" 200 163 "http://www.google.com/search?sourceid=navclient&aq=hts&oq=&ie=UTF-8&rlz=1T4PCTC_enUS387&q=Jason.C.Martin@jci.com" "Mozilla/4.0 (compatible; MSIE 7.0; Windows NT 6.0; GTB6.5; SearchToolbar 1.1; SLCC1; .NET CLR 2.0.50727; .NET CLR 3.0.30618; .NET CLR 3.5.30729)"
24.178.121.217 - - [13/Jul/2010:06:59:20 -0700] "GET /favicon.ico HTTP/1.1" 302 355 "-" "Mozilla/4.0 (compatible; MSIE 7.0; Windows NT 6.0; GTB6.5; SearchToolbar 1.1; SLCC1; .NET CLR 2.0.50727; .NET CLR 3.0.30618; .NET CLR 3.5.30729)"
216.129.119.45 - - [13/Jul/2010:07:08:17 -0700] "GET /robots.txt HTTP/1.1" 302 359 "-" "Mozilla/5.0 (Twiceler-0.9 http://www.cuil.com/twiceler/robot.html)"
124.115.6.13 - - [13/Jul/2010:08:02:26 -0700] "GET /robots.txt HTTP/1.1" 302 359 "-" "Sosospider+(+http://help.soso.com/webspider.htm)"
67.210.218.102 - - [13/Jul/2010:08:50:24 -0700] "GET /feed HTTP/1.1" 302 355 "-" "Rome Client (http://tinyurl.com/64t5n) Ver: 0.9"
67.210.218.102 - - [13/Jul/2010:08:50:25 -0700] "GET / HTTP/1.1" 200 163 "-" "Rome Client (http://tinyurl.com/64t5n) Ver: 0.9"
72.14.199.142 - - [13/Jul/2010:09:28:41 -0700] "GET /feed/ HTTP/1.1" 302 355 "-" "Feedfetcher-Google; (+http://www.google.com/feedfetcher.html; 1 subscribers; feed-id=10831477631497958243)"
72.14.199.142 - - [13/Jul/2010:09:28:42 -0700] "GET / HTTP/1.1" 304 - "-" "Feedfetcher-Google; (+http://www.google.com/feedfetcher.html; 1 subscribers; feed-id=10831477631497958243)"
124.115.6.13 - - [13/Jul/2010:11:16:58 -0700] "GET /robots.txt HTTP/1.1" 302 355 "-" "Sosospider+(+http://help.soso.com/webspider.htm)"
72.14.199.142 - - [13/Jul/2010:12:28:51 -0700] "GET /feed/ HTTP/1.1" 302 355 "-" "Feedfetcher-Google; (+http://www.google.com/feedfetcher.html; 1 subscribers; feed-id=10831477631497958243)"
72.14.199.142 - - [13/Jul/2010:12:28:52 -0700] "GET / HTTP/1.1" 304 - "-" "Feedfetcher-Google; (+http://www.google.com/feedfetcher.html; 1 subscribers; feed-id=10831477631497958243)"
193.252.149.14 - - [13/Jul/2010:13:35:26 -0700] "GET /robots.txt HTTP/1.1" 302 355 "-" "Mozilla/5.0 (Windows; U; Windows NT 5.1; fr; rv:1.8.1) VoilaBot BETA 1.2 (support.voilabot@orange-ftgroup.com)"
193.252.149.14 - - [13/Jul/2010:13:35:28 -0700] "GET / HTTP/1.1" 200 163 "-" "Mozilla/5.0 (Windows; U; Windows NT 5.1; fr; rv:1.8.1) VoilaBot BETA 1.2 (support.voilabot@orange-ftgroup.com)"
38.100.41.105 - - [13/Jul/2010:13:52:06 -0700] "GET / HTTP/1.1" 200 163 "-" "Mozilla/4.0 (compatible; MSIE 7.0; Windows NT 5.2)"
72.14.199.142 - - [13/Jul/2010:15:00:59 -0700] "GET /feed/ HTTP/1.1" 302 355 "-" "Feedfetcher-Google; (+http://www.google.com/feedfetcher.html; 1 subscribers; feed-id=10831477631497958243)"
72.14.199.142 - - [13/Jul/2010:15:01:00 -0700] "GET / HTTP/1.1" 304 - "-" "Feedfetcher-Google; (+http://www.google.com/feedfetcher.html; 1 subscribers; feed-id=10831477631497958243)"
