188.223.29.77 - - [21/May/2010:15:18:55 -0700] "GET /favicon.ico HTTP/1.1" 302 355 "-" "NetNewsWire/3.2 (Mac OS X; http://www.newsgator.com/Individuals/NetNewsWire/)"
209.85.238.206 - - [21/May/2010:16:10:15 -0700] "GET /feed/ HTTP/1.1" 302 355 "-" "Feedfetcher-Google; (+http://www.google.com/feedfetcher.html; 1 subscribers; feed-id=10831477631497958243)"
209.85.238.206 - - [21/May/2010:16:10:16 -0700] "GET / HTTP/1.1" 304 - "-" "Feedfetcher-Google; (+http://www.google.com/feedfetcher.html; 1 subscribers; feed-id=10831477631497958243)"
119.63.198.36 - - [21/May/2010:16:16:00 -0700] "GET /robots.txt HTTP/1.1" 302 355 "-" "Baiduspider+(+http://www.baidu.com/search/spider.htm)"
119.63.198.9 - - [21/May/2010:16:16:01 -0700] "GET / HTTP/1.1" 200 163 "-" "Baiduspider+(+http://www.baidu.com/search/spider.htm)"
193.47.80.37 - - [21/May/2010:18:47:32 -0700] "GET /robots.txt HTTP/1.1" 302 355 "-" "Mozilla/5.0 (compatible; Exabot/3.0; +http://www.exabot.com/go/robot)"
193.47.80.37 - - [21/May/2010:18:47:33 -0700] "GET / HTTP/1.1" 200 163 "-" "Mozilla/5.0 (compatible; Exabot/3.0; +http://www.exabot.com/go/robot)"
193.47.80.37 - - [21/May/2010:18:47:33 -0700] "GET / HTTP/1.1" 304 - "-" "Mozilla/5.0 (compatible; Exabot/3.0; +http://www.exabot.com/go/robot)"
209.85.238.206 - - [21/May/2010:19:10:25 -0700] "GET /feed/ HTTP/1.1" 302 355 "-" "Feedfetcher-Google; (+http://www.google.com/feedfetcher.html; 1 subscribers; feed-id=10831477631497958243)"
209.85.238.206 - - [21/May/2010:19:10:26 -0700] "GET / HTTP/1.1" 304 - "-" "Feedfetcher-Google; (+http://www.google.com/feedfetcher.html; 1 subscribers; feed-id=10831477631497958243)"
207.46.199.180 - - [21/May/2010:21:58:39 -0700] "GET /robots.txt HTTP/1.1" 302 355 "-" "msnbot/2.0b (+http://search.msn.com/msnbot.htm)"
207.46.199.180 - - [21/May/2010:21:58:39 -0700] "GET / HTTP/1.1" 200 163 "-" "msnbot/2.0b (+http://search.msn.com/msnbot.htm)"
209.85.238.206 - - [21/May/2010:22:10:32 -0700] "GET /feed/ HTTP/1.1" 302 355 "-" "Feedfetcher-Google; (+http://www.google.com/feedfetcher.html; 1 subscribers; feed-id=10831477631497958243)"
209.85.238.206 - - [21/May/2010:22:10:33 -0700] "GET / HTTP/1.1" 200 163 "-" "Feedfetcher-Google; (+http://www.google.com/feedfetcher.html; 1 subscribers; feed-id=10831477631497958243)"
93.158.148.31 - - [21/May/2010:22:35:04 -0700] "GET /robots.txt HTTP/1.1" 302 359 "-" "Yandex/1.01.001 (compatible; Win16; I)"
93.158.148.31 - - [21/May/2010:22:35:06 -0700] "GET / HTTP/1.1" 304 - "-" "Yandex/1.01.001 (compatible; Win16; I)"
77.211.154.108 - - [21/May/2010:23:35:28 -0700] "GET / HTTP/1.1" 200 163 "-" "Java/1.6.0_13"
216.241.182.150 - - [22/May/2010:00:21:26 -0700] "GET /feed/ HTTP/1.1" 302 355 "-" "NewsGatorOnline/2.0 (http://www.newsgator.com; 2 subscribers)"
216.241.182.150 - - [22/May/2010:00:21:26 -0700] "GET / HTTP/1.1" 200 163 "-" "NewsGatorOnline/2.0 (http://www.newsgator.com; 2 subscribers)"
209.85.238.206 - - [22/May/2010:01:10:35 -0700] "GET /feed/ HTTP/1.1" 302 355 "-" "Feedfetcher-Google; (+http://www.google.com/feedfetcher.html; 1 subscribers; feed-id=10831477631497958243)"
209.85.238.206 - - [22/May/2010:01:10:36 -0700] "GET / HTTP/1.1" 304 - "-" "Feedfetcher-Google; (+http://www.google.com/feedfetcher.html; 1 subscribers; feed-id=10831477631497958243)"
123.125.66.105 - - [22/May/2010:02:38:45 -0700] "GET /robots.txt HTTP/1.1" 302 355 "-" "Baiduspider+(+http://www.baidu.com/search/spider.htm)"
123.125.66.25 - - [22/May/2010:02:38:46 -0700] "GET / HTTP/1.1" 200 163 "-" "Baiduspider+(+http://www.baidu.com/search/spider.htm)"
67.218.116.132 - - [22/May/2010:03:02:23 -0700] "GET /robots.txt HTTP/1.1" 302 355 "-" "Mozilla/5.0 (Twiceler-0.9 http://www.cuil.com/twiceler/robot.html)"
209.85.238.206 - - [22/May/2010:04:10:45 -0700] "GET /feed/ HTTP/1.1" 302 355 "-" "Feedfetcher-Google; (+http://www.google.com/feedfetcher.html; 1 subscribers; feed-id=10831477631497958243)"
209.85.238.206 - - [22/May/2010:04:10:46 -0700] "GET / HTTP/1.1" 304 - "-" "Feedfetcher-Google; (+http://www.google.com/feedfetcher.html; 1 subscribers; feed-id=10831477631497958243)"
209.85.238.206 - - [22/May/2010:07:10:55 -0700] "GET /feed/ HTTP/1.1" 302 355 "-" "Feedfetcher-Google; (+http://www.google.com/feedfetcher.html; 1 subscribers; feed-id=10831477631497958243)"
209.85.238.206 - - [22/May/2010:07:10:56 -0700] "GET / HTTP/1.1" 304 - "-" "Feedfetcher-Google; (+http://www.google.com/feedfetcher.html; 1 subscribers; feed-id=10831477631497958243)"
61.145.118.250 - - [22/May/2010:07:18:18 -0700] "GET /? HTTP/1.1" 200 163 "-" ""
61.145.118.250 - - [22/May/2010:07:18:18 -0700] "GET /? HTTP/1.1" 200 163 "-" ""
216.129.119.10 - - [22/May/2010:07:32:25 -0700] "GET /robots.txt HTTP/1.1" 302 359 "-" "Mozilla/5.0 (Twiceler-0.9 http://www.cuil.com/twiceler/robot.html)"
209.85.238.206 - - [22/May/2010:10:11:05 -0700] "GET /feed/ HTTP/1.1" 302 355 "-" "Feedfetcher-Google; (+http://www.google.com/feedfetcher.html; 1 subscribers; feed-id=10831477631497958243)"
209.85.238.206 - - [22/May/2010:10:11:06 -0700] "GET / HTTP/1.1" 304 - "-" "Feedfetcher-Google; (+http://www.google.com/feedfetcher.html; 1 subscribers; feed-id=10831477631497958243)"
66.26.66.68 - - [22/May/2010:10:43:13 -0700] "GET / HTTP/1.1" 200 163 "-" "Mozilla/5.0 (Macintosh; U; Intel Mac OS X 10_6_3; en-us) AppleWebKit/531.22.7 (KHTML, like Gecko) Version/4.0.5 Safari/531.22.7"
66.26.66.68 - - [22/May/2010:10:43:13 -0700] "GET /favicon.ico HTTP/1.1" 302 359 "http://www.jasoncmartin.com/" "Mozilla/5.0 (Macintosh; U; Intel Mac OS X 10_6_3; en-us) AppleWebKit/531.22.7 (KHTML, like Gecko) Version/4.0.5 Safari/531.22.7"
66.26.66.68 - - [22/May/2010:10:43:13 -0700] "GET / HTTP/1.1" 200 163 "http://www.jasoncmartin.com/" "Mozilla/5.0 (Macintosh; U; Intel Mac OS X 10_6_3; en-us) AppleWebKit/531.22.7 (KHTML, like Gecko) Version/4.0.5 Safari/531.22.7"
207.46.199.199 - - [22/May/2010:10:57:08 -0700] "GET /robots.txt HTTP/1.1" 302 355 "-" "msnbot/2.0b (+http://search.msn.com/msnbot.htm)"
207.46.199.199 - - [22/May/2010:10:57:08 -0700] "GET / HTTP/1.1" 200 163 "-" "msnbot/2.0b (+http://search.msn.com/msnbot.htm)"
209.85.238.206 - - [22/May/2010:12:40:09 -0700] "GET /feed/ HTTP/1.1" 302 355 "-" "Feedfetcher-Google; (+http://www.google.com/feedfetcher.html; 1 subscribers; feed-id=10831477631497958243)"
209.85.238.206 - - [22/May/2010:12:40:10 -0700] "GET / HTTP/1.1" 304 - "-" "Feedfetcher-Google; (+http://www.google.com/feedfetcher.html; 1 subscribers; feed-id=10831477631497958243)"
67.210.218.104 - - [22/May/2010:13:37:26 -0700] "GET /feed HTTP/1.1" 302 355 "-" "Rome Client (http://tinyurl.com/64t5n) Ver: 0.9"
67.210.218.104 - - [22/May/2010:13:37:27 -0700] "GET / HTTP/1.1" 200 163 "-" "Rome Client (http://tinyurl.com/64t5n) Ver: 0.9"
193.252.149.14 - - [22/May/2010:15:22:28 -0700] "GET /robots.txt HTTP/1.1" 302 355 "-" "Mozilla/5.0 (Windows; U; Windows NT 5.1; fr; rv:1.8.1) VoilaBot BETA 1.2 (support.voilabot@orange-ftgroup.com)"
193.252.149.14 - - [22/May/2010:15:22:29 -0700] "GET / HTTP/1.1" 200 163 "-" "Mozilla/5.0 (Windows; U; Windows NT 5.1; fr; rv:1.8.1) VoilaBot BETA 1.2 (support.voilabot@orange-ftgroup.com)"
209.85.238.206 - - [22/May/2010:15:40:19 -0700] "GET /feed/ HTTP/1.1" 302 355 "-" "Feedfetcher-Google; (+http://www.google.com/feedfetcher.html; 1 subscribers; feed-id=10831477631497958243)"
209.85.238.206 - - [22/May/2010:15:40:20 -0700] "GET / HTTP/1.1" 304 - "-" "Feedfetcher-Google; (+http://www.google.com/feedfetcher.html; 1 subscribers; feed-id=10831477631497958243)"
119.63.198.27 - - [22/May/2010:16:17:59 -0700] "GET /robots.txt HTTP/1.1" 302 355 "-" "Baiduspider+(+http://www.baidu.com/search/spider.htm)"
119.63.198.28 - - [22/May/2010:16:18:03 -0700] "GET / HTTP/1.1" 200 163 "-" "Baiduspider+(+http://www.baidu.com/search/spider.htm)"
209.85.238.206 - - [22/May/2010:18:40:29 -0700] "GET /feed/ HTTP/1.1" 302 355 "-" "Feedfetcher-Google; (+http://www.google.com/feedfetcher.html; 1 subscribers; feed-id=10831477631497958243)"
209.85.238.206 - - [22/May/2010:18:40:30 -0700] "GET / HTTP/1.1" 304 - "-" "Feedfetcher-Google; (+http://www.google.com/feedfetcher.html; 1 subscribers; feed-id=10831477631497958243)"
64.78.155.100 - - [22/May/2010:19:06:12 -0700] "GET /feed/ HTTP/1.1" 302 355 "-" "NewsGatorOnline/2.0 (http://www.newsgator.com; 2 subscribers)"
64.78.155.100 - - [22/May/2010:19:06:12 -0700] "GET / HTTP/1.1" 200 163 "-" "NewsGatorOnline/2.0 (http://www.newsgator.com; 2 subscribers)"
209.85.238.206 - - [22/May/2010:21:40:39 -0700] "GET /feed/ HTTP/1.1" 302 355 "-" "Feedfetcher-Google; (+http://www.google.com/feedfetcher.html; 1 subscribers; feed-id=10831477631497958243)"
209.85.238.206 - - [22/May/2010:21:40:40 -0700] "GET / HTTP/1.1" 304 - "-" "Feedfetcher-Google; (+http://www.google.com/feedfetcher.html; 1 subscribers; feed-id=10831477631497958243)"
93.158.148.31 - - [22/May/2010:21:46:43 -0700] "GET /robots.txt HTTP/1.1" 302 355 "-" "Yandex/1.01.001 (compatible; Win16; I)"
184.73.0.100 - - [23/May/2010:00:28:31 -0700] "GET /robots.txt HTTP/1.1" 302 359 "-" "Mozilla/5.0 (compatible; spbot/2.0.2; +http://www.seoprofiler.com/bot/ )"
184.73.0.100 - - [23/May/2010:00:28:31 -0700] "GET / HTTP/1.1" 200 163 "-" "Mozilla/5.0 (compatible; spbot/2.0.2; +http://www.seoprofiler.com/bot/ )"
184.73.0.100 - - [23/May/2010:00:28:32 -0700] "GET / HTTP/1.1" 200 163 "-" "Mozilla/5.0 (compatible; spbot/2.0.2; +http://www.seoprofiler.com/bot/ )"
209.85.238.206 - - [23/May/2010:00:40:49 -0700] "GET /feed/ HTTP/1.1" 302 355 "-" "Feedfetcher-Google; (+http://www.google.com/feedfetcher.html; 1 subscribers; feed-id=10831477631497958243)"
209.85.238.206 - - [23/May/2010:00:40:49 -0700] "GET / HTTP/1.1" 304 - "-" "Feedfetcher-Google; (+http://www.google.com/feedfetcher.html; 1 subscribers; feed-id=10831477631497958243)"
123.125.66.19 - - [23/May/2010:01:30:18 -0700] "GET /robots.txt HTTP/1.1" 302 355 "-" "Baiduspider+(+http://www.baidu.com/search/spider.htm)"
123.125.66.49 - - [23/May/2010:01:30:19 -0700] "GET / HTTP/1.1" 200 163 "-" "Baiduspider+(+http://www.baidu.com/search/spider.htm)"
98.197.198.167 - - [23/May/2010:01:57:44 -0700] "GET /Images/basicdelta.gif HTTP/1.1" 302 355 "http://www.joseralat.com/forum/showthread.php?t=1280" "Mozilla/5.0 (Macintosh; U; Intel Mac OS X 10_6_3; en-us) AppleWebKit/531.22.7 (KHTML, like Gecko) Version/4.0.5 Safari/531.22.7"
98.197.198.167 - - [23/May/2010:01:57:44 -0700] "GET /Images/29thcentury.gif HTTP/1.1" 302 355 "http://www.joseralat.com/forum/showthread.php?t=1280" "Mozilla/5.0 (Macintosh; U; Intel Mac OS X 10_6_3; en-us) AppleWebKit/531.22.7 (KHTML, like Gecko) Version/4.0.5 Safari/531.22.7"
98.197.198.167 - - [23/May/2010:01:57:44 -0700] "GET /Images/2371-2390.gif HTTP/1.1" 302 355 "http://www.joseralat.com/forum/showthread.php?t=1280" "Mozilla/5.0 (Macintosh; U; Intel Mac OS X 10_6_3; en-us) AppleWebKit/531.22.7 (KHTML, like Gecko) Version/4.0.5 Safari/531.22.7"
98.197.198.167 - - [23/May/2010:01:57:44 -0700] "GET /Images/Obsidian_Order.gif HTTP/1.1" 302 355 "http://www.joseralat.com/forum/showthread.php?t=1280" "Mozilla/5.0 (Macintosh; U; Intel Mac OS X 10_6_3; en-us) AppleWebKit/531.22.7 (KHTML, like Gecko) Version/4.0.5 Safari/531.22.7"
98.197.198.167 - - [23/May/2010:01:57:44 -0700] "GET / HTTP/1.1" 200 163 "http://www.joseralat.com/forum/showthread.php?t=1280" "Mozilla/5.0 (Macintosh; U; Intel Mac OS X 10_6_3; en-us) AppleWebKit/531.22.7 (KHTML, like Gecko) Version/4.0.5 Safari/531.22.7"
98.197.198.167 - - [23/May/2010:01:57:44 -0700] "GET / HTTP/1.1" 200 163 "http://www.joseralat.com/forum/showthread.php?t=1280" "Mozilla/5.0 (Macintosh; U; Intel Mac OS X 10_6_3; en-us) AppleWebKit/531.22.7 (KHTML, like Gecko) Version/4.0.5 Safari/531.22.7"
98.197.198.167 - - [23/May/2010:01:57:44 -0700] "GET / HTTP/1.1" 200 163 "http://www.joseralat.com/forum/showthread.php?t=1280" "Mozilla/5.0 (Macintosh; U; Intel Mac OS X 10_6_3; en-us) AppleWebKit/531.22.7 (KHTML, like Gecko) Version/4.0.5 Safari/531.22.7"
98.197.198.167 - - [23/May/2010:01:57:44 -0700] "GET / HTTP/1.1" 200 163 "http://www.joseralat.com/forum/showthread.php?t=1280" "Mozilla/5.0 (Macintosh; U; Intel Mac OS X 10_6_3; en-us) AppleWebKit/531.22.7 (KHTML, like Gecko) Version/4.0.5 Safari/531.22.7"
98.197.198.167 - - [23/May/2010:01:57:51 -0700] "GET /Images/basicdelta.gif HTTP/1.1" 302 355 "http://www.joseralat.com/forum/showthread.php?t=1280" "Mozilla/5.0 (Macintosh; U; Intel Mac OS X 10_6_3; en-us) AppleWebKit/531.22.7 (KHTML, like Gecko) Version/4.0.5 Safari/531.22.7"
98.197.198.167 - - [23/May/2010:01:57:52 -0700] "GET /Images/29thcentury.gif HTTP/1.1" 302 355 "http://www.joseralat.com/forum/showthread.php?t=1280" "Mozilla/5.0 (Macintosh; U; Intel Mac OS X 10_6_3; en-us) AppleWebKit/531.22.7 (KHTML, like Gecko) Version/4.0.5 Safari/531.22.7"
98.197.198.167 - - [23/May/2010:01:57:52 -0700] "GET /Images/Obsidian_Order.gif HTTP/1.1" 302 355 "http://www.joseralat.com/forum/showthread.php?t=1280" "Mozilla/5.0 (Macintosh; U; Intel Mac OS X 10_6_3; en-us) AppleWebKit/531.22.7 (KHTML, like Gecko) Version/4.0.5 Safari/531.22.7"
98.197.198.167 - - [23/May/2010:01:57:52 -0700] "GET /Images/2371-2390.gif HTTP/1.1" 302 355 "http://www.joseralat.com/forum/showthread.php?t=1280" "Mozilla/5.0 (Macintosh; U; Intel Mac OS X 10_6_3; en-us) AppleWebKit/531.22.7 (KHTML, like Gecko) Version/4.0.5 Safari/531.22.7"
67.218.116.132 - - [23/May/2010:03:10:39 -0700] "GET /robots.txt HTTP/1.1" 302 355 "-" "Mozilla/5.0 (Twiceler-0.9 http://www.cuil.com/twiceler/robot.html)"
209.85.238.206 - - [23/May/2010:03:40:58 -0700] "GET /feed/ HTTP/1.1" 302 355 "-" "Feedfetcher-Google; (+http://www.google.com/feedfetcher.html; 1 subscribers; feed-id=10831477631497958243)"
209.85.238.206 - - [23/May/2010:03:40:59 -0700] "GET / HTTP/1.1" 304 - "-" "Feedfetcher-Google; (+http://www.google.com/feedfetcher.html; 1 subscribers; feed-id=10831477631497958243)"
67.195.112.52 - - [23/May/2010:05:02:37 -0700] "GET /robots.txt HTTP/1.0" 302 355 "-" "Mozilla/5.0 (compatible; Yahoo! Slurp; http://help.yahoo.com/help/us/ysearch/slurp)"
67.195.112.52 - - [23/May/2010:05:02:38 -0700] "GET / HTTP/1.0" 200 163 "-" "Mozilla/5.0 (compatible; Yahoo! Slurp; http://help.yahoo.com/help/us/ysearch/slurp)"
67.195.112.52 - - [23/May/2010:05:02:38 -0700] "GET / HTTP/1.0" 200 163 "-" "Mozilla/5.0 (compatible; Yahoo! Slurp/3.0; http://help.yahoo.com/help/us/ysearch/slurp)"
209.85.238.206 - - [23/May/2010:06:41:12 -0700] "GET /feed/ HTTP/1.1" 302 355 "-" "Feedfetcher-Google; (+http://www.google.com/feedfetcher.html; 1 subscribers; feed-id=10831477631497958243)"
209.85.238.206 - - [23/May/2010:06:41:12 -0700] "GET / HTTP/1.1" 304 - "-" "Feedfetcher-Google; (+http://www.google.com/feedfetcher.html; 1 subscribers; feed-id=10831477631497958243)"
207.46.199.193 - - [23/May/2010:06:48:41 -0700] "GET /robots.txt HTTP/1.1" 302 355 "-" "msnbot/2.0b (+http://search.msn.com/msnbot.htm)"
207.46.199.193 - - [23/May/2010:06:48:41 -0700] "GET / HTTP/1.1" 200 163 "-" "msnbot/2.0b (+http://search.msn.com/msnbot.htm)"
216.129.119.10 - - [23/May/2010:07:49:32 -0700] "GET /robots.txt HTTP/1.1" 302 359 "-" "Mozilla/5.0 (Twiceler-0.9 http://www.cuil.com/twiceler/robot.html)"
209.85.238.206 - - [23/May/2010:09:41:19 -0700] "GET /feed/ HTTP/1.1" 302 355 "-" "Feedfetcher-Google; (+http://www.google.com/feedfetcher.html; 1 subscribers; feed-id=10831477631497958243)"
209.85.238.206 - - [23/May/2010:09:41:20 -0700] "GET / HTTP/1.1" 200 163 "-" "Feedfetcher-Google; (+http://www.google.com/feedfetcher.html; 1 subscribers; feed-id=10831477631497958243)"
207.46.204.179 - - [23/May/2010:10:06:24 -0700] "GET /robots.txt HTTP/1.1" 302 355 "-" "msnbot/2.0b (+http://search.msn.com/msnbot.htm)"
207.46.204.179 - - [23/May/2010:10:06:24 -0700] "GET / HTTP/1.1" 200 163 "-" "msnbot/2.0b (+http://search.msn.com/msnbot.htm)"
207.46.204.179 - - [23/May/2010:10:07:51 -0700] "GET / HTTP/1.1" 304 - "-" "msnbot/2.0b (+http://search.msn.com/msnbot.htm)"
67.205.85.53 - - [23/May/2010:10:21:16 -0700] "GET / HTTP/1.0" 200 163 "JASONCMARTIN.COM/" "Mozilla/4.0 (compatible; MSIE 6.0; Windows 98; Win 9x 4.90)"
209.85.238.206 - - [23/May/2010:12:41:29 -0700] "GET /feed/ HTTP/1.1" 302 355 "-" "Feedfetcher-Google; (+http://www.google.com/feedfetcher.html; 1 subscribers; feed-id=10831477631497958243)"
209.85.238.206 - - [23/May/2010:12:41:30 -0700] "GET / HTTP/1.1" 304 - "-" "Feedfetcher-Google; (+http://www.google.com/feedfetcher.html; 1 subscribers; feed-id=10831477631497958243)"
64.78.155.100 - - [23/May/2010:15:06:19 -0700] "GET /feed/ HTTP/1.1" 302 355 "-" "NewsGatorOnline/2.0 (http://www.newsgator.com; 2 subscribers)"
64.78.155.100 - - [23/May/2010:15:06:19 -0700] "GET / HTTP/1.1" 304 - "-" "NewsGatorOnline/2.0 (http://www.newsgator.com; 2 subscribers)"
207.46.199.201 - - [23/May/2010:15:08:38 -0700] "GET /robots.txt HTTP/1.1" 302 355 "-" "msnbot/2.0b (+http://search.msn.com/msnbot.htm)"
207.46.199.201 - - [23/May/2010:15:08:38 -0700] "GET / HTTP/1.1" 200 163 "-" "msnbot/2.0b (+http://search.msn.com/msnbot.htm)"
209.85.238.206 - - [23/May/2010:15:41:49 -0700] "GET /feed/ HTTP/1.1" 302 355 "-" "Feedfetcher-Google; (+http://www.google.com/feedfetcher.html; 1 subscribers; feed-id=10831477631497958243)"
209.85.238.206 - - [23/May/2010:15:41:50 -0700] "GET / HTTP/1.1" 304 - "-" "Feedfetcher-Google; (+http://www.google.com/feedfetcher.html; 1 subscribers; feed-id=10831477631497958243)"
119.63.198.25 - - [23/May/2010:16:18:09 -0700] "GET /robots.txt HTTP/1.1" 302 355 "-" "Baiduspider+(+http://www.baidu.com/search/spider.htm)"
119.63.198.36 - - [23/May/2010:16:18:10 -0700] "GET / HTTP/1.1" 200 163 "-" "Baiduspider+(+http://www.baidu.com/search/spider.htm)"
209.85.238.206 - - [23/May/2010:18:43:39 -0700] "GET /feed/ HTTP/1.1" 302 355 "-" "Feedfetcher-Google; (+http://www.google.com/feedfetcher.html; 1 subscribers; feed-id=10831477631497958243)"
209.85.238.206 - - [23/May/2010:18:43:40 -0700] "GET / HTTP/1.1" 200 163 "-" "Feedfetcher-Google; (+http://www.google.com/feedfetcher.html; 1 subscribers; feed-id=10831477631497958243)"
38.99.97.185 - - [23/May/2010:21:31:04 -0700] "GET /robots.txt HTTP/1.1" 302 355 "-" "Mozilla/5.0 (compatible; ScoutJet; +http://www.scoutjet.com/)"
38.99.97.185 - - [23/May/2010:21:31:25 -0700] "GET / HTTP/1.1" 200 163 "-" "Mozilla/5.0 (compatible; ScoutJet; +http://www.scoutjet.com/)"
38.99.97.185 - - [23/May/2010:21:31:49 -0700] "GET / HTTP/1.1" 200 163 "-" "Mozilla/5.0 (compatible; ScoutJet; +http://www.scoutjet.com/)"
38.99.97.185 - - [23/May/2010:21:32:08 -0700] "GET /favicon.ico HTTP/1.1" 302 355 "-" "Mozilla/5.0 (compatible; ScoutJet; +http://www.scoutjet.com/)"
209.85.238.206 - - [23/May/2010:21:43:50 -0700] "GET /feed/ HTTP/1.1" 302 355 "-" "Feedfetcher-Google; (+http://www.google.com/feedfetcher.html; 1 subscribers; feed-id=10831477631497958243)"
209.85.238.206 - - [23/May/2010:21:43:51 -0700] "GET / HTTP/1.1" 304 - "-" "Feedfetcher-Google; (+http://www.google.com/feedfetcher.html; 1 subscribers; feed-id=10831477631497958243)"
207.46.199.198 - - [23/May/2010:22:36:15 -0700] "GET /robots.txt HTTP/1.1" 302 355 "-" "msnbot/2.0b (+http://search.msn.com/msnbot.htm)"
207.46.199.198 - - [23/May/2010:22:36:15 -0700] "GET / HTTP/1.1" 200 163 "-" "msnbot/2.0b (+http://search.msn.com/msnbot.htm)"
67.210.218.104 - - [23/May/2010:22:41:22 -0700] "GET /feed HTTP/1.1" 302 355 "-" "Rome Client (http://tinyurl.com/64t5n) Ver: 0.9"
67.210.218.104 - - [23/May/2010:22:41:22 -0700] "GET / HTTP/1.1" 200 163 "-" "Rome Client (http://tinyurl.com/64t5n) Ver: 0.9"
209.85.238.206 - - [24/May/2010:00:43:59 -0700] "GET /feed/ HTTP/1.1" 302 355 "-" "Feedfetcher-Google; (+http://www.google.com/feedfetcher.html; 1 subscribers; feed-id=10831477631497958243)"
209.85.238.206 - - [24/May/2010:00:44:00 -0700] "GET / HTTP/1.1" 200 163 "-" "Feedfetcher-Google; (+http://www.google.com/feedfetcher.html; 1 subscribers; feed-id=10831477631497958243)"
123.125.66.18 - - [24/May/2010:02:57:17 -0700] "GET /robots.txt HTTP/1.1" 302 355 "-" "Baiduspider+(+http://www.baidu.com/search/spider.htm)"
123.125.66.113 - - [24/May/2010:02:57:18 -0700] "GET / HTTP/1.1" 200 163 "-" "Baiduspider+(+http://www.baidu.com/search/spider.htm)"
209.85.238.206 - - [24/May/2010:03:44:09 -0700] "GET /feed/ HTTP/1.1" 302 355 "-" "Feedfetcher-Google; (+http://www.google.com/feedfetcher.html; 1 subscribers; feed-id=10831477631497958243)"
209.85.238.206 - - [24/May/2010:03:44:10 -0700] "GET / HTTP/1.1" 304 - "-" "Feedfetcher-Google; (+http://www.google.com/feedfetcher.html; 1 subscribers; feed-id=10831477631497958243)"
67.218.116.132 - - [24/May/2010:03:46:47 -0700] "GET /robots.txt HTTP/1.1" 302 355 "-" "Mozilla/5.0 (Twiceler-0.9 http://www.cuil.com/twiceler/robot.html)"
209.85.238.206 - - [24/May/2010:06:44:19 -0700] "GET /feed/ HTTP/1.1" 302 355 "-" "Feedfetcher-Google; (+http://www.google.com/feedfetcher.html; 1 subscribers; feed-id=10831477631497958243)"
209.85.238.206 - - [24/May/2010:06:44:20 -0700] "GET / HTTP/1.1" 304 - "-" "Feedfetcher-Google; (+http://www.google.com/feedfetcher.html; 1 subscribers; feed-id=10831477631497958243)"
209.85.238.206 - - [24/May/2010:09:44:39 -0700] "GET /feed/ HTTP/1.1" 302 355 "-" "Feedfetcher-Google; (+http://www.google.com/feedfetcher.html; 1 subscribers; feed-id=10831477631497958243)"
209.85.238.206 - - [24/May/2010:09:44:40 -0700] "GET / HTTP/1.1" 304 - "-" "Feedfetcher-Google; (+http://www.google.com/feedfetcher.html; 1 subscribers; feed-id=10831477631497958243)"
216.129.119.10 - - [24/May/2010:09:55:22 -0700] "GET /robots.txt HTTP/1.1" 302 359 "-" "Mozilla/5.0 (Twiceler-0.9 http://www.cuil.com/twiceler/robot.html)"
207.46.199.182 - - [24/May/2010:11:00:34 -0700] "GET /robots.txt HTTP/1.1" 302 355 "-" "msnbot/2.0b (+http://search.msn.com/msnbot.htm)"
207.46.199.182 - - [24/May/2010:11:00:34 -0700] "GET / HTTP/1.1" 200 163 "-" "msnbot/2.0b (+http://search.msn.com/msnbot.htm)"
216.241.182.150 - - [24/May/2010:11:06:35 -0700] "GET /feed/ HTTP/1.1" 302 355 "-" "NewsGatorOnline/2.0 (http://www.newsgator.com; 2 subscribers)"
216.241.182.150 - - [24/May/2010:11:06:35 -0700] "GET / HTTP/1.1" 304 - "-" "NewsGatorOnline/2.0 (http://www.newsgator.com; 2 subscribers)"
72.14.199.203 - - [24/May/2010:12:44:51 -0700] "GET /feed/ HTTP/1.1" 302 355 "-" "Feedfetcher-Google; (+http://www.google.com/feedfetcher.html; 1 subscribers; feed-id=10831477631497958243)"
72.14.199.203 - - [24/May/2010:12:44:51 -0700] "GET / HTTP/1.1" 200 163 "-" "Feedfetcher-Google; (+http://www.google.com/feedfetcher.html; 1 subscribers; feed-id=10831477631497958243)"
72.14.199.203 - - [24/May/2010:14:23:38 -0700] "GET /feed/ HTTP/1.1" 302 355 "-" "Feedfetcher-Google; (+http://www.google.com/feedfetcher.html; 1 subscribers; feed-id=10831477631497958243)"
72.14.199.203 - - [24/May/2010:14:23:39 -0700] "GET / HTTP/1.1" 304 - "-" "Feedfetcher-Google; (+http://www.google.com/feedfetcher.html; 1 subscribers; feed-id=10831477631497958243)"
188.223.29.77 - - [24/May/2010:15:28:12 -0700] "GET /favicon.ico HTTP/1.1" 302 355 "-" "NetNewsWire/3.2 (Mac OS X; http://www.newsgator.com/Individuals/NetNewsWire/)"
119.63.198.14 - - [24/May/2010:16:14:37 -0700] "GET /robots.txt HTTP/1.1" 302 355 "-" "Baiduspider+(+http://www.baidu.com/search/spider.htm)"
119.63.198.4 - - [24/May/2010:16:14:38 -0700] "GET / HTTP/1.1" 200 163 "-" "Baiduspider+(+http://www.baidu.com/search/spider.htm)"
62.122.75.80 - - [24/May/2010:16:35:15 -0700] "GET /?feed=rss HTTP/1.0" 200 163 "-" "-"
62.122.75.80 - - [24/May/2010:16:35:16 -0700] "GET /?feed=rss2 HTTP/1.0" 200 163 "-" "-"
62.122.75.80 - - [24/May/2010:16:35:16 -0700] "GET / HTTP/1.0" 200 163 "-" "-"
93.158.148.31 - - [24/May/2010:17:34:55 -0700] "GET /robots.txt HTTP/1.1" 302 359 "-" "Yandex/1.01.001 (compatible; Win16; I)"
72.14.199.203 - - [24/May/2010:18:00:36 -0700] "GET /feed/ HTTP/1.1" 302 355 "-" "Feedfetcher-Google; (+http://www.google.com/feedfetcher.html; 1 subscribers; feed-id=10831477631497958243)"
72.14.199.203 - - [24/May/2010:18:00:36 -0700] "GET / HTTP/1.1" 304 - "-" "Feedfetcher-Google; (+http://www.google.com/feedfetcher.html; 1 subscribers; feed-id=10831477631497958243)"
93.158.148.31 - - [24/May/2010:20:27:11 -0700] "GET /robots.txt HTTP/1.1" 302 355 "-" "Yandex/1.01.001 (compatible; Win16; I)"
72.14.199.203 - - [24/May/2010:21:00:46 -0700] "GET /feed/ HTTP/1.1" 302 355 "-" "Feedfetcher-Google; (+http://www.google.com/feedfetcher.html; 1 subscribers; feed-id=10831477631497958243)"
72.14.199.203 - - [24/May/2010:21:00:46 -0700] "GET / HTTP/1.1" 304 - "-" "Feedfetcher-Google; (+http://www.google.com/feedfetcher.html; 1 subscribers; feed-id=10831477631497958243)"
71.116.67.79 - - [24/May/2010:22:01:13 -0700] "GET /Images/basicdelta.gif HTTP/1.1" 302 355 "http://www.joseralat.com/forum/showthread.php?t=1280" "Mozilla/5.0 (Windows; U; Windows NT 6.0; en-US; rv:1.9.2.3) Gecko/20100401 Firefox/3.6.3 (.NET CLR 3.5.30729)"
71.116.67.79 - - [24/May/2010:22:01:14 -0700] "GET /Images/29thcentury.gif HTTP/1.1" 302 355 "http://www.joseralat.com/forum/showthread.php?t=1280" "Mozilla/5.0 (Windows; U; Windows NT 6.0; en-US; rv:1.9.2.3) Gecko/20100401 Firefox/3.6.3 (.NET CLR 3.5.30729)"
71.116.67.79 - - [24/May/2010:22:01:14 -0700] "GET /Images/Obsidian_Order.gif HTTP/1.1" 302 355 "http://www.joseralat.com/forum/showthread.php?t=1280" "Mozilla/5.0 (Windows; U; Windows NT 6.0; en-US; rv:1.9.2.3) Gecko/20100401 Firefox/3.6.3 (.NET CLR 3.5.30729)"
71.116.67.79 - - [24/May/2010:22:01:14 -0700] "GET /Images/2371-2390.gif HTTP/1.1" 302 355 "http://www.joseralat.com/forum/showthread.php?t=1280" "Mozilla/5.0 (Windows; U; Windows NT 6.0; en-US; rv:1.9.2.3) Gecko/20100401 Firefox/3.6.3 (.NET CLR 3.5.30729)"
71.116.67.79 - - [24/May/2010:22:01:14 -0700] "GET / HTTP/1.1" 200 163 "http://www.joseralat.com/forum/showthread.php?t=1280" "Mozilla/5.0 (Windows; U; Windows NT 6.0; en-US; rv:1.9.2.3) Gecko/20100401 Firefox/3.6.3 (.NET CLR 3.5.30729)"
71.116.67.79 - - [24/May/2010:22:01:14 -0700] "GET / HTTP/1.1" 206 163 "http://www.joseralat.com/forum/showthread.php?t=1280" "Mozilla/5.0 (Windows; U; Windows NT 6.0; en-US; rv:1.9.2.3) Gecko/20100401 Firefox/3.6.3 (.NET CLR 3.5.30729)"
71.116.67.79 - - [24/May/2010:22:01:14 -0700] "GET /Images/basicdelta.gif HTTP/1.1" 302 355 "http://www.joseralat.com/forum/showthread.php?t=1280" "Mozilla/5.0 (Windows; U; Windows NT 6.0; en-US; rv:1.9.2.3) Gecko/20100401 Firefox/3.6.3 (.NET CLR 3.5.30729)"
71.116.67.79 - - [24/May/2010:22:01:14 -0700] "GET /Images/2371-2390.gif HTTP/1.1" 302 355 "http://www.joseralat.com/forum/showthread.php?t=1280" "Mozilla/5.0 (Windows; U; Windows NT 6.0; en-US; rv:1.9.2.3) Gecko/20100401 Firefox/3.6.3 (.NET CLR 3.5.30729)"
71.116.67.79 - - [24/May/2010:22:01:14 -0700] "GET /Images/29thcentury.gif HTTP/1.1" 302 355 "http://www.joseralat.com/forum/showthread.php?t=1280" "Mozilla/5.0 (Windows; U; Windows NT 6.0; en-US; rv:1.9.2.3) Gecko/20100401 Firefox/3.6.3 (.NET CLR 3.5.30729)"
71.116.67.79 - - [24/May/2010:22:01:14 -0700] "GET /Images/Obsidian_Order.gif HTTP/1.1" 302 355 "http://www.joseralat.com/forum/showthread.php?t=1280" "Mozilla/5.0 (Windows; U; Windows NT 6.0; en-US; rv:1.9.2.3) Gecko/20100401 Firefox/3.6.3 (.NET CLR 3.5.30729)"
71.116.67.79 - - [24/May/2010:22:01:14 -0700] "GET / HTTP/1.1" 206 163 "http://www.joseralat.com/forum/showthread.php?t=1280" "Mozilla/5.0 (Windows; U; Windows NT 6.0; en-US; rv:1.9.2.3) Gecko/20100401 Firefox/3.6.3 (.NET CLR 3.5.30729)"
71.116.67.79 - - [24/May/2010:22:01:14 -0700] "GET / HTTP/1.1" 206 163 "http://www.joseralat.com/forum/showthread.php?t=1280" "Mozilla/5.0 (Windows; U; Windows NT 6.0; en-US; rv:1.9.2.3) Gecko/20100401 Firefox/3.6.3 (.NET CLR 3.5.30729)"
71.116.67.79 - - [24/May/2010:22:01:15 -0700] "GET / HTTP/1.1" 206 163 "http://www.joseralat.com/forum/showthread.php?t=1280" "Mozilla/5.0 (Windows; U; Windows NT 6.0; en-US; rv:1.9.2.3) Gecko/20100401 Firefox/3.6.3 (.NET CLR 3.5.30729)"
71.116.67.79 - - [24/May/2010:22:01:15 -0700] "GET / HTTP/1.1" 206 163 "http://www.joseralat.com/forum/showthread.php?t=1280" "Mozilla/5.0 (Windows; U; Windows NT 6.0; en-US; rv:1.9.2.3) Gecko/20100401 Firefox/3.6.3 (.NET CLR 3.5.30729)"
71.116.67.79 - - [24/May/2010:22:01:15 -0700] "GET / HTTP/1.1" 206 163 "http://www.joseralat.com/forum/showthread.php?t=1280" "Mozilla/5.0 (Windows; U; Windows NT 6.0; en-US; rv:1.9.2.3) Gecko/20100401 Firefox/3.6.3 (.NET CLR 3.5.30729)"
71.116.67.79 - - [24/May/2010:22:01:15 -0700] "GET / HTTP/1.1" 206 163 "http://www.joseralat.com/forum/showthread.php?t=1280" "Mozilla/5.0 (Windows; U; Windows NT 6.0; en-US; rv:1.9.2.3) Gecko/20100401 Firefox/3.6.3 (.NET CLR 3.5.30729)"
72.14.199.203 - - [25/May/2010:00:00:56 -0700] "GET /feed/ HTTP/1.1" 302 355 "-" "Feedfetcher-Google; (+http://www.google.com/feedfetcher.html; 1 subscribers; feed-id=10831477631497958243)"
72.14.199.203 - - [25/May/2010:00:00:56 -0700] "GET / HTTP/1.1" 304 - "-" "Feedfetcher-Google; (+http://www.google.com/feedfetcher.html; 1 subscribers; feed-id=10831477631497958243)"
66.249.65.89 - - [25/May/2010:01:36:08 -0700] "GET /robots.txt HTTP/1.1" 302 355 "-" "Googlebot-Image/1.0"
66.249.65.89 - - [25/May/2010:01:36:08 -0700] "GET / HTTP/1.1" 200 163 "-" "Googlebot-Image/1.0"
66.249.65.89 - - [25/May/2010:01:36:08 -0700] "GET /wp-includes/images/smilies/icon_razz.gif HTTP/1.1" 302 355 "-" "Googlebot-Image/1.0"
66.249.65.89 - - [25/May/2010:01:36:09 -0700] "GET / HTTP/1.1" 200 163 "-" "Googlebot-Image/1.0"
123.125.66.108 - - [25/May/2010:02:29:01 -0700] "GET /robots.txt HTTP/1.1" 302 355 "-" "Baiduspider+(+http://www.baidu.com/search/spider.htm)"
123.125.66.111 - - [25/May/2010:02:29:02 -0700] "GET / HTTP/1.1" 200 163 "-" "Baiduspider+(+http://www.baidu.com/search/spider.htm)"
72.14.199.203 - - [25/May/2010:03:01:06 -0700] "GET /feed/ HTTP/1.1" 302 355 "-" "Feedfetcher-Google; (+http://www.google.com/feedfetcher.html; 1 subscribers; feed-id=10831477631497958243)"
72.14.199.203 - - [25/May/2010:03:01:07 -0700] "GET / HTTP/1.1" 304 - "-" "Feedfetcher-Google; (+http://www.google.com/feedfetcher.html; 1 subscribers; feed-id=10831477631497958243)"
67.218.116.132 - - [25/May/2010:04:10:48 -0700] "GET /robots.txt HTTP/1.1" 302 355 "-" "Mozilla/5.0 (Twiceler-0.9 http://www.cuil.com/twiceler/robot.html)"
217.80.185.141 - - [25/May/2010:04:36:29 -0700] "GET /Images/basicdelta.gif HTTP/1.1" 302 355 "http://www.joseralat.com/forum/showthread.php?t=1280" "Mozilla/5.0 (Windows; U; Windows NT 5.1; en-US) AppleWebKit/532.5 (KHTML, like Gecko) Chrome/4.1.249.1064 Safari/532.5"
217.80.185.141 - - [25/May/2010:04:36:29 -0700] "GET /Images/2371-2390.gif HTTP/1.1" 302 355 "http://www.joseralat.com/forum/showthread.php?t=1280" "Mozilla/5.0 (Windows; U; Windows NT 5.1; en-US) AppleWebKit/532.5 (KHTML, like Gecko) Chrome/4.1.249.1064 Safari/532.5"
217.80.185.141 - - [25/May/2010:04:36:29 -0700] "GET /Images/29thcentury.gif HTTP/1.1" 302 355 "http://www.joseralat.com/forum/showthread.php?t=1280" "Mozilla/5.0 (Windows; U; Windows NT 5.1; en-US) AppleWebKit/532.5 (KHTML, like Gecko) Chrome/4.1.249.1064 Safari/532.5"
217.80.185.141 - - [25/May/2010:04:36:29 -0700] "GET /Images/Obsidian_Order.gif HTTP/1.1" 302 355 "http://www.joseralat.com/forum/showthread.php?t=1280" "Mozilla/5.0 (Windows; U; Windows NT 5.1; en-US) AppleWebKit/532.5 (KHTML, like Gecko) Chrome/4.1.249.1064 Safari/532.5"
217.80.185.141 - - [25/May/2010:04:36:29 -0700] "GET / HTTP/1.1" 200 163 "http://www.joseralat.com/forum/showthread.php?t=1280" "Mozilla/5.0 (Windows; U; Windows NT 5.1; en-US) AppleWebKit/532.5 (KHTML, like Gecko) Chrome/4.1.249.1064 Safari/532.5"
217.80.185.140 - - [25/May/2010:04:54:26 -0700] "GET /Images/basicdelta.gif HTTP/1.1" 302 355 "http://www.joseralat.com/forum/showthread.php?t=1280" "Mozilla/5.0 (Windows; U; Windows NT 5.1; en-US) AppleWebKit/532.5 (KHTML, like Gecko) Chrome/4.1.249.1064 Safari/532.5"
217.80.185.140 - - [25/May/2010:04:54:26 -0700] "GET /Images/2371-2390.gif HTTP/1.1" 302 355 "http://www.joseralat.com/forum/showthread.php?t=1280" "Mozilla/5.0 (Windows; U; Windows NT 5.1; en-US) AppleWebKit/532.5 (KHTML, like Gecko) Chrome/4.1.249.1064 Safari/532.5"
217.80.185.140 - - [25/May/2010:04:54:26 -0700] "GET /Images/29thcentury.gif HTTP/1.1" 302 355 "http://www.joseralat.com/forum/showthread.php?t=1280" "Mozilla/5.0 (Windows; U; Windows NT 5.1; en-US) AppleWebKit/532.5 (KHTML, like Gecko) Chrome/4.1.249.1064 Safari/532.5"
217.80.185.140 - - [25/May/2010:04:54:26 -0700] "GET /Images/Obsidian_Order.gif HTTP/1.1" 302 355 "http://www.joseralat.com/forum/showthread.php?t=1280" "Mozilla/5.0 (Windows; U; Windows NT 5.1; en-US) AppleWebKit/532.5 (KHTML, like Gecko) Chrome/4.1.249.1064 Safari/532.5"
217.80.185.140 - - [25/May/2010:04:54:27 -0700] "GET / HTTP/1.1" 304 - "http://www.joseralat.com/forum/showthread.php?t=1280" "Mozilla/5.0 (Windows; U; Windows NT 5.1; en-US) AppleWebKit/532.5 (KHTML, like Gecko) Chrome/4.1.249.1064 Safari/532.5"
217.80.185.140 - - [25/May/2010:04:54:27 -0700] "GET / HTTP/1.1" 304 - "http://www.joseralat.com/forum/showthread.php?t=1280" "Mozilla/5.0 (Windows; U; Windows NT 5.1; en-US) AppleWebKit/532.5 (KHTML, like Gecko) Chrome/4.1.249.1064 Safari/532.5"
217.80.185.140 - - [25/May/2010:04:54:29 -0700] "GET / HTTP/1.1" 304 - "http://www.joseralat.com/forum/showthread.php?t=1280" "Mozilla/5.0 (Windows; U; Windows NT 5.1; en-US) AppleWebKit/532.5 (KHTML, like Gecko) Chrome/4.1.249.1064 Safari/532.5"
217.80.185.140 - - [25/May/2010:04:54:30 -0700] "GET / HTTP/1.1" 304 - "http://www.joseralat.com/forum/showthread.php?t=1280" "Mozilla/5.0 (Windows; U; Windows NT 5.1; en-US) AppleWebKit/532.5 (KHTML, like Gecko) Chrome/4.1.249.1064 Safari/532.5"
217.80.185.140 - - [25/May/2010:04:54:36 -0700] "GET /Images/basicdelta.gif HTTP/1.1" 302 355 "http://www.joseralat.com/forum/showthread.php?t=1280" "Mozilla/5.0 (Windows; U; Windows NT 5.1; en-US) AppleWebKit/532.5 (KHTML, like Gecko) Chrome/4.1.249.1064 Safari/532.5"
217.80.185.140 - - [25/May/2010:04:54:36 -0700] "GET /favicon.ico HTTP/1.1" 302 355 "-" "Mozilla/5.0 (Windows; U; Windows NT 5.1; en-US) AppleWebKit/532.5 (KHTML, like Gecko) Chrome/4.1.249.1064 Safari/532.5"
217.80.185.140 - - [25/May/2010:04:54:37 -0700] "GET /favicon.ico HTTP/1.1" 302 355 "-" "Mozilla/5.0 (Windows; U; Windows NT 5.1; en-US) AppleWebKit/532.5 (KHTML, like Gecko) Chrome/4.1.249.1064 Safari/532.5"
217.80.185.140 - - [25/May/2010:04:54:38 -0700] "GET /favicon.ico HTTP/1.1" 302 355 "-" "Mozilla/5.0 (Windows; U; Windows NT 5.1; en-US) AppleWebKit/532.5 (KHTML, like Gecko) Chrome/4.1.249.1064 Safari/532.5"
217.80.185.140 - - [25/May/2010:04:54:38 -0700] "GET /favicon.ico HTTP/1.1" 302 355 "-" "Mozilla/5.0 (Windows; U; Windows NT 5.1; en-US) AppleWebKit/532.5 (KHTML, like Gecko) Chrome/4.1.249.1064 Safari/532.5"
217.80.185.140 - - [25/May/2010:04:54:41 -0700] "GET /Images/2371-2390.gif HTTP/1.1" 302 355 "http://www.joseralat.com/forum/showthread.php?t=1280" "Mozilla/5.0 (Windows; U; Windows NT 5.1; en-US) AppleWebKit/532.5 (KHTML, like Gecko) Chrome/4.1.249.1064 Safari/532.5"
217.80.185.140 - - [25/May/2010:04:54:42 -0700] "GET /Images/29thcentury.gif HTTP/1.1" 302 355 "http://www.joseralat.com/forum/showthread.php?t=1280" "Mozilla/5.0 (Windows; U; Windows NT 5.1; en-US) AppleWebKit/532.5 (KHTML, like Gecko) Chrome/4.1.249.1064 Safari/532.5"
217.80.185.140 - - [25/May/2010:04:54:42 -0700] "GET /favicon.ico HTTP/1.1" 302 355 "-" "Mozilla/5.0 (Windows; U; Windows NT 5.1; en-US) AppleWebKit/532.5 (KHTML, like Gecko) Chrome/4.1.249.1064 Safari/532.5"
217.80.185.140 - - [25/May/2010:04:54:42 -0700] "GET /favicon.ico HTTP/1.1" 302 355 "-" "Mozilla/5.0 (Windows; U; Windows NT 5.1; en-US) AppleWebKit/532.5 (KHTML, like Gecko) Chrome/4.1.249.1064 Safari/532.5"
217.80.185.140 - - [25/May/2010:04:54:43 -0700] "GET /Images/Obsidian_Order.gif HTTP/1.1" 302 355 "http://www.joseralat.com/forum/showthread.php?t=1280" "Mozilla/5.0 (Windows; U; Windows NT 5.1; en-US) AppleWebKit/532.5 (KHTML, like Gecko) Chrome/4.1.249.1064 Safari/532.5"
217.80.185.140 - - [25/May/2010:04:54:43 -0700] "GET /favicon.ico HTTP/1.1" 302 355 "-" "Mozilla/5.0 (Windows; U; Windows NT 5.1; en-US) AppleWebKit/532.5 (KHTML, like Gecko) Chrome/4.1.249.1064 Safari/532.5"
217.80.185.140 - - [25/May/2010:04:54:44 -0700] "GET /favicon.ico HTTP/1.1" 302 355 "-" "Mozilla/5.0 (Windows; U; Windows NT 5.1; en-US) AppleWebKit/532.5 (KHTML, like Gecko) Chrome/4.1.249.1064 Safari/532.5"
217.80.185.140 - - [25/May/2010:04:54:44 -0700] "GET /favicon.ico HTTP/1.1" 302 355 "-" "Mozilla/5.0 (Windows; U; Windows NT 5.1; en-US) AppleWebKit/532.5 (KHTML, like Gecko) Chrome/4.1.249.1064 Safari/532.5"
217.80.185.140 - - [25/May/2010:04:54:45 -0700] "GET /favicon.ico HTTP/1.1" 302 355 "-" "Mozilla/5.0 (Windows; U; Windows NT 5.1; en-US) AppleWebKit/532.5 (KHTML, like Gecko) Chrome/4.1.249.1064 Safari/532.5"
217.80.185.140 - - [25/May/2010:04:54:46 -0700] "GET /favicon.ico HTTP/1.1" 302 355 "-" "Mozilla/5.0 (Windows; U; Windows NT 5.1; en-US) AppleWebKit/532.5 (KHTML, like Gecko) Chrome/4.1.249.1064 Safari/532.5"
217.80.185.140 - - [25/May/2010:04:54:46 -0700] "GET /favicon.ico HTTP/1.1" 302 355 "-" "Mozilla/5.0 (Windows; U; Windows NT 5.1; en-US) AppleWebKit/532.5 (KHTML, like Gecko) Chrome/4.1.249.1064 Safari/532.5"
217.80.185.140 - - [25/May/2010:04:54:47 -0700] "GET /favicon.ico HTTP/1.1" 302 355 "-" "Mozilla/5.0 (Windows; U; Windows NT 5.1; en-US) AppleWebKit/532.5 (KHTML, like Gecko) Chrome/4.1.249.1064 Safari/532.5"
217.80.185.140 - - [25/May/2010:04:54:48 -0700] "GET /favicon.ico HTTP/1.1" 302 355 "-" "Mozilla/5.0 (Windows; U; Windows NT 5.1; en-US) AppleWebKit/532.5 (KHTML, like Gecko) Chrome/4.1.249.1064 Safari/532.5"
217.80.185.140 - - [25/May/2010:04:54:48 -0700] "GET /favicon.ico HTTP/1.1" 302 355 "-" "Mozilla/5.0 (Windows; U; Windows NT 5.1; en-US) AppleWebKit/532.5 (KHTML, like Gecko) Chrome/4.1.249.1064 Safari/532.5"
217.80.185.140 - - [25/May/2010:04:54:48 -0700] "GET / HTTP/1.1" 304 - "-" "Mozilla/5.0 (Windows; U; Windows NT 5.1; en-US) AppleWebKit/532.5 (KHTML, like Gecko) Chrome/4.1.249.1064 Safari/532.5"
217.80.185.140 - - [25/May/2010:04:54:49 -0700] "GET /favicon.ico HTTP/1.1" 302 355 "-" "Mozilla/5.0 (Windows; U; Windows NT 5.1; en-US) AppleWebKit/532.5 (KHTML, like Gecko) Chrome/4.1.249.1064 Safari/532.5"
217.80.185.140 - - [25/May/2010:04:54:49 -0700] "GET /favicon.ico HTTP/1.1" 302 355 "-" "Mozilla/5.0 (Windows; U; Windows NT 5.1; en-US) AppleWebKit/532.5 (KHTML, like Gecko) Chrome/4.1.249.1064 Safari/532.5"
217.80.185.140 - - [25/May/2010:04:54:50 -0700] "GET /favicon.ico HTTP/1.1" 302 355 "-" "Mozilla/5.0 (Windows; U; Windows NT 5.1; en-US) AppleWebKit/532.5 (KHTML, like Gecko) Chrome/4.1.249.1064 Safari/532.5"
217.80.185.140 - - [25/May/2010:04:54:52 -0700] "GET /favicon.ico HTTP/1.1" 302 355 "-" "Mozilla/5.0 (Windows; U; Windows NT 5.1; en-US) AppleWebKit/532.5 (KHTML, like Gecko) Chrome/4.1.249.1064 Safari/532.5"
217.80.185.140 - - [25/May/2010:04:56:59 -0700] "GET /Images/basicdelta.gif HTTP/1.1" 302 355 "http://www.joseralat.com/forum/showthread.php?t=1280" "Mozilla/5.0 (Windows; U; Windows NT 5.1; en-US) AppleWebKit/532.5 (KHTML, like Gecko) Chrome/4.1.249.1064 Safari/532.5"
217.80.185.140 - - [25/May/2010:04:57:00 -0700] "GET /Images/2371-2390.gif HTTP/1.1" 302 355 "http://www.joseralat.com/forum/showthread.php?t=1280" "Mozilla/5.0 (Windows; U; Windows NT 5.1; en-US) AppleWebKit/532.5 (KHTML, like Gecko) Chrome/4.1.249.1064 Safari/532.5"
217.80.185.140 - - [25/May/2010:04:57:00 -0700] "GET /Images/29thcentury.gif HTTP/1.1" 302 355 "http://www.joseralat.com/forum/showthread.php?t=1280" "Mozilla/5.0 (Windows; U; Windows NT 5.1; en-US) AppleWebKit/532.5 (KHTML, like Gecko) Chrome/4.1.249.1064 Safari/532.5"
217.80.185.140 - - [25/May/2010:04:57:00 -0700] "GET /Images/Obsidian_Order.gif HTTP/1.1" 302 355 "http://www.joseralat.com/forum/showthread.php?t=1280" "Mozilla/5.0 (Windows; U; Windows NT 5.1; en-US) AppleWebKit/532.5 (KHTML, like Gecko) Chrome/4.1.249.1064 Safari/532.5"
72.14.199.203 - - [25/May/2010:06:01:16 -0700] "GET /feed/ HTTP/1.1" 302 355 "-" "Feedfetcher-Google; (+http://www.google.com/feedfetcher.html; 1 subscribers; feed-id=10831477631497958243)"
72.14.199.203 - - [25/May/2010:06:01:16 -0700] "GET / HTTP/1.1" 304 - "-" "Feedfetcher-Google; (+http://www.google.com/feedfetcher.html; 1 subscribers; feed-id=10831477631497958243)"
64.78.155.100 - - [25/May/2010:07:01:31 -0700] "GET /feed/ HTTP/1.1" 302 355 "-" "NewsGatorOnline/2.0 (http://www.newsgator.com; 2 subscribers)"
64.78.155.100 - - [25/May/2010:07:01:31 -0700] "GET / HTTP/1.1" 304 - "-" "NewsGatorOnline/2.0 (http://www.newsgator.com; 2 subscribers)"
216.129.119.10 - - [25/May/2010:08:24:03 -0700] "GET /robots.txt HTTP/1.1" 302 359 "-" "Mozilla/5.0 (Twiceler-0.9 http://www.cuil.com/twiceler/robot.html)"
93.158.148.31 - - [25/May/2010:09:40:28 -0700] "GET / HTTP/1.1" 200 163 "-" "Yandex/1.01.001 (compatible; Win16; I)"
72.14.199.203 - - [25/May/2010:11:16:45 -0700] "GET /feed/ HTTP/1.1" 302 355 "-" "Feedfetcher-Google; (+http://www.google.com/feedfetcher.html; 1 subscribers; feed-id=10831477631497958243)"
72.14.199.203 - - [25/May/2010:11:16:46 -0700] "GET / HTTP/1.1" 304 - "-" "Feedfetcher-Google; (+http://www.google.com/feedfetcher.html; 1 subscribers; feed-id=10831477631497958243)"
67.210.218.104 - - [25/May/2010:12:59:02 -0700] "GET /feed HTTP/1.1" 302 355 "-" "Rome Client (http://tinyurl.com/64t5n) Ver: 0.9"
67.210.218.104 - - [25/May/2010:12:59:02 -0700] "GET / HTTP/1.1" 200 163 "-" "Rome Client (http://tinyurl.com/64t5n) Ver: 0.9"
93.190.139.15 - - [25/May/2010:13:11:27 -0700] "GET / HTTP/1.1" 200 163 "-" "Mozilla/4.0 (compatible; MSIE 6.0; Windows NT 5.1; SV1)"
72.14.199.203 - - [25/May/2010:14:16:55 -0700] "GET /feed/ HTTP/1.1" 302 355 "-" "Feedfetcher-Google; (+http://www.google.com/feedfetcher.html; 1 subscribers; feed-id=10831477631497958243)"
72.14.199.203 - - [25/May/2010:14:16:56 -0700] "GET / HTTP/1.1" 304 - "-" "Feedfetcher-Google; (+http://www.google.com/feedfetcher.html; 1 subscribers; feed-id=10831477631497958243)"
207.46.199.183 - - [25/May/2010:15:51:02 -0700] "GET /robots.txt HTTP/1.1" 302 355 "-" "msnbot/2.0b (+http://search.msn.com/msnbot.htm)"
207.46.199.183 - - [25/May/2010:15:51:03 -0700] "GET / HTTP/1.1" 200 163 "-" "msnbot/2.0b (+http://search.msn.com/msnbot.htm)"
193.252.149.14 - - [25/May/2010:16:09:28 -0700] "GET / HTTP/1.1" 200 163 "-" "Mozilla/5.0 (Windows; U; Windows NT 5.1; fr; rv:1.8.1) VoilaBot BETA 1.2 (support.voilabot@orange-ftgroup.com)"
119.63.198.31 - - [25/May/2010:16:16:51 -0700] "GET /robots.txt HTTP/1.1" 302 355 "-" "Baiduspider+(+http://www.baidu.com/search/spider.htm)"
119.63.198.29 - - [25/May/2010:16:16:52 -0700] "GET / HTTP/1.1" 200 163 "-" "Baiduspider+(+http://www.baidu.com/search/spider.htm)"
72.14.199.203 - - [25/May/2010:17:17:04 -0700] "GET /feed/ HTTP/1.1" 302 355 "-" "Feedfetcher-Google; (+http://www.google.com/feedfetcher.html; 1 subscribers; feed-id=10831477631497958243)"
72.14.199.203 - - [25/May/2010:17:17:05 -0700] "GET / HTTP/1.1" 304 - "-" "Feedfetcher-Google; (+http://www.google.com/feedfetcher.html; 1 subscribers; feed-id=10831477631497958243)"
72.14.199.203 - - [25/May/2010:20:17:14 -0700] "GET /feed/ HTTP/1.1" 302 355 "-" "Feedfetcher-Google; (+http://www.google.com/feedfetcher.html; 1 subscribers; feed-id=10831477631497958243)"
72.14.199.203 - - [25/May/2010:20:17:15 -0700] "GET / HTTP/1.1" 304 - "-" "Feedfetcher-Google; (+http://www.google.com/feedfetcher.html; 1 subscribers; feed-id=10831477631497958243)"
72.14.199.203 - - [25/May/2010:23:17:24 -0700] "GET /feed/ HTTP/1.1" 302 355 "-" "Feedfetcher-Google; (+http://www.google.com/feedfetcher.html; 1 subscribers; feed-id=10831477631497958243)"
72.14.199.203 - - [25/May/2010:23:17:25 -0700] "GET / HTTP/1.1" 304 - "-" "Feedfetcher-Google; (+http://www.google.com/feedfetcher.html; 1 subscribers; feed-id=10831477631497958243)"
72.14.199.203 - - [26/May/2010:02:17:42 -0700] "GET /feed/ HTTP/1.1" 302 355 "-" "Feedfetcher-Google; (+http://www.google.com/feedfetcher.html; 1 subscribers; feed-id=10831477631497958243)"
72.14.199.203 - - [26/May/2010:02:17:43 -0700] "GET / HTTP/1.1" 304 - "-" "Feedfetcher-Google; (+http://www.google.com/feedfetcher.html; 1 subscribers; feed-id=10831477631497958243)"
216.241.182.150 - - [26/May/2010:03:01:36 -0700] "GET /feed/ HTTP/1.1" 302 355 "-" "NewsGatorOnline/2.0 (http://www.newsgator.com; 2 subscribers)"
216.241.182.150 - - [26/May/2010:03:01:37 -0700] "GET / HTTP/1.1" 304 - "-" "NewsGatorOnline/2.0 (http://www.newsgator.com; 2 subscribers)"
123.125.66.16 - - [26/May/2010:03:28:38 -0700] "GET /robots.txt HTTP/1.1" 302 355 "-" "Baiduspider+(+http://www.baidu.com/search/spider.htm)"
123.125.66.21 - - [26/May/2010:03:28:39 -0700] "GET / HTTP/1.1" 200 163 "-" "Baiduspider+(+http://www.baidu.com/search/spider.htm)"
67.218.116.132 - - [26/May/2010:04:12:14 -0700] "GET /robots.txt HTTP/1.1" 302 355 "-" "Mozilla/5.0 (Twiceler-0.9 http://www.cuil.com/twiceler/robot.html)"
72.14.199.203 - - [26/May/2010:05:17:45 -0700] "GET /feed/ HTTP/1.1" 302 355 "-" "Feedfetcher-Google; (+http://www.google.com/feedfetcher.html; 1 subscribers; feed-id=10831477631497958243)"
72.14.199.203 - - [26/May/2010:05:17:46 -0700] "GET / HTTP/1.1" 304 - "-" "Feedfetcher-Google; (+http://www.google.com/feedfetcher.html; 1 subscribers; feed-id=10831477631497958243)"
72.14.199.203 - - [26/May/2010:08:17:54 -0700] "GET /feed/ HTTP/1.1" 302 355 "-" "Feedfetcher-Google; (+http://www.google.com/feedfetcher.html; 1 subscribers; feed-id=10831477631497958243)"
72.14.199.203 - - [26/May/2010:08:17:55 -0700] "GET / HTTP/1.1" 200 163 "-" "Feedfetcher-Google; (+http://www.google.com/feedfetcher.html; 1 subscribers; feed-id=10831477631497958243)"
216.129.119.10 - - [26/May/2010:09:40:59 -0700] "GET / HTTP/1.1" 200 163 "-" "Mozilla/5.0 (Twiceler-0.9 http://www.cuil.com/twiceler/robot.html)"
207.46.199.199 - - [26/May/2010:10:49:58 -0700] "GET /robots.txt HTTP/1.1" 302 355 "-" "msnbot/2.0b (+http://search.msn.com/msnbot.htm)"
207.46.199.199 - - [26/May/2010:10:49:58 -0700] "GET / HTTP/1.1" 200 163 "-" "msnbot/2.0b (+http://search.msn.com/msnbot.htm)"
72.14.199.203 - - [26/May/2010:11:18:04 -0700] "GET /feed/ HTTP/1.1" 302 355 "-" "Feedfetcher-Google; (+http://www.google.com/feedfetcher.html; 1 subscribers; feed-id=10831477631497958243)"
72.14.199.203 - - [26/May/2010:11:18:05 -0700] "GET / HTTP/1.1" 304 - "-" "Feedfetcher-Google; (+http://www.google.com/feedfetcher.html; 1 subscribers; feed-id=10831477631497958243)"
72.14.199.203 - - [26/May/2010:13:09:21 -0700] "GET /feed/ HTTP/1.1" 302 355 "-" "Feedfetcher-Google; (+http://www.google.com/feedfetcher.html; 1 subscribers; feed-id=10831477631497958243)"
72.14.199.203 - - [26/May/2010:13:09:21 -0700] "GET / HTTP/1.1" 304 - "-" "Feedfetcher-Google; (+http://www.google.com/feedfetcher.html; 1 subscribers; feed-id=10831477631497958243)"
119.63.198.29 - - [26/May/2010:16:19:18 -0700] "GET /robots.txt HTTP/1.1" 302 355 "-" "Baiduspider+(+http://www.baidu.com/search/spider.htm)"
119.63.198.40 - - [26/May/2010:16:19:18 -0700] "GET / HTTP/1.1" 200 163 "-" "Baiduspider+(+http://www.baidu.com/search/spider.htm)"
207.46.199.180 - - [26/May/2010:16:42:27 -0700] "GET /robots.txt HTTP/1.1" 302 355 "-" "msnbot/2.0b (+http://search.msn.com/msnbot.htm)"
207.46.199.180 - - [26/May/2010:16:42:28 -0700] "GET / HTTP/1.1" 200 163 "-" "msnbot/2.0b (+http://search.msn.com/msnbot.htm)"
72.14.199.203 - - [26/May/2010:17:07:34 -0700] "GET /feed/ HTTP/1.1" 302 355 "-" "Feedfetcher-Google; (+http://www.google.com/feedfetcher.html; 1 subscribers; feed-id=10831477631497958243)"
72.14.199.203 - - [26/May/2010:17:07:35 -0700] "GET / HTTP/1.1" 304 - "-" "Feedfetcher-Google; (+http://www.google.com/feedfetcher.html; 1 subscribers; feed-id=10831477631497958243)"
93.158.148.31 - - [26/May/2010:18:30:45 -0700] "GET /robots.txt HTTP/1.1" 302 359 "-" "Yandex/1.01.001 (compatible; Win16; I)"
93.158.148.31 - - [26/May/2010:19:33:47 -0700] "GET / HTTP/1.1" 200 163 "-" "Yandex/1.01.001 (compatible; Win16; I)"
72.14.199.203 - - [26/May/2010:20:41:49 -0700] "GET /feed/ HTTP/1.1" 302 355 "-" "Feedfetcher-Google; (+http://www.google.com/feedfetcher.html; 1 subscribers; feed-id=10831477631497958243)"
72.14.199.203 - - [26/May/2010:20:41:50 -0700] "GET / HTTP/1.1" 304 - "-" "Feedfetcher-Google; (+http://www.google.com/feedfetcher.html; 1 subscribers; feed-id=10831477631497958243)"
67.210.218.104 - - [26/May/2010:22:44:31 -0700] "GET /feed HTTP/1.1" 302 355 "-" "Rome Client (http://tinyurl.com/64t5n) Ver: 0.9"
67.210.218.104 - - [26/May/2010:22:44:31 -0700] "GET / HTTP/1.1" 200 163 "-" "Rome Client (http://tinyurl.com/64t5n) Ver: 0.9"
195.128.18.19 - - [26/May/2010:22:53:34 -0700] "GET /robots.txt HTTP/1.0" 302 359 "-" "Mozilla/5.0 (compatible; aiHitBot/1.0; +http://www.aihit.com/)"
195.128.18.19 - - [26/May/2010:22:53:36 -0700] "GET / HTTP/1.0" 200 163 "-" "Mozilla/5.0 (compatible; aiHitBot/1.0; +http://www.aihit.com/)"
195.128.18.19 - - [26/May/2010:22:53:39 -0700] "GET / HTTP/1.0" 200 163 "-" "Mozilla/5.0 (compatible; aiHitBot/1.0; +http://www.aihit.com/)"
195.128.18.19 - - [26/May/2010:22:53:41 -0700] "GET / HTTP/1.0" 200 163 "-" "Mozilla/5.0 (compatible; aiHitBot/1.0; +http://www.aihit.com/)"
195.128.18.19 - - [26/May/2010:22:53:46 -0700] "GET /sitemap.xml HTTP/1.0" 302 359 "-" "Mozilla/5.0 (compatible; aiHitBot/1.0; +http://www.aihit.com/)"
195.128.18.19 - - [26/May/2010:22:53:51 -0700] "GET /robots.txt HTTP/1.0" 302 355 "-" "Mozilla/5.0 (compatible; aiHitBot/1.0; +http://www.aihit.com/)"
195.128.18.19 - - [26/May/2010:22:53:53 -0700] "GET / HTTP/1.0" 200 163 "-" "Mozilla/5.0 (compatible; aiHitBot/1.0; +http://www.aihit.com/)"
195.128.18.19 - - [26/May/2010:22:54:00 -0700] "GET / HTTP/1.0" 200 163 "-" "Mozilla/5.0 (compatible; aiHitBot/1.0; +http://www.aihit.com/)"
195.128.18.19 - - [26/May/2010:22:54:06 -0700] "GET /google_sitemap.xml HTTP/1.0" 302 359 "-" "Mozilla/5.0 (compatible; aiHitBot/1.0; +http://www.aihit.com/)"
